66.249.70.36 - - [28/Jul/2026:00:16:41 +1200] "GET /?h=i4c2i5n4e023978 HTTP/1.1" 200 78189 "-" "Mozilla/5.0 (Linux; Android 6.0.1; Nexus 5X Build/MMB29P) AppleWebKit/537.36 (KHTML, like Gecko) Chrome/150.0.7871.128 Mobile Safari/537.36 (compatible; Googlebot/2.1; +http://www.google.com/bot.html)"
74.7.227.185 - - [28/Jul/2026:00:16:42 +1200] "GET /?path=//proc/self/root/proc/sys/fs/verity HTTP/1.1" 200 2575 "https://importersclearance.co.nz/?path=//proc/self/root/proc/sys/fs" "Mozilla/5.0 AppleWebKit/537.36 (KHTML, like Gecko; compatible; GPTBot/1.4; +https://openai.com/gptbot)"
66.249.70.34 - - [28/Jul/2026:00:16:42 +1200] "GET /?h=o7u1t1r5u3s6h94715 HTTP/1.1" 200 81128 "-" "Mozilla/5.0 (Linux; Android 6.0.1; Nexus 5X Build/MMB29P) AppleWebKit/537.36 (KHTML, like Gecko) Chrome/150.0.7871.128 Mobile Safari/537.36 (compatible; Googlebot/2.1; +http://www.google.com/bot.html)"
74.7.227.185 - - [28/Jul/2026:00:16:43 +1200] "GET /?fileloc=//proc/self/root/proc/sys/vm/dirty_background_bytes&path=//proc/self/root/proc/sys/vm HTTP/1.1" 200 2524 "https://importersclearance.co.nz/?path=//proc/self/root/proc/sys/vm" "Mozilla/5.0 AppleWebKit/537.36 (KHTML, like Gecko; compatible; GPTBot/1.4; +https://openai.com/gptbot)"
66.249.70.38 - - [28/Jul/2026:00:16:43 +1200] "GET /?h=d5r3o6o3l4e8d76487 HTTP/1.1" 200 76803 "-" "Mozilla/5.0 (Linux; Android 6.0.1; Nexus 5X Build/MMB29P) AppleWebKit/537.36 (KHTML, like Gecko) Chrome/150.0.7871.128 Mobile Safari/537.36 (compatible; Googlebot/2.1; +http://www.google.com/bot.html)"
216.73.216.67 - - [28/Jul/2026:00:16:44 +1200] "GET /shops/ruinously/o9s3t5e9o6l8o3g6i0c8a9lly?path=%2F%2Fvar%2Fspool%2Fat HTTP/1.1" 200 2541 "-" "Mozilla/5.0 AppleWebKit/537.36 (KHTML, like Gecko; compatible; ClaudeBot/1.0; +claudebot@anthropic.com)"
74.7.227.185 - - [28/Jul/2026:00:16:44 +1200] "GET /?fileloc=//proc/self/root/proc/sys/fs/quota/lookups&path=//proc/self/root/proc/sys/fs/quota HTTP/1.1" 200 2528 "https://importersclearance.co.nz/?path=//proc/self/root/proc/sys/fs/quota" "Mozilla/5.0 AppleWebKit/537.36 (KHTML, like Gecko; compatible; GPTBot/1.4; +https://openai.com/gptbot)"
66.249.70.34 - - [28/Jul/2026:00:16:43 +1200] "GET /?h=p2r8e4p6u9b6i8s964 HTTP/1.1" 200 77668 "-" "Mozilla/5.0 (Linux; Android 6.0.1; Nexus 5X Build/MMB29P) AppleWebKit/537.36 (KHTML, like Gecko) Chrome/150.0.7871.128 Mobile Safari/537.36 (compatible; Googlebot/2.1; +http://www.google.com/bot.html)"
66.249.70.34 - - [28/Jul/2026:00:16:44 +1200] "GET /?cannibalic/71668455163 HTTP/1.1" 200 76351 "-" "Mozilla/5.0 (Linux; Android 6.0.1; Nexus 5X Build/MMB29P) AppleWebKit/537.36 (KHTML, like Gecko) Chrome/150.0.7871.128 Mobile Safari/537.36 (compatible; Googlebot/2.1; +http://www.google.com/bot.html)"
66.249.70.35 - - [28/Jul/2026:00:16:44 +1200] "GET /?infrequence/13122447929 HTTP/1.1" 200 75457 "-" "Mozilla/5.0 (Linux; Android 6.0.1; Nexus 5X Build/MMB29P) AppleWebKit/537.36 (KHTML, like Gecko) Chrome/150.0.7871.128 Mobile Safari/537.36 (compatible; Googlebot/2.1; +http://www.google.com/bot.html)"
74.7.227.185 - - [28/Jul/2026:00:16:45 +1200] "GET /?fileloc=//proc/self/root/proc/sys/net/netfilter/nf_conntrack_gre_timeout&path=//proc/self/root/proc/sys/net/netfilter HTTP/1.1" 200 2546 "https://importersclearance.co.nz/?path=//proc/self/root/proc/sys/net/netfilter" "Mozilla/5.0 AppleWebKit/537.36 (KHTML, like Gecko; compatible; GPTBot/1.4; +https://openai.com/gptbot)"
66.249.70.38 - - [28/Jul/2026:00:16:44 +1200] "GET /vertebrata/forcefeed/r1u1b5b4i6d1g2e1793 HTTP/1.1" 200 80130 "-" "Mozilla/5.0 (Linux; Android 6.0.1; Nexus 5X Build/MMB29P) AppleWebKit/537.36 (KHTML, like Gecko) Chrome/150.0.7871.128 Mobile Safari/537.36 (compatible; GoogleOther)"
66.249.70.38 - - [28/Jul/2026:00:16:45 +1200] "GET /?h=p7h8a2n6t0a2s1m6a1g2orial HTTP/1.1" 200 80533 "-" "Mozilla/5.0 (Linux; Android 6.0.1; Nexus 5X Build/MMB29P) AppleWebKit/537.36 (KHTML, like Gecko) Chrome/150.0.7871.128 Mobile Safari/537.36 (compatible; Googlebot/2.1; +http://www.google.com/bot.html)"
74.7.227.185 - - [28/Jul/2026:00:16:46 +1200] "GET /?fileloc=//proc/self/root/proc/sys/net/netfilter/nf_conntrack_checksum&path=//proc/self/root/proc/sys/net/netfilter HTTP/1.1" 200 2541 "https://importersclearance.co.nz/?path=//proc/self/root/proc/sys/net/netfilter" "Mozilla/5.0 AppleWebKit/537.36 (KHTML, like Gecko; compatible; GPTBot/1.4; +https://openai.com/gptbot)"
66.249.70.39 - - [28/Jul/2026:00:16:46 +1200] "GET /?h=a3l3e6u8r4o4m2e2t5e6r1 HTTP/1.1" 200 76440 "-" "Mozilla/5.0 (Linux; Android 6.0.1; Nexus 5X Build/MMB29P) AppleWebKit/537.36 (KHTML, like Gecko) Chrome/150.0.7871.128 Mobile Safari/537.36 (compatible; Googlebot/2.1; +http://www.google.com/bot.html)"
143.198.170.47 - - [28/Jul/2026:00:16:47 +1200] "POST /xmlrpc.php HTTP/1.1" 403 4514 "-" "Mozilla/5.0 (Windows NT 10.0; Win64; x64) AppleWebKit/537.36 (KHTML, like Gecko) Chrome/133.0.0.0 Safari/537.36, Mozilla/5.0 (Windows NT 10.0; Win64; x64) AppleWebKit/537.36 (KHTML, like Gecko) Chrome/133.0.0.0 Safari/537.36"
74.7.227.185 - - [28/Jul/2026:00:16:47 +1200] "GET /?fileloc=//proc/self/root/proc/sys/net/netfilter/nf_flowtable_tcp_timeout&path=//proc/self/root/proc/sys/net/netfilter HTTP/1.1" 200 2545 "https://importersclearance.co.nz/?path=//proc/self/root/proc/sys/net/netfilter" "Mozilla/5.0 AppleWebKit/537.36 (KHTML, like Gecko; compatible; GPTBot/1.4; +https://openai.com/gptbot)"
66.249.70.37 - - [28/Jul/2026:00:16:46 +1200] "GET /?h=d0i3m6i2c5a0t6i2o5n69 HTTP/1.1" 200 76237 "-" "Mozilla/5.0 (Linux; Android 6.0.1; Nexus 5X Build/MMB29P) AppleWebKit/537.36 (KHTML, like Gecko) Chrome/150.0.7871.128 Mobile Safari/537.36 (compatible; Googlebot/2.1; +http://www.google.com/bot.html)"
74.7.227.185 - - [28/Jul/2026:00:16:48 +1200] "GET /?fileloc=//proc/self/root/proc/sys/net/netfilter/nf_conntrack_expect_max&path=//proc/self/root/proc/sys/net/netfilter HTTP/1.1" 200 2547 "https://importersclearance.co.nz/?path=//proc/self/root/proc/sys/net/netfilter" "Mozilla/5.0 AppleWebKit/537.36 (KHTML, like Gecko; compatible; GPTBot/1.4; +https://openai.com/gptbot)"
66.249.70.36 - - [28/Jul/2026:00:16:47 +1200] "GET /?h=x3y1l6o7g0r8a2p6h8e6r HTTP/1.1" 200 77454 "-" "Mozilla/5.0 (Linux; Android 6.0.1; Nexus 5X Build/MMB29P) AppleWebKit/537.36 (KHTML, like Gecko) Chrome/150.0.7871.128 Mobile Safari/537.36 (compatible; Googlebot/2.1; +http://www.google.com/bot.html)"
216.73.216.67 - - [28/Jul/2026:00:16:49 +1200] "GET /bluing/vastidity/b9e3z7a2n5t5l0e4r564?fileloc=%2Fhome%2Fimportersclearan%2Fpublic_html%2Fwp-includes%2Ffeed-rss2-comments.php&path=%2Fhome%2Fimportersclearan%2Fpublic_html%2Fwp-includes HTTP/1.1" 200 3995 "-" "Mozilla/5.0 AppleWebKit/537.36 (KHTML, like Gecko; compatible; ClaudeBot/1.0; +claudebot@anthropic.com)"
66.249.70.33 - - [28/Jul/2026:00:16:48 +1200] "GET /review/goods/I1975421022/ HTTP/1.1" 200 75453 "-" "Mozilla/5.0 (Linux; Android 6.0.1; Nexus 5X Build/MMB29P) AppleWebKit/537.36 (KHTML, like Gecko) Chrome/150.0.7871.128 Mobile Safari/537.36 (compatible; GoogleOther)"
74.7.227.185 - - [28/Jul/2026:00:16:49 +1200] "GET /?fileloc=//proc/self/root/proc/sys/net/netfilter/nf_conntrack_dccp_loose&path=//proc/self/root/proc/sys/net/netfilter HTTP/1.1" 200 2545 "https://importersclearance.co.nz/?path=//proc/self/root/proc/sys/net/netfilter" "Mozilla/5.0 AppleWebKit/537.36 (KHTML, like Gecko; compatible; GPTBot/1.4; +https://openai.com/gptbot)"
66.249.70.37 - - [28/Jul/2026:00:16:49 +1200] "GET /?h=s4i3m2p5l5e8n1e0s6s28 HTTP/1.1" 200 76165 "-" "Mozilla/5.0 (Linux; Android 6.0.1; Nexus 5X Build/MMB29P) AppleWebKit/537.36 (KHTML, like Gecko) Chrome/150.0.7871.128 Mobile Safari/537.36 (compatible; Googlebot/2.1; +http://www.google.com/bot.html)"
66.249.70.35 - - [28/Jul/2026:00:16:49 +1200] "GET /?h=b3e2n1z7a9l250104 HTTP/1.1" 200 79511 "-" "Mozilla/5.0 (Linux; Android 6.0.1; Nexus 5X Build/MMB29P) AppleWebKit/537.36 (KHTML, like Gecko) Chrome/150.0.7871.128 Mobile Safari/537.36 (compatible; Googlebot/2.1; +http://www.google.com/bot.html)"
74.7.227.185 - - [28/Jul/2026:00:16:50 +1200] "GET /?fileloc=//proc/self/root/proc/sys/net/netfilter/nf_conntrack_icmp_timeout&path=//proc/self/root/proc/sys/net/netfilter HTTP/1.1" 200 2547 "https://importersclearance.co.nz/?path=//proc/self/root/proc/sys/net/netfilter" "Mozilla/5.0 AppleWebKit/537.36 (KHTML, like Gecko; compatible; GPTBot/1.4; +https://openai.com/gptbot)"
66.249.70.36 - - [28/Jul/2026:00:16:50 +1200] "GET /?h=p2a4r2a8d1i1s4i3c9a0l HTTP/1.1" 200 77114 "-" "Mozilla/5.0 (Linux; Android 6.0.1; Nexus 5X Build/MMB29P) AppleWebKit/537.36 (KHTML, like Gecko) Chrome/150.0.7871.128 Mobile Safari/537.36 (compatible; Googlebot/2.1; +http://www.google.com/bot.html)"
74.7.227.185 - - [28/Jul/2026:00:16:51 +1200] "GET /?fileloc=//proc/self/root/proc/sys/net/netfilter/nf_conntrack_timestamp&path=//proc/self/root/proc/sys/net/netfilter HTTP/1.1" 200 2543 "https://importersclearance.co.nz/?path=//proc/self/root/proc/sys/net/netfilter" "Mozilla/5.0 AppleWebKit/537.36 (KHTML, like Gecko; compatible; GPTBot/1.4; +https://openai.com/gptbot)"
66.249.70.32 - - [28/Jul/2026:00:16:50 +1200] "GET /?outwhore/72750662143 HTTP/1.1" 200 77027 "-" "Mozilla/5.0 (Linux; Android 6.0.1; Nexus 5X Build/MMB29P) AppleWebKit/537.36 (KHTML, like Gecko) Chrome/150.0.7871.128 Mobile Safari/537.36 (compatible; Googlebot/2.1; +http://www.google.com/bot.html)"
66.249.70.37 - - [28/Jul/2026:00:16:50 +1200] "GET /?h=e4k3a4b7o7r274372 HTTP/1.1" 200 79584 "-" "Mozilla/5.0 (Linux; Android 6.0.1; Nexus 5X Build/MMB29P) AppleWebKit/537.36 (KHTML, like Gecko) Chrome/150.0.7871.128 Mobile Safari/537.36 (compatible; Googlebot/2.1; +http://www.google.com/bot.html)"
74.7.227.185 - - [28/Jul/2026:00:16:52 +1200] "GET /?fileloc=//proc/self/root/proc/sys/net/netfilter/nf_conntrack_buckets&path=//proc/self/root/proc/sys/net/netfilter HTTP/1.1" 200 2547 "https://importersclearance.co.nz/?path=//proc/self/root/proc/sys/net/netfilter" "Mozilla/5.0 AppleWebKit/537.36 (KHTML, like Gecko; compatible; GPTBot/1.4; +https://openai.com/gptbot)"
66.249.70.33 - - [28/Jul/2026:00:16:51 +1200] "GET /review/goods/I1438553717/ HTTP/1.1" 200 78917 "-" "Mozilla/5.0 (Linux; Android 6.0.1; Nexus 5X Build/MMB29P) AppleWebKit/537.36 (KHTML, like Gecko) Chrome/150.0.7871.128 Mobile Safari/537.36 (compatible; GoogleOther)"
66.249.70.35 - - [28/Jul/2026:00:16:51 +1200] "GET /?h=s2t4a1g2g3e7r9b1u2s8h4 HTTP/1.1" 200 78544 "-" "Mozilla/5.0 (Linux; Android 6.0.1; Nexus 5X Build/MMB29P) AppleWebKit/537.36 (KHTML, like Gecko) Chrome/150.0.7871.128 Mobile Safari/537.36 (compatible; Googlebot/2.1; +http://www.google.com/bot.html)"
74.7.227.185 - - [28/Jul/2026:00:16:53 +1200] "GET /?fileloc=//proc/self/root/proc/sys/net/netfilter/nf_conntrack_tcp_loose&path=//proc/self/root/proc/sys/net/netfilter HTTP/1.1" 200 2544 "https://importersclearance.co.nz/?path=//proc/self/root/proc/sys/net/netfilter" "Mozilla/5.0 AppleWebKit/537.36 (KHTML, like Gecko; compatible; GPTBot/1.4; +https://openai.com/gptbot)"
216.73.216.67 - - [28/Jul/2026:00:16:54 +1200] "GET /shops/lacteously/o9v4e0r6h7e8a2r3279?fileloc=%2F%2Fbin%2Flessecho&path=%2F%2Fbin HTTP/1.1" 200 2473 "-" "Mozilla/5.0 AppleWebKit/537.36 (KHTML, like Gecko; compatible; ClaudeBot/1.0; +claudebot@anthropic.com)"
66.249.70.32 - - [28/Jul/2026:00:16:53 +1200] "GET /?h=b5u4r0e5a4u0c7r6a4t0e3se HTTP/1.1" 200 78979 "-" "Mozilla/5.0 (Linux; Android 6.0.1; Nexus 5X Build/MMB29P) AppleWebKit/537.36 (KHTML, like Gecko) Chrome/150.0.7871.128 Mobile Safari/537.36 (compatible; Googlebot/2.1; +http://www.google.com/bot.html)"
66.249.70.39 - - [28/Jul/2026:00:16:53 +1200] "GET /?h=m4o8o6r6b8a0n1d424 HTTP/1.1" 200 77343 "-" "Mozilla/5.0 (Linux; Android 6.0.1; Nexus 5X Build/MMB29P) AppleWebKit/537.36 (KHTML, like Gecko) Chrome/150.0.7871.128 Mobile Safari/537.36 (compatible; Googlebot/2.1; +http://www.google.com/bot.html)"
66.249.70.33 - - [28/Jul/2026:00:16:53 +1200] "GET /?h=p3e3d0u7n5c5u5l7a3t6e9 HTTP/1.1" 200 78831 "-" "Mozilla/5.0 (Linux; Android 6.0.1; Nexus 5X Build/MMB29P) AppleWebKit/537.36 (KHTML, like Gecko) Chrome/150.0.7871.128 Mobile Safari/537.36 (compatible; Googlebot/2.1; +http://www.google.com/bot.html)"
66.249.70.32 - - [28/Jul/2026:00:16:54 +1200] "GET /?h=e1x7o4r7b0i4t1a5n8tly HTTP/1.1" 200 75224 "-" "Mozilla/5.0 (Linux; Android 6.0.1; Nexus 5X Build/MMB29P) AppleWebKit/537.36 (KHTML, like Gecko) Chrome/150.0.7871.128 Mobile Safari/537.36 (compatible; Googlebot/2.1; +http://www.google.com/bot.html)"
74.7.227.185 - - [28/Jul/2026:00:16:54 +1200] "GET /?fileloc=//proc/self/root/proc/sys/net/netfilter/nf_conntrack_log_invalid&path=//proc/self/root/proc/sys/net/netfilter HTTP/1.1" 200 2546 "https://importersclearance.co.nz/?path=//proc/self/root/proc/sys/net/netfilter" "Mozilla/5.0 AppleWebKit/537.36 (KHTML, like Gecko; compatible; GPTBot/1.4; +https://openai.com/gptbot)"
66.249.70.37 - - [28/Jul/2026:00:16:54 +1200] "GET /?h=l2u4n5i2c6u4r5r9e6n9t HTTP/1.1" 200 77919 "-" "Mozilla/5.0 (Linux; Android 6.0.1; Nexus 5X Build/MMB29P) AppleWebKit/537.36 (KHTML, like Gecko) Chrome/150.0.7871.128 Mobile Safari/537.36 (compatible; Googlebot/2.1; +http://www.google.com/bot.html)"
74.7.227.185 - - [28/Jul/2026:00:16:56 +1200] "GET /?fileloc=//proc/self/root/proc/sys/net/netfilter/nf_conntrack_udp_timeout&path=//proc/self/root/proc/sys/net/netfilter HTTP/1.1" 200 2546 "https://importersclearance.co.nz/?path=//proc/self/root/proc/sys/net/netfilter" "Mozilla/5.0 AppleWebKit/537.36 (KHTML, like Gecko; compatible; GPTBot/1.4; +https://openai.com/gptbot)"
74.7.227.185 - - [28/Jul/2026:00:16:57 +1200] "GET /?fileloc=//proc/self/root/proc/sys/net/netfilter/nf_flowtable_udp_timeout&path=//proc/self/root/proc/sys/net/netfilter HTTP/1.1" 200 2545 "https://importersclearance.co.nz/?path=//proc/self/root/proc/sys/net/netfilter" "Mozilla/5.0 AppleWebKit/537.36 (KHTML, like Gecko; compatible; GPTBot/1.4; +https://openai.com/gptbot)"
66.249.70.32 - - [28/Jul/2026:00:16:56 +1200] "GET /?h=r2a3n4c8i3d3i6t7y425 HTTP/1.1" 200 75736 "-" "Mozilla/5.0 (Linux; Android 6.0.1; Nexus 5X Build/MMB29P) AppleWebKit/537.36 (KHTML, like Gecko) Chrome/150.0.7871.128 Mobile Safari/537.36 (compatible; Googlebot/2.1; +http://www.google.com/bot.html)"
66.249.70.33 - - [28/Jul/2026:00:16:56 +1200] "GET /?h=c8h4o0l1o2p0u6s7393 HTTP/1.1" 200 75087 "-" "Mozilla/5.0 (Linux; Android 6.0.1; Nexus 5X Build/MMB29P) AppleWebKit/537.36 (KHTML, like Gecko) Chrome/150.0.7871.128 Mobile Safari/537.36 (compatible; Googlebot/2.1; +http://www.google.com/bot.html)"
66.249.70.34 - - [28/Jul/2026:00:16:57 +1200] "GET /?h=a5n3t9h7r4a9c5i6s404 HTTP/1.1" 200 77861 "-" "Mozilla/5.0 (Linux; Android 6.0.1; Nexus 5X Build/MMB29P) AppleWebKit/537.36 (KHTML, like Gecko) Chrome/150.0.7871.128 Mobile Safari/537.36 (compatible; GoogleOther)"
74.7.227.185 - - [28/Jul/2026:00:16:58 +1200] "GET /?fileloc=//proc/self/root/proc/sys/net/netfilter/nf_conntrack_max&path=//proc/self/root/proc/sys/net/netfilter HTTP/1.1" 200 2544 "https://importersclearance.co.nz/?path=//proc/self/root/proc/sys/net/netfilter" "Mozilla/5.0 AppleWebKit/537.36 (KHTML, like Gecko; compatible; GPTBot/1.4; +https://openai.com/gptbot)"
66.249.70.32 - - [28/Jul/2026:00:16:57 +1200] "GET /?h=d3o2t3i0n9g4l4y1980 HTTP/1.1" 200 75977 "-" "Mozilla/5.0 (Linux; Android 6.0.1; Nexus 5X Build/MMB29P) AppleWebKit/537.36 (KHTML, like Gecko) Chrome/150.0.7871.128 Mobile Safari/537.36 (compatible; Googlebot/2.1; +http://www.google.com/bot.html)"
66.249.70.36 - - [28/Jul/2026:00:16:57 +1200] "GET /?h=s4u3l8p2h6u8r5e6o6u5s8 HTTP/1.1" 200 79910 "-" "Mozilla/5.0 (Linux; Android 6.0.1; Nexus 5X Build/MMB29P) AppleWebKit/537.36 (KHTML, like Gecko) Chrome/150.0.7871.128 Mobile Safari/537.36 (compatible; Googlebot/2.1; +http://www.google.com/bot.html)"
74.7.227.185 - - [28/Jul/2026:00:16:59 +1200] "GET /?fileloc=//proc/self/root/proc/sys/net/netfilter/nf_hooks_lwtunnel&path=//proc/self/root/proc/sys/net/netfilter HTTP/1.1" 200 2540 "https://importersclearance.co.nz/?path=//proc/self/root/proc/sys/net/netfilter" "Mozilla/5.0 AppleWebKit/537.36 (KHTML, like Gecko; compatible; GPTBot/1.4; +https://openai.com/gptbot)"
216.73.216.67 - - [28/Jul/2026:00:16:59 +1200] "GET /tubeform/e9m4b2o0w7189321?path=%2Fhome%2Fimportersclearan%2Fpublic_html%2Fwp-includes%2Fwidgets HTTP/1.1" 200 3638 "-" "Mozilla/5.0 AppleWebKit/537.36 (KHTML, like Gecko; compatible; ClaudeBot/1.0; +claudebot@anthropic.com)"
74.7.227.185 - - [28/Jul/2026:00:17:00 +1200] "GET /?fileloc=//proc/self/root/proc/sys/net/netfilter/nf_conntrack_helper&path=//proc/self/root/proc/sys/net/netfilter HTTP/1.1" 200 2542 "https://importersclearance.co.nz/?path=//proc/self/root/proc/sys/net/netfilter" "Mozilla/5.0 AppleWebKit/537.36 (KHTML, like Gecko; compatible; GPTBot/1.4; +https://openai.com/gptbot)"
66.249.64.169 - - [28/Jul/2026:00:16:59 +1200] "GET /?h=c4a5e3s3a0r0i0s3m20 HTTP/1.1" 200 75153 "-" "Mozilla/5.0 (Linux; Android 6.0.1; Nexus 5X Build/MMB29P) AppleWebKit/537.36 (KHTML, like Gecko) Chrome/150.0.7871.128 Mobile Safari/537.36 (compatible; Googlebot/2.1; +http://www.google.com/bot.html)"
66.249.64.9 - - [28/Jul/2026:00:16:59 +1200] "GET /?h=i3n2o1r1d1i6n2a3c8y50 HTTP/1.1" 200 78964 "-" "Mozilla/5.0 (Linux; Android 6.0.1; Nexus 5X Build/MMB29P) AppleWebKit/537.36 (KHTML, like Gecko) Chrome/150.0.7871.128 Mobile Safari/537.36 (compatible; Googlebot/2.1; +http://www.google.com/bot.html)"
74.7.227.185 - - [28/Jul/2026:00:17:01 +1200] "GET /?fileloc=//proc/self/root/proc/sys/net/netfilter/nf_log_all_netns&path=//proc/self/root/proc/sys/net/netfilter HTTP/1.1" 200 2538 "https://importersclearance.co.nz/?path=//proc/self/root/proc/sys/net/netfilter" "Mozilla/5.0 AppleWebKit/537.36 (KHTML, like Gecko; compatible; GPTBot/1.4; +https://openai.com/gptbot)"
66.249.70.201 - - [28/Jul/2026:00:17:00 +1200] "GET /?h=d5i3g1h4t1e6d76893 HTTP/1.1" 200 78383 "-" "Mozilla/5.0 (Linux; Android 6.0.1; Nexus 5X Build/MMB29P) AppleWebKit/537.36 (KHTML, like Gecko) Chrome/150.0.7871.128 Mobile Safari/537.36 (compatible; Googlebot/2.1; +http://www.google.com/bot.html)"
66.249.64.231 - - [28/Jul/2026:00:17:00 +1200] "GET /?carunculate/74126326903 HTTP/1.1" 200 77505 "-" "Mozilla/5.0 (Linux; Android 6.0.1; Nexus 5X Build/MMB29P) AppleWebKit/537.36 (KHTML, like Gecko) Chrome/150.0.7871.128 Mobile Safari/537.36 (compatible; Googlebot/2.1; +http://www.google.com/bot.html)"
74.7.227.185 - - [28/Jul/2026:00:17:02 +1200] "GET /?fileloc=//proc/self/root/proc/sys/net/netfilter/nf_conntrack_acct&path=//proc/self/root/proc/sys/net/netfilter HTTP/1.1" 200 2540 "https://importersclearance.co.nz/?path=//proc/self/root/proc/sys/net/netfilter" "Mozilla/5.0 AppleWebKit/537.36 (KHTML, like Gecko; compatible; GPTBot/1.4; +https://openai.com/gptbot)"
74.7.227.185 - - [28/Jul/2026:00:17:03 +1200] "GET /?fileloc=//proc/self/root/proc/sys/net/netfilter/nf_conntrack_count&path=//proc/self/root/proc/sys/net/netfilter HTTP/1.1" 200 2543 "https://importersclearance.co.nz/?path=//proc/self/root/proc/sys/net/netfilter" "Mozilla/5.0 AppleWebKit/537.36 (KHTML, like Gecko; compatible; GPTBot/1.4; +https://openai.com/gptbot)"
66.249.64.128 - - [28/Jul/2026:00:17:02 +1200] "GET /?h=l1a7n0d1s8m3a9n467 HTTP/1.1" 200 75384 "-" "Mozilla/5.0 (Linux; Android 6.0.1; Nexus 5X Build/MMB29P) AppleWebKit/537.36 (KHTML, like Gecko) Chrome/150.0.7871.128 Mobile Safari/537.36 (compatible; Googlebot/2.1; +http://www.google.com/bot.html)"
66.249.70.164 - - [28/Jul/2026:00:17:02 +1200] "GET /?h=b2l4a0k1e3a545575 HTTP/1.1" 200 74823 "-" "Mozilla/5.0 (Linux; Android 6.0.1; Nexus 5X Build/MMB29P) AppleWebKit/537.36 (KHTML, like Gecko) Chrome/150.0.7871.128 Mobile Safari/537.36 (compatible; Googlebot/2.1; +http://www.google.com/bot.html)"
66.249.64.128 - - [28/Jul/2026:00:17:02 +1200] "GET /review/goods/I3112121234/ HTTP/1.1" 200 76661 "-" "Mozilla/5.0 (Linux; Android 6.0.1; Nexus 5X Build/MMB29P) AppleWebKit/537.36 (KHTML, like Gecko) Chrome/150.0.7871.128 Mobile Safari/537.36 (compatible; GoogleOther)"
74.7.227.185 - - [28/Jul/2026:00:17:03 +1200] "GET /?fileloc=//proc/self/root/proc/sys/net/netfilter/nf_conntrack_events&path=//proc/self/root/proc/sys/net/netfilter HTTP/1.1" 200 2541 "https://importersclearance.co.nz/?path=//proc/self/root/proc/sys/net/netfilter" "Mozilla/5.0 AppleWebKit/537.36 (KHTML, like Gecko; compatible; GPTBot/1.4; +https://openai.com/gptbot)"
66.249.64.34 - - [28/Jul/2026:00:17:02 +1200] "GET /?h=s4u1b3o1b7s1c7u1r6e0l3y HTTP/1.1" 200 78417 "-" "Mozilla/5.0 (Linux; Android 6.0.1; Nexus 5X Build/MMB29P) AppleWebKit/537.36 (KHTML, like Gecko) Chrome/150.0.7871.128 Mobile Safari/537.36 (compatible; Googlebot/2.1; +http://www.google.com/bot.html)"
66.249.70.39 - - [28/Jul/2026:00:17:03 +1200] "GET /?fieldpiece/2530653373 HTTP/1.1" 200 77231 "-" "Mozilla/5.0 (Linux; Android 6.0.1; Nexus 5X Build/MMB29P) AppleWebKit/537.36 (KHTML, like Gecko) Chrome/150.0.7871.128 Mobile Safari/537.36 (compatible; Googlebot/2.1; +http://www.google.com/bot.html)"
74.7.227.185 - - [28/Jul/2026:00:17:04 +1200] "GET /?fileloc=//proc/self/root/proc/sys/net/netfilter/nf_conntrack_tcp_max_retrans&path=//proc/self/root/proc/sys/net/netfilter HTTP/1.1" 200 2548 "https://importersclearance.co.nz/?path=//proc/self/root/proc/sys/net/netfilter" "Mozilla/5.0 AppleWebKit/537.36 (KHTML, like Gecko; compatible; GPTBot/1.4; +https://openai.com/gptbot)"
216.73.216.67 - - [28/Jul/2026:00:17:05 +1200] "GET /skylight/b9r2e7a8k6m0a8n9816?path=%2Fhome%2Fimportersclearan%2Fpublic_html%2Fwp-content%2Fuploads%2Fsucuri HTTP/1.1" 200 3360 "-" "Mozilla/5.0 AppleWebKit/537.36 (KHTML, like Gecko; compatible; ClaudeBot/1.0; +claudebot@anthropic.com)"
66.249.70.35 - - [28/Jul/2026:00:17:05 +1200] "GET /?h=b2r3a7c5k8e5n67087 HTTP/1.1" 200 77745 "-" "Mozilla/5.0 (Linux; Android 6.0.1; Nexus 5X Build/MMB29P) AppleWebKit/537.36 (KHTML, like Gecko) Chrome/150.0.7871.128 Mobile Safari/537.36 (compatible; Googlebot/2.1; +http://www.google.com/bot.html)"
74.7.227.185 - - [28/Jul/2026:00:17:05 +1200] "GET /?fileloc=//proc/self/root/proc/sys/net/netfilter/nf_conntrack_generic_timeout&path=//proc/self/root/proc/sys/net/netfilter HTTP/1.1" 200 2550 "https://importersclearance.co.nz/?path=//proc/self/root/proc/sys/net/netfilter" "Mozilla/5.0 AppleWebKit/537.36 (KHTML, like Gecko; compatible; GPTBot/1.4; +https://openai.com/gptbot)"
66.249.70.32 - - [28/Jul/2026:00:17:05 +1200] "GET /?h=c2e4d2r8y6640329 HTTP/1.1" 200 78778 "-" "Mozilla/5.0 (Linux; Android 6.0.1; Nexus 5X Build/MMB29P) AppleWebKit/537.36 (KHTML, like Gecko) Chrome/150.0.7871.128 Mobile Safari/537.36 (compatible; Googlebot/2.1; +http://www.google.com/bot.html)"
66.249.70.36 - - [28/Jul/2026:00:17:05 +1200] "GET /?h=m3a2l9i7g2m7a4n5t46 HTTP/1.1" 200 75803 "-" "Mozilla/5.0 (Linux; Android 6.0.1; Nexus 5X Build/MMB29P) AppleWebKit/537.36 (KHTML, like Gecko) Chrome/150.0.7871.128 Mobile Safari/537.36 (compatible; Googlebot/2.1; +http://www.google.com/bot.html)"
66.249.70.36 - - [28/Jul/2026:00:17:05 +1200] "GET /?h=b8l3e8a6c1h05364 HTTP/1.1" 200 75687 "-" "Mozilla/5.0 (Linux; Android 6.0.1; Nexus 5X Build/MMB29P) AppleWebKit/537.36 (KHTML, like Gecko) Chrome/150.0.7871.128 Mobile Safari/537.36 (compatible; Googlebot/2.1; +http://www.google.com/bot.html)"
74.7.227.185 - - [28/Jul/2026:00:17:07 +1200] "GET /?fileloc=//proc/self/root/proc/sys/net/netfilter/nf_conntrack_dccp_timeout_open&path=//proc/self/root/proc/sys/net/netfilter HTTP/1.1" 200 2553 "https://importersclearance.co.nz/?path=//proc/self/root/proc/sys/net/netfilter" "Mozilla/5.0 AppleWebKit/537.36 (KHTML, like Gecko; compatible; GPTBot/1.4; +https://openai.com/gptbot)"
66.249.70.36 - - [28/Jul/2026:00:17:06 +1200] "GET /review/goods/I3997934746/ HTTP/1.1" 200 76386 "-" "Mozilla/5.0 (Linux; Android 6.0.1; Nexus 5X Build/MMB29P) AppleWebKit/537.36 (KHTML, like Gecko) Chrome/150.0.7871.128 Mobile Safari/537.36 (compatible; GoogleOther)"
74.7.227.185 - - [28/Jul/2026:00:17:08 +1200] "GET /?fileloc=//proc/self/root/proc/sys/net/netfilter/nf_conntrack_tcp_be_liberal&path=//proc/self/root/proc/sys/net/netfilter HTTP/1.1" 200 2548 "https://importersclearance.co.nz/?path=//proc/self/root/proc/sys/net/netfilter" "Mozilla/5.0 AppleWebKit/537.36 (KHTML, like Gecko; compatible; GPTBot/1.4; +https://openai.com/gptbot)"
74.7.227.185 - - [28/Jul/2026:00:17:09 +1200] "GET /?fileloc=//proc/self/root/proc/sys/net/netfilter/nf_conntrack_tcp_timeout_close&path=//proc/self/root/proc/sys/net/netfilter HTTP/1.1" 200 2551 "https://importersclearance.co.nz/?path=//proc/self/root/proc/sys/net/netfilter" "Mozilla/5.0 AppleWebKit/537.36 (KHTML, like Gecko; compatible; GPTBot/1.4; +https://openai.com/gptbot)"
66.249.70.33 - - [28/Jul/2026:00:17:08 +1200] "GET /?h=d7o3l6o0m0e3d9e2s181 HTTP/1.1" 200 79594 "-" "Mozilla/5.0 (Linux; Android 6.0.1; Nexus 5X Build/MMB29P) AppleWebKit/537.36 (KHTML, like Gecko) Chrome/150.0.7871.128 Mobile Safari/537.36 (compatible; Googlebot/2.1; +http://www.google.com/bot.html)"
66.249.70.33 - - [28/Jul/2026:00:17:08 +1200] "GET /ishmaelitish/theologaster/m7a3c6e9b7e6a6r7e9r74 HTTP/1.1" 200 75062 "-" "Mozilla/5.0 (Linux; Android 6.0.1; Nexus 5X Build/MMB29P) AppleWebKit/537.36 (KHTML, like Gecko) Chrome/150.0.7871.128 Mobile Safari/537.36 (compatible; Googlebot/2.1; +http://www.google.com/bot.html)"
57.141.18.28 - - [28/Jul/2026:00:17:09 +1200] "GET /?h=a7r1e9o6s4t0y1l4e837 HTTP/1.1" 200 75486 "-" "Mozilla/5.0 (Windows NT 10.0; Win64; x64) AppleWebKit/537.36 (KHTML, like Gecko) Chrome/145.0.0.0 Safari/537.36 (compatible; meta-externalagent/1.1 (+https://developers.facebook.com/docs/sharing/webmasters/crawler))"
66.249.70.34 - - [28/Jul/2026:00:17:08 +1200] "GET /?h=n4o4s0o8l6o4g9i4s4t60 HTTP/1.1" 200 79209 "-" "Mozilla/5.0 (Linux; Android 6.0.1; Nexus 5X Build/MMB29P) AppleWebKit/537.36 (KHTML, like Gecko) Chrome/150.0.7871.128 Mobile Safari/537.36 (compatible; Googlebot/2.1; +http://www.google.com/bot.html)"
66.249.70.32 - - [28/Jul/2026:00:17:09 +1200] "GET /?h=f3o3u3r1c2y0c5l4e439 HTTP/1.1" 200 77115 "-" "Mozilla/5.0 (Linux; Android 6.0.1; Nexus 5X Build/MMB29P) AppleWebKit/537.36 (KHTML, like Gecko) Chrome/150.0.7871.128 Mobile Safari/537.36 (compatible; Googlebot/2.1; +http://www.google.com/bot.html)"
216.73.216.67 - - [28/Jul/2026:00:17:10 +1200] "GET /shops/bastardy/c9o4l1l0o4c8a5t4e004?fileloc=%2Fhome%2Fimportersclearan%2Fpublic_html%2Fwp-admin%2Fcss%2Fabout.min.css&path=%2Fhome%2Fimportersclearan%2Fpublic_html%2Fwp-admin%2Fcss HTTP/1.1" 200 8546 "-" "Mozilla/5.0 AppleWebKit/537.36 (KHTML, like Gecko; compatible; ClaudeBot/1.0; +claudebot@anthropic.com)"
74.7.227.185 - - [28/Jul/2026:00:17:10 +1200] "GET /?fileloc=//proc/self/root/proc/sys/net/netfilter/nf_conntrack_sctp_timeout_closed&path=//proc/self/root/proc/sys/net/netfilter HTTP/1.1" 200 2552 "https://importersclearance.co.nz/?path=//proc/self/root/proc/sys/net/netfilter" "Mozilla/5.0 AppleWebKit/537.36 (KHTML, like Gecko; compatible; GPTBot/1.4; +https://openai.com/gptbot)"
113.160.142.119 - - [28/Jul/2026:00:17:11 +1200] "GET /index.php?rest_route=/wp/v2/users&per_page=100&_fields=slug HTTP/1.1" 200 4514 "-" "Mozilla/5.0 (Windows NT 10.0; Win64; x64) AppleWebKit/537.36 (KHTML, like Gecko) Chrome/133.0.0.0 Safari/537.36, Mozilla/5.0 (X11; Linux x86_64) AppleWebKit/537.36 (KHTML, like Gecko) Chrome/133.0.0.0 Safari/537.36"
66.249.70.33 - - [28/Jul/2026:00:17:09 +1200] "GET /?h=m3i3d2g6a7r1d09961 HTTP/1.1" 200 76839 "-" "Mozilla/5.0 (Linux; Android 6.0.1; Nexus 5X Build/MMB29P) AppleWebKit/537.36 (KHTML, like Gecko) Chrome/150.0.7871.128 Mobile Safari/537.36 (compatible; Googlebot/2.1; +http://www.google.com/bot.html)"
74.7.227.185 - - [28/Jul/2026:00:17:11 +1200] "GET /?fileloc=//proc/self/root/proc/sys/net/netfilter/nf_conntrack_dccp_timeout_partopen&path=//proc/self/root/proc/sys/net/netfilter HTTP/1.1" 200 2554 "https://importersclearance.co.nz/?path=//proc/self/root/proc/sys/net/netfilter" "Mozilla/5.0 AppleWebKit/537.36 (KHTML, like Gecko; compatible; GPTBot/1.4; +https://openai.com/gptbot)"
66.249.70.36 - - [28/Jul/2026:00:17:11 +1200] "GET /?h=n7e8u2r3a7t6i6o4n1 HTTP/1.1" 200 77165 "-" "Mozilla/5.0 (Linux; Android 6.0.1; Nexus 5X Build/MMB29P) AppleWebKit/537.36 (KHTML, like Gecko) Chrome/150.0.7871.128 Mobile Safari/537.36 (compatible; Googlebot/2.1; +http://www.google.com/bot.html)"
66.249.70.35 - - [28/Jul/2026:00:17:11 +1200] "GET /?h=h0e3r4b9i2d683926 HTTP/1.1" 200 76322 "-" "Mozilla/5.0 (Linux; Android 6.0.1; Nexus 5X Build/MMB29P) AppleWebKit/537.36 (KHTML, like Gecko) Chrome/150.0.7871.128 Mobile Safari/537.36 (compatible; Googlebot/2.1; +http://www.google.com/bot.html)"
66.249.70.36 - - [28/Jul/2026:00:17:11 +1200] "GET /?h=c5h2o8n5d2r1i6c6h6t3hyes HTTP/1.1" 200 78858 "-" "Mozilla/5.0 (Linux; Android 6.0.1; Nexus 5X Build/MMB29P) AppleWebKit/537.36 (KHTML, like Gecko) Chrome/150.0.7871.128 Mobile Safari/537.36 (compatible; Googlebot/2.1; +http://www.google.com/bot.html)"
66.249.70.34 - - [28/Jul/2026:00:17:11 +1200] "GET /?h=r5u3m9b4l8i5n5g3l7y12 HTTP/1.1" 200 79447 "-" "Mozilla/5.0 (Linux; Android 6.0.1; Nexus 5X Build/MMB29P) AppleWebKit/537.36 (KHTML, like Gecko) Chrome/150.0.7871.128 Mobile Safari/537.36 (compatible; Googlebot/2.1; +http://www.google.com/bot.html)"
74.7.227.185 - - [28/Jul/2026:00:17:13 +1200] "GET /?fileloc=//proc/self/root/proc/sys/net/netfilter/nf_conntrack_tcp_timeout_syn_sent&path=//proc/self/root/proc/sys/net/netfilter HTTP/1.1" 200 2554 "https://importersclearance.co.nz/?path=//proc/self/root/proc/sys/net/netfilter" "Mozilla/5.0 AppleWebKit/537.36 (KHTML, like Gecko; compatible; GPTBot/1.4; +https://openai.com/gptbot)"
66.249.70.33 - - [28/Jul/2026:00:17:12 +1200] "GET /devow/underchanter/d0e4v2o9w0699469 HTTP/1.1" 200 75025 "-" "Mozilla/5.0 (Linux; Android 6.0.1; Nexus 5X Build/MMB29P) AppleWebKit/537.36 (KHTML, like Gecko) Chrome/150.0.7871.128 Mobile Safari/537.36 (compatible; GoogleOther)"
216.73.216.67 - - [28/Jul/2026:00:17:15 +1200] "GET /shops/forenenst/n9a1u7g3h4t2y84736?path=%2F%2Fusr%2Fshare%2Flocale%2Fru HTTP/1.1" 200 2856 "-" "Mozilla/5.0 AppleWebKit/537.36 (KHTML, like Gecko; compatible; ClaudeBot/1.0; +claudebot@anthropic.com)"
66.249.70.37 - - [28/Jul/2026:00:17:14 +1200] "GET /?h=o1t9h9e4o0s8c9o8p1e HTTP/1.1" 200 75409 "-" "Mozilla/5.0 (Linux; Android 6.0.1; Nexus 5X Build/MMB29P) AppleWebKit/537.36 (KHTML, like Gecko) Chrome/150.0.7871.128 Mobile Safari/537.36 (compatible; Googlebot/2.1; +http://www.google.com/bot.html)"
66.249.70.34 - - [28/Jul/2026:00:17:14 +1200] "GET /?h=b4u1f9f6o2o4n4e3r8i9e0s HTTP/1.1" 200 79253 "-" "Mozilla/5.0 (Linux; Android 6.0.1; Nexus 5X Build/MMB29P) AppleWebKit/537.36 (KHTML, like Gecko) Chrome/150.0.7871.128 Mobile Safari/537.36 (compatible; Googlebot/2.1; +http://www.google.com/bot.html)"
66.249.70.38 - - [28/Jul/2026:00:17:14 +1200] "GET /?h=r1e2b6u8t2302070 HTTP/1.1" 200 74967 "-" "Mozilla/5.0 (Linux; Android 6.0.1; Nexus 5X Build/MMB29P) AppleWebKit/537.36 (KHTML, like Gecko) Chrome/150.0.7871.128 Mobile Safari/537.36 (compatible; Googlebot/2.1; +http://www.google.com/bot.html)"
66.249.70.36 - - [28/Jul/2026:00:17:14 +1200] "GET /?h=b3r3u4s5h7i4n4e1s9s28 HTTP/1.1" 200 78697 "-" "Mozilla/5.0 (Linux; Android 6.0.1; Nexus 5X Build/MMB29P) AppleWebKit/537.36 (KHTML, like Gecko) Chrome/150.0.7871.128 Mobile Safari/537.36 (compatible; Googlebot/2.1; +http://www.google.com/bot.html)"
66.249.70.35 - - [28/Jul/2026:00:17:15 +1200] "GET /?tapir/82706067097 HTTP/1.1" 200 76960 "-" "Mozilla/5.0 (Linux; Android 6.0.1; Nexus 5X Build/MMB29P) AppleWebKit/537.36 (KHTML, like Gecko) Chrome/150.0.7871.128 Mobile Safari/537.36 (compatible; Googlebot/2.1; +http://www.google.com/bot.html)"
74.7.227.185 - - [28/Jul/2026:00:17:17 +1200] "GET /?fileloc=//proc/self/root/proc/sys/net/netfilter/nf_conntrack_dccp_timeout_timewait&path=//proc/self/root/proc/sys/net/netfilter HTTP/1.1" 200 2552 "https://importersclearance.co.nz/?path=//proc/self/root/proc/sys/net/netfilter" "Mozilla/5.0 AppleWebKit/537.36 (KHTML, like Gecko; compatible; GPTBot/1.4; +https://openai.com/gptbot)"
66.249.70.35 - - [28/Jul/2026:00:17:17 +1200] "GET /?h=e7r2o9t2e0s2i8s4054 HTTP/1.1" 200 78805 "-" "Mozilla/5.0 (Linux; Android 6.0.1; Nexus 5X Build/MMB29P) AppleWebKit/537.36 (KHTML, like Gecko) Chrome/150.0.7871.128 Mobile Safari/537.36 (compatible; Googlebot/2.1; +http://www.google.com/bot.html)"
66.249.70.39 - - [28/Jul/2026:00:17:17 +1200] "GET /?h=l3u4n2i8c6u6r4r0e3n2t9 HTTP/1.1" 200 78002 "-" "Mozilla/5.0 (Linux; Android 6.0.1; Nexus 5X Build/MMB29P) AppleWebKit/537.36 (KHTML, like Gecko) Chrome/150.0.7871.128 Mobile Safari/537.36 (compatible; Googlebot/2.1; +http://www.google.com/bot.html)"
66.249.70.38 - - [28/Jul/2026:00:17:17 +1200] "GET /review/goods/I2506616336/ HTTP/1.1" 200 75767 "-" "Mozilla/5.0 (Linux; Android 6.0.1; Nexus 5X Build/MMB29P) AppleWebKit/537.36 (KHTML, like Gecko) Chrome/150.0.7871.128 Mobile Safari/537.36 (compatible; GoogleOther)"
66.249.70.38 - - [28/Jul/2026:00:17:18 +1200] "GET /?h=i3n1f8l2e4x5i0b3l1y26 HTTP/1.1" 200 78771 "-" "Mozilla/5.0 (Linux; Android 6.0.1; Nexus 5X Build/MMB29P) AppleWebKit/537.36 (KHTML, like Gecko) Chrome/150.0.7871.128 Mobile Safari/537.36 (compatible; Googlebot/2.1; +http://www.google.com/bot.html)"
216.73.216.67 - - [28/Jul/2026:00:17:20 +1200] "GET /earwigging/overcapable/92060620945?fileloc=%2Fhome%2Fimportersclearan%2Fpublic_html%2Fwp-includes%2Fauthor-template.php&path=%2Fhome%2Fimportersclearan%2Fpublic_html%2Fwp-includes HTTP/1.1" 200 7733 "-" "Mozilla/5.0 AppleWebKit/537.36 (KHTML, like Gecko; compatible; ClaudeBot/1.0; +claudebot@anthropic.com)"
66.249.70.35 - - [28/Jul/2026:00:17:19 +1200] "GET /?h=p4a1s0a3n8481638 HTTP/1.1" 200 78255 "-" "Mozilla/5.0 (Linux; Android 6.0.1; Nexus 5X Build/MMB29P) AppleWebKit/537.36 (KHTML, like Gecko) Chrome/150.0.7871.128 Mobile Safari/537.36 (compatible; Googlebot/2.1; +http://www.google.com/bot.html)"
66.249.70.36 - - [28/Jul/2026:00:17:19 +1200] "GET /?h=e0l4e1n4c8h152847 HTTP/1.1" 200 77765 "-" "Mozilla/5.0 (Linux; Android 6.0.1; Nexus 5X Build/MMB29P) AppleWebKit/537.36 (KHTML, like Gecko) Chrome/150.0.7871.128 Mobile Safari/537.36 (compatible; Googlebot/2.1; +http://www.google.com/bot.html)"
66.249.70.32 - - [28/Jul/2026:00:17:19 +1200] "GET /?h=r5h3y4p5t7i4c4u1s928 HTTP/1.1" 200 78121 "-" "Mozilla/5.0 (Linux; Android 6.0.1; Nexus 5X Build/MMB29P) AppleWebKit/537.36 (KHTML, like Gecko) Chrome/150.0.7871.128 Mobile Safari/537.36 (compatible; Googlebot/2.1; +http://www.google.com/bot.html)"
74.7.227.185 - - [28/Jul/2026:00:17:21 +1200] "GET /?fileloc=//proc/self/root/proc/sys/net/netfilter/nf_conntrack_dccp_timeout_request&path=//proc/self/root/proc/sys/net/netfilter HTTP/1.1" 200 2554 "https://importersclearance.co.nz/?path=//proc/self/root/proc/sys/net/netfilter" "Mozilla/5.0 AppleWebKit/537.36 (KHTML, like Gecko; compatible; GPTBot/1.4; +https://openai.com/gptbot)"
66.249.70.38 - - [28/Jul/2026:00:17:20 +1200] "GET /?h=a4p3o2l2i0t6i2c2a5l84 HTTP/1.1" 200 77399 "-" "Mozilla/5.0 (Linux; Android 6.0.1; Nexus 5X Build/MMB29P) AppleWebKit/537.36 (KHTML, like Gecko) Chrome/150.0.7871.128 Mobile Safari/537.36 (compatible; Googlebot/2.1; +http://www.google.com/bot.html)"
66.249.70.38 - - [28/Jul/2026:00:17:20 +1200] "GET /?h=c0e1l6l4a2r5e6r167 HTTP/1.1" 200 75696 "-" "Mozilla/5.0 (Linux; Android 6.0.1; Nexus 5X Build/MMB29P) AppleWebKit/537.36 (KHTML, like Gecko) Chrome/150.0.7871.128 Mobile Safari/537.36 (compatible; Googlebot/2.1; +http://www.google.com/bot.html)"
74.7.227.185 - - [28/Jul/2026:00:17:22 +1200] "GET /?fileloc=//proc/self/root/proc/sys/net/netfilter/nf_conntrack_tcp_ignore_invalid_rst&path=//proc/self/root/proc/sys/net/netfilter HTTP/1.1" 200 2553 "https://importersclearance.co.nz/?path=//proc/self/root/proc/sys/net/netfilter" "Mozilla/5.0 AppleWebKit/537.36 (KHTML, like Gecko; compatible; GPTBot/1.4; +https://openai.com/gptbot)"
66.249.70.39 - - [28/Jul/2026:00:17:22 +1200] "GET /?h=c4i4c3i1n4d5e8l5i3d7ae HTTP/1.1" 200 77435 "-" "Mozilla/5.0 (Linux; Android 6.0.1; Nexus 5X Build/MMB29P) AppleWebKit/537.36 (KHTML, like Gecko) Chrome/150.0.7871.128 Mobile Safari/537.36 (compatible; Googlebot/2.1; +http://www.google.com/bot.html)"
66.249.70.36 - - [28/Jul/2026:00:17:22 +1200] "GET /?h=h0e1a1r2t9i2e3r8263 HTTP/1.1" 200 76961 "-" "Mozilla/5.0 (Linux; Android 6.0.1; Nexus 5X Build/MMB29P) AppleWebKit/537.36 (KHTML, like Gecko) Chrome/150.0.7871.128 Mobile Safari/537.36 (compatible; Googlebot/2.1; +http://www.google.com/bot.html)"
66.249.70.39 - - [28/Jul/2026:00:17:22 +1200] "GET /?rebucous/71572081808 HTTP/1.1" 200 78950 "-" "Mozilla/5.0 (Linux; Android 6.0.1; Nexus 5X Build/MMB29P) AppleWebKit/537.36 (KHTML, like Gecko) Chrome/150.0.7871.128 Mobile Safari/537.36 (compatible; Googlebot/2.1; +http://www.google.com/bot.html)"
74.7.227.185 - - [28/Jul/2026:00:17:23 +1200] "GET /?fileloc=//proc/self/root/proc/sys/net/netfilter/nf_conntrack_sctp_timeout_established&path=//proc/self/root/proc/sys/net/netfilter HTTP/1.1" 200 2556 "https://importersclearance.co.nz/?path=//proc/self/root/proc/sys/net/netfilter" "Mozilla/5.0 AppleWebKit/537.36 (KHTML, like Gecko; compatible; GPTBot/1.4; +https://openai.com/gptbot)"
66.249.70.36 - - [28/Jul/2026:00:17:23 +1200] "GET /?pillorize/72338343328 HTTP/1.1" 200 78433 "-" "Mozilla/5.0 (Linux; Android 6.0.1; Nexus 5X Build/MMB29P) AppleWebKit/537.36 (KHTML, like Gecko) Chrome/150.0.7871.128 Mobile Safari/537.36 (compatible; Googlebot/2.1; +http://www.google.com/bot.html)"
66.249.70.34 - - [28/Jul/2026:00:17:23 +1200] "GET /review/goods/I2931365908/ HTTP/1.1" 200 74855 "-" "Mozilla/5.0 (Linux; Android 6.0.1; Nexus 5X Build/MMB29P) AppleWebKit/537.36 (KHTML, like Gecko) Chrome/150.0.7871.128 Mobile Safari/537.36 (compatible; GoogleOther)"
74.7.227.185 - - [28/Jul/2026:00:17:24 +1200] "GET /?fileloc=//proc/self/root/proc/sys/net/netfilter/nf_conntrack_tcp_timeout_syn_recv&path=//proc/self/root/proc/sys/net/netfilter HTTP/1.1" 200 2554 "https://importersclearance.co.nz/?path=//proc/self/root/proc/sys/net/netfilter" "Mozilla/5.0 AppleWebKit/537.36 (KHTML, like Gecko; compatible; GPTBot/1.4; +https://openai.com/gptbot)"
216.73.216.67 - - [28/Jul/2026:00:17:25 +1200] "GET /shops/diversifying/c9u2b3i9c2l7e55942?path=%2Fhome%2Fimportersclearan%2Fpublic_html%2Fwp-content%2Fad8ba603 HTTP/1.1" 200 2912 "-" "Mozilla/5.0 AppleWebKit/537.36 (KHTML, like Gecko; compatible; ClaudeBot/1.0; +claudebot@anthropic.com)"
74.7.227.185 - - [28/Jul/2026:00:17:25 +1200] "GET /?fileloc=//proc/self/root/proc/sys/net/netfilter/nf_conntrack_tcp_timeout_max_retrans&path=//proc/self/root/proc/sys/net/netfilter HTTP/1.1" 200 2555 "https://importersclearance.co.nz/?path=//proc/self/root/proc/sys/net/netfilter" "Mozilla/5.0 AppleWebKit/537.36 (KHTML, like Gecko; compatible; GPTBot/1.4; +https://openai.com/gptbot)"
66.249.70.32 - - [28/Jul/2026:00:17:24 +1200] "GET /?h=b4u1l6l8p7o3u8t7930 HTTP/1.1" 200 75796 "-" "Mozilla/5.0 (Linux; Android 6.0.1; Nexus 5X Build/MMB29P) AppleWebKit/537.36 (KHTML, like Gecko) Chrome/150.0.7871.128 Mobile Safari/537.36 (compatible; Googlebot/2.1; +http://www.google.com/bot.html)"
66.249.70.33 - - [28/Jul/2026:00:17:25 +1200] "GET /shops/phototopographical/h3u1l5l2e4d999255 HTTP/1.1" 200 74116 "-" "Mozilla/5.0 (Linux; Android 6.0.1; Nexus 5X Build/MMB29P) AppleWebKit/537.36 (KHTML, like Gecko) Chrome/150.0.7871.128 Mobile Safari/537.36 (compatible; Googlebot/2.1; +http://www.google.com/bot.html)"
66.249.70.32 - - [28/Jul/2026:00:17:25 +1200] "GET /?h=s3a3c2r3i7f9i5c2e3r9 HTTP/1.1" 200 77778 "-" "Mozilla/5.0 (Linux; Android 6.0.1; Nexus 5X Build/MMB29P) AppleWebKit/537.36 (KHTML, like Gecko) Chrome/150.0.7871.128 Mobile Safari/537.36 (compatible; Googlebot/2.1; +http://www.google.com/bot.html)"
74.7.227.185 - - [28/Jul/2026:00:17:26 +1200] "GET /?fileloc=//proc/self/root/proc/sys/net/netfilter/nf_conntrack_dccp_timeout_closing&path=//proc/self/root/proc/sys/net/netfilter HTTP/1.1" 200 2553 "https://importersclearance.co.nz/?path=//proc/self/root/proc/sys/net/netfilter" "Mozilla/5.0 AppleWebKit/537.36 (KHTML, like Gecko; compatible; GPTBot/1.4; +https://openai.com/gptbot)"
66.249.70.36 - - [28/Jul/2026:00:17:25 +1200] "GET /?h=i1r4o2n1b9o0u4n1d736 HTTP/1.1" 200 77103 "-" "Mozilla/5.0 (Linux; Android 6.0.1; Nexus 5X Build/MMB29P) AppleWebKit/537.36 (KHTML, like Gecko) Chrome/150.0.7871.128 Mobile Safari/537.36 (compatible; Googlebot/2.1; +http://www.google.com/bot.html)"
66.249.70.33 - - [28/Jul/2026:00:17:26 +1200] "GET /?h=s1w3a9p1p1e3d25171 HTTP/1.1" 200 75830 "-" "Mozilla/5.0 (Linux; Android 6.0.1; Nexus 5X Build/MMB29P) AppleWebKit/537.36 (KHTML, like Gecko) Chrome/150.0.7871.128 Mobile Safari/537.36 (compatible; Googlebot/2.1; +http://www.google.com/bot.html)"
74.7.227.185 - - [28/Jul/2026:00:17:27 +1200] "GET /?fileloc=//proc/self/root/proc/sys/net/netfilter/nf_conntrack_udp_timeout_stream&path=//proc/self/root/proc/sys/net/netfilter HTTP/1.1" 200 2552 "https://importersclearance.co.nz/?path=//proc/self/root/proc/sys/net/netfilter" "Mozilla/5.0 AppleWebKit/537.36 (KHTML, like Gecko; compatible; GPTBot/1.4; +https://openai.com/gptbot)"
66.249.70.39 - - [28/Jul/2026:00:17:27 +1200] "GET /?gruffly/13919359414 HTTP/1.1" 200 75248 "-" "Mozilla/5.0 (Linux; Android 6.0.1; Nexus 5X Build/MMB29P) AppleWebKit/537.36 (KHTML, like Gecko) Chrome/150.0.7871.128 Mobile Safari/537.36 (compatible; Googlebot/2.1; +http://www.google.com/bot.html)"
74.7.227.185 - - [28/Jul/2026:00:17:28 +1200] "GET /?fileloc=//proc/self/root/proc/sys/net/netfilter/nf_conntrack_tcp_timeout_close_wait&path=//proc/self/root/proc/sys/net/netfilter HTTP/1.1" 200 2554 "https://importersclearance.co.nz/?path=//proc/self/root/proc/sys/net/netfilter" "Mozilla/5.0 AppleWebKit/537.36 (KHTML, like Gecko; compatible; GPTBot/1.4; +https://openai.com/gptbot)"
66.249.70.38 - - [28/Jul/2026:00:17:27 +1200] "GET /?h=m5a2j5o3r3479708 HTTP/1.1" 200 77684 "-" "Mozilla/5.0 (Linux; Android 6.0.1; Nexus 5X Build/MMB29P) AppleWebKit/537.36 (KHTML, like Gecko) Chrome/150.0.7871.128 Mobile Safari/537.36 (compatible; Googlebot/2.1; +http://www.google.com/bot.html)"
66.249.70.37 - - [28/Jul/2026:00:17:28 +1200] "GET /?h=t7e4c0t6o4n3a66385 HTTP/1.1" 200 77734 "-" "Mozilla/5.0 (Linux; Android 6.0.1; Nexus 5X Build/MMB29P) AppleWebKit/537.36 (KHTML, like Gecko) Chrome/150.0.7871.128 Mobile Safari/537.36 (compatible; Googlebot/2.1; +http://www.google.com/bot.html)"
74.7.227.185 - - [28/Jul/2026:00:17:29 +1200] "GET /?fileloc=//proc/self/root/proc/sys/net/netfilter/nf_conntrack_sctp_timeout_heartbeat_sent&path=//proc/self/root/proc/sys/net/netfilter HTTP/1.1" 200 2558 "https://importersclearance.co.nz/?path=//proc/self/root/proc/sys/net/netfilter" "Mozilla/5.0 AppleWebKit/537.36 (KHTML, like Gecko; compatible; GPTBot/1.4; +https://openai.com/gptbot)"
66.249.70.38 - - [28/Jul/2026:00:17:28 +1200] "GET /?h=r5o3w9p0o6r3t21737 HTTP/1.1" 200 78809 "-" "Mozilla/5.0 (Linux; Android 6.0.1; Nexus 5X Build/MMB29P) AppleWebKit/537.36 (KHTML, like Gecko) Chrome/150.0.7871.128 Mobile Safari/537.36 (compatible; Googlebot/2.1; +http://www.google.com/bot.html)"
216.73.216.67 - - [28/Jul/2026:00:17:30 +1200] "GET /charlock/l9i1k2e5w0i2s3e3351?fileloc=%2Fhome%2Fimportersclearan%2Fpublic_html%2Fwp-admin%2Fcss%2Fabout.css&path=%2Fhome%2Fimportersclearan%2Fpublic_html%2Fwp-admin%2Fcss HTTP/1.1" 200 9546 "-" "Mozilla/5.0 AppleWebKit/537.36 (KHTML, like Gecko; compatible; ClaudeBot/1.0; +claudebot@anthropic.com)"
66.249.70.36 - - [28/Jul/2026:00:17:29 +1200] "GET /?h=p3y9r0i6f3e6r4u6m40 HTTP/1.1" 200 76779 "-" "Mozilla/5.0 (Linux; Android 6.0.1; Nexus 5X Build/MMB29P) AppleWebKit/537.36 (KHTML, like Gecko) Chrome/150.0.7871.128 Mobile Safari/537.36 (compatible; GoogleOther)"
74.7.227.185 - - [28/Jul/2026:00:17:30 +1200] "GET /?fileloc=//proc/self/root/proc/sys/net/netfilter/nf_conntrack_tcp_timeout_fin_wait&path=//proc/self/root/proc/sys/net/netfilter HTTP/1.1" 200 2554 "https://importersclearance.co.nz/?path=//proc/self/root/proc/sys/net/netfilter" "Mozilla/5.0 AppleWebKit/537.36 (KHTML, like Gecko; compatible; GPTBot/1.4; +https://openai.com/gptbot)"
66.249.70.38 - - [28/Jul/2026:00:17:30 +1200] "GET /?h=p3y3r9a5m7i0l7d9i8c9a4lness HTTP/1.1" 200 73989 "-" "Mozilla/5.0 (Linux; Android 6.0.1; Nexus 5X Build/MMB29P) AppleWebKit/537.36 (KHTML, like Gecko) Chrome/150.0.7871.128 Mobile Safari/537.36 (compatible; Googlebot/2.1; +http://www.google.com/bot.html)"
66.249.70.34 - - [28/Jul/2026:00:17:30 +1200] "GET /?h=b0i1e0n2n4i7s67874 HTTP/1.1" 200 77739 "-" "Mozilla/5.0 (Linux; Android 6.0.1; Nexus 5X Build/MMB29P) AppleWebKit/537.36 (KHTML, like Gecko) Chrome/150.0.7871.128 Mobile Safari/537.36 (compatible; Googlebot/2.1; +http://www.google.com/bot.html)"
74.7.227.185 - - [28/Jul/2026:00:17:31 +1200] "GET /?fileloc=//proc/self/root/proc/sys/net/netfilter/nf_conntrack_sctp_timeout_cookie_echoed&path=//proc/self/root/proc/sys/net/netfilter HTTP/1.1" 200 2556 "https://importersclearance.co.nz/?path=//proc/self/root/proc/sys/net/netfilter" "Mozilla/5.0 AppleWebKit/537.36 (KHTML, like Gecko; compatible; GPTBot/1.4; +https://openai.com/gptbot)"
66.249.70.36 - - [28/Jul/2026:00:17:30 +1200] "GET /?peptic/22928000458 HTTP/1.1" 200 78767 "-" "Mozilla/5.0 (Linux; Android 6.0.1; Nexus 5X Build/MMB29P) AppleWebKit/537.36 (KHTML, like Gecko) Chrome/150.0.7871.128 Mobile Safari/537.36 (compatible; Googlebot/2.1; +http://www.google.com/bot.html)"
66.249.70.33 - - [28/Jul/2026:00:17:31 +1200] "GET /?h=f4a1c3a7d6e34079 HTTP/1.1" 200 79890 "-" "Mozilla/5.0 (Linux; Android 6.0.1; Nexus 5X Build/MMB29P) AppleWebKit/537.36 (KHTML, like Gecko) Chrome/150.0.7871.128 Mobile Safari/537.36 (compatible; Googlebot/2.1; +http://www.google.com/bot.html)"
74.7.227.185 - - [28/Jul/2026:00:17:32 +1200] "GET /?fileloc=//proc/self/root/proc/sys/net/netfilter/nf_conntrack_tcp_timeout_unacknowledged&path=//proc/self/root/proc/sys/net/netfilter HTTP/1.1" 200 2558 "https://importersclearance.co.nz/?path=//proc/self/root/proc/sys/net/netfilter" "Mozilla/5.0 AppleWebKit/537.36 (KHTML, like Gecko; compatible; GPTBot/1.4; +https://openai.com/gptbot)"
66.249.70.36 - - [28/Jul/2026:00:17:32 +1200] "GET /?h=o0n1o2m7a0t0o0l5o5g1i4st HTTP/1.1" 200 77068 "-" "Mozilla/5.0 (Linux; Android 6.0.1; Nexus 5X Build/MMB29P) AppleWebKit/537.36 (KHTML, like Gecko) Chrome/150.0.7871.128 Mobile Safari/537.36 (compatible; Googlebot/2.1; +http://www.google.com/bot.html)"
74.7.227.185 - - [28/Jul/2026:00:17:33 +1200] "GET /?fileloc=//proc/self/root/proc/sys/net/netfilter/nf_conntrack_dccp_timeout_closereq&path=//proc/self/root/proc/sys/net/netfilter HTTP/1.1" 200 2555 "https://importersclearance.co.nz/?path=//proc/self/root/proc/sys/net/netfilter" "Mozilla/5.0 AppleWebKit/537.36 (KHTML, like Gecko; compatible; GPTBot/1.4; +https://openai.com/gptbot)"
66.249.70.32 - - [28/Jul/2026:00:17:33 +1200] "GET /?h=m0i2c1r7o0m4e8t4r7i6c2ally HTTP/1.1" 200 77281 "-" "Mozilla/5.0 (Linux; Android 6.0.1; Nexus 5X Build/MMB29P) AppleWebKit/537.36 (KHTML, like Gecko) Chrome/150.0.7871.128 Mobile Safari/537.36 (compatible; Googlebot/2.1; +http://www.google.com/bot.html)"
74.7.227.185 - - [28/Jul/2026:00:17:34 +1200] "GET /?fileloc=//proc/self/root/proc/sys/net/netfilter/nf_conntrack_tcp_timeout_established&path=//proc/self/root/proc/sys/net/netfilter HTTP/1.1" 200 2558 "https://importersclearance.co.nz/?path=//proc/self/root/proc/sys/net/netfilter" "Mozilla/5.0 AppleWebKit/537.36 (KHTML, like Gecko; compatible; GPTBot/1.4; +https://openai.com/gptbot)"
66.249.70.36 - - [28/Jul/2026:00:17:33 +1200] "GET /?h=a5n3t7i2r6e8n6t2e2r72 HTTP/1.1" 200 80627 "-" "Mozilla/5.0 (Linux; Android 6.0.1; Nexus 5X Build/MMB29P) AppleWebKit/537.36 (KHTML, like Gecko) Chrome/150.0.7871.128 Mobile Safari/537.36 (compatible; Googlebot/2.1; +http://www.google.com/bot.html)"
216.73.216.67 - - [28/Jul/2026:00:17:35 +1200] "GET /shops/pposite/r9e4e0n3a3c9t69755?path=%2Fhome%2Fimportersclearan%2Fpublic_html%2Fwp-includes%2Fl10n HTTP/1.1" 200 3070 "-" "Mozilla/5.0 AppleWebKit/537.36 (KHTML, like Gecko; compatible; ClaudeBot/1.0; +claudebot@anthropic.com)"
66.249.70.35 - - [28/Jul/2026:00:17:34 +1200] "GET /?moulding/13568457974 HTTP/1.1" 200 74513 "-" "Mozilla/5.0 (Linux; Android 6.0.1; Nexus 5X Build/MMB29P) AppleWebKit/537.36 (KHTML, like Gecko) Chrome/150.0.7871.128 Mobile Safari/537.36 (compatible; Googlebot/2.1; +http://www.google.com/bot.html)"
74.7.227.185 - - [28/Jul/2026:00:17:35 +1200] "GET /?fileloc=//proc/self/root/proc/sys/net/netfilter/nf_conntrack_sctp_timeout_shutdown_ack_sent&path=//proc/self/root/proc/sys/net/netfilter HTTP/1.1" 200 2558 "https://importersclearance.co.nz/?path=//proc/self/root/proc/sys/net/netfilter" "Mozilla/5.0 AppleWebKit/537.36 (KHTML, like Gecko; compatible; GPTBot/1.4; +https://openai.com/gptbot)"
66.249.70.36 - - [28/Jul/2026:00:17:34 +1200] "GET /?h=b2e7n5z2a7l86240 HTTP/1.1" 200 79153 "-" "Mozilla/5.0 (Linux; Android 6.0.1; Nexus 5X Build/MMB29P) AppleWebKit/537.36 (KHTML, like Gecko) Chrome/150.0.7871.128 Mobile Safari/537.36 (compatible; Googlebot/2.1; +http://www.google.com/bot.html)"
66.249.70.36 - - [28/Jul/2026:00:17:34 +1200] "GET /review/goods/I1964128160/ HTTP/1.1" 200 75803 "-" "Mozilla/5.0 (Linux; Android 6.0.1; Nexus 5X Build/MMB29P) AppleWebKit/537.36 (KHTML, like Gecko) Chrome/150.0.7871.128 Mobile Safari/537.36 (compatible; GoogleOther)"
74.7.227.185 - - [28/Jul/2026:00:17:36 +1200] "GET /?fileloc=//proc/self/root/proc/sys/net/netfilter/nf_conntrack_tcp_timeout_time_wait&path=//proc/self/root/proc/sys/net/netfilter HTTP/1.1" 200 2552 "https://importersclearance.co.nz/?path=//proc/self/root/proc/sys/net/netfilter" "Mozilla/5.0 AppleWebKit/537.36 (KHTML, like Gecko; compatible; GPTBot/1.4; +https://openai.com/gptbot)"
66.249.70.34 - - [28/Jul/2026:00:17:36 +1200] "GET /review/goods/I764772935/ HTTP/1.1" 200 75540 "-" "Mozilla/5.0 (Linux; Android 6.0.1; Nexus 5X Build/MMB29P) AppleWebKit/537.36 (KHTML, like Gecko) Chrome/150.0.7871.128 Mobile Safari/537.36 (compatible; Googlebot/2.1; +http://www.google.com/bot.html)"
