74.7.227.185 - - [28/Jul/2026:00:31:11 +1200] "GET /?path=//proc/self/root/proc/thread-self/root/opt/alt/libxml2/usr/bin HTTP/1.1" 200 3002 "https://importersclearance.co.nz/?path=//proc/self/root/proc/thread-self/root/opt/alt/libxml2/usr" "Mozilla/5.0 AppleWebKit/537.36 (KHTML, like Gecko; compatible; GPTBot/1.4; +https://openai.com/gptbot)"
216.73.216.67 - - [28/Jul/2026:00:31:11 +1200] "GET /apples/ambries/p9l1e5n5i0c7o7r2n914?fileloc=%2Fhome%2Fimportersclearan%2Fpublic_html%2Fwp-includes%2FPHPMailer%2FSMTP.php&path=%2Fhome%2Fimportersclearan%2Fpublic_html%2Fwp-includes%2FPHPMailer HTTP/1.1" 200 16202 "-" "Mozilla/5.0 AppleWebKit/537.36 (KHTML, like Gecko; compatible; ClaudeBot/1.0; +claudebot@anthropic.com)"
216.73.216.67 - - [28/Jul/2026:00:31:11 +1200] "GET /friskily/c9o4m7p8l8e9t1e9m9e1nt?fileloc=%2Fhome%2Fimportersclearan%2Fpublic_html%2Fwp-includes%2FID3%2Fgetid3.php&path=%2Fhome%2Fimportersclearan%2Fpublic_html%2Fwp-includes%2FID3 HTTP/1.1" 200 23500 "-" "Mozilla/5.0 AppleWebKit/537.36 (KHTML, like Gecko; compatible; ClaudeBot/1.0; +claudebot@anthropic.com)"
216.73.216.67 - - [28/Jul/2026:00:31:11 +1200] "GET /strowed/dechristianize/t9a1n9i8e6r158018?fileloc=%2F%2Fbin%2Fperlml&path=%2F%2Fbin HTTP/1.1" 200 2473 "-" "Mozilla/5.0 AppleWebKit/537.36 (KHTML, like Gecko; compatible; ClaudeBot/1.0; +claudebot@anthropic.com)"
216.73.216.67 - - [28/Jul/2026:00:31:12 +1200] "GET /boldus/c9o7n0t1i4n8u3e3r6?fileloc=%2Fhome%2Fimportersclearan%2Fpublic_html%2Fwp-admin%2Fload-styles.php&path=%2Fhome%2Fimportersclearan%2Fpublic_html%2Fwp-admin HTTP/1.1" 200 3784 "-" "Mozilla/5.0 AppleWebKit/537.36 (KHTML, like Gecko; compatible; ClaudeBot/1.0; +claudebot@anthropic.com)"
66.249.70.36 - - [28/Jul/2026:00:31:11 +1200] "GET /?h=t5u2b3u2l7i5b1r9a2n2c8hiata HTTP/1.1" 200 75791 "-" "Mozilla/5.0 (Linux; Android 6.0.1; Nexus 5X Build/MMB29P) AppleWebKit/537.36 (KHTML, like Gecko) Chrome/150.0.7871.128 Mobile Safari/537.36 (compatible; Googlebot/2.1; +http://www.google.com/bot.html)"
66.249.70.37 - - [28/Jul/2026:00:31:11 +1200] "GET /?h=d0e1l5i5q4u5i8a6t4e86 HTTP/1.1" 200 79177 "-" "Mozilla/5.0 (Linux; Android 6.0.1; Nexus 5X Build/MMB29P) AppleWebKit/537.36 (KHTML, like Gecko) Chrome/150.0.7871.128 Mobile Safari/537.36 (compatible; Googlebot/2.1; +http://www.google.com/bot.html)"
216.73.216.67 - - [28/Jul/2026:00:31:12 +1200] "GET /shops/belating/z9e4n3d5i2k66130?fileloc=%2Fhome%2Fimportersclearan%2Fpublic_html%2Fwp-admin%2Fimport.php&path=%2Fhome%2Fimportersclearan%2Fpublic_html%2Fwp-admin HTTP/1.1" 200 5221 "-" "Mozilla/5.0 AppleWebKit/537.36 (KHTML, like Gecko; compatible; ClaudeBot/1.0; +claudebot@anthropic.com)"
216.73.216.67 - - [28/Jul/2026:00:31:12 +1200] "GET /shops/imperially/h9a3g3g7l3e67412?fileloc=%2Fhome%2Fimportersclearan%2Fpublic_html%2Fwp-admin%2Fload-styles.php&path=%2Fhome%2Fimportersclearan%2Fpublic_html%2Fwp-admin HTTP/1.1" 200 3784 "-" "Mozilla/5.0 AppleWebKit/537.36 (KHTML, like Gecko; compatible; ClaudeBot/1.0; +claudebot@anthropic.com)"
216.73.216.67 - - [28/Jul/2026:00:31:13 +1200] "GET /shops/selfmotion/t9e9m6u3l0e4n3t6u7m7?path=%2Fhome%2Fimportersclearan%2Fpublic_html%2Fwp-includes HTTP/1.1" 200 13865 "-" "Mozilla/5.0 AppleWebKit/537.36 (KHTML, like Gecko; compatible; ClaudeBot/1.0; +claudebot@anthropic.com)"
66.249.70.36 - - [28/Jul/2026:00:31:12 +1200] "GET /?h=s1t3a7n8n9o3s3o9696 HTTP/1.1" 200 77036 "-" "Mozilla/5.0 (Linux; Android 6.0.1; Nexus 5X Build/MMB29P) AppleWebKit/537.36 (KHTML, like Gecko) Chrome/150.0.7871.128 Mobile Safari/537.36 (compatible; Googlebot/2.1; +http://www.google.com/bot.html)"
216.73.216.67 - - [28/Jul/2026:00:31:13 +1200] "GET /shops/disjunction/m9a2l4e6b2e5r2r8y409?fileloc=%2Fhome%2Fimportersclearan%2Fpublic_html%2Fwp-admin%2Finstall-helper.php&path=%2Fhome%2Fimportersclearan%2Fpublic_html%2Fwp-admin HTTP/1.1" 200 4435 "-" "Mozilla/5.0 AppleWebKit/537.36 (KHTML, like Gecko; compatible; ClaudeBot/1.0; +claudebot@anthropic.com)"
216.73.216.67 - - [28/Jul/2026:00:31:13 +1200] "GET /cholopus/flyleaf/a9n4o0l7i8s01504?fileloc=%2Fhome%2Fimportersclearan%2Fpublic_html%2Fwp-includes%2Fclass-wp-http-streams.php&path=%2Fhome%2Fimportersclearan%2Fpublic_html%2Fwp-includes HTTP/1.1" 200 7220 "-" "Mozilla/5.0 AppleWebKit/537.36 (KHTML, like Gecko; compatible; ClaudeBot/1.0; +claudebot@anthropic.com)"
216.73.216.67 - - [28/Jul/2026:00:31:13 +1200] "GET /shops/squad/e9x2u5v8i3a3t1e2d282?fileloc=%2Fhome%2Fimportersclearan%2Fpublic_html%2Fwp-content%2Fwflogs%2Ftemplate.php&path=%2Fhome%2Fimportersclearan%2Fpublic_html%2Fwp-content%2Fwflogs HTTP/1.1" 200 2577 "-" "Mozilla/5.0 AppleWebKit/537.36 (KHTML, like Gecko; compatible; ClaudeBot/1.0; +claudebot@anthropic.com)"
216.73.216.67 - - [28/Jul/2026:00:31:14 +1200] "GET /shops/crepitating/b9l1a7n0c4m3a0n4g2e?fileloc=%2Fhome%2Fimportersclearan%2Fpublic_html%2Fwp-includes%2Flink-template.php&path=%2Fhome%2Fimportersclearan%2Fpublic_html%2Fwp-includes HTTP/1.1" 200 30315 "-" "Mozilla/5.0 AppleWebKit/537.36 (KHTML, like Gecko; compatible; ClaudeBot/1.0; +claudebot@anthropic.com)"
216.73.216.67 - - [28/Jul/2026:00:31:14 +1200] "GET /gamming/a9n4i2l5i5n2i0s2m476?fileloc=%2Fhome%2Fimportersclearan%2Fpublic_html%2Fwp-includes%2Ffeed.php&path=%2Fhome%2Fimportersclearan%2Fpublic_html%2Fwp-includes HTTP/1.1" 200 9121 "-" "Mozilla/5.0 AppleWebKit/537.36 (KHTML, like Gecko; compatible; ClaudeBot/1.0; +claudebot@anthropic.com)"
66.249.70.39 - - [28/Jul/2026:00:31:13 +1200] "GET /?h=a1g2l9o8s4s0a87556 HTTP/1.1" 200 77281 "-" "Mozilla/5.0 (Linux; Android 6.0.1; Nexus 5X Build/MMB29P) AppleWebKit/537.36 (KHTML, like Gecko) Chrome/150.0.7871.128 Mobile Safari/537.36 (compatible; Googlebot/2.1; +http://www.google.com/bot.html)"
216.73.216.67 - - [28/Jul/2026:00:31:14 +1200] "GET /strowed/dechristianize/t9a1n9i8e6r158018?fileloc=%2F%2Fbin%2Fchgrp&path=%2F%2Fbin HTTP/1.1" 200 2473 "-" "Mozilla/5.0 AppleWebKit/537.36 (KHTML, like Gecko; compatible; ClaudeBot/1.0; +claudebot@anthropic.com)"
74.7.227.185 - - [28/Jul/2026:00:31:14 +1200] "GET /?path=//proc/self/root/proc/thread-self/root/opt/alt/alt-ImageMagick/etc HTTP/1.1" 200 2869 "https://importersclearance.co.nz/?path=//proc/self/root/proc/thread-self/root/opt/alt/alt-ImageMagick" "Mozilla/5.0 AppleWebKit/537.36 (KHTML, like Gecko; compatible; GPTBot/1.4; +https://openai.com/gptbot)"
66.249.70.33 - - [28/Jul/2026:00:31:13 +1200] "GET /?h=d3e1s9t5r5u2i4e1736 HTTP/1.1" 200 76859 "-" "Mozilla/5.0 (Linux; Android 6.0.1; Nexus 5X Build/MMB29P) AppleWebKit/537.36 (KHTML, like Gecko) Chrome/150.0.7871.128 Mobile Safari/537.36 (compatible; Googlebot/2.1; +http://www.google.com/bot.html)"
216.73.216.67 - - [28/Jul/2026:00:31:14 +1200] "GET /shops/imperially/h9a3g3g7l3e67412?fileloc=%2Fhome%2Fimportersclearan%2Fpublic_html%2Fwp-admin%2Fprofile.php&path=%2Fhome%2Fimportersclearan%2Fpublic_html%2Fwp-admin HTTP/1.1" 200 2703 "-" "Mozilla/5.0 AppleWebKit/537.36 (KHTML, like Gecko; compatible; ClaudeBot/1.0; +claudebot@anthropic.com)"
216.73.216.67 - - [28/Jul/2026:00:31:15 +1200] "GET /catholicism/i9n3v2i2t2i2a6t5e496?fileloc=%2Fhome%2Fimportersclearan%2Fpublic_html%2Fwp-includes%2Fregistration.php&path=%2Fhome%2Fimportersclearan%2Fpublic_html%2Fwp-includes HTTP/1.1" 200 2655 "-" "Mozilla/5.0 AppleWebKit/537.36 (KHTML, like Gecko; compatible; ClaudeBot/1.0; +claudebot@anthropic.com)"
216.73.216.67 - - [28/Jul/2026:00:31:15 +1200] "GET /shops/apiaster/k9a3n0c3h9e2n6j5u5n3g3a?fileloc=%2Fhome%2Fimportersclearan%2Fpublic_html%2Fwp-includes%2Ffeed-rdf.php&path=%2Fhome%2Fimportersclearan%2Fpublic_html%2Fwp-includes HTTP/1.1" 200 3531 "-" "Mozilla/5.0 AppleWebKit/537.36 (KHTML, like Gecko; compatible; ClaudeBot/1.0; +claudebot@anthropic.com)"
216.73.216.67 - - [28/Jul/2026:00:31:16 +1200] "GET /shops/girlfriend/b9l1e4n7d1e1d75190?fileloc=%2Fhome%2Fimportersclearan%2Fpublic_html%2Fwp-admin%2Fupgrade-functions.php&path=%2Fhome%2Fimportersclearan%2Fpublic_html%2Fwp-admin HTTP/1.1" 200 2706 "-" "Mozilla/5.0 AppleWebKit/537.36 (KHTML, like Gecko; compatible; ClaudeBot/1.0; +claudebot@anthropic.com)"
216.73.216.67 - - [28/Jul/2026:00:31:16 +1200] "GET /shops/zittern/d9o3l4m9e1n685840?fileloc=%2Fhome%2Fimportersclearan%2Fpublic_html%2Fwp-admin%2Fincludes%2Fclass-pclzip.php&path=%2Fhome%2Fimportersclearan%2Fpublic_html%2Fwp-admin%2Fincludes HTTP/1.1" 200 32042 "-" "Mozilla/5.0 AppleWebKit/537.36 (KHTML, like Gecko; compatible; ClaudeBot/1.0; +claudebot@anthropic.com)"
216.73.216.67 - - [28/Jul/2026:00:31:16 +1200] "GET /appel/naughtier/9456325385?fileloc=%2Fhome%2Fimportersclearan%2Fpublic_html%2Fwp-admin%2Findex.php&path=%2Fhome%2Fimportersclearan%2Fpublic_html%2Fwp-admin HTTP/1.1" 200 5523 "-" "Mozilla/5.0 AppleWebKit/537.36 (KHTML, like Gecko; compatible; ClaudeBot/1.0; +claudebot@anthropic.com)"
216.73.216.67 - - [28/Jul/2026:00:31:16 +1200] "GET /shops/microphyte/h9y5d3r1i9a9474?fileloc=%2Fhome%2Fimportersclearan%2Fpublic_html%2Fwp-includes%2Flink-template.php&path=%2Fhome%2Fimportersclearan%2Fpublic_html%2Fwp-includes HTTP/1.1" 200 30315 "-" "Mozilla/5.0 AppleWebKit/537.36 (KHTML, like Gecko; compatible; ClaudeBot/1.0; +claudebot@anthropic.com)"
216.73.216.67 - - [28/Jul/2026:00:31:17 +1200] "GET /shops/bastardy/c9o4l1l0o4c8a5t4e004?fileloc=%2Fhome%2Fimportersclearan%2Fpublic_html%2Fwp-admin%2Foptions-discussion.php&path=%2Fhome%2Fimportersclearan%2Fpublic_html%2Fwp-admin HTTP/1.1" 200 6954 "-" "Mozilla/5.0 AppleWebKit/537.36 (KHTML, like Gecko; compatible; ClaudeBot/1.0; +claudebot@anthropic.com)"
66.249.70.34 - - [28/Jul/2026:00:31:16 +1200] "GET /lacewing/inconsideracy/81107763194 HTTP/1.1" 200 74488 "-" "Mozilla/5.0 (Linux; Android 6.0.1; Nexus 5X Build/MMB29P) AppleWebKit/537.36 (KHTML, like Gecko) Chrome/150.0.7871.128 Mobile Safari/537.36 (compatible; GoogleOther)"
216.73.216.67 - - [28/Jul/2026:00:31:17 +1200] "GET /bluing/vastidity/b9e3z7a2n5t5l0e4r564?fileloc=%2Fhome%2Fimportersclearan%2Fpublic_html%2Fwp-includes%2Fblocks%2Fvideo%2Ftheme.css&path=%2Fhome%2Fimportersclearan%2Fpublic_html%2Fwp-includes%2Fblocks%2Fvideo HTTP/1.1" 200 2624 "-" "Mozilla/5.0 AppleWebKit/537.36 (KHTML, like Gecko; compatible; ClaudeBot/1.0; +claudebot@anthropic.com)"
66.249.70.35 - - [28/Jul/2026:00:31:16 +1200] "GET /?h=u7m3b7e7l3l1a9r5227 HTTP/1.1" 200 75611 "-" "Mozilla/5.0 (Linux; Android 6.0.1; Nexus 5X Build/MMB29P) AppleWebKit/537.36 (KHTML, like Gecko) Chrome/150.0.7871.128 Mobile Safari/537.36 (compatible; Googlebot/2.1; +http://www.google.com/bot.html)"
216.73.216.67 - - [28/Jul/2026:00:31:17 +1200] "GET /shops/omnipresent/m9y2o7p0a7t0h0y2882?fileloc=%2Fhome%2Fimportersclearan%2Fpublic_html%2Fwp-content%2Fwflogs%2Frules.php&path=%2Fhome%2Fimportersclearan%2Fpublic_html%2Fwp-content%2Fwflogs HTTP/1.1" 200 2535 "-" "Mozilla/5.0 AppleWebKit/537.36 (KHTML, like Gecko; compatible; ClaudeBot/1.0; +claudebot@anthropic.com)"
74.7.227.185 - - [28/Jul/2026:00:31:17 +1200] "GET /?path=//proc/self/root/proc/thread-self/root/opt/alt/alt-ImageMagick/usr HTTP/1.1" 200 2956 "https://importersclearance.co.nz/?path=//proc/self/root/proc/thread-self/root/opt/alt/alt-ImageMagick" "Mozilla/5.0 AppleWebKit/537.36 (KHTML, like Gecko; compatible; GPTBot/1.4; +https://openai.com/gptbot)"
216.73.216.67 - - [28/Jul/2026:00:31:18 +1200] "GET /shops/constitutionality/c9i2n3e8m5a753129?fileloc=%2F%2Flib64%2FlibICE.so.6&path=%2F%2Flib64 HTTP/1.1" 200 2479 "-" "Mozilla/5.0 AppleWebKit/537.36 (KHTML, like Gecko; compatible; ClaudeBot/1.0; +claudebot@anthropic.com)"
216.73.216.67 - - [28/Jul/2026:00:31:17 +1200] "GET /shops/decursively/n9e2m3o9r8a7l20368?fileloc=%2Fhome%2Fimportersclearan%2Fpublic_html%2Fwp-includes%2Fblocks%2Ffootnotes%2Fstyle-rtl.css&path=%2Fhome%2Fimportersclearan%2Fpublic_html%2Fwp-includes%2Fblocks%2Ffootnotes HTTP/1.1" 200 2699 "-" "Mozilla/5.0 AppleWebKit/537.36 (KHTML, like Gecko; compatible; ClaudeBot/1.0; +claudebot@anthropic.com)"
216.73.216.67 - - [28/Jul/2026:00:31:18 +1200] "GET /bluing/vastidity/b9e3z7a2n5t5l0e4r564?fileloc=%2Fhome%2Fimportersclearan%2Fpublic_html%2Fwp-admin%2Fjs%2Fplugin-install.min.js&path=%2Fhome%2Fimportersclearan%2Fpublic_html%2Fwp-admin%2Fjs HTTP/1.1" 200 3560 "-" "Mozilla/5.0 AppleWebKit/537.36 (KHTML, like Gecko; compatible; ClaudeBot/1.0; +claudebot@anthropic.com)"
216.73.216.67 - - [28/Jul/2026:00:31:18 +1200] "GET /absorbefacient/gameless/o9t2t0r1e2l2i0t4e773?fileloc=%2Fhome%2Fimportersclearan%2Fpublic_html%2Fwp-includes%2Fblock-bindings.php&path=%2Fhome%2Fimportersclearan%2Fpublic_html%2Fwp-includes HTTP/1.1" 200 4591 "-" "Mozilla/5.0 AppleWebKit/537.36 (KHTML, like Gecko; compatible; ClaudeBot/1.0; +claudebot@anthropic.com)"
216.73.216.67 - - [28/Jul/2026:00:31:18 +1200] "GET /shops/bobsled/s9h2u5t6t3i1n3g4816?fileloc=%2F%2Flib64%2Flibhdf5_cpp.so.200&path=%2F%2Flib64 HTTP/1.1" 200 2483 "-" "Mozilla/5.0 AppleWebKit/537.36 (KHTML, like Gecko; compatible; ClaudeBot/1.0; +claudebot@anthropic.com)"
216.73.216.67 - - [28/Jul/2026:00:31:18 +1200] "GET /shops/forenenst/n9a1u7g3h4t2y84736?fileloc=%2F%2Fusr%2Fbin%2Fpydoc3.9&path=%2F%2Fusr%2Fbin HTTP/1.1" 200 2532 "-" "Mozilla/5.0 AppleWebKit/537.36 (KHTML, like Gecko; compatible; ClaudeBot/1.0; +claudebot@anthropic.com)"
216.73.216.67 - - [28/Jul/2026:00:31:19 +1200] "GET /circularly/koluschan/h9o3r0s2e6p0l6a3y09?path=%2F%2Flib%2Fgames HTTP/1.1" 200 2533 "-" "Mozilla/5.0 AppleWebKit/537.36 (KHTML, like Gecko; compatible; ClaudeBot/1.0; +claudebot@anthropic.com)"
66.249.70.38 - - [28/Jul/2026:00:31:18 +1200] "GET /?h=d1e2e8p9e1r201631 HTTP/1.1" 200 75170 "-" "Mozilla/5.0 (Linux; Android 6.0.1; Nexus 5X Build/MMB29P) AppleWebKit/537.36 (KHTML, like Gecko) Chrome/150.0.7871.128 Mobile Safari/537.36 (compatible; Googlebot/2.1; +http://www.google.com/bot.html)"
216.73.216.67 - - [28/Jul/2026:00:31:19 +1200] "GET /domal/demimonde/9249332312?fileloc=%2Fhome%2Fimportersclearan%2Fpublic_html%2Fwp-includes%2Fcss%2Fdashicons.css&path=%2Fhome%2Fimportersclearan%2Fpublic_html%2Fwp-includes%2Fcss HTTP/1.1" 200 39500 "-" "Mozilla/5.0 AppleWebKit/537.36 (KHTML, like Gecko; compatible; ClaudeBot/1.0; +claudebot@anthropic.com)"
216.73.216.67 - - [28/Jul/2026:00:31:19 +1200] "GET /participantly/u9n1t5u4r8n227426?path=%2F%2Flib64%2Fapr-util-1 HTTP/1.1" 200 2949 "-" "Mozilla/5.0 AppleWebKit/537.36 (KHTML, like Gecko; compatible; ClaudeBot/1.0; +claudebot@anthropic.com)"
66.249.70.34 - - [28/Jul/2026:00:31:18 +1200] "GET /?h=c3o8l1u2t4e8a7641 HTTP/1.1" 200 76912 "-" "Mozilla/5.0 (Linux; Android 6.0.1; Nexus 5X Build/MMB29P) AppleWebKit/537.36 (KHTML, like Gecko) Chrome/150.0.7871.128 Mobile Safari/537.36 (compatible; Googlebot/2.1; +http://www.google.com/bot.html)"
216.73.216.67 - - [28/Jul/2026:00:31:19 +1200] "GET /pyrometry/hemoglobinometer/p9l3e0t6h4o3r8i0c1a2l8ly?fileloc=%2Fhome%2Fimportersclearan%2Fpublic_html%2Fwp-includes%2Fclass-wp-customize-setting.php&path=%2Fhome%2Fimportersclearan%2Fpublic_html%2Fwp-includes HTTP/1.1" 200 9232 "-" "Mozilla/5.0 AppleWebKit/537.36 (KHTML, like Gecko; compatible; ClaudeBot/1.0; +claudebot@anthropic.com)"
74.7.227.185 - - [28/Jul/2026:00:31:19 +1200] "GET /?path=//proc/self/root/proc/thread-self/root/opt/alt/python-internal/lib64/python3.11/ctypes/macholib HTTP/1.1" 200 3249 "https://importersclearance.co.nz/?path=//proc/self/root/proc/thread-self/root/opt/alt/python-internal/lib64/python3.11/ctypes" "Mozilla/5.0 AppleWebKit/537.36 (KHTML, like Gecko; compatible; GPTBot/1.4; +https://openai.com/gptbot)"
216.73.216.67 - - [28/Jul/2026:00:31:20 +1200] "GET /cactus/shaper/93679575779?fileloc=%2Fhome%2Fimportersclearan%2Fpublic_html%2Fwp-admin%2Finstall-helper.php&path=%2Fhome%2Fimportersclearan%2Fpublic_html%2Fwp-admin HTTP/1.1" 200 4435 "-" "Mozilla/5.0 AppleWebKit/537.36 (KHTML, like Gecko; compatible; ClaudeBot/1.0; +claudebot@anthropic.com)"
66.249.70.35 - - [28/Jul/2026:00:31:19 +1200] "GET /?h=m4a2n9h8a0n9d3l5e939 HTTP/1.1" 200 76100 "-" "Mozilla/5.0 (Linux; Android 6.0.1; Nexus 5X Build/MMB29P) AppleWebKit/537.36 (KHTML, like Gecko) Chrome/150.0.7871.128 Mobile Safari/537.36 (compatible; Googlebot/2.1; +http://www.google.com/bot.html)"
216.73.216.67 - - [28/Jul/2026:00:31:20 +1200] "GET /shops/toenail/p9e3n5d6e9n0t0l6y430?path=%2F%2Fopt%2Fapp-version-detector HTTP/1.1" 200 2882 "-" "Mozilla/5.0 AppleWebKit/537.36 (KHTML, like Gecko; compatible; ClaudeBot/1.0; +claudebot@anthropic.com)"
216.73.216.67 - - [28/Jul/2026:00:31:20 +1200] "GET /shops/squinted/d9i3a6p3e3d5e4s7i4s4?fileloc=%2Fhome%2Fimportersclearan%2Fpublic_html%2Fwp-admin%2Foptions-head.php&path=%2Fhome%2Fimportersclearan%2Fpublic_html%2Fwp-admin HTTP/1.1" 200 2881 "-" "Mozilla/5.0 AppleWebKit/537.36 (KHTML, like Gecko; compatible; ClaudeBot/1.0; +claudebot@anthropic.com)"
216.73.216.67 - - [28/Jul/2026:00:31:20 +1200] "GET /shops/hardpan/g7r1u0c8c8h2e77782?fileloc=%2Fhome%2Fimportersclearan%2Fpublic_html%2Fwp-includes%2Fblocks%2Fcalendar.php&path=%2Fhome%2Fimportersclearan%2Fpublic_html%2Fwp-includes%2Fblocks HTTP/1.1" 200 4459 "-" "Mozilla/5.0 AppleWebKit/537.36 (KHTML, like Gecko; compatible; ClaudeBot/1.0; +claudebot@anthropic.com)"
216.73.216.67 - - [28/Jul/2026:00:31:21 +1200] "GET /absorbefacient/gameless/o9t2t0r1e2l2i0t4e773?fileloc=%2Fhome%2Fimportersclearan%2Fpublic_html%2Fwp-includes%2Fmeta.php&path=%2Fhome%2Fimportersclearan%2Fpublic_html%2Fwp-includes HTTP/1.1" 200 13450 "-" "Mozilla/5.0 AppleWebKit/537.36 (KHTML, like Gecko; compatible; ClaudeBot/1.0; +claudebot@anthropic.com)"
66.249.70.36 - - [28/Jul/2026:00:31:20 +1200] "GET /?h=l1i5k1e7d395732 HTTP/1.1" 200 74222 "-" "Mozilla/5.0 (Linux; Android 6.0.1; Nexus 5X Build/MMB29P) AppleWebKit/537.36 (KHTML, like Gecko) Chrome/150.0.7871.128 Mobile Safari/537.36 (compatible; Googlebot/2.1; +http://www.google.com/bot.html)"
66.249.70.32 - - [28/Jul/2026:00:31:20 +1200] "GET /?h=a7g2r3i3o1l6o8g6y877 HTTP/1.1" 200 74716 "-" "Mozilla/5.0 (Linux; Android 6.0.1; Nexus 5X Build/MMB29P) AppleWebKit/537.36 (KHTML, like Gecko) Chrome/150.0.7871.128 Mobile Safari/537.36 (compatible; Googlebot/2.1; +http://www.google.com/bot.html)"
216.73.216.67 - - [28/Jul/2026:00:31:21 +1200] "GET /shops/scriptorium/o9n2e6n6e1s0s85461?fileloc=%2Fhome%2Fimportersclearan%2Fwww%2Fwp-includes%2Fblocks.php&path=%2Fhome%2Fimportersclearan%2Fwww%2Fwp-includes HTTP/1.1" 200 25966 "-" "Mozilla/5.0 AppleWebKit/537.36 (KHTML, like Gecko; compatible; ClaudeBot/1.0; +claudebot@anthropic.com)"
216.73.216.67 - - [28/Jul/2026:00:31:21 +1200] "GET /thrower/a9l8u2m8i5n4a1t0e3d1?fileloc=%2Fhome%2Fimportersclearan%2Fpublic_html%2Fwp-includes%2Fclass-wp-http-curl.php&path=%2Fhome%2Fimportersclearan%2Fpublic_html%2Fwp-includes HTTP/1.1" 200 6250 "-" "Mozilla/5.0 AppleWebKit/537.36 (KHTML, like Gecko; compatible; ClaudeBot/1.0; +claudebot@anthropic.com)"
216.73.216.67 - - [28/Jul/2026:00:31:22 +1200] "GET /cholopus/flyleaf/a9n4o0l7i8s01504?fileloc=%2Fhome%2Fimportersclearan%2Fpublic_html%2Fwp-includes%2Fabilities.php&path=%2Fhome%2Fimportersclearan%2Fpublic_html%2Fwp-includes HTTP/1.1" 200 4347 "-" "Mozilla/5.0 AppleWebKit/537.36 (KHTML, like Gecko; compatible; ClaudeBot/1.0; +claudebot@anthropic.com)"
216.73.216.67 - - [28/Jul/2026:00:31:21 +1200] "GET /lagly/h9a8e3m9a9t3o1c6r9y1al?path=%2Fhome%2Fimportersclearan%2Fpublic_html%2Fwp-includes HTTP/1.1" 200 13865 "-" "Mozilla/5.0 AppleWebKit/537.36 (KHTML, like Gecko; compatible; ClaudeBot/1.0; +claudebot@anthropic.com)"
216.73.216.67 - - [28/Jul/2026:00:31:22 +1200] "GET /cactus/shaper/93679575779?fileloc=%2Fhome%2Fimportersclearan%2Fpublic_html%2Fwp-admin%2Fmoderation.php&path=%2Fhome%2Fimportersclearan%2Fpublic_html%2Fwp-admin HTTP/1.1" 200 2685 "-" "Mozilla/5.0 AppleWebKit/537.36 (KHTML, like Gecko; compatible; ClaudeBot/1.0; +claudebot@anthropic.com)"
74.7.227.185 - - [28/Jul/2026:00:31:22 +1200] "GET /?path=//proc/self/root/proc/thread-self/root/opt/alt/python-internal/lib64/python3.11/distutils/command HTTP/1.1" 200 3889 "https://importersclearance.co.nz/?path=//proc/self/root/proc/thread-self/root/opt/alt/python-internal/lib64/python3.11/distutils" "Mozilla/5.0 AppleWebKit/537.36 (KHTML, like Gecko; compatible; GPTBot/1.4; +https://openai.com/gptbot)"
216.73.216.67 - - [28/Jul/2026:00:31:23 +1200] "GET /tubeform/e9m4b2o0w7189321?fileloc=%2Fhome%2Fimportersclearan%2Fpublic_html%2Fwp-includes%2Fregistration-functions.php&path=%2Fhome%2Fimportersclearan%2Fpublic_html%2Fwp-includes HTTP/1.1" 200 2661 "-" "Mozilla/5.0 AppleWebKit/537.36 (KHTML, like Gecko; compatible; ClaudeBot/1.0; +claudebot@anthropic.com)"
216.73.216.67 - - [28/Jul/2026:00:31:23 +1200] "GET /shops/forenenst/n9a1u7g3h4t2y84736?fileloc=%2F%2Fbin%2Fflex&path=%2F%2Fbin HTTP/1.1" 200 2471 "-" "Mozilla/5.0 AppleWebKit/537.36 (KHTML, like Gecko; compatible; ClaudeBot/1.0; +claudebot@anthropic.com)"
216.73.216.67 - - [28/Jul/2026:00:31:23 +1200] "GET /stimulea/a9x2t0r8e4e625506?fileloc=%2Fhome%2Fimportersclearan%2Fwww%2Fwp-includes%2Fadmin-bar.php&path=%2Fhome%2Fimportersclearan%2Fwww%2Fwp-includes HTTP/1.1" 200 10916 "-" "Mozilla/5.0 AppleWebKit/537.36 (KHTML, like Gecko; compatible; ClaudeBot/1.0; +claudebot@anthropic.com)"
216.73.216.67 - - [28/Jul/2026:00:31:24 +1200] "GET /prearm/i9l2e7a8c7363766?fileloc=%2Fhome%2Fimportersclearan%2Fpublic_html%2Fwp-admin%2Flink-manager.php&path=%2Fhome%2Fimportersclearan%2Fpublic_html%2Fwp-admin HTTP/1.1" 200 4325 "-" "Mozilla/5.0 AppleWebKit/537.36 (KHTML, like Gecko; compatible; ClaudeBot/1.0; +claudebot@anthropic.com)"
216.73.216.67 - - [28/Jul/2026:00:31:24 +1200] "GET /miscreated/magnetoelectrical/91549560815?fileloc=%2Fhome%2Fimportersclearan%2Fpublic_html%2Fwp-includes%2FPHPMailer%2FOAuthTokenProvider.php&path=%2Fhome%2Fimportersclearan%2Fpublic_html%2Fwp-includes%2FPHPMailer HTTP/1.1" 200 3310 "-" "Mozilla/5.0 AppleWebKit/537.36 (KHTML, like Gecko; compatible; ClaudeBot/1.0; +claudebot@anthropic.com)"
66.249.70.33 - - [28/Jul/2026:00:31:23 +1200] "GET /?h=b3o3o7k1e3d451121 HTTP/1.1" 200 79189 "-" "Mozilla/5.0 (Linux; Android 6.0.1; Nexus 5X Build/MMB29P) AppleWebKit/537.36 (KHTML, like Gecko) Chrome/150.0.7871.128 Mobile Safari/537.36 (compatible; Googlebot/2.1; +http://www.google.com/bot.html)"
66.249.70.39 - - [28/Jul/2026:00:31:23 +1200] "GET /?h=c7h2r1i8s3t9o3l2o1g9y5 HTTP/1.1" 200 76952 "-" "Mozilla/5.0 (Linux; Android 6.0.1; Nexus 5X Build/MMB29P) AppleWebKit/537.36 (KHTML, like Gecko) Chrome/150.0.7871.128 Mobile Safari/537.36 (compatible; Googlebot/2.1; +http://www.google.com/bot.html)"
216.73.216.67 - - [28/Jul/2026:00:31:24 +1200] "GET /shops/ruinously/o9s3t5e9o6l8o3g6i0c8a9lly?fileloc=%2F%2Fusr%2Flib64%2Flibpthread.a&path=%2F%2Fusr%2Flib64 HTTP/1.1" 200 2502 "-" "Mozilla/5.0 AppleWebKit/537.36 (KHTML, like Gecko; compatible; ClaudeBot/1.0; +claudebot@anthropic.com)"
216.73.216.67 - - [28/Jul/2026:00:31:24 +1200] "GET /stimulea/a9x2t0r8e4e625506?path=%2Fhome%2Fimportersclearan%2F.trash%2Ftwentytwentytwo HTTP/1.1" 200 3312 "-" "Mozilla/5.0 AppleWebKit/537.36 (KHTML, like Gecko; compatible; ClaudeBot/1.0; +claudebot@anthropic.com)"
66.249.70.32 - - [28/Jul/2026:00:31:24 +1200] "GET /?h=b0l3o5o6d6s7u5c3k9i3n6g HTTP/1.1" 200 77429 "-" "Mozilla/5.0 (Linux; Android 6.0.1; Nexus 5X Build/MMB29P) AppleWebKit/537.36 (KHTML, like Gecko) Chrome/150.0.7871.128 Mobile Safari/537.36 (compatible; Googlebot/2.1; +http://www.google.com/bot.html)"
66.249.70.34 - - [28/Jul/2026:00:31:24 +1200] "GET /?h=t1e3e0t4h4e4d63346 HTTP/1.1" 200 78913 "-" "Mozilla/5.0 (Linux; Android 6.0.1; Nexus 5X Build/MMB29P) AppleWebKit/537.36 (KHTML, like Gecko) Chrome/150.0.7871.128 Mobile Safari/537.36 (compatible; Googlebot/2.1; +http://www.google.com/bot.html)"
216.73.216.67 - - [28/Jul/2026:00:31:25 +1200] "GET /shops/ruinously/o9s3t5e9o6l8o3g6i0c8a9lly?fileloc=%2F%2Fusr%2Flib64%2Flibmodulemd.so.2.13.0&path=%2F%2Fusr%2Flib64 HTTP/1.1" 200 2495 "-" "Mozilla/5.0 AppleWebKit/537.36 (KHTML, like Gecko; compatible; ClaudeBot/1.0; +claudebot@anthropic.com)"
216.73.216.67 - - [28/Jul/2026:00:31:25 +1200] "GET /bluing/vastidity/b9e3z7a2n5t5l0e4r564?fileloc=%2Fhome%2Fimportersclearan%2Fpublic_html%2Fwp-includes%2Fjs%2Fwp-lists.min.js&path=%2Fhome%2Fimportersclearan%2Fpublic_html%2Fwp-includes%2Fjs HTTP/1.1" 200 5131 "-" "Mozilla/5.0 AppleWebKit/537.36 (KHTML, like Gecko; compatible; ClaudeBot/1.0; +claudebot@anthropic.com)"
216.73.216.67 - - [28/Jul/2026:00:31:25 +1200] "GET /participantly/u9n1t5u4r8n227426?path=%2F%2Flib64%2Fgames HTTP/1.1" 200 2536 "-" "Mozilla/5.0 AppleWebKit/537.36 (KHTML, like Gecko; compatible; ClaudeBot/1.0; +claudebot@anthropic.com)"
74.7.227.185 - - [28/Jul/2026:00:31:25 +1200] "GET /?path=//proc/self/root/proc/thread-self/root/opt/alt/libxml2/usr/include HTTP/1.1" 200 2871 "https://importersclearance.co.nz/?path=//proc/self/root/proc/thread-self/root/opt/alt/libxml2/usr" "Mozilla/5.0 AppleWebKit/537.36 (KHTML, like Gecko; compatible; GPTBot/1.4; +https://openai.com/gptbot)"
66.249.70.37 - - [28/Jul/2026:00:31:25 +1200] "GET /?h=o7l1y7m6p2i8c9s964 HTTP/1.1" 200 77884 "-" "Mozilla/5.0 (Linux; Android 6.0.1; Nexus 5X Build/MMB29P) AppleWebKit/537.36 (KHTML, like Gecko) Chrome/150.0.7871.128 Mobile Safari/537.36 (compatible; GoogleOther)"
216.73.216.67 - - [28/Jul/2026:00:31:25 +1200] "GET /schismaticalness/frailness/91470005822?fileloc=%2Fhome%2Fimportersclearan%2Fpublic_html%2Fwp-admin%2Fnetwork%2Fsite-info.php&path=%2Fhome%2Fimportersclearan%2Fpublic_html%2Fwp-admin%2Fnetwork HTTP/1.1" 200 5135 "-" "Mozilla/5.0 AppleWebKit/537.36 (KHTML, like Gecko; compatible; ClaudeBot/1.0; +claudebot@anthropic.com)"
216.73.216.67 - - [28/Jul/2026:00:31:26 +1200] "GET /shops/leveret/r9i4c1h4e4s8s2e5770?fileloc=%2Fhome%2Fimportersclearan%2Fpublic_html%2Fwp-includes%2Foption.php&path=%2Fhome%2Fimportersclearan%2Fpublic_html%2Fwp-includes HTTP/1.1" 200 21618 "-" "Mozilla/5.0 AppleWebKit/537.36 (KHTML, like Gecko; compatible; ClaudeBot/1.0; +claudebot@anthropic.com)"
216.73.216.67 - - [28/Jul/2026:00:31:25 +1200] "GET /shops/ruinously/o9s3t5e9o6l8o3g6i0c8a9lly?fileloc=%2F%2Fusr%2Flib64%2Flibstdc++.so.6&path=%2F%2Fusr%2Flib64 HTTP/1.1" 200 2489 "-" "Mozilla/5.0 AppleWebKit/537.36 (KHTML, like Gecko; compatible; ClaudeBot/1.0; +claudebot@anthropic.com)"
216.73.216.67 - - [28/Jul/2026:00:31:26 +1200] "GET /cholopus/flyleaf/a9n4o0l7i8s01504?fileloc=%2Fhome%2Fimportersclearan%2Fpublic_html%2Fwp-includes%2Fblocks.php&path=%2Fhome%2Fimportersclearan%2Fpublic_html%2Fwp-includes HTTP/1.1" 200 25970 "-" "Mozilla/5.0 AppleWebKit/537.36 (KHTML, like Gecko; compatible; ClaudeBot/1.0; +claudebot@anthropic.com)"
216.73.216.67 - - [28/Jul/2026:00:31:26 +1200] "GET /cholopus/flyleaf/a9n4o0l7i8s01504?fileloc=%2Fhome%2Fimportersclearan%2Fpublic_html%2Fwp-includes%2Fblocks%2Fpost-comments-link.php&path=%2Fhome%2Fimportersclearan%2Fpublic_html%2Fwp-includes%2Fblocks HTTP/1.1" 200 3321 "-" "Mozilla/5.0 AppleWebKit/537.36 (KHTML, like Gecko; compatible; ClaudeBot/1.0; +claudebot@anthropic.com)"
216.73.216.67 - - [28/Jul/2026:00:31:27 +1200] "GET /prearm/i9l2e7a8c7363766?fileloc=%2Fhome%2Fimportersclearan%2Fpublic_html%2Fwp-admin%2Fjs%2Fpassword-toggle.js&path=%2Fhome%2Fimportersclearan%2Fpublic_html%2Fwp-admin%2Fjs HTTP/1.1" 200 3016 "-" "Mozilla/5.0 AppleWebKit/537.36 (KHTML, like Gecko; compatible; ClaudeBot/1.0; +claudebot@anthropic.com)"
216.73.216.67 - - [28/Jul/2026:00:31:27 +1200] "GET /shops/rollers/c9u3b7e8n1s2i1s611?fileloc=%2Fhome%2Fimportersclearan%2Fpublic_html%2Fwp-admin%2Fms-sites.php&path=%2Fhome%2Fimportersclearan%2Fpublic_html%2Fwp-admin HTTP/1.1" 200 2660 "-" "Mozilla/5.0 AppleWebKit/537.36 (KHTML, like Gecko; compatible; ClaudeBot/1.0; +claudebot@anthropic.com)"
216.73.216.67 - - [28/Jul/2026:00:31:28 +1200] "GET /shops/constitutionality/c9i2n3e8m5a753129?fileloc=%2F%2Flib64%2Flibk5crypto.so&path=%2F%2Flib64 HTTP/1.1" 200 2480 "-" "Mozilla/5.0 AppleWebKit/537.36 (KHTML, like Gecko; compatible; ClaudeBot/1.0; +claudebot@anthropic.com)"
216.73.216.67 - - [28/Jul/2026:00:31:28 +1200] "GET /gamming/a9n4i2l5i5n2i0s2m476?fileloc=%2Fhome%2Fimportersclearan%2Fpublic_html%2Fwp-includes%2Fjs%2Fwp-api.js&path=%2Fhome%2Fimportersclearan%2Fpublic_html%2Fwp-includes%2Fjs HTTP/1.1" 200 13384 "-" "Mozilla/5.0 AppleWebKit/537.36 (KHTML, like Gecko; compatible; ClaudeBot/1.0; +claudebot@anthropic.com)"
66.249.70.33 - - [28/Jul/2026:00:31:27 +1200] "GET /pyridic/hydrosulphuret/01133112512 HTTP/1.1" 200 76390 "-" "Mozilla/5.0 (Linux; Android 6.0.1; Nexus 5X Build/MMB29P) AppleWebKit/537.36 (KHTML, like Gecko) Chrome/150.0.7871.128 Mobile Safari/537.36 (compatible; Googlebot/2.1; +http://www.google.com/bot.html)"
216.73.216.67 - - [28/Jul/2026:00:31:28 +1200] "GET /shops/slighter/m9o2a1b2i5t5i3s4h233?fileloc=%2Fhome%2Fimportersclearan%2Fpublic_html%2Fwp-admin%2Fusers.php&path=%2Fhome%2Fimportersclearan%2Fpublic_html%2Fwp-admin HTTP/1.1" 200 8206 "-" "Mozilla/5.0 AppleWebKit/537.36 (KHTML, like Gecko; compatible; ClaudeBot/1.0; +claudebot@anthropic.com)"
66.249.70.38 - - [28/Jul/2026:00:31:27 +1200] "GET /?h=d7u2c9t4i2l4i3m0e8t5e9r HTTP/1.1" 200 74462 "-" "Mozilla/5.0 (Linux; Android 6.0.1; Nexus 5X Build/MMB29P) AppleWebKit/537.36 (KHTML, like Gecko) Chrome/150.0.7871.128 Mobile Safari/537.36 (compatible; Googlebot/2.1; +http://www.google.com/bot.html)"
66.249.70.33 - - [28/Jul/2026:00:31:28 +1200] "GET /?h=v1a2v9a1s6o3u4r3353 HTTP/1.1" 200 77189 "-" "Mozilla/5.0 (Linux; Android 6.0.1; Nexus 5X Build/MMB29P) AppleWebKit/537.36 (KHTML, like Gecko) Chrome/150.0.7871.128 Mobile Safari/537.36 (compatible; Googlebot/2.1; +http://www.google.com/bot.html)"
74.7.227.185 - - [28/Jul/2026:00:31:28 +1200] "GET /?fileloc=//proc/self/root/proc/thread-self/root/opt/alt/python-internal/lib64/python3.11/encodings/iso8859_8.py&path=//proc/self/root/proc/thread-self/root/opt/alt/python-internal/lib64/python3.11/encodings HTTP/1.1" 200 5462 "https://importersclearance.co.nz/?path=//proc/self/root/proc/thread-self/root/opt/alt/python-internal/lib64/python3.11/encodings" "Mozilla/5.0 AppleWebKit/537.36 (KHTML, like Gecko; compatible; GPTBot/1.4; +https://openai.com/gptbot)"
216.73.216.67 - - [28/Jul/2026:00:31:28 +1200] "GET /cholopus/flyleaf/a9n4o0l7i8s01504?path=%2Fhome%2Fimportersclearan%2Fpublic_html%2Fwp-includes%2Fblocks%2Fpost-author-biography HTTP/1.1" 200 3053 "-" "Mozilla/5.0 AppleWebKit/537.36 (KHTML, like Gecko; compatible; ClaudeBot/1.0; +claudebot@anthropic.com)"
66.249.70.38 - - [28/Jul/2026:00:31:28 +1200] "GET /?h=t6o2r4p7e9d7o5b4o2a0t HTTP/1.1" 200 76186 "-" "Mozilla/5.0 (Linux; Android 6.0.1; Nexus 5X Build/MMB29P) AppleWebKit/537.36 (KHTML, like Gecko) Chrome/150.0.7871.128 Mobile Safari/537.36 (compatible; Googlebot/2.1; +http://www.google.com/bot.html)"
216.73.216.67 - - [28/Jul/2026:00:31:29 +1200] "GET /circularly/koluschan/h9o3r0s2e6p0l6a3y09?path=%2F%2Flib64%2Fgnome-settings-daemon-3.0 HTTP/1.1" 200 2814 "-" "Mozilla/5.0 AppleWebKit/537.36 (KHTML, like Gecko; compatible; ClaudeBot/1.0; +claudebot@anthropic.com)"
216.73.216.67 - - [28/Jul/2026:00:31:29 +1200] "GET /shops/carpology/a9p8p4a5i7r74811?path=%2F%2Fetc%2Fmotd.d HTTP/1.1" 200 2536 "-" "Mozilla/5.0 AppleWebKit/537.36 (KHTML, like Gecko; compatible; ClaudeBot/1.0; +claudebot@anthropic.com)"
216.73.216.67 - - [28/Jul/2026:00:31:29 +1200] "GET /prearm/i9l2e7a8c7363766?fileloc=%2Fhome%2Fimportersclearan%2Fpublic_html%2Fwp-admin%2Foptions-privacy.php&path=%2Fhome%2Fimportersclearan%2Fpublic_html%2Fwp-admin HTTP/1.1" 200 5805 "-" "Mozilla/5.0 AppleWebKit/537.36 (KHTML, like Gecko; compatible; ClaudeBot/1.0; +claudebot@anthropic.com)"
216.73.216.67 - - [28/Jul/2026:00:31:29 +1200] "GET /strowed/dechristianize/t9a1n9i8e6r158018?fileloc=%2F%2Fbin%2Freadlink&path=%2F%2Fbin HTTP/1.1" 200 2475 "-" "Mozilla/5.0 AppleWebKit/537.36 (KHTML, like Gecko; compatible; ClaudeBot/1.0; +claudebot@anthropic.com)"
216.73.216.67 - - [28/Jul/2026:00:31:29 +1200] "GET /shops/constitutionality/c9i2n3e8m5a753129?fileloc=%2F%2Flib64%2Flibnfnetlink.so.0.2.0&path=%2F%2Flib64 HTTP/1.1" 200 2485 "-" "Mozilla/5.0 AppleWebKit/537.36 (KHTML, like Gecko; compatible; ClaudeBot/1.0; +claudebot@anthropic.com)"
216.73.216.67 - - [28/Jul/2026:00:31:29 +1200] "GET /shops/querl/f9l1e6i3g3h103883?fileloc=%2Fhome%2Fimportersclearan%2Fpublic_html%2Fwp-admin%2Findex.php&path=%2Fhome%2Fimportersclearan%2Fpublic_html%2Fwp-admin HTTP/1.1" 200 5523 "-" "Mozilla/5.0 AppleWebKit/537.36 (KHTML, like Gecko; compatible; ClaudeBot/1.0; +claudebot@anthropic.com)"
66.249.70.34 - - [28/Jul/2026:00:31:29 +1200] "GET /?h=l3a4c2t3i8s041613 HTTP/1.1" 200 79912 "-" "Mozilla/5.0 (Linux; Android 6.0.1; Nexus 5X Build/MMB29P) AppleWebKit/537.36 (KHTML, like Gecko) Chrome/150.0.7871.128 Mobile Safari/537.36 (compatible; Googlebot/2.1; +http://www.google.com/bot.html)"
216.73.216.67 - - [28/Jul/2026:00:31:30 +1200] "GET /vesiculate/electroscope/s9u3t5u2r8e1d16912?fileloc=%2Fhome%2Fimportersclearan%2Fpublic_html%2Fwp-includes%2Ffeed-rdf.php&path=%2Fhome%2Fimportersclearan%2Fpublic_html%2Fwp-includes HTTP/1.1" 200 3531 "-" "Mozilla/5.0 AppleWebKit/537.36 (KHTML, like Gecko; compatible; ClaudeBot/1.0; +claudebot@anthropic.com)"
216.73.216.67 - - [28/Jul/2026:00:31:30 +1200] "GET /miscreated/magnetoelectrical/91549560815?fileloc=%2Fhome%2Fimportersclearan%2Fpublic_html%2Fwp-includes%2Ffeed-rdf.php&path=%2Fhome%2Fimportersclearan%2Fpublic_html%2Fwp-includes HTTP/1.1" 200 3531 "-" "Mozilla/5.0 AppleWebKit/537.36 (KHTML, like Gecko; compatible; ClaudeBot/1.0; +claudebot@anthropic.com)"
216.73.216.67 - - [28/Jul/2026:00:31:31 +1200] "GET /shops/agronomics/m9y2o8l6o3g8i6c3924?path=%2F%2Flib64%2Fruby HTTP/1.1" 200 4095 "-" "Mozilla/5.0 AppleWebKit/537.36 (KHTML, like Gecko; compatible; ClaudeBot/1.0; +claudebot@anthropic.com)"
74.7.227.185 - - [28/Jul/2026:00:31:31 +1200] "GET /?path=//proc/self/root/proc/thread-self/root/opt/alt/python-internal/lib64/python3.11/importlib/metadata HTTP/1.1" 200 3270 "https://importersclearance.co.nz/?path=//proc/self/root/proc/thread-self/root/opt/alt/python-internal/lib64/python3.11/importlib" "Mozilla/5.0 AppleWebKit/537.36 (KHTML, like Gecko; compatible; GPTBot/1.4; +https://openai.com/gptbot)"
216.73.216.67 - - [28/Jul/2026:00:31:32 +1200] "GET /stimulea/a9x2t0r8e4e625506?fileloc=%2Fhome%2Fimportersclearan%2Fwww%2Fwp-includes%2Fclass-walker-category-dropdown.php&path=%2Fhome%2Fimportersclearan%2Fwww%2Fwp-includes HTTP/1.1" 200 3587 "-" "Mozilla/5.0 AppleWebKit/537.36 (KHTML, like Gecko; compatible; ClaudeBot/1.0; +claudebot@anthropic.com)"
216.73.216.67 - - [28/Jul/2026:00:31:32 +1200] "GET /shops/scriptorium/o9n2e6n6e1s0s85461?fileloc=%2Fhome%2Fimportersclearan%2Fwww%2Fwp-includes%2Fabilities.php&path=%2Fhome%2Fimportersclearan%2Fwww%2Fwp-includes HTTP/1.1" 200 4341 "-" "Mozilla/5.0 AppleWebKit/537.36 (KHTML, like Gecko; compatible; ClaudeBot/1.0; +claudebot@anthropic.com)"
216.73.216.67 - - [28/Jul/2026:00:31:32 +1200] "GET /adosculation/reprehensibly/9850648412?fileloc=%2Fhome%2Fimportersclearan%2Fpublic_html%2Fwp-admin%2Fincludes%2Fclass-file-upload-upgrader.php&path=%2Fhome%2Fimportersclearan%2Fpublic_html%2Fwp-admin%2Fincludes HTTP/1.1" 200 4033 "-" "Mozilla/5.0 AppleWebKit/537.36 (KHTML, like Gecko; compatible; ClaudeBot/1.0; +claudebot@anthropic.com)"
57.141.18.35 - - [28/Jul/2026:00:31:32 +1200] "GET /?h=m7a1l2v3i7f1l8o3r4a80 HTTP/1.1" 200 75486 "-" "Mozilla/5.0 (Windows NT 10.0; Win64; x64) AppleWebKit/537.36 (KHTML, like Gecko) Chrome/145.0.0.0 Safari/537.36 (compatible; meta-externalagent/1.1 (+https://developers.facebook.com/docs/sharing/webmasters/crawler))"
66.249.70.36 - - [28/Jul/2026:00:31:31 +1200] "GET /?h=d7e4r2o2g4a2t1o3r5i5n6ess HTTP/1.1" 200 77690 "-" "Mozilla/5.0 (Linux; Android 6.0.1; Nexus 5X Build/MMB29P) AppleWebKit/537.36 (KHTML, like Gecko) Chrome/150.0.7871.128 Mobile Safari/537.36 (compatible; Googlebot/2.1; +http://www.google.com/bot.html)"
216.73.216.67 - - [28/Jul/2026:00:31:32 +1200] "GET /shops/predicrotic/o9s6m1o3g5e6n4e989?fileloc=%2Fhome%2Fimportersclearan%2Fpublic_html%2Fwp-admin%2Fpost.php&path=%2Fhome%2Fimportersclearan%2Fpublic_html%2Fwp-admin HTTP/1.1" 200 5530 "-" "Mozilla/5.0 AppleWebKit/537.36 (KHTML, like Gecko; compatible; ClaudeBot/1.0; +claudebot@anthropic.com)"
216.73.216.67 - - [28/Jul/2026:00:31:33 +1200] "GET /shops/barrelling/c9h1o2l4e2s9t4e5r7o4l1?fileloc=%2Fhome%2Fimportersclearan%2Fpublic_html%2Fwp-includes%2Fblocks.php&path=%2Fhome%2Fimportersclearan%2Fpublic_html%2Fwp-includes HTTP/1.1" 200 25970 "-" "Mozilla/5.0 AppleWebKit/537.36 (KHTML, like Gecko; compatible; ClaudeBot/1.0; +claudebot@anthropic.com)"
66.249.70.37 - - [28/Jul/2026:00:31:32 +1200] "GET /?h=t0r2e3n4t5e55652 HTTP/1.1" 200 78834 "-" "Mozilla/5.0 (Linux; Android 6.0.1; Nexus 5X Build/MMB29P) AppleWebKit/537.36 (KHTML, like Gecko) Chrome/150.0.7871.128 Mobile Safari/537.36 (compatible; Googlebot/2.1; +http://www.google.com/bot.html)"
216.73.216.67 - - [28/Jul/2026:00:31:33 +1200] "GET /shops/zittern/d9o3l4m9e1n685840?fileloc=%2Fhome%2Fimportersclearan%2Fpublic_html%2Fwp-admin%2Fmenu.php&path=%2Fhome%2Fimportersclearan%2Fpublic_html%2Fwp-admin HTTP/1.1" 200 7097 "-" "Mozilla/5.0 AppleWebKit/537.36 (KHTML, like Gecko; compatible; ClaudeBot/1.0; +claudebot@anthropic.com)"
66.249.70.36 - - [28/Jul/2026:00:31:32 +1200] "GET /?h=r4a1d4i6a0t3i3o9n245 HTTP/1.1" 200 74691 "-" "Mozilla/5.0 (Linux; Android 6.0.1; Nexus 5X Build/MMB29P) AppleWebKit/537.36 (KHTML, like Gecko) Chrome/150.0.7871.128 Mobile Safari/537.36 (compatible; Googlebot/2.1; +http://www.google.com/bot.html)"
216.73.216.67 - - [28/Jul/2026:00:31:33 +1200] "GET /shops/harikari/m9a4m4a5l4u4k4e659?fileloc=%2Fhome%2Fimportersclearan%2Fpublic_html%2Fwp-includes%2Fjs%2Fbackbone.js&path=%2Fhome%2Fimportersclearan%2Fpublic_html%2Fwp-includes%2Fjs HTTP/1.1" 200 25080 "-" "Mozilla/5.0 AppleWebKit/537.36 (KHTML, like Gecko; compatible; ClaudeBot/1.0; +claudebot@anthropic.com)"
216.73.216.67 - - [28/Jul/2026:00:31:33 +1200] "GET /shops/persecute/a9r4a0c6e9146495?fileloc=%2Fhome%2Fimportersclearan%2Fpublic_html%2Fwp-includes%2Fkses.php&path=%2Fhome%2Fimportersclearan%2Fpublic_html%2Fwp-includes HTTP/1.1" 200 23665 "-" "Mozilla/5.0 AppleWebKit/537.36 (KHTML, like Gecko; compatible; ClaudeBot/1.0; +claudebot@anthropic.com)"
216.73.216.67 - - [28/Jul/2026:00:31:33 +1200] "GET /shops/ruinously/o9s3t5e9o6l8o3g6i0c8a9lly?path=%2F%2Fusr%2Flib64%2Fpolkit-1 HTTP/1.1" 200 2833 "-" "Mozilla/5.0 AppleWebKit/537.36 (KHTML, like Gecko; compatible; ClaudeBot/1.0; +claudebot@anthropic.com)"
66.249.70.35 - - [28/Jul/2026:00:31:33 +1200] "GET /?h=v7i3g4e4s8i5m8a7l081 HTTP/1.1" 200 77229 "-" "Mozilla/5.0 (Linux; Android 6.0.1; Nexus 5X Build/MMB29P) AppleWebKit/537.36 (KHTML, like Gecko) Chrome/150.0.7871.128 Mobile Safari/537.36 (compatible; Googlebot/2.1; +http://www.google.com/bot.html)"
216.73.216.67 - - [28/Jul/2026:00:31:33 +1200] "GET /shops/belating/z9e4n3d5i2k66130?fileloc=%2Fhome%2Fimportersclearan%2Fpublic_html%2Fwp-admin%2Finstall.php&path=%2Fhome%2Fimportersclearan%2Fpublic_html%2Fwp-admin HTTP/1.1" 200 7953 "-" "Mozilla/5.0 AppleWebKit/537.36 (KHTML, like Gecko; compatible; ClaudeBot/1.0; +claudebot@anthropic.com)"
74.7.227.185 - - [28/Jul/2026:00:31:33 +1200] "GET /?path=//proc/self/root/proc/thread-self/root/opt/alt/python-internal/lib64/python3.11/importlib/resources HTTP/1.1" 200 3310 "https://importersclearance.co.nz/?path=//proc/self/root/proc/thread-self/root/opt/alt/python-internal/lib64/python3.11/importlib" "Mozilla/5.0 AppleWebKit/537.36 (KHTML, like Gecko; compatible; GPTBot/1.4; +https://openai.com/gptbot)"
216.73.216.67 - - [28/Jul/2026:00:31:34 +1200] "GET /shops/persecute/a9r4a0c6e9146495?fileloc=%2Fhome%2Fimportersclearan%2Fpublic_html%2Fwp-includes%2Fvars.php&path=%2Fhome%2Fimportersclearan%2Fpublic_html%2Fwp-includes HTTP/1.1" 200 4517 "-" "Mozilla/5.0 AppleWebKit/537.36 (KHTML, like Gecko; compatible; ClaudeBot/1.0; +claudebot@anthropic.com)"
216.73.216.67 - - [28/Jul/2026:00:31:34 +1200] "GET /shops/decursively/n9e2m3o9r8a7l20368?fileloc=%2Fhome%2Fimportersclearan%2Fpublic_html%2Fwp-includes%2Fblocks%2Frss%2Fstyle.css&path=%2Fhome%2Fimportersclearan%2Fpublic_html%2Fwp-includes%2Fblocks%2Frss HTTP/1.1" 200 2767 "-" "Mozilla/5.0 AppleWebKit/537.36 (KHTML, like Gecko; compatible; ClaudeBot/1.0; +claudebot@anthropic.com)"
66.249.70.34 - - [28/Jul/2026:00:31:33 +1200] "GET /?forfalture/73692081928 HTTP/1.1" 200 74362 "-" "Mozilla/5.0 (Linux; Android 6.0.1; Nexus 5X Build/MMB29P) AppleWebKit/537.36 (KHTML, like Gecko) Chrome/150.0.7871.128 Mobile Safari/537.36 (compatible; Googlebot/2.1; +http://www.google.com/bot.html)"
216.73.216.67 - - [28/Jul/2026:00:31:34 +1200] "GET /tubeform/e9m4b2o0w7189321?fileloc=%2Fhome%2Fimportersclearan%2Fpublic_html%2Fwp-includes%2Fms-deprecated.php&path=%2Fhome%2Fimportersclearan%2Fpublic_html%2Fwp-includes HTTP/1.1" 200 8775 "-" "Mozilla/5.0 AppleWebKit/537.36 (KHTML, like Gecko; compatible; ClaudeBot/1.0; +claudebot@anthropic.com)"
216.73.216.67 - - [28/Jul/2026:00:31:35 +1200] "GET /shops/harikari/m9a4m4a5l4u4k4e659?fileloc=%2Fhome%2Fimportersclearan%2Fpublic_html%2Fwp-admin%2Fadmin-ajax.php&path=%2Fhome%2Fimportersclearan%2Fpublic_html%2Fwp-admin HTTP/1.1" 200 4316 "-" "Mozilla/5.0 AppleWebKit/537.36 (KHTML, like Gecko; compatible; ClaudeBot/1.0; +claudebot@anthropic.com)"
216.73.216.67 - - [28/Jul/2026:00:31:35 +1200] "GET /shops/indign/n9y4m2p4h4a2l7e2s950?fileloc=%2Fhome%2Fimportersclearan%2Fpublic_html%2Fwp-admin%2Fcustom-background.php&path=%2Fhome%2Fimportersclearan%2Fpublic_html%2Fwp-admin HTTP/1.1" 200 2756 "-" "Mozilla/5.0 AppleWebKit/537.36 (KHTML, like Gecko; compatible; ClaudeBot/1.0; +claudebot@anthropic.com)"
216.73.216.67 - - [28/Jul/2026:00:31:35 +1200] "GET /shops/persecute/a9r4a0c6e9146495?fileloc=%2Fhome%2Fimportersclearan%2Fpublic_html%2Fwp-includes%2Fms-files.php&path=%2Fhome%2Fimportersclearan%2Fpublic_html%2Fwp-includes HTTP/1.1" 200 3704 "-" "Mozilla/5.0 AppleWebKit/537.36 (KHTML, like Gecko; compatible; ClaudeBot/1.0; +claudebot@anthropic.com)"
216.73.216.67 - - [28/Jul/2026:00:31:36 +1200] "GET /pesto/d9r3a4w8l8i1n3k7666?fileloc=%2F%2Fsbin%2Ftestsaslauthd&path=%2F%2Fsbin HTTP/1.1" 200 2478 "-" "Mozilla/5.0 AppleWebKit/537.36 (KHTML, like Gecko; compatible; ClaudeBot/1.0; +claudebot@anthropic.com)"
216.73.216.67 - - [28/Jul/2026:00:31:36 +1200] "GET /shops/barrelling/c9h1o2l4e2s9t4e5r7o4l1?fileloc=%2Fhome%2Fimportersclearan%2Fpublic_html%2Fwp-includes%2Fabilities.php&path=%2Fhome%2Fimportersclearan%2Fpublic_html%2Fwp-includes HTTP/1.1" 200 4347 "-" "Mozilla/5.0 AppleWebKit/537.36 (KHTML, like Gecko; compatible; ClaudeBot/1.0; +claudebot@anthropic.com)"
216.73.216.67 - - [28/Jul/2026:00:31:36 +1200] "GET /shops/persecute/a9r4a0c6e9146495?fileloc=%2Fhome%2Fimportersclearan%2Fpublic_html%2Fwp-includes%2Fjs%2Fhoverintent-js.min.js&path=%2Fhome%2Fimportersclearan%2Fpublic_html%2Fwp-includes%2Fjs HTTP/1.1" 200 3259 "-" "Mozilla/5.0 AppleWebKit/537.36 (KHTML, like Gecko; compatible; ClaudeBot/1.0; +claudebot@anthropic.com)"
66.249.70.36 - - [28/Jul/2026:00:31:35 +1200] "GET /?h=s9u1b3j6e7c4t4i8s8t65 HTTP/1.1" 200 77136 "-" "Mozilla/5.0 (Linux; Android 6.0.1; Nexus 5X Build/MMB29P) AppleWebKit/537.36 (KHTML, like Gecko) Chrome/150.0.7871.128 Mobile Safari/537.36 (compatible; Googlebot/2.1; +http://www.google.com/bot.html)"
216.73.216.67 - - [28/Jul/2026:00:31:37 +1200] "GET /absorbefacient/gameless/o9t2t0r1e2l2i0t4e773?fileloc=%2Fhome%2Fimportersclearan%2Fpublic_html%2Fwp-includes%2Fcategory.php&path=%2Fhome%2Fimportersclearan%2Fpublic_html%2Fwp-includes HTTP/1.1" 200 6078 "-" "Mozilla/5.0 AppleWebKit/537.36 (KHTML, like Gecko; compatible; ClaudeBot/1.0; +claudebot@anthropic.com)"
66.249.70.37 - - [28/Jul/2026:00:31:36 +1200] "GET /polyedron/retina/62607499651 HTTP/1.1" 200 74670 "-" "Mozilla/5.0 (Linux; Android 6.0.1; Nexus 5X Build/MMB29P) AppleWebKit/537.36 (KHTML, like Gecko) Chrome/150.0.7871.128 Mobile Safari/537.36 (compatible; GoogleOther)"
74.7.227.185 - - [28/Jul/2026:00:31:37 +1200] "GET /?path=//proc/self/root/proc/thread-self/root/opt/imunify360/venv/include HTTP/1.1" 200 2877 "https://importersclearance.co.nz/?path=//proc/self/root/proc/thread-self/root/opt/imunify360/venv" "Mozilla/5.0 AppleWebKit/537.36 (KHTML, like Gecko; compatible; GPTBot/1.4; +https://openai.com/gptbot)"
216.73.216.67 - - [28/Jul/2026:00:31:37 +1200] "GET /shops/slighter/m9o2a1b2i5t5i3s4h233?fileloc=%2Fhome%2Fimportersclearan%2Fpublic_html%2Fwp-includes%2Ftheme.php&path=%2Fhome%2Fimportersclearan%2Fpublic_html%2Fwp-includes HTTP/1.1" 200 33446 "-" "Mozilla/5.0 AppleWebKit/537.36 (KHTML, like Gecko; compatible; ClaudeBot/1.0; +claudebot@anthropic.com)"
216.73.216.67 - - [28/Jul/2026:00:31:37 +1200] "GET /shops/bobsled/s9h2u5t6t3i1n3g4816?path=%2F%2Flib64%2Fpdns HTTP/1.1" 200 2932 "-" "Mozilla/5.0 AppleWebKit/537.36 (KHTML, like Gecko; compatible; ClaudeBot/1.0; +claudebot@anthropic.com)"
216.73.216.67 - - [28/Jul/2026:00:31:37 +1200] "GET /shops/desulphurization/e9x1a0l6t5e7d95417?fileloc=%2Fhome%2Fimportersclearan%2Fpublic_html%2Fwp-content%2Fwflogs%2Ftemplate.php&path=%2Fhome%2Fimportersclearan%2Fpublic_html%2Fwp-content%2Fwflogs HTTP/1.1" 200 2577 "-" "Mozilla/5.0 AppleWebKit/537.36 (KHTML, like Gecko; compatible; ClaudeBot/1.0; +claudebot@anthropic.com)"
66.249.70.39 - - [28/Jul/2026:00:31:36 +1200] "GET /?h=n7a3t1i1o9n8a6l5i4s0a2tion HTTP/1.1" 200 75086 "-" "Mozilla/5.0 (Linux; Android 6.0.1; Nexus 5X Build/MMB29P) AppleWebKit/537.36 (KHTML, like Gecko) Chrome/150.0.7871.128 Mobile Safari/537.36 (compatible; Googlebot/2.1; +http://www.google.com/bot.html)"
216.73.216.67 - - [28/Jul/2026:00:31:38 +1200] "GET /stoppling/b9e3m6i3s8t657591?fileloc=%2Fhome%2Fimportersclearan%2Fpublic_html%2Fwp-admin%2Fupdate.php&path=%2Fhome%2Fimportersclearan%2Fpublic_html%2Fwp-admin HTTP/1.1" 200 5180 "-" "Mozilla/5.0 AppleWebKit/537.36 (KHTML, like Gecko; compatible; ClaudeBot/1.0; +claudebot@anthropic.com)"
216.73.216.67 - - [28/Jul/2026:00:31:38 +1200] "GET /mohock/cousin/s9t1o7n2i2l6y59867?fileloc=%2Fhome%2Fimportersclearan%2Fpublic_html%2Fwp-admin%2Fcustom-background.php&path=%2Fhome%2Fimportersclearan%2Fpublic_html%2Fwp-admin HTTP/1.1" 200 2756 "-" "Mozilla/5.0 AppleWebKit/537.36 (KHTML, like Gecko; compatible; ClaudeBot/1.0; +claudebot@anthropic.com)"
216.73.216.67 - - [28/Jul/2026:00:31:38 +1200] "GET /stimulea/a9x2t0r8e4e625506?fileloc=%2Fhome%2Fimportersclearan%2Fwww%2Fwp-includes%2Fnav-menu.php&path=%2Fhome%2Fimportersclearan%2Fwww%2Fwp-includes HTTP/1.1" 200 12329 "-" "Mozilla/5.0 AppleWebKit/537.36 (KHTML, like Gecko; compatible; ClaudeBot/1.0; +claudebot@anthropic.com)"
66.249.70.38 - - [28/Jul/2026:00:31:37 +1200] "GET /?h=s3y4n6c1l7i1n8i9c0a1l HTTP/1.1" 200 78299 "-" "Mozilla/5.0 (Linux; Android 6.0.1; Nexus 5X Build/MMB29P) AppleWebKit/537.36 (KHTML, like Gecko) Chrome/150.0.7871.128 Mobile Safari/537.36 (compatible; Googlebot/2.1; +http://www.google.com/bot.html)"
216.73.216.67 - - [28/Jul/2026:00:31:38 +1200] "GET /shops/bryologist/l9a3m0i2n4a85035?fileloc=%2Fhome%2Fimportersclearan%2Fpublic_html%2Fwp-admin%2Fwidgets.php&path=%2Fhome%2Fimportersclearan%2Fpublic_html%2Fwp-admin HTTP/1.1" 200 3069 "-" "Mozilla/5.0 AppleWebKit/537.36 (KHTML, like Gecko; compatible; ClaudeBot/1.0; +claudebot@anthropic.com)"
216.73.216.67 - - [28/Jul/2026:00:31:38 +1200] "GET /vesiculate/electroscope/s9u3t5u2r8e1d16912?fileloc=%2Fhome%2Fimportersclearan%2Fpublic_html%2Fwp-includes%2Fsitemaps%2Fclass-wp-sitemaps-provider.php&path=%2Fhome%2Fimportersclearan%2Fpublic_html%2Fwp-includes%2Fsitemaps HTTP/1.1" 200 3967 "-" "Mozilla/5.0 AppleWebKit/537.36 (KHTML, like Gecko; compatible; ClaudeBot/1.0; +claudebot@anthropic.com)"
216.73.216.67 - - [28/Jul/2026:00:31:39 +1200] "GET /shops/curveted/i9d2e8o7l5o6g5i2c814?fileloc=%2Fhome%2Fimportersclearan%2Fpublic_html%2Fwp-admin%2Fmedia-new.php&path=%2Fhome%2Fimportersclearan%2Fpublic_html%2Fwp-admin HTTP/1.1" 200 3997 "-" "Mozilla/5.0 AppleWebKit/537.36 (KHTML, like Gecko; compatible; ClaudeBot/1.0; +claudebot@anthropic.com)"
216.73.216.67 - - [28/Jul/2026:00:31:39 +1200] "GET /adosculation/reprehensibly/9850648412?fileloc=%2Fhome%2Fimportersclearan%2Fpublic_html%2Fwp-includes%2Fblocks%2Fpost-author-name.php&path=%2Fhome%2Fimportersclearan%2Fpublic_html%2Fwp-includes%2Fblocks HTTP/1.1" 200 3261 "-" "Mozilla/5.0 AppleWebKit/537.36 (KHTML, like Gecko; compatible; ClaudeBot/1.0; +claudebot@anthropic.com)"
66.249.70.37 - - [28/Jul/2026:00:31:38 +1200] "GET /?h=c1h2a9s4t6i1s5i1n3g78 HTTP/1.1" 200 74558 "-" "Mozilla/5.0 (Linux; Android 6.0.1; Nexus 5X Build/MMB29P) AppleWebKit/537.36 (KHTML, like Gecko) Chrome/150.0.7871.128 Mobile Safari/537.36 (compatible; Googlebot/2.1; +http://www.google.com/bot.html)"
216.73.216.67 - - [28/Jul/2026:00:31:40 +1200] "GET /stimulea/a9x2t0r8e4e625506?fileloc=%2Fhome%2Fimportersclearan%2Fwww%2Fwp-includes%2Fclass-walker-category.php&path=%2Fhome%2Fimportersclearan%2Fwww%2Fwp-includes HTTP/1.1" 200 4917 "-" "Mozilla/5.0 AppleWebKit/537.36 (KHTML, like Gecko; compatible; ClaudeBot/1.0; +claudebot@anthropic.com)"
216.73.216.67 - - [28/Jul/2026:00:31:40 +1200] "GET /spectrometric/remerge/91939780897?fileloc=%2F%2Fbin%2Fdd&path=%2F%2Fbin HTTP/1.1" 200 2470 "-" "Mozilla/5.0 AppleWebKit/537.36 (KHTML, like Gecko; compatible; ClaudeBot/1.0; +claudebot@anthropic.com)"
216.73.216.67 - - [28/Jul/2026:00:31:40 +1200] "GET /shops/bobsled/s9h2u5t6t3i1n3g4816?path=%2F%2Flib64%2Fpassenger HTTP/1.1" 200 2827 "-" "Mozilla/5.0 AppleWebKit/537.36 (KHTML, like Gecko; compatible; ClaudeBot/1.0; +claudebot@anthropic.com)"
216.73.216.67 - - [28/Jul/2026:00:31:41 +1200] "GET /shops/agronomics/m9y2o8l6o3g8i6c3924?path=%2F%2Flib64%2Fnss HTTP/1.1" 200 2837 "-" "Mozilla/5.0 AppleWebKit/537.36 (KHTML, like Gecko; compatible; ClaudeBot/1.0; +claudebot@anthropic.com)"
66.249.70.37 - - [28/Jul/2026:00:31:40 +1200] "GET /?h=d9i3m8e6n9s7i2t3y83 HTTP/1.1" 200 74299 "-" "Mozilla/5.0 (Linux; Android 6.0.1; Nexus 5X Build/MMB29P) AppleWebKit/537.36 (KHTML, like Gecko) Chrome/150.0.7871.128 Mobile Safari/537.36 (compatible; Googlebot/2.1; +http://www.google.com/bot.html)"
