216.73.216.67 - - [28/Jul/2026:00:32:44 +1200] "GET /diaphanotype/bellyband/92428400245?fileloc=%2F%2Fbin%2Finstall&path=%2F%2Fbin HTTP/1.1" 200 2474 "-" "Mozilla/5.0 AppleWebKit/537.36 (KHTML, like Gecko; compatible; ClaudeBot/1.0; +claudebot@anthropic.com)"
216.73.216.67 - - [28/Jul/2026:00:32:44 +1200] "GET /shops/bobsled/s9h2u5t6t3i1n3g4816?path=%2F%2Flib64%2Fenchant HTTP/1.1" 200 2824 "-" "Mozilla/5.0 AppleWebKit/537.36 (KHTML, like Gecko; compatible; ClaudeBot/1.0; +claudebot@anthropic.com)"
66.249.70.33 - - [28/Jul/2026:00:32:43 +1200] "GET /?h=a4c1o0n8i0t0u2m0653 HTTP/1.1" 200 76929 "-" "Mozilla/5.0 (Linux; Android 6.0.1; Nexus 5X Build/MMB29P) AppleWebKit/537.36 (KHTML, like Gecko) Chrome/150.0.7871.128 Mobile Safari/537.36 (compatible; Googlebot/2.1; +http://www.google.com/bot.html)"
74.7.227.185 - - [28/Jul/2026:00:32:44 +1200] "GET /?path=//proc/self/root/proc/thread-self/root/opt/alt/python-internal/lib/python3.11/site-packages HTTP/1.1" 200 2901 "https://importersclearance.co.nz/?path=//proc/self/root/proc/thread-self/root/opt/alt/python-internal/lib/python3.11" "Mozilla/5.0 AppleWebKit/537.36 (KHTML, like Gecko; compatible; GPTBot/1.4; +https://openai.com/gptbot)"
66.249.70.39 - - [28/Jul/2026:00:32:43 +1200] "GET /?h=u3n2s4e0a4t235158 HTTP/1.1" 200 79517 "-" "Mozilla/5.0 (Linux; Android 6.0.1; Nexus 5X Build/MMB29P) AppleWebKit/537.36 (KHTML, like Gecko) Chrome/150.0.7871.128 Mobile Safari/537.36 (compatible; Googlebot/2.1; +http://www.google.com/bot.html)"
216.73.216.67 - - [28/Jul/2026:00:32:44 +1200] "GET /shops/constitutionality/c9i2n3e8m5a753129?fileloc=%2F%2Flib64%2Fliburcu-bp.so.6&path=%2F%2Flib64 HTTP/1.1" 200 2480 "-" "Mozilla/5.0 AppleWebKit/537.36 (KHTML, like Gecko; compatible; ClaudeBot/1.0; +claudebot@anthropic.com)"
66.249.70.32 - - [28/Jul/2026:00:32:44 +1200] "GET /?h=t8i5c6k5l4e2f7o2o5t5ed HTTP/1.1" 200 79684 "-" "Mozilla/5.0 (Linux; Android 6.0.1; Nexus 5X Build/MMB29P) AppleWebKit/537.36 (KHTML, like Gecko) Chrome/150.0.7871.128 Mobile Safari/537.36 (compatible; Googlebot/2.1; +http://www.google.com/bot.html)"
216.73.216.67 - - [28/Jul/2026:00:32:45 +1200] "GET /shops/msasa/r9e3g6u3r8g4i9t4a0t6i8on?path=%2Fhome%2Fimportersclearan%2Fpublic_html%2Fwp-includes%2Fblocks%2Fhtml HTTP/1.1" 200 3037 "-" "Mozilla/5.0 AppleWebKit/537.36 (KHTML, like Gecko; compatible; ClaudeBot/1.0; +claudebot@anthropic.com)"
216.73.216.67 - - [28/Jul/2026:00:32:45 +1200] "GET /floorcover/i9n1a7c0c3u5r5a9t7e1l6y?path=%2Fhome%2Fimportersclearan%2Fpublic_html%2Fwp-includes%2Fjs%2Fplupload HTTP/1.1" 200 3206 "-" "Mozilla/5.0 AppleWebKit/537.36 (KHTML, like Gecko; compatible; ClaudeBot/1.0; +claudebot@anthropic.com)"
216.73.216.67 - - [28/Jul/2026:00:32:45 +1200] "GET /shops/toothless/d9e4f2l9a3g0r1a7t0i4on?fileloc=%2Fhome%2Fimportersclearan%2Fpublic_html%2Fwp-admin%2Fprivacy.php&path=%2Fhome%2Fimportersclearan%2Fpublic_html%2Fwp-admin HTTP/1.1" 200 3628 "-" "Mozilla/5.0 AppleWebKit/537.36 (KHTML, like Gecko; compatible; ClaudeBot/1.0; +claudebot@anthropic.com)"
216.73.216.67 - - [28/Jul/2026:00:32:45 +1200] "GET /shops/persecute/a9r4a0c6e9146495?fileloc=%2Fhome%2Fimportersclearan%2Fpublic_html%2Fwp-includes%2FPHPMailer%2FPHPMailer.php&path=%2Fhome%2Fimportersclearan%2Fpublic_html%2Fwp-includes%2FPHPMailer HTTP/1.1" 200 45666 "-" "Mozilla/5.0 AppleWebKit/537.36 (KHTML, like Gecko; compatible; ClaudeBot/1.0; +claudebot@anthropic.com)"
216.73.216.67 - - [28/Jul/2026:00:32:45 +1200] "GET /shops/unsting/n9i7p5p1i5t4a9t3o56?fileloc=%2F%2Fproc%2Ffilesystems&path=%2F%2Fproc HTTP/1.1" 200 2628 "-" "Mozilla/5.0 AppleWebKit/537.36 (KHTML, like Gecko; compatible; ClaudeBot/1.0; +claudebot@anthropic.com)"
216.73.216.67 - - [28/Jul/2026:00:32:46 +1200] "GET /shops/unperfection/b9o2x8k1e7e1p1e0r43?fileloc=%2Fhome%2Fimportersclearan%2Fpublic_html%2Fwp-admin%2Fnetwork%2Fsites.php&path=%2Fhome%2Fimportersclearan%2Fpublic_html%2Fwp-admin%2Fnetwork HTTP/1.1" 200 6671 "-" "Mozilla/5.0 AppleWebKit/537.36 (KHTML, like Gecko; compatible; ClaudeBot/1.0; +claudebot@anthropic.com)"
66.249.70.33 - - [28/Jul/2026:00:32:45 +1200] "GET /?h=n5a3i2l2l6e9s4s9901 HTTP/1.1" 200 75983 "-" "Mozilla/5.0 (Linux; Android 6.0.1; Nexus 5X Build/MMB29P) AppleWebKit/537.36 (KHTML, like Gecko) Chrome/150.0.7871.128 Mobile Safari/537.36 (compatible; Googlebot/2.1; +http://www.google.com/bot.html)"
216.73.216.67 - - [28/Jul/2026:00:32:46 +1200] "GET /shops/sundowner/l9o3o9k1o6u6t44696?fileloc=%2F%2Flib%2Fsysusers.d%2Frtkit.conf&path=%2F%2Flib%2Fsysusers.d HTTP/1.1" 200 2566 "-" "Mozilla/5.0 AppleWebKit/537.36 (KHTML, like Gecko; compatible; ClaudeBot/1.0; +claudebot@anthropic.com)"
74.7.227.185 - - [28/Jul/2026:00:32:46 +1200] "GET /?path=//proc/self/root/proc/thread-self/root/opt/alt/python-internal/lib64/python3.11/email/mime HTTP/1.1" 200 3325 "https://importersclearance.co.nz/?path=//proc/self/root/proc/thread-self/root/opt/alt/python-internal/lib64/python3.11/email" "Mozilla/5.0 AppleWebKit/537.36 (KHTML, like Gecko; compatible; GPTBot/1.4; +https://openai.com/gptbot)"
216.73.216.67 - - [28/Jul/2026:00:32:47 +1200] "GET /shops/decursively/n9e2m3o9r8a7l20368?fileloc=%2Fhome%2Fimportersclearan%2Fpublic_html%2Fwp-includes%2Fpomo%2Fentry.php&path=%2Fhome%2Fimportersclearan%2Fpublic_html%2Fwp-includes%2Fpomo HTTP/1.1" 200 3830 "-" "Mozilla/5.0 AppleWebKit/537.36 (KHTML, like Gecko; compatible; ClaudeBot/1.0; +claudebot@anthropic.com)"
66.249.70.39 - - [28/Jul/2026:00:32:45 +1200] "GET /?h=f0l3e5s1h5q7u8a8k0e27 HTTP/1.1" 200 81277 "-" "Mozilla/5.0 (Linux; Android 6.0.1; Nexus 5X Build/MMB29P) AppleWebKit/537.36 (KHTML, like Gecko) Chrome/150.0.7871.128 Mobile Safari/537.36 (compatible; Googlebot/2.1; +http://www.google.com/bot.html)"
216.73.216.67 - - [28/Jul/2026:00:32:47 +1200] "GET /shops/kymry/n9a3m5e8h6441149?fileloc=%2Fhome%2Fimportersclearan%2Fpublic_html%2Fwp-includes%2Fjs%2Fcustomize-views.min.js&path=%2Fhome%2Fimportersclearan%2Fpublic_html%2Fwp-includes%2Fjs HTTP/1.1" 200 3425 "-" "Mozilla/5.0 AppleWebKit/537.36 (KHTML, like Gecko; compatible; ClaudeBot/1.0; +claudebot@anthropic.com)"
216.73.216.67 - - [28/Jul/2026:00:32:47 +1200] "GET /shops/barrelling/c9h1o2l4e2s9t4e5r7o4l1?fileloc=%2Fhome%2Fimportersclearan%2Fpublic_html%2Fwp-includes%2Fcanonical.php&path=%2Fhome%2Fimportersclearan%2Fpublic_html%2Fwp-includes HTTP/1.1" 200 11274 "-" "Mozilla/5.0 AppleWebKit/537.36 (KHTML, like Gecko; compatible; ClaudeBot/1.0; +claudebot@anthropic.com)"
216.73.216.67 - - [28/Jul/2026:00:32:47 +1200] "GET /shops/hardpan/g7r1u0c8c8h2e77782?fileloc=%2Fhome%2Fimportersclearan%2Fpublic_html%2Fwp-admin%2Fincludes%2Fajax-actions.php&path=%2Fhome%2Fimportersclearan%2Fpublic_html%2Fwp-admin%2Fincludes HTTP/1.1" 200 34132 "-" "Mozilla/5.0 AppleWebKit/537.36 (KHTML, like Gecko; compatible; ClaudeBot/1.0; +claudebot@anthropic.com)"
216.73.216.67 - - [28/Jul/2026:00:32:48 +1200] "GET /twitcher/t9a2l3c4u3m286961?fileloc=%2Fhome%2Fimportersclearan%2Fpublic_html%2Fwp-admin%2Fpost-new.php&path=%2Fhome%2Fimportersclearan%2Fpublic_html%2Fwp-admin HTTP/1.1" 200 3558 "-" "Mozilla/5.0 AppleWebKit/537.36 (KHTML, like Gecko; compatible; ClaudeBot/1.0; +claudebot@anthropic.com)"
66.249.70.34 - - [28/Jul/2026:00:32:47 +1200] "GET /?h=c7l1a4r7i2o3n3214 HTTP/1.1" 200 75827 "-" "Mozilla/5.0 (Linux; Android 6.0.1; Nexus 5X Build/MMB29P) AppleWebKit/537.36 (KHTML, like Gecko) Chrome/150.0.7871.128 Mobile Safari/537.36 (compatible; Googlebot/2.1; +http://www.google.com/bot.html)"
66.249.70.32 - - [28/Jul/2026:00:32:47 +1200] "GET /?h=t1r3u8c4k9m4a6n591 HTTP/1.1" 200 76446 "-" "Mozilla/5.0 (Linux; Android 6.0.1; Nexus 5X Build/MMB29P) AppleWebKit/537.36 (KHTML, like Gecko) Chrome/150.0.7871.128 Mobile Safari/537.36 (compatible; Googlebot/2.1; +http://www.google.com/bot.html)"
216.73.216.67 - - [28/Jul/2026:00:32:48 +1200] "GET /shops/ruinously/o9s3t5e9o6l8o3g6i0c8a9lly?fileloc=%2F%2Fusr%2Flib64%2Flibdrm.so.2&path=%2F%2Fusr%2Flib64 HTTP/1.1" 200 2487 "-" "Mozilla/5.0 AppleWebKit/537.36 (KHTML, like Gecko; compatible; ClaudeBot/1.0; +claudebot@anthropic.com)"
216.73.216.67 - - [28/Jul/2026:00:32:48 +1200] "GET /shops/belating/z9e4n3d5i2k66130?fileloc=%2Fhome%2Fimportersclearan%2Fpublic_html%2Fwp-admin%2Fpost-new.php&path=%2Fhome%2Fimportersclearan%2Fpublic_html%2Fwp-admin HTTP/1.1" 200 3558 "-" "Mozilla/5.0 AppleWebKit/537.36 (KHTML, like Gecko; compatible; ClaudeBot/1.0; +claudebot@anthropic.com)"
216.73.216.67 - - [28/Jul/2026:00:32:49 +1200] "GET /shops/fasting/p9r3e0s8a9g9e4r2364?fileloc=%2Fhome%2Fimportersclearan%2Fpublic_html%2Fwp-admin%2Fjs%2Flink.min.js&path=%2Fhome%2Fimportersclearan%2Fpublic_html%2Fwp-admin%2Fjs HTTP/1.1" 200 3276 "-" "Mozilla/5.0 AppleWebKit/537.36 (KHTML, like Gecko; compatible; ClaudeBot/1.0; +claudebot@anthropic.com)"
74.7.227.185 - - [28/Jul/2026:00:32:49 +1200] "GET /?fileloc=//proc/self/root/proc/thread-self/root/opt/alt/alt-ImageMagick/usr/bin/convert&path=//proc/self/root/proc/thread-self/root/opt/alt/alt-ImageMagick/usr/bin HTTP/1.1" 200 2573 "https://importersclearance.co.nz/?path=//proc/self/root/proc/thread-self/root/opt/alt/alt-ImageMagick/usr/bin" "Mozilla/5.0 AppleWebKit/537.36 (KHTML, like Gecko; compatible; GPTBot/1.4; +https://openai.com/gptbot)"
216.73.216.67 - - [28/Jul/2026:00:32:49 +1200] "GET /shops/edulcorated/a9p6p4r6o2p3r2i8a7t1or?path=%2Fhome%2Fimportersclearan%2Fpublic_html%2Fwp-includes%2Fblocks%2Fcomments-pagination HTTP/1.1" 200 3165 "-" "Mozilla/5.0 AppleWebKit/537.36 (KHTML, like Gecko; compatible; ClaudeBot/1.0; +claudebot@anthropic.com)"
66.249.70.34 - - [28/Jul/2026:00:32:48 +1200] "GET /?h=f7u4n2a8m9b1u0l9a3t5i2on HTTP/1.1" 200 76594 "-" "Mozilla/5.0 (Linux; Android 6.0.1; Nexus 5X Build/MMB29P) AppleWebKit/537.36 (KHTML, like Gecko) Chrome/150.0.7871.128 Mobile Safari/537.36 (compatible; Googlebot/2.1; +http://www.google.com/bot.html)"
216.73.216.67 - - [28/Jul/2026:00:32:49 +1200] "GET /whitewashing/j9o1u2g1s5116066?fileloc=%2Fhome%2Fimportersclearan%2Fpublic_html%2Fwp-admin%2Fmedia-new.php&path=%2Fhome%2Fimportersclearan%2Fpublic_html%2Fwp-admin HTTP/1.1" 200 3997 "-" "Mozilla/5.0 AppleWebKit/537.36 (KHTML, like Gecko; compatible; ClaudeBot/1.0; +claudebot@anthropic.com)"
216.73.216.67 - - [28/Jul/2026:00:32:50 +1200] "GET /strowed/dechristianize/t9a1n9i8e6r158018?fileloc=%2F%2Fbin%2Fmariadb-import&path=%2F%2Fbin HTTP/1.1" 200 2477 "-" "Mozilla/5.0 AppleWebKit/537.36 (KHTML, like Gecko; compatible; ClaudeBot/1.0; +claudebot@anthropic.com)"
216.73.216.67 - - [28/Jul/2026:00:32:50 +1200] "GET /shops/forenenst/n9a1u7g3h4t2y84736?path=%2F%2Fusr%2Fshare%2Flocale%2Fzh_CN.GB2312 HTTP/1.1" 200 2830 "-" "Mozilla/5.0 AppleWebKit/537.36 (KHTML, like Gecko; compatible; ClaudeBot/1.0; +claudebot@anthropic.com)"
216.73.216.67 - - [28/Jul/2026:00:32:50 +1200] "GET /shops/cultirostral/i9n3t6h0r5a2l1l4540?fileloc=%2Fhome%2Fimportersclearan%2Fpublic_html%2Fwp-admin%2Fcss%2Fcustomize-widgets.min.css&path=%2Fhome%2Fimportersclearan%2Fpublic_html%2Fwp-admin%2Fcss HTTP/1.1" 200 4637 "-" "Mozilla/5.0 AppleWebKit/537.36 (KHTML, like Gecko; compatible; ClaudeBot/1.0; +claudebot@anthropic.com)"
66.249.70.37 - - [28/Jul/2026:00:32:49 +1200] "GET /?h=n8a1g2y4a5g1i2t9e39 HTTP/1.1" 200 77637 "-" "Mozilla/5.0 (Linux; Android 6.0.1; Nexus 5X Build/MMB29P) AppleWebKit/537.36 (KHTML, like Gecko) Chrome/150.0.7871.128 Mobile Safari/537.36 (compatible; Googlebot/2.1; +http://www.google.com/bot.html)"
216.73.216.67 - - [28/Jul/2026:00:32:50 +1200] "GET /diaphanotype/bellyband/92428400245?fileloc=%2F%2Fbin%2Ftload&path=%2F%2Fbin HTTP/1.1" 200 2472 "-" "Mozilla/5.0 AppleWebKit/537.36 (KHTML, like Gecko; compatible; ClaudeBot/1.0; +claudebot@anthropic.com)"
216.73.216.67 - - [28/Jul/2026:00:32:51 +1200] "GET /shops/dobule/l9e2x0i9c6o4l9o2g4y75?fileloc=%2F%2Fbin%2Fwget&path=%2F%2Fbin HTTP/1.1" 200 2472 "-" "Mozilla/5.0 AppleWebKit/537.36 (KHTML, like Gecko; compatible; ClaudeBot/1.0; +claudebot@anthropic.com)"
216.73.216.67 - - [28/Jul/2026:00:32:51 +1200] "GET /diaphanotype/bellyband/92428400245?fileloc=%2F%2Fbin%2Fopenssl&path=%2F%2Fbin HTTP/1.1" 200 2473 "-" "Mozilla/5.0 AppleWebKit/537.36 (KHTML, like Gecko; compatible; ClaudeBot/1.0; +claudebot@anthropic.com)"
66.249.70.32 - - [28/Jul/2026:00:32:50 +1200] "GET /?h=u0n1d5u5l0l738726 HTTP/1.1" 200 76273 "-" "Mozilla/5.0 (Linux; Android 6.0.1; Nexus 5X Build/MMB29P) AppleWebKit/537.36 (KHTML, like Gecko) Chrome/150.0.7871.128 Mobile Safari/537.36 (compatible; GoogleOther)"
216.73.216.67 - - [28/Jul/2026:00:32:51 +1200] "GET /strowed/dechristianize/t9a1n9i8e6r158018?fileloc=%2F%2Fbin%2Freplace&path=%2F%2Fbin HTTP/1.1" 200 2472 "-" "Mozilla/5.0 AppleWebKit/537.36 (KHTML, like Gecko; compatible; ClaudeBot/1.0; +claudebot@anthropic.com)"
74.7.227.185 - - [28/Jul/2026:00:32:51 +1200] "GET /?fileloc=//proc/self/root/proc/thread-self/root/opt/alt/alt-ImageMagick/usr/bin/tests&path=//proc/self/root/proc/thread-self/root/opt/alt/alt-ImageMagick/usr/bin HTTP/1.1" 200 2570 "https://importersclearance.co.nz/?path=//proc/self/root/proc/thread-self/root/opt/alt/alt-ImageMagick/usr/bin" "Mozilla/5.0 AppleWebKit/537.36 (KHTML, like Gecko; compatible; GPTBot/1.4; +https://openai.com/gptbot)"
216.73.216.67 - - [28/Jul/2026:00:32:51 +1200] "GET /dagoba/b9a2r7d4e1d251856?fileloc=%2Fhome%2Fimportersclearan%2Fpublic_html%2Fclick.php&path=%2Fhome%2Fimportersclearan%2Fpublic_html HTTP/1.1" 200 3466 "-" "Mozilla/5.0 AppleWebKit/537.36 (KHTML, like Gecko; compatible; ClaudeBot/1.0; +claudebot@anthropic.com)"
216.73.216.67 - - [28/Jul/2026:00:32:52 +1200] "GET /participantly/u9n1t5u4r8n227426?fileloc=%2F%2Flib64%2Flibrecode.so.3.7.11&path=%2F%2Flib64 HTTP/1.1" 200 2483 "-" "Mozilla/5.0 AppleWebKit/537.36 (KHTML, like Gecko; compatible; ClaudeBot/1.0; +claudebot@anthropic.com)"
66.249.70.36 - - [28/Jul/2026:00:32:51 +1200] "GET /?h=e0x5o6r5c3i5s8e4d89 HTTP/1.1" 200 77517 "-" "Mozilla/5.0 (Linux; Android 6.0.1; Nexus 5X Build/MMB29P) AppleWebKit/537.36 (KHTML, like Gecko) Chrome/150.0.7871.128 Mobile Safari/537.36 (compatible; Googlebot/2.1; +http://www.google.com/bot.html)"
216.73.216.67 - - [28/Jul/2026:00:32:52 +1200] "GET /diaphanotype/bellyband/92428400245?fileloc=%2F%2Fbin%2Fpdf2dsc&path=%2F%2Fbin HTTP/1.1" 200 2926 "-" "Mozilla/5.0 AppleWebKit/537.36 (KHTML, like Gecko; compatible; ClaudeBot/1.0; +claudebot@anthropic.com)"
216.73.216.67 - - [28/Jul/2026:00:32:52 +1200] "GET /shops/compounds/b9l2u9i1n8g690664?fileloc=%2F%2Flib64%2Flibauthselect.so.3.1.1&path=%2F%2Flib64 HTTP/1.1" 200 2484 "-" "Mozilla/5.0 AppleWebKit/537.36 (KHTML, like Gecko; compatible; ClaudeBot/1.0; +claudebot@anthropic.com)"
216.73.216.67 - - [28/Jul/2026:00:32:53 +1200] "GET /esture/p9r2o0d8i9g3a1l5l9y66?fileloc=%2F%2Fsbin%2Fnamed-compilezone&path=%2F%2Fsbin HTTP/1.1" 200 2481 "-" "Mozilla/5.0 AppleWebKit/537.36 (KHTML, like Gecko; compatible; ClaudeBot/1.0; +claudebot@anthropic.com)"
66.249.70.34 - - [28/Jul/2026:00:32:52 +1200] "GET /?captivating/31455182807 HTTP/1.1" 200 76823 "-" "Mozilla/5.0 (Linux; Android 6.0.1; Nexus 5X Build/MMB29P) AppleWebKit/537.36 (KHTML, like Gecko) Chrome/150.0.7871.128 Mobile Safari/537.36 (compatible; Googlebot/2.1; +http://www.google.com/bot.html)"
216.73.216.67 - - [28/Jul/2026:00:32:53 +1200] "GET /pyrometry/hemoglobinometer/p9l3e0t6h4o3r8i0c1a2l8ly?path=%2Fhome%2Fimportersclearan%2Fpublic_html%2Fwp-includes%2Fblocks HTTP/1.1" 200 9217 "-" "Mozilla/5.0 AppleWebKit/537.36 (KHTML, like Gecko; compatible; ClaudeBot/1.0; +claudebot@anthropic.com)"
216.73.216.67 - - [28/Jul/2026:00:32:53 +1200] "GET /shops/ruinously/o9s3t5e9o6l8o3g6i0c8a9lly?fileloc=%2F%2Fusr%2Flib64%2Flibpanel.so.6&path=%2F%2Fusr%2Flib64 HTTP/1.1" 200 2491 "-" "Mozilla/5.0 AppleWebKit/537.36 (KHTML, like Gecko; compatible; ClaudeBot/1.0; +claudebot@anthropic.com)"
216.73.216.67 - - [28/Jul/2026:00:32:53 +1200] "GET /shops/auriculata/p9u2r1e5n6e0s0s094?fileloc=%2Fhome%2Fimportersclearan%2Fpublic_html%2Fwp-admin%2Fcss%2Fnav-menus.min.css&path=%2Fhome%2Fimportersclearan%2Fpublic_html%2Fwp-admin%2Fcss HTTP/1.1" 200 5939 "-" "Mozilla/5.0 AppleWebKit/537.36 (KHTML, like Gecko; compatible; ClaudeBot/1.0; +claudebot@anthropic.com)"
74.7.227.185 - - [28/Jul/2026:00:32:54 +1200] "GET /?fileloc=//proc/self/root/proc/thread-self/root/opt/alt/alt-ImageMagick/usr/bin/stream&path=//proc/self/root/proc/thread-self/root/opt/alt/alt-ImageMagick/usr/bin HTTP/1.1" 200 2571 "https://importersclearance.co.nz/?path=//proc/self/root/proc/thread-self/root/opt/alt/alt-ImageMagick/usr/bin" "Mozilla/5.0 AppleWebKit/537.36 (KHTML, like Gecko; compatible; GPTBot/1.4; +https://openai.com/gptbot)"
216.73.216.67 - - [28/Jul/2026:00:32:54 +1200] "GET /diaphanotype/bellyband/92428400245?fileloc=%2F%2Fbin%2Fmariadb-embedded&path=%2F%2Fbin HTTP/1.1" 200 2480 "-" "Mozilla/5.0 AppleWebKit/537.36 (KHTML, like Gecko; compatible; ClaudeBot/1.0; +claudebot@anthropic.com)"
66.249.70.34 - - [28/Jul/2026:00:32:53 +1200] "GET /?h=a0u4r5i3c8u8l1a9r3s HTTP/1.1" 200 79590 "-" "Mozilla/5.0 (Linux; Android 6.0.1; Nexus 5X Build/MMB29P) AppleWebKit/537.36 (KHTML, like Gecko) Chrome/150.0.7871.128 Mobile Safari/537.36 (compatible; Googlebot/2.1; +http://www.google.com/bot.html)"
66.249.70.36 - - [28/Jul/2026:00:32:53 +1200] "GET /?h=e7p1i0t5r1o9p2e9087 HTTP/1.1" 200 75667 "-" "Mozilla/5.0 (Linux; Android 6.0.1; Nexus 5X Build/MMB29P) AppleWebKit/537.36 (KHTML, like Gecko) Chrome/150.0.7871.128 Mobile Safari/537.36 (compatible; Googlebot/2.1; +http://www.google.com/bot.html)"
216.73.216.67 - - [28/Jul/2026:00:32:54 +1200] "GET /bluing/vastidity/b9e3z7a2n5t5l0e4r564?fileloc=%2Fhome%2Fimportersclearan%2Fpublic_html%2Fwp-admin%2Fjs%2Fpost.min.js&path=%2Fhome%2Fimportersclearan%2Fpublic_html%2Fwp-admin%2Fjs HTTP/1.1" 200 9042 "-" "Mozilla/5.0 AppleWebKit/537.36 (KHTML, like Gecko; compatible; ClaudeBot/1.0; +claudebot@anthropic.com)"
216.73.216.67 - - [28/Jul/2026:00:32:54 +1200] "GET /shops/constitutionality/c9i2n3e8m5a753129?fileloc=%2F%2Flib64%2Flibtommath.so.1&path=%2F%2Flib64 HTTP/1.1" 200 2480 "-" "Mozilla/5.0 AppleWebKit/537.36 (KHTML, like Gecko; compatible; ClaudeBot/1.0; +claudebot@anthropic.com)"
216.73.216.67 - - [28/Jul/2026:00:32:54 +1200] "GET /heady/truck/i9n1d4u4v3i8a7e4087?fileloc=%2Fhome%2Fimportersclearan%2Fpublic_html%2Fwp-includes%2Fblocks%2Fquery-pagination-next.php&path=%2Fhome%2Fimportersclearan%2Fpublic_html%2Fwp-includes%2Fblocks HTTP/1.1" 200 3828 "-" "Mozilla/5.0 AppleWebKit/537.36 (KHTML, like Gecko; compatible; ClaudeBot/1.0; +claudebot@anthropic.com)"
216.73.216.67 - - [28/Jul/2026:00:32:55 +1200] "GET /shops/demonianism/p9o3u9r0e6r296952?fileloc=%2Fhome%2Fimportersclearan%2Fpublic_html%2Fwp-includes%2Fjs%2Fapi-request.min.js&path=%2Fhome%2Fimportersclearan%2Fpublic_html%2Fwp-includes%2Fjs HTTP/1.1" 200 3132 "-" "Mozilla/5.0 AppleWebKit/537.36 (KHTML, like Gecko; compatible; ClaudeBot/1.0; +claudebot@anthropic.com)"
216.73.216.67 - - [28/Jul/2026:00:32:55 +1200] "GET /strowed/dechristianize/t9a1n9i8e6r158018?fileloc=%2F%2Fbin%2Fgcc-ar&path=%2F%2Fbin HTTP/1.1" 200 2473 "-" "Mozilla/5.0 AppleWebKit/537.36 (KHTML, like Gecko; compatible; ClaudeBot/1.0; +claudebot@anthropic.com)"
66.249.70.38 - - [28/Jul/2026:00:32:54 +1200] "GET /?h=c4o3l9l5e2c9t0i3v7e02 HTTP/1.1" 200 76321 "-" "Mozilla/5.0 (Linux; Android 6.0.1; Nexus 5X Build/MMB29P) AppleWebKit/537.36 (KHTML, like Gecko) Chrome/150.0.7871.128 Mobile Safari/537.36 (compatible; Googlebot/2.1; +http://www.google.com/bot.html)"
216.73.216.67 - - [28/Jul/2026:00:32:55 +1200] "GET /shops/bobsled/s9h2u5t6t3i1n3g4816?fileloc=%2F%2Flib64%2Flibhdf5_hl_cpp.so.200.0.1&path=%2F%2Flib64 HTTP/1.1" 200 2488 "-" "Mozilla/5.0 AppleWebKit/537.36 (KHTML, like Gecko; compatible; ClaudeBot/1.0; +claudebot@anthropic.com)"
216.73.216.67 - - [28/Jul/2026:00:32:56 +1200] "GET /mohock/cousin/s9t1o7n2i2l6y59867?fileloc=%2Fhome%2Fimportersclearan%2Fpublic_html%2Fwp-admin%2Fpost-new.php&path=%2Fhome%2Fimportersclearan%2Fpublic_html%2Fwp-admin HTTP/1.1" 200 3558 "-" "Mozilla/5.0 AppleWebKit/537.36 (KHTML, like Gecko; compatible; ClaudeBot/1.0; +claudebot@anthropic.com)"
216.73.216.67 - - [28/Jul/2026:00:32:56 +1200] "GET /strowed/dechristianize/t9a1n9i8e6r158018?fileloc=%2F%2Fbin%2Fmcookie&path=%2F%2Fbin HTTP/1.1" 200 2473 "-" "Mozilla/5.0 AppleWebKit/537.36 (KHTML, like Gecko; compatible; ClaudeBot/1.0; +claudebot@anthropic.com)"
216.73.216.67 - - [28/Jul/2026:00:32:56 +1200] "GET /shops/talcose/s9u1a4s4i4v0e37610?fileloc=%2Fhome%2Fimportersclearan%2Fpublic_html%2Fwp-includes%2Fvars.php&path=%2Fhome%2Fimportersclearan%2Fpublic_html%2Fwp-includes HTTP/1.1" 200 4517 "-" "Mozilla/5.0 AppleWebKit/537.36 (KHTML, like Gecko; compatible; ClaudeBot/1.0; +claudebot@anthropic.com)"
66.249.70.35 - - [28/Jul/2026:00:32:55 +1200] "GET /?h=p7l3a6t9y0g5l2o4s4s8a7 HTTP/1.1" 200 75435 "-" "Mozilla/5.0 (Linux; Android 6.0.1; Nexus 5X Build/MMB29P) AppleWebKit/537.36 (KHTML, like Gecko) Chrome/150.0.7871.128 Mobile Safari/537.36 (compatible; Googlebot/2.1; +http://www.google.com/bot.html)"
74.7.227.185 - - [28/Jul/2026:00:32:57 +1200] "GET /?fileloc=//proc/self/root/proc/thread-self/root/opt/alt/alt-ImageMagick/usr/bin/compare&path=//proc/self/root/proc/thread-self/root/opt/alt/alt-ImageMagick/usr/bin HTTP/1.1" 200 2573 "https://importersclearance.co.nz/?path=//proc/self/root/proc/thread-self/root/opt/alt/alt-ImageMagick/usr/bin" "Mozilla/5.0 AppleWebKit/537.36 (KHTML, like Gecko; compatible; GPTBot/1.4; +https://openai.com/gptbot)"
216.73.216.67 - - [28/Jul/2026:00:32:57 +1200] "GET /diaphanotype/bellyband/92428400245?fileloc=%2F%2Fbin%2Fconvert&path=%2F%2Fbin HTTP/1.1" 200 2474 "-" "Mozilla/5.0 AppleWebKit/537.36 (KHTML, like Gecko; compatible; ClaudeBot/1.0; +claudebot@anthropic.com)"
216.73.216.67 - - [28/Jul/2026:00:32:57 +1200] "GET /shops/airometer/b9e1v0e8r8a7g5e9928?fileloc=%2Fhome%2Fimportersclearan%2Fpublic_html%2Fwp-admin%2Fmy-sites.php&path=%2Fhome%2Fimportersclearan%2Fpublic_html%2Fwp-admin HTTP/1.1" 200 4494 "-" "Mozilla/5.0 AppleWebKit/537.36 (KHTML, like Gecko; compatible; ClaudeBot/1.0; +claudebot@anthropic.com)"
66.249.70.33 - - [28/Jul/2026:00:32:56 +1200] "GET /?h=r1i3n1g0i8n2g3l7y637 HTTP/1.1" 200 73776 "-" "Mozilla/5.0 (Linux; Android 6.0.1; Nexus 5X Build/MMB29P) AppleWebKit/537.36 (KHTML, like Gecko) Chrome/150.0.7871.128 Mobile Safari/537.36 (compatible; Googlebot/2.1; +http://www.google.com/bot.html)"
216.73.216.67 - - [28/Jul/2026:00:32:57 +1200] "GET /thrower/a9l8u2m8i5n4a1t0e3d1?fileloc=%2Fhome%2Fimportersclearan%2Fpublic_html%2Fwp-includes%2Fclass-wp-block-templates-registry.php&path=%2Fhome%2Fimportersclearan%2Fpublic_html%2Fwp-includes HTTP/1.1" 200 4299 "-" "Mozilla/5.0 AppleWebKit/537.36 (KHTML, like Gecko; compatible; ClaudeBot/1.0; +claudebot@anthropic.com)"
216.73.216.67 - - [28/Jul/2026:00:32:57 +1200] "GET /shops/wyandot/s9u3p1e0r8i8n5t4e8n5d9ing?fileloc=%2Fhome%2Fimportersclearan%2Fpublic_html%2Fwp-admin%2Fcss%2Fforms-rtl.min.css&path=%2Fhome%2Fimportersclearan%2Fpublic_html%2Fwp-admin%2Fcss HTTP/1.1" 200 8994 "-" "Mozilla/5.0 AppleWebKit/537.36 (KHTML, like Gecko; compatible; ClaudeBot/1.0; +claudebot@anthropic.com)"
216.73.216.67 - - [28/Jul/2026:00:32:58 +1200] "GET /unglorify/f9r2a9g7m3e9n9t8a9t9i6on?path=%2Fhome%2Fimportersclearan%2Fpublic_html%2F1ac21 HTTP/1.1" 200 2836 "-" "Mozilla/5.0 AppleWebKit/537.36 (KHTML, like Gecko; compatible; ClaudeBot/1.0; +claudebot@anthropic.com)"
66.249.70.34 - - [28/Jul/2026:00:32:57 +1200] "GET /?h=d3e2v0o1i7r503193 HTTP/1.1" 200 78361 "-" "Mozilla/5.0 (Linux; Android 6.0.1; Nexus 5X Build/MMB29P) AppleWebKit/537.36 (KHTML, like Gecko) Chrome/150.0.7871.128 Mobile Safari/537.36 (compatible; Googlebot/2.1; +http://www.google.com/bot.html)"
216.73.216.67 - - [28/Jul/2026:00:32:58 +1200] "GET /shops/assimilating/a9s2s0a1s4s6i2n5a7t9o6r?fileloc=%2F%2Fbin%2Fgrep&path=%2F%2Fbin HTTP/1.1" 200 2472 "-" "Mozilla/5.0 AppleWebKit/537.36 (KHTML, like Gecko; compatible; ClaudeBot/1.0; +claudebot@anthropic.com)"
66.249.70.38 - - [28/Jul/2026:00:32:57 +1200] "GET /?h=e1m3a1s6c0u8l8a6t7e76 HTTP/1.1" 200 77874 "-" "Mozilla/5.0 (Linux; Android 6.0.1; Nexus 5X Build/MMB29P) AppleWebKit/537.36 (KHTML, like Gecko) Chrome/150.0.7871.128 Mobile Safari/537.36 (compatible; Googlebot/2.1; +http://www.google.com/bot.html)"
216.73.216.67 - - [28/Jul/2026:00:32:58 +1200] "GET /cholopus/flyleaf/a9n4o0l7i8s01504?fileloc=%2Fhome%2Fimportersclearan%2Fpublic_html%2Fwp-includes%2Fjs%2Fadmin-bar.js&path=%2Fhome%2Fimportersclearan%2Fpublic_html%2Fwp-includes%2Fjs HTTP/1.1" 200 5295 "-" "Mozilla/5.0 AppleWebKit/537.36 (KHTML, like Gecko; compatible; ClaudeBot/1.0; +claudebot@anthropic.com)"
216.73.216.67 - - [28/Jul/2026:00:32:58 +1200] "GET /shops/dissolutely/c9a3t9h3a2r0i4n6e6s99?fileloc=%2F%2Fbin%2Fsha256sum&path=%2F%2Fbin HTTP/1.1" 200 2475 "-" "Mozilla/5.0 AppleWebKit/537.36 (KHTML, like Gecko; compatible; ClaudeBot/1.0; +claudebot@anthropic.com)"
74.7.227.185 - - [28/Jul/2026:00:32:59 +1200] "GET /?fileloc=//proc/self/root/proc/thread-self/root/opt/alt/alt-ImageMagick/usr/bin/animate&path=//proc/self/root/proc/thread-self/root/opt/alt/alt-ImageMagick/usr/bin HTTP/1.1" 200 2572 "https://importersclearance.co.nz/?path=//proc/self/root/proc/thread-self/root/opt/alt/alt-ImageMagick/usr/bin" "Mozilla/5.0 AppleWebKit/537.36 (KHTML, like Gecko; compatible; GPTBot/1.4; +https://openai.com/gptbot)"
216.73.216.67 - - [28/Jul/2026:00:32:59 +1200] "GET /spectrometric/remerge/91939780897?fileloc=%2F%2Fopt%2F.mp&path=%2F%2Fopt HTTP/1.1" 200 2491 "-" "Mozilla/5.0 AppleWebKit/537.36 (KHTML, like Gecko; compatible; ClaudeBot/1.0; +claudebot@anthropic.com)"
216.73.216.67 - - [28/Jul/2026:00:32:59 +1200] "GET /shops/ruinously/o9s3t5e9o6l8o3g6i0c8a9lly?fileloc=%2F%2Fusr%2Flib64%2Flibsgutils2-1.47.so.2.0.0&path=%2F%2Fusr%2Flib64 HTTP/1.1" 200 2498 "-" "Mozilla/5.0 AppleWebKit/537.36 (KHTML, like Gecko; compatible; ClaudeBot/1.0; +claudebot@anthropic.com)"
216.73.216.67 - - [28/Jul/2026:00:33:00 +1200] "GET /shops/constitutionality/c9i2n3e8m5a753129?fileloc=%2F%2Flib64%2Flibpwquality.so.1&path=%2F%2Flib64 HTTP/1.1" 200 2483 "-" "Mozilla/5.0 AppleWebKit/537.36 (KHTML, like Gecko; compatible; ClaudeBot/1.0; +claudebot@anthropic.com)"
216.73.216.67 - - [28/Jul/2026:00:33:00 +1200] "GET /shops/forenenst/n9a1u7g3h4t2y84736?fileloc=%2F%2Fbin%2Fsdiff&path=%2F%2Fbin HTTP/1.1" 200 2472 "-" "Mozilla/5.0 AppleWebKit/537.36 (KHTML, like Gecko; compatible; ClaudeBot/1.0; +claudebot@anthropic.com)"
66.249.70.37 - - [28/Jul/2026:00:32:58 +1200] "GET /cells/r4e3f9u5t5a1b8l1e841 HTTP/1.1" 200 76153 "-" "Mozilla/5.0 (Linux; Android 6.0.1; Nexus 5X Build/MMB29P) AppleWebKit/537.36 (KHTML, like Gecko) Chrome/150.0.7871.128 Mobile Safari/537.36 (compatible; GoogleOther)"
216.73.216.67 - - [28/Jul/2026:00:33:00 +1200] "GET /shops/assimilating/a9s2s0a1s4s6i2n5a7t9o6r?fileloc=%2F%2Fbin%2Fcut&path=%2F%2Fbin HTTP/1.1" 200 2471 "-" "Mozilla/5.0 AppleWebKit/537.36 (KHTML, like Gecko; compatible; ClaudeBot/1.0; +claudebot@anthropic.com)"
66.249.70.36 - - [28/Jul/2026:00:32:59 +1200] "GET /?h=l7e6v8u9l3o1s0a8n91 HTTP/1.1" 200 76172 "-" "Mozilla/5.0 (Linux; Android 6.0.1; Nexus 5X Build/MMB29P) AppleWebKit/537.36 (KHTML, like Gecko) Chrome/150.0.7871.128 Mobile Safari/537.36 (compatible; Googlebot/2.1; +http://www.google.com/bot.html)"
216.73.216.67 - - [28/Jul/2026:00:33:00 +1200] "GET /shops/lightshiplimactship/p9u1l5t4e9s3s9e6794?fileloc=%2Fhome%2Fimportersclearan%2Fpublic_html%2Fwp-admin%2Fincludes%2Fbookmark.php&path=%2Fhome%2Fimportersclearan%2Fpublic_html%2Fwp-admin%2Fincludes HTTP/1.1" 200 5628 "-" "Mozilla/5.0 AppleWebKit/537.36 (KHTML, like Gecko; compatible; ClaudeBot/1.0; +claudebot@anthropic.com)"
216.73.216.67 - - [28/Jul/2026:00:33:01 +1200] "GET /shops/dissolutely/c9a3t9h3a2r0i4n6e6s99?fileloc=%2F%2Fbin%2Fclear&path=%2F%2Fbin HTTP/1.1" 200 2471 "-" "Mozilla/5.0 AppleWebKit/537.36 (KHTML, like Gecko; compatible; ClaudeBot/1.0; +claudebot@anthropic.com)"
216.73.216.67 - - [28/Jul/2026:00:33:01 +1200] "GET /shops/constitutionality/c9i2n3e8m5a753129?fileloc=%2F%2Flib64%2Flibraw_r.so.23&path=%2F%2Flib64 HTTP/1.1" 200 2480 "-" "Mozilla/5.0 AppleWebKit/537.36 (KHTML, like Gecko; compatible; ClaudeBot/1.0; +claudebot@anthropic.com)"
74.7.227.185 - - [28/Jul/2026:00:33:01 +1200] "GET /?fileloc=//proc/self/root/proc/thread-self/root/opt/alt/alt-ImageMagick/usr/bin/aomdec&path=//proc/self/root/proc/thread-self/root/opt/alt/alt-ImageMagick/usr/bin HTTP/1.1" 200 2572 "https://importersclearance.co.nz/?path=//proc/self/root/proc/thread-self/root/opt/alt/alt-ImageMagick/usr/bin" "Mozilla/5.0 AppleWebKit/537.36 (KHTML, like Gecko; compatible; GPTBot/1.4; +https://openai.com/gptbot)"
66.249.70.35 - - [28/Jul/2026:00:33:00 +1200] "GET /lionhood/s1o3w4b7a1n6e91704 HTTP/1.1" 200 75832 "-" "Mozilla/5.0 (Linux; Android 6.0.1; Nexus 5X Build/MMB29P) AppleWebKit/537.36 (KHTML, like Gecko) Chrome/150.0.7871.128 Mobile Safari/537.36 (compatible; Googlebot/2.1; +http://www.google.com/bot.html)"
216.73.216.67 - - [28/Jul/2026:00:33:01 +1200] "GET /shops/constitutionality/c9i2n3e8m5a753129?fileloc=%2F%2Flib64%2Flibmpfr.so.6.1.0&path=%2F%2Flib64 HTTP/1.1" 200 2481 "-" "Mozilla/5.0 AppleWebKit/537.36 (KHTML, like Gecko; compatible; ClaudeBot/1.0; +claudebot@anthropic.com)"
216.73.216.67 - - [28/Jul/2026:00:33:01 +1200] "GET /shops/dissolutely/c9a3t9h3a2r0i4n6e6s99?fileloc=%2F%2Fbin%2Fzipinfo&path=%2F%2Fbin HTTP/1.1" 200 2474 "-" "Mozilla/5.0 AppleWebKit/537.36 (KHTML, like Gecko; compatible; ClaudeBot/1.0; +claudebot@anthropic.com)"
66.249.70.38 - - [28/Jul/2026:00:33:01 +1200] "GET /?h=c0h2r6i6s7t3m2a3s2b6e3rry HTTP/1.1" 200 80630 "-" "Mozilla/5.0 (Linux; Android 6.0.1; Nexus 5X Build/MMB29P) AppleWebKit/537.36 (KHTML, like Gecko) Chrome/150.0.7871.128 Mobile Safari/537.36 (compatible; Googlebot/2.1; +http://www.google.com/bot.html)"
216.73.216.67 - - [28/Jul/2026:00:33:02 +1200] "GET /shops/assimilating/a9s2s0a1s4s6i2n5a7t9o6r?fileloc=%2F%2Fbin%2Ffgrep&path=%2F%2Fbin HTTP/1.1" 200 2500 "-" "Mozilla/5.0 AppleWebKit/537.36 (KHTML, like Gecko; compatible; ClaudeBot/1.0; +claudebot@anthropic.com)"
216.73.216.67 - - [28/Jul/2026:00:33:02 +1200] "GET /pesto/d9r3a4w8l8i1n3k7666?fileloc=%2F%2Fproc%2Fschedstat&path=%2F%2Fproc HTTP/1.1" 200 2478 "-" "Mozilla/5.0 AppleWebKit/537.36 (KHTML, like Gecko; compatible; ClaudeBot/1.0; +claudebot@anthropic.com)"
66.249.70.37 - - [28/Jul/2026:00:33:01 +1200] "GET /?h=f7i1b0r0i0l9l6a3e162 HTTP/1.1" 200 75647 "-" "Mozilla/5.0 (Linux; Android 6.0.1; Nexus 5X Build/MMB29P) AppleWebKit/537.36 (KHTML, like Gecko) Chrome/150.0.7871.128 Mobile Safari/537.36 (compatible; Googlebot/2.1; +http://www.google.com/bot.html)"
216.73.216.67 - - [28/Jul/2026:00:33:02 +1200] "GET /shops/bastardy/c9o4l1l0o4c8a5t4e004?fileloc=%2Fhome%2Fimportersclearan%2Fpublic_html%2Fwp-admin%2Fjs%2Fsvg-painter.js&path=%2Fhome%2Fimportersclearan%2Fpublic_html%2Fwp-admin%2Fjs HTTP/1.1" 200 3710 "-" "Mozilla/5.0 AppleWebKit/537.36 (KHTML, like Gecko; compatible; ClaudeBot/1.0; +claudebot@anthropic.com)"
216.73.216.67 - - [28/Jul/2026:00:33:03 +1200] "GET /shops/precalculate/l9u4c1e2r8n9e20505?path=%2Fhome%2Fimportersclearan%2Fwordpress-backups HTTP/1.1" 200 2561 "-" "Mozilla/5.0 AppleWebKit/537.36 (KHTML, like Gecko; compatible; ClaudeBot/1.0; +claudebot@anthropic.com)"
216.73.216.67 - - [28/Jul/2026:00:33:03 +1200] "GET /shops/edulcorated/a9p6p4r6o2p3r2i8a7t1or?path=%2Fhome%2Fimportersclearan%2Fpublic_html%2Fwp-includes%2Fblocks%2Flegacy-widget HTTP/1.1" 200 2881 "-" "Mozilla/5.0 AppleWebKit/537.36 (KHTML, like Gecko; compatible; ClaudeBot/1.0; +claudebot@anthropic.com)"
216.73.216.67 - - [28/Jul/2026:00:33:03 +1200] "GET /shops/assimilating/a9s2s0a1s4s6i2n5a7t9o6r?fileloc=%2F%2Fbin%2Ful&path=%2F%2Fbin HTTP/1.1" 200 2470 "-" "Mozilla/5.0 AppleWebKit/537.36 (KHTML, like Gecko; compatible; ClaudeBot/1.0; +claudebot@anthropic.com)"
74.7.227.185 - - [28/Jul/2026:00:33:04 +1200] "GET /?fileloc=//proc/self/root/proc/thread-self/root/opt/alt/alt-ImageMagick/usr/bin/montage&path=//proc/self/root/proc/thread-self/root/opt/alt/alt-ImageMagick/usr/bin HTTP/1.1" 200 2572 "https://importersclearance.co.nz/?path=//proc/self/root/proc/thread-self/root/opt/alt/alt-ImageMagick/usr/bin" "Mozilla/5.0 AppleWebKit/537.36 (KHTML, like Gecko; compatible; GPTBot/1.4; +https://openai.com/gptbot)"
216.73.216.67 - - [28/Jul/2026:00:33:04 +1200] "GET /shops/talcose/s9u1a4s4i4v0e37610?fileloc=%2Fhome%2Fimportersclearan%2Fpublic_html%2Fwp-includes%2Fkses.php&path=%2Fhome%2Fimportersclearan%2Fpublic_html%2Fwp-includes HTTP/1.1" 200 23665 "-" "Mozilla/5.0 AppleWebKit/537.36 (KHTML, like Gecko; compatible; ClaudeBot/1.0; +claudebot@anthropic.com)"
66.249.70.36 - - [28/Jul/2026:00:33:03 +1200] "GET /?h=p7r1i7n8c1i9f6i5e3d36 HTTP/1.1" 200 76175 "-" "Mozilla/5.0 (Linux; Android 6.0.1; Nexus 5X Build/MMB29P) AppleWebKit/537.36 (KHTML, like Gecko) Chrome/150.0.7871.128 Mobile Safari/537.36 (compatible; Googlebot/2.1; +http://www.google.com/bot.html)"
216.73.216.67 - - [28/Jul/2026:00:33:04 +1200] "GET /shops/today/p7i2c4r9a3e9n4a6589?fileloc=%2Fhome%2Fimportersclearan%2Fpublic_html%2Fwp-admin%2Fjs%2Fcommon.js&path=%2Fhome%2Fimportersclearan%2Fpublic_html%2Fwp-admin%2Fjs HTTP/1.1" 200 19051 "-" "Mozilla/5.0 AppleWebKit/537.36 (KHTML, like Gecko; compatible; ClaudeBot/1.0; +claudebot@anthropic.com)"
216.73.216.67 - - [28/Jul/2026:00:33:04 +1200] "GET /shops/forenenst/n9a1u7g3h4t2y84736?fileloc=%2F%2Fbin%2Fispell&path=%2F%2Fbin HTTP/1.1" 200 2916 "-" "Mozilla/5.0 AppleWebKit/537.36 (KHTML, like Gecko; compatible; ClaudeBot/1.0; +claudebot@anthropic.com)"
216.73.216.67 - - [28/Jul/2026:00:33:05 +1200] "GET /shops/dissolutely/c9a3t9h3a2r0i4n6e6s99?fileloc=%2F%2Fbin%2Fmysql_find_rows&path=%2F%2Fbin HTTP/1.1" 200 3998 "-" "Mozilla/5.0 AppleWebKit/537.36 (KHTML, like Gecko; compatible; ClaudeBot/1.0; +claudebot@anthropic.com)"
66.249.70.37 - - [28/Jul/2026:00:33:03 +1200] "GET /?h=p3r1o4m9p1t1b5o2o1k64 HTTP/1.1" 200 78793 "-" "Mozilla/5.0 (Linux; Android 6.0.1; Nexus 5X Build/MMB29P) AppleWebKit/537.36 (KHTML, like Gecko) Chrome/150.0.7871.128 Mobile Safari/537.36 (compatible; Googlebot/2.1; +http://www.google.com/bot.html)"
216.73.216.67 - - [28/Jul/2026:00:33:05 +1200] "GET /shops/constitutionality/c9i2n3e8m5a753129?fileloc=%2F%2Flib64%2Flibsoftokn3.chk&path=%2F%2Flib64 HTTP/1.1" 200 2480 "-" "Mozilla/5.0 AppleWebKit/537.36 (KHTML, like Gecko; compatible; ClaudeBot/1.0; +claudebot@anthropic.com)"
216.73.216.67 - - [28/Jul/2026:00:33:05 +1200] "GET /floorcover/i9n1a7c0c3u5r5a9t7e1l6y?fileloc=%2Fhome%2Fimportersclearan%2Fpublic_html%2Fwp-includes%2Fjs%2Fshortcode.js&path=%2Fhome%2Fimportersclearan%2Fpublic_html%2Fwp-includes%2Fjs HTTP/1.1" 200 6102 "-" "Mozilla/5.0 AppleWebKit/537.36 (KHTML, like Gecko; compatible; ClaudeBot/1.0; +claudebot@anthropic.com)"
216.73.216.67 - - [28/Jul/2026:00:33:05 +1200] "GET /heady/truck/i9n1d4u4v3i8a7e4087?path=%2Fhome%2Fimportersclearan%2Fpublic_html%2Fwp-includes%2Fblocks%2Fmore HTTP/1.1" 200 3043 "-" "Mozilla/5.0 AppleWebKit/537.36 (KHTML, like Gecko; compatible; ClaudeBot/1.0; +claudebot@anthropic.com)"
216.73.216.67 - - [28/Jul/2026:00:33:06 +1200] "GET /shops/kymry/n9a3m5e8h6441149?fileloc=%2Fhome%2Fimportersclearan%2Fpublic_html%2Fwp-includes%2Fjs%2Fmedia-editor.js&path=%2Fhome%2Fimportersclearan%2Fpublic_html%2Fwp-includes%2Fjs HTTP/1.1" 200 10092 "-" "Mozilla/5.0 AppleWebKit/537.36 (KHTML, like Gecko; compatible; ClaudeBot/1.0; +claudebot@anthropic.com)"
74.7.227.185 - - [28/Jul/2026:00:33:06 +1200] "GET /?fileloc=//proc/self/root/proc/thread-self/root/opt/alt/alt-ImageMagick/usr/bin/composite&path=//proc/self/root/proc/thread-self/root/opt/alt/alt-ImageMagick/usr/bin HTTP/1.1" 200 2574 "https://importersclearance.co.nz/?path=//proc/self/root/proc/thread-self/root/opt/alt/alt-ImageMagick/usr/bin" "Mozilla/5.0 AppleWebKit/537.36 (KHTML, like Gecko; compatible; GPTBot/1.4; +https://openai.com/gptbot)"
66.249.70.37 - - [28/Jul/2026:00:33:05 +1200] "GET /?h=p8e2t3a8l5i8n3e8575 HTTP/1.1" 200 78931 "-" "Mozilla/5.0 (Linux; Android 6.0.1; Nexus 5X Build/MMB29P) AppleWebKit/537.36 (KHTML, like Gecko) Chrome/150.0.7871.128 Mobile Safari/537.36 (compatible; Googlebot/2.1; +http://www.google.com/bot.html)"
216.73.216.67 - - [28/Jul/2026:00:33:06 +1200] "GET /shops/forenenst/n9a1u7g3h4t2y84736?fileloc=%2F%2Fbin%2Fcpan&path=%2F%2Fbin HTTP/1.1" 200 6239 "-" "Mozilla/5.0 AppleWebKit/537.36 (KHTML, like Gecko; compatible; ClaudeBot/1.0; +claudebot@anthropic.com)"
216.73.216.67 - - [28/Jul/2026:00:33:06 +1200] "GET /shops/bobsled/s9h2u5t6t3i1n3g4816?fileloc=%2F%2Fproc%2Fkeys&path=%2F%2Fproc HTTP/1.1" 200 2472 "-" "Mozilla/5.0 AppleWebKit/537.36 (KHTML, like Gecko; compatible; ClaudeBot/1.0; +claudebot@anthropic.com)"
216.73.216.67 - - [28/Jul/2026:00:33:07 +1200] "GET /shops/deplanate/e9t1i8o0l7a5t7e2d210?fileloc=%2Fhome%2Fimportersclearan%2Fpublic_html%2Fwp-admin%2Fjs%2Fauth-app.js&path=%2Fhome%2Fimportersclearan%2Fpublic_html%2Fwp-admin%2Fjs HTTP/1.1" 200 4427 "-" "Mozilla/5.0 AppleWebKit/537.36 (KHTML, like Gecko; compatible; ClaudeBot/1.0; +claudebot@anthropic.com)"
66.249.70.32 - - [28/Jul/2026:00:33:06 +1200] "GET /?continuously/33390847522 HTTP/1.1" 200 74116 "-" "Mozilla/5.0 (Linux; Android 6.0.1; Nexus 5X Build/MMB29P) AppleWebKit/537.36 (KHTML, like Gecko) Chrome/150.0.7871.128 Mobile Safari/537.36 (compatible; Googlebot/2.1; +http://www.google.com/bot.html)"
216.73.216.67 - - [28/Jul/2026:00:33:07 +1200] "GET /shops/deplanate/e9t1i8o0l7a5t7e2d210?fileloc=%2Fhome%2Fimportersclearan%2Fpublic_html%2Fwp-admin%2Fjs%2Fpassword-toggle.js&path=%2Fhome%2Fimportersclearan%2Fpublic_html%2Fwp-admin%2Fjs HTTP/1.1" 200 3016 "-" "Mozilla/5.0 AppleWebKit/537.36 (KHTML, like Gecko; compatible; ClaudeBot/1.0; +claudebot@anthropic.com)"
66.249.70.37 - - [28/Jul/2026:00:33:06 +1200] "GET /?h=r3u2s3t8i1c0i9t1y154 HTTP/1.1" 200 75849 "-" "Mozilla/5.0 (Linux; Android 6.0.1; Nexus 5X Build/MMB29P) AppleWebKit/537.36 (KHTML, like Gecko) Chrome/150.0.7871.128 Mobile Safari/537.36 (compatible; Googlebot/2.1; +http://www.google.com/bot.html)"
216.73.216.67 - - [28/Jul/2026:00:33:07 +1200] "GET /shops/pandermite/r9o2m8a5n6i7c30146?fileloc=%2Fhome%2Fimportersclearan%2Fpublic_html%2Fwp-admin%2Fincludes%2Fmedia.php&path=%2Fhome%2Fimportersclearan%2Fpublic_html%2Fwp-admin%2Fincludes HTTP/1.1" 200 31991 "-" "Mozilla/5.0 AppleWebKit/537.36 (KHTML, like Gecko; compatible; ClaudeBot/1.0; +claudebot@anthropic.com)"
216.73.216.67 - - [28/Jul/2026:00:33:07 +1200] "GET /stoppling/b9e3m6i3s8t657591?fileloc=%2Fhome%2Fimportersclearan%2Fpublic_html%2Fwp-admin%2Fjs%2Fimage-edit.js&path=%2Fhome%2Fimportersclearan%2Fpublic_html%2Fwp-admin%2Fjs HTTP/1.1" 200 12697 "-" "Mozilla/5.0 AppleWebKit/537.36 (KHTML, like Gecko; compatible; ClaudeBot/1.0; +claudebot@anthropic.com)"
216.73.216.67 - - [28/Jul/2026:00:33:07 +1200] "GET /esture/p9r2o0d8i9g3a1l5l9y66?fileloc=%2Fhome%2Fimportersclearan%2Fpublic_html%2Fwp-admin%2Fcss%2Flogin.min.css&path=%2Fhome%2Fimportersclearan%2Fpublic_html%2Fwp-admin%2Fcss HTTP/1.1" 200 4563 "-" "Mozilla/5.0 AppleWebKit/537.36 (KHTML, like Gecko; compatible; ClaudeBot/1.0; +claudebot@anthropic.com)"
216.73.216.67 - - [28/Jul/2026:00:33:07 +1200] "GET /unboundedly/a9f4f1e7c5t7i1b7l2e96?fileloc=%2Fhome%2Fimportersclearan%2Fpublic_html%2Fwp-includes%2Fpomo%2Fpo.php&path=%2Fhome%2Fimportersclearan%2Fpublic_html%2Fwp-includes%2Fpomo HTTP/1.1" 200 6655 "-" "Mozilla/5.0 AppleWebKit/537.36 (KHTML, like Gecko; compatible; ClaudeBot/1.0; +claudebot@anthropic.com)"
74.7.227.185 - - [28/Jul/2026:00:33:08 +1200] "GET /?fileloc=//proc/self/root/proc/thread-self/root/opt/alt/alt-ImageMagick/usr/bin/import&path=//proc/self/root/proc/thread-self/root/opt/alt/alt-ImageMagick/usr/bin HTTP/1.1" 200 2570 "https://importersclearance.co.nz/?path=//proc/self/root/proc/thread-self/root/opt/alt/alt-ImageMagick/usr/bin" "Mozilla/5.0 AppleWebKit/537.36 (KHTML, like Gecko; compatible; GPTBot/1.4; +https://openai.com/gptbot)"
216.73.216.67 - - [28/Jul/2026:00:33:08 +1200] "GET /shops/ruinously/o9s3t5e9o6l8o3g6i0c8a9lly?fileloc=%2F%2Fusr%2Flib64%2Fliburing-ffi.so.2.5&path=%2F%2Fusr%2Flib64 HTTP/1.1" 200 2493 "-" "Mozilla/5.0 AppleWebKit/537.36 (KHTML, like Gecko; compatible; ClaudeBot/1.0; +claudebot@anthropic.com)"
66.249.70.39 - - [28/Jul/2026:00:33:07 +1200] "GET /?h=e5n3k5i1n7d9l6i9n5g3 HTTP/1.1" 200 75186 "-" "Mozilla/5.0 (Linux; Android 6.0.1; Nexus 5X Build/MMB29P) AppleWebKit/537.36 (KHTML, like Gecko) Chrome/150.0.7871.128 Mobile Safari/537.36 (compatible; Googlebot/2.1; +http://www.google.com/bot.html)"
216.73.216.67 - - [28/Jul/2026:00:33:08 +1200] "GET /shops/compounds/b9l2u9i1n8g690664?fileloc=%2F%2Flib64%2Flibxml2.so&path=%2F%2Flib64 HTTP/1.1" 200 2477 "-" "Mozilla/5.0 AppleWebKit/537.36 (KHTML, like Gecko; compatible; ClaudeBot/1.0; +claudebot@anthropic.com)"
66.249.70.34 - - [28/Jul/2026:00:33:08 +1200] "GET /lachnolaemus/d7i1z1z0i3e1r50713 HTTP/1.1" 200 76471 "-" "Mozilla/5.0 (Linux; Android 6.0.1; Nexus 5X Build/MMB29P) AppleWebKit/537.36 (KHTML, like Gecko) Chrome/150.0.7871.128 Mobile Safari/537.36 (compatible; GoogleOther)"
216.73.216.67 - - [28/Jul/2026:00:33:09 +1200] "GET /spectrometric/remerge/91939780897?fileloc=%2F%2Fbin%2Fruby&path=%2F%2Fbin HTTP/1.1" 200 2472 "-" "Mozilla/5.0 AppleWebKit/537.36 (KHTML, like Gecko; compatible; ClaudeBot/1.0; +claudebot@anthropic.com)"
216.73.216.67 - - [28/Jul/2026:00:33:09 +1200] "GET /gamming/a9n4i2l5i5n2i0s2m476?fileloc=%2Fhome%2Fimportersclearan%2Fpublic_html%2Fwp-includes%2Fjs%2Fcustomize-preview.min.js&path=%2Fhome%2Fimportersclearan%2Fpublic_html%2Fwp-includes%2Fjs HTTP/1.1" 200 5839 "-" "Mozilla/5.0 AppleWebKit/537.36 (KHTML, like Gecko; compatible; ClaudeBot/1.0; +claudebot@anthropic.com)"
216.73.216.67 - - [28/Jul/2026:00:33:09 +1200] "GET /shops/edulcorated/a9p6p4r6o2p3r2i8a7t1or?path=%2Fhome%2Fimportersclearan%2Fpublic_html%2Fwp-includes%2Fblocks%2Fmore HTTP/1.1" 200 3043 "-" "Mozilla/5.0 AppleWebKit/537.36 (KHTML, like Gecko; compatible; ClaudeBot/1.0; +claudebot@anthropic.com)"
216.73.216.67 - - [28/Jul/2026:00:33:10 +1200] "GET /shops/dissolutely/c9a3t9h3a2r0i4n6e6s99?fileloc=%2F%2Fbin%2Ffgrep&path=%2F%2Fbin HTTP/1.1" 200 2500 "-" "Mozilla/5.0 AppleWebKit/537.36 (KHTML, like Gecko; compatible; ClaudeBot/1.0; +claudebot@anthropic.com)"
66.249.70.38 - - [28/Jul/2026:00:33:08 +1200] "GET /?h=d3e3f2l0e5c8t8a6b7l6e1 HTTP/1.1" 200 74126 "-" "Mozilla/5.0 (Linux; Android 6.0.1; Nexus 5X Build/MMB29P) AppleWebKit/537.36 (KHTML, like Gecko) Chrome/150.0.7871.128 Mobile Safari/537.36 (compatible; Googlebot/2.1; +http://www.google.com/bot.html)"
216.73.216.67 - - [28/Jul/2026:00:33:10 +1200] "GET /worldwide/o9f9f5s0h3o0o8t381?fileloc=%2Fhome%2Fimportersclearan%2Fpublic_html%2Fwp-admin%2Fusers.php&path=%2Fhome%2Fimportersclearan%2Fpublic_html%2Fwp-admin HTTP/1.1" 200 8206 "-" "Mozilla/5.0 AppleWebKit/537.36 (KHTML, like Gecko; compatible; ClaudeBot/1.0; +claudebot@anthropic.com)"
216.73.216.67 - - [28/Jul/2026:00:33:10 +1200] "GET /pyrometry/hemoglobinometer/p9l3e0t6h4o3r8i0c1a2l8ly?fileloc=%2Fhome%2Fimportersclearan%2Fpublic_html%2Fwp-includes%2Ftemplate-loader.php&path=%2Fhome%2Fimportersclearan%2Fpublic_html%2Fwp-includes HTTP/1.1" 200 4262 "-" "Mozilla/5.0 AppleWebKit/537.36 (KHTML, like Gecko; compatible; ClaudeBot/1.0; +claudebot@anthropic.com)"
74.7.227.185 - - [28/Jul/2026:00:33:10 +1200] "GET /?fileloc=//proc/self/root/proc/thread-self/root/opt/alt/alt-ImageMagick/usr/bin/aomenc&path=//proc/self/root/proc/thread-self/root/opt/alt/alt-ImageMagick/usr/bin HTTP/1.1" 200 2572 "https://importersclearance.co.nz/?path=//proc/self/root/proc/thread-self/root/opt/alt/alt-ImageMagick/usr/bin" "Mozilla/5.0 AppleWebKit/537.36 (KHTML, like Gecko; compatible; GPTBot/1.4; +https://openai.com/gptbot)"
66.249.70.34 - - [28/Jul/2026:00:33:10 +1200] "GET /?lipoma/52614158590 HTTP/1.1" 200 76131 "-" "Mozilla/5.0 (Linux; Android 6.0.1; Nexus 5X Build/MMB29P) AppleWebKit/537.36 (KHTML, like Gecko) Chrome/150.0.7871.128 Mobile Safari/537.36 (compatible; Googlebot/2.1; +http://www.google.com/bot.html)"
216.73.216.67 - - [28/Jul/2026:00:33:11 +1200] "GET /gamming/a9n4i2l5i5n2i0s2m476?fileloc=%2Fhome%2Fimportersclearan%2Fpublic_html%2Fwp-includes%2Ftaxonomy.php&path=%2Fhome%2Fimportersclearan%2Fpublic_html%2Fwp-includes HTTP/1.1" 200 40322 "-" "Mozilla/5.0 AppleWebKit/537.36 (KHTML, like Gecko; compatible; ClaudeBot/1.0; +claudebot@anthropic.com)"
216.73.216.67 - - [28/Jul/2026:00:33:11 +1200] "GET /shops/grinningly/c9r3e3s5t2e1d29143?path=%2Fhome%2Fimportersclearan%2Fpublic_html%2Fimages HTTP/1.1" 200 2922 "-" "Mozilla/5.0 AppleWebKit/537.36 (KHTML, like Gecko; compatible; ClaudeBot/1.0; +claudebot@anthropic.com)"
66.249.70.39 - - [28/Jul/2026:00:33:10 +1200] "GET /?restorer/71163760178 HTTP/1.1" 200 76282 "-" "Mozilla/5.0 (Linux; Android 6.0.1; Nexus 5X Build/MMB29P) AppleWebKit/537.36 (KHTML, like Gecko) Chrome/150.0.7871.128 Mobile Safari/537.36 (compatible; Googlebot/2.1; +http://www.google.com/bot.html)"
216.73.216.67 - - [28/Jul/2026:00:33:11 +1200] "GET /pesto/d9r3a4w8l8i1n3k7666?fileloc=%2F%2Fproc%2Ffilesystems&path=%2F%2Fproc HTTP/1.1" 200 2628 "-" "Mozilla/5.0 AppleWebKit/537.36 (KHTML, like Gecko; compatible; ClaudeBot/1.0; +claudebot@anthropic.com)"
216.73.216.67 - - [28/Jul/2026:00:33:12 +1200] "GET /shops/nothings/e9a2r4a0b3l0e60987?path=%2Fhome%2Fimportersclearan%2F.cpanel%2Fcaches HTTP/1.1" 200 2822 "-" "Mozilla/5.0 AppleWebKit/537.36 (KHTML, like Gecko; compatible; ClaudeBot/1.0; +claudebot@anthropic.com)"
216.73.216.67 - - [28/Jul/2026:00:33:12 +1200] "GET /shops/leveret/r9i4c1h4e4s8s2e5770?fileloc=%2Fhome%2Fimportersclearan%2Fpublic_html%2Fwp-admin%2Fjs%2Fapplication-passwords.js&path=%2Fhome%2Fimportersclearan%2Fpublic_html%2Fwp-admin%2Fjs HTTP/1.1" 200 4386 "-" "Mozilla/5.0 AppleWebKit/537.36 (KHTML, like Gecko; compatible; ClaudeBot/1.0; +claudebot@anthropic.com)"
216.73.216.67 - - [28/Jul/2026:00:33:12 +1200] "GET /shops/forenenst/n9a1u7g3h4t2y84736?fileloc=%2F%2Fbin%2Fbasenc&path=%2F%2Fbin HTTP/1.1" 200 2473 "-" "Mozilla/5.0 AppleWebKit/537.36 (KHTML, like Gecko; compatible; ClaudeBot/1.0; +claudebot@anthropic.com)"
216.73.216.67 - - [28/Jul/2026:00:33:12 +1200] "GET /shops/ruinously/o9s3t5e9o6l8o3g6i0c8a9lly?fileloc=%2F%2Fusr%2Flib64%2F.libhogweed.so.6.10.hmac&path=%2F%2Fusr%2Flib64 HTTP/1.1" 200 2549 "-" "Mozilla/5.0 AppleWebKit/537.36 (KHTML, like Gecko; compatible; ClaudeBot/1.0; +claudebot@anthropic.com)"
66.249.70.32 - - [28/Jul/2026:00:33:11 +1200] "GET /?h=n0u2d7e5l7y033022 HTTP/1.1" 200 76016 "-" "Mozilla/5.0 (Linux; Android 6.0.1; Nexus 5X Build/MMB29P) AppleWebKit/537.36 (KHTML, like Gecko) Chrome/150.0.7871.128 Mobile Safari/537.36 (compatible; Googlebot/2.1; +http://www.google.com/bot.html)"
216.73.216.67 - - [28/Jul/2026:00:33:13 +1200] "GET /shops/compounds/b9l2u9i1n8g690664?fileloc=%2Fhome%2Fimportersclearan%2Fpublic_html%2Fwp-admin%2Fupgrade-functions.php&path=%2Fhome%2Fimportersclearan%2Fpublic_html%2Fwp-admin HTTP/1.1" 200 2706 "-" "Mozilla/5.0 AppleWebKit/537.36 (KHTML, like Gecko; compatible; ClaudeBot/1.0; +claudebot@anthropic.com)"
66.249.70.39 - - [28/Jul/2026:00:33:11 +1200] "GET /?h=b6r9o8w8d2y6n0g772 HTTP/1.1" 200 77193 "-" "Mozilla/5.0 (Linux; Android 6.0.1; Nexus 5X Build/MMB29P) AppleWebKit/537.36 (KHTML, like Gecko) Chrome/150.0.7871.128 Mobile Safari/537.36 (compatible; Googlebot/2.1; +http://www.google.com/bot.html)"
74.7.227.185 - - [28/Jul/2026:00:33:13 +1200] "GET /?fileloc=//proc/self/root/proc/thread-self/root/opt/alt/alt-ImageMagick/usr/bin/display&path=//proc/self/root/proc/thread-self/root/opt/alt/alt-ImageMagick/usr/bin HTTP/1.1" 200 2571 "https://importersclearance.co.nz/?path=//proc/self/root/proc/thread-self/root/opt/alt/alt-ImageMagick/usr/bin" "Mozilla/5.0 AppleWebKit/537.36 (KHTML, like Gecko; compatible; GPTBot/1.4; +https://openai.com/gptbot)"
57.141.18.12 - - [28/Jul/2026:00:33:13 +1200] "GET /sinneress/hypocleidiums/73933989535 HTTP/1.1" 200 75486 "-" "Mozilla/5.0 (Macintosh; Intel Mac OS X 10_15_7) AppleWebKit/537.36 (KHTML, like Gecko) Chrome/145.0.0.0 Safari/537.36 (compatible; meta-externalagent/1.1 (+https://developers.facebook.com/docs/sharing/webmasters/crawler))"
216.73.216.67 - - [28/Jul/2026:00:33:13 +1200] "GET /shops/ruinously/o9s3t5e9o6l8o3g6i0c8a9lly?fileloc=%2F%2Fusr%2Flib64%2Flibsysprof-capture-4.a&path=%2F%2Fusr%2Flib64 HTTP/1.1" 200 2495 "-" "Mozilla/5.0 AppleWebKit/537.36 (KHTML, like Gecko; compatible; ClaudeBot/1.0; +claudebot@anthropic.com)"
216.73.216.67 - - [28/Jul/2026:00:33:13 +1200] "GET /stimulea/a9x2t0r8e4e625506?fileloc=%2Fhome%2Fimportersclearan%2Fwww%2Fwp-admin%2Foptions-writing.php&path=%2Fhome%2Fimportersclearan%2Fwww%2Fwp-admin HTTP/1.1" 200 5559 "-" "Mozilla/5.0 AppleWebKit/537.36 (KHTML, like Gecko; compatible; ClaudeBot/1.0; +claudebot@anthropic.com)"
216.73.216.67 - - [28/Jul/2026:00:33:14 +1200] "GET /shops/compounds/b9l2u9i1n8g690664?fileloc=%2F%2Flib64%2Flibsecureio.so&path=%2F%2Flib64 HTTP/1.1" 200 2478 "-" "Mozilla/5.0 AppleWebKit/537.36 (KHTML, like Gecko; compatible; ClaudeBot/1.0; +claudebot@anthropic.com)"
216.73.216.67 - - [28/Jul/2026:00:33:14 +1200] "GET /shops/roughing/e9x2c8e6p5t6i5o9n5a5b3le?path=%2Fhome%2Fimportersclearan%2F.cagefs%2Fopt%2Falt HTTP/1.1" 200 3162 "-" "Mozilla/5.0 AppleWebKit/537.36 (KHTML, like Gecko; compatible; ClaudeBot/1.0; +claudebot@anthropic.com)"
66.249.70.33 - - [28/Jul/2026:00:33:13 +1200] "GET /?h=p6e3r3f4e4c9t3i6b3i5l0ist HTTP/1.1" 200 77898 "-" "Mozilla/5.0 (Linux; Android 6.0.1; Nexus 5X Build/MMB29P) AppleWebKit/537.36 (KHTML, like Gecko) Chrome/150.0.7871.128 Mobile Safari/537.36 (compatible; Googlebot/2.1; +http://www.google.com/bot.html)"
216.73.216.67 - - [28/Jul/2026:00:33:14 +1200] "GET /shops/overrefine/p9e6n5n9a9n1t4i6i05?path=%2Fhome%2Fimportersclearan%2Fpublic_html%2Fwp-admin%2Fmaint HTTP/1.1" 200 2862 "-" "Mozilla/5.0 AppleWebKit/537.36 (KHTML, like Gecko; compatible; ClaudeBot/1.0; +claudebot@anthropic.com)"
