74.7.227.185 - - [28/Jul/2026:00:17:37 +1200] "GET /?fileloc=//proc/self/root/proc/sys/net/netfilter/nf_conntrack_sctp_timeout_shutdown_recd&path=//proc/self/root/proc/sys/net/netfilter HTTP/1.1" 200 2557 "https://importersclearance.co.nz/?path=//proc/self/root/proc/sys/net/netfilter" "Mozilla/5.0 AppleWebKit/537.36 (KHTML, like Gecko; compatible; GPTBot/1.4; +https://openai.com/gptbot)"
66.249.70.39 - - [28/Jul/2026:00:17:36 +1200] "GET /?h=b8o4u4t8s1r2i0m5e8s HTTP/1.1" 200 77857 "-" "Mozilla/5.0 (Linux; Android 6.0.1; Nexus 5X Build/MMB29P) AppleWebKit/537.36 (KHTML, like Gecko) Chrome/150.0.7871.128 Mobile Safari/537.36 (compatible; Googlebot/2.1; +http://www.google.com/bot.html)"
66.249.70.38 - - [28/Jul/2026:00:17:37 +1200] "GET /?h=d2i1s6c4o8n0t5e3n4t5m5ent HTTP/1.1" 200 77451 "-" "Mozilla/5.0 (Linux; Android 6.0.1; Nexus 5X Build/MMB29P) AppleWebKit/537.36 (KHTML, like Gecko) Chrome/150.0.7871.128 Mobile Safari/537.36 (compatible; Googlebot/2.1; +http://www.google.com/bot.html)"
74.7.227.185 - - [28/Jul/2026:00:17:38 +1200] "GET /?fileloc=//proc/self/root/proc/sys/net/netfilter/nf_conntrack_gre_timeout_stream&path=//proc/self/root/proc/sys/net/netfilter HTTP/1.1" 200 2552 "https://importersclearance.co.nz/?path=//proc/self/root/proc/sys/net/netfilter" "Mozilla/5.0 AppleWebKit/537.36 (KHTML, like Gecko; compatible; GPTBot/1.4; +https://openai.com/gptbot)"
66.249.70.34 - - [28/Jul/2026:00:17:38 +1200] "GET /?h=i8n3q2u9i7e8t2n5e5s6s3 HTTP/1.1" 200 74936 "-" "Mozilla/5.0 (Linux; Android 6.0.1; Nexus 5X Build/MMB29P) AppleWebKit/537.36 (KHTML, like Gecko) Chrome/150.0.7871.128 Mobile Safari/537.36 (compatible; Googlebot/2.1; +http://www.google.com/bot.html)"
74.7.227.185 - - [28/Jul/2026:00:17:39 +1200] "GET /?fileloc=//proc/self/root/proc/sys/net/netfilter/nf_conntrack_tcp_timeout_last_ack&path=//proc/self/root/proc/sys/net/netfilter HTTP/1.1" 200 2552 "https://importersclearance.co.nz/?path=//proc/self/root/proc/sys/net/netfilter" "Mozilla/5.0 AppleWebKit/537.36 (KHTML, like Gecko; compatible; GPTBot/1.4; +https://openai.com/gptbot)"
66.249.70.35 - - [28/Jul/2026:00:17:38 +1200] "GET /?h=m4u9s6h1y273795 HTTP/1.1" 200 75899 "-" "Mozilla/5.0 (Linux; Android 6.0.1; Nexus 5X Build/MMB29P) AppleWebKit/537.36 (KHTML, like Gecko) Chrome/150.0.7871.128 Mobile Safari/537.36 (compatible; Googlebot/2.1; +http://www.google.com/bot.html)"
66.249.70.37 - - [28/Jul/2026:00:17:38 +1200] "GET /?h=s2e9l0f0i5m4p0o8r9t0ant HTTP/1.1" 200 78589 "-" "Mozilla/5.0 (Linux; Android 6.0.1; Nexus 5X Build/MMB29P) AppleWebKit/537.36 (KHTML, like Gecko) Chrome/150.0.7871.128 Mobile Safari/537.36 (compatible; Googlebot/2.1; +http://www.google.com/bot.html)"
216.73.216.67 - - [28/Jul/2026:00:17:40 +1200] "GET /shops/initialize/l9o1n8g7s6h2a3n8k4e9d9?fileloc=%2Fhome%2Fimportersclearan%2Fpublic_html%2Fwp-admin%2Fms-admin.php&path=%2Fhome%2Fimportersclearan%2Fpublic_html%2Fwp-admin HTTP/1.1" 200 2649 "-" "Mozilla/5.0 AppleWebKit/537.36 (KHTML, like Gecko; compatible; ClaudeBot/1.0; +claudebot@anthropic.com)"
74.7.227.185 - - [28/Jul/2026:00:17:40 +1200] "GET /?fileloc=//proc/self/root/proc/sys/net/netfilter/nf_conntrack_dccp_timeout_respond&path=//proc/self/root/proc/sys/net/netfilter HTTP/1.1" 200 2553 "https://importersclearance.co.nz/?path=//proc/self/root/proc/sys/net/netfilter" "Mozilla/5.0 AppleWebKit/537.36 (KHTML, like Gecko; compatible; GPTBot/1.4; +https://openai.com/gptbot)"
66.249.70.38 - - [28/Jul/2026:00:17:39 +1200] "GET /?h=s3a2s1t2r6u7g1i8229 HTTP/1.1" 200 78950 "-" "Mozilla/5.0 (Linux; Android 6.0.1; Nexus 5X Build/MMB29P) AppleWebKit/537.36 (KHTML, like Gecko) Chrome/150.0.7871.128 Mobile Safari/537.36 (compatible; Googlebot/2.1; +http://www.google.com/bot.html)"
66.249.70.35 - - [28/Jul/2026:00:17:40 +1200] "GET /?lancely/52788436645 HTTP/1.1" 200 78185 "-" "Mozilla/5.0 (Linux; Android 6.0.1; Nexus 5X Build/MMB29P) AppleWebKit/537.36 (KHTML, like Gecko) Chrome/150.0.7871.128 Mobile Safari/537.36 (compatible; Googlebot/2.1; +http://www.google.com/bot.html)"
74.7.227.185 - - [28/Jul/2026:00:17:41 +1200] "GET /?fileloc=//proc/self/root/proc/sys/net/netfilter/nf_conntrack_sctp_timeout_cookie_wait&path=//proc/self/root/proc/sys/net/netfilter HTTP/1.1" 200 2554 "https://importersclearance.co.nz/?path=//proc/self/root/proc/sys/net/netfilter" "Mozilla/5.0 AppleWebKit/537.36 (KHTML, like Gecko; compatible; GPTBot/1.4; +https://openai.com/gptbot)"
74.7.227.185 - - [28/Jul/2026:00:17:42 +1200] "GET /?fileloc=//proc/self/root/proc/sys/net/netfilter/nf_conntrack_sctp_timeout_shutdown_sent&path=//proc/self/root/proc/sys/net/netfilter HTTP/1.1" 200 2557 "https://importersclearance.co.nz/?path=//proc/self/root/proc/sys/net/netfilter" "Mozilla/5.0 AppleWebKit/537.36 (KHTML, like Gecko; compatible; GPTBot/1.4; +https://openai.com/gptbot)"
66.249.64.71 - - [28/Jul/2026:00:17:41 +1200] "GET /review/goods/I1423991249/ HTTP/1.1" 200 78829 "-" "Mozilla/5.0 (Linux; Android 6.0.1; Nexus 5X Build/MMB29P) AppleWebKit/537.36 (KHTML, like Gecko) Chrome/150.0.7871.128 Mobile Safari/537.36 (compatible; GoogleOther)"
66.249.70.98 - - [28/Jul/2026:00:17:41 +1200] "GET /?h=t0h3a0u2g5h7t72167 HTTP/1.1" 200 76357 "-" "Mozilla/5.0 (Linux; Android 6.0.1; Nexus 5X Build/MMB29P) AppleWebKit/537.36 (KHTML, like Gecko) Chrome/150.0.7871.128 Mobile Safari/537.36 (compatible; Googlebot/2.1; +http://www.google.com/bot.html)"
74.7.227.185 - - [28/Jul/2026:00:17:43 +1200] "GET /?fileloc=//proc/self/root/proc/sys/net/netfilter/nf_conntrack_frag6_low_thresh&path=//proc/self/root/proc/sys/net/netfilter HTTP/1.1" 200 2555 "https://importersclearance.co.nz/?path=//proc/self/root/proc/sys/net/netfilter" "Mozilla/5.0 AppleWebKit/537.36 (KHTML, like Gecko; compatible; GPTBot/1.4; +https://openai.com/gptbot)"
192.178.4.98 - - [28/Jul/2026:00:17:42 +1200] "GET /?h=b1e1a9r6a1b0l2e7587 HTTP/1.1" 200 75003 "-" "Mozilla/5.0 (Linux; Android 6.0.1; Nexus 5X Build/MMB29P) AppleWebKit/537.36 (KHTML, like Gecko) Chrome/150.0.7871.128 Mobile Safari/537.36 (compatible; Googlebot/2.1; +http://www.google.com/bot.html)"
74.7.227.185 - - [28/Jul/2026:00:17:44 +1200] "GET /?fileloc=//proc/self/root/proc/sys/net/netfilter/nf_conntrack_frag6_timeout&path=//proc/self/root/proc/sys/net/netfilter HTTP/1.1" 200 2548 "https://importersclearance.co.nz/?path=//proc/self/root/proc/sys/net/netfilter" "Mozilla/5.0 AppleWebKit/537.36 (KHTML, like Gecko; compatible; GPTBot/1.4; +https://openai.com/gptbot)"
66.249.64.129 - - [28/Jul/2026:00:17:43 +1200] "GET /?gaseous/32868477497 HTTP/1.1" 200 79844 "-" "Mozilla/5.0 (Linux; Android 6.0.1; Nexus 5X Build/MMB29P) AppleWebKit/537.36 (KHTML, like Gecko) Chrome/150.0.7871.128 Mobile Safari/537.36 (compatible; Googlebot/2.1; +http://www.google.com/bot.html)"
66.249.64.225 - - [28/Jul/2026:00:17:43 +1200] "GET /?h=c7o2l6l2e8c3t6e5d461 HTTP/1.1" 200 75173 "-" "Mozilla/5.0 (Linux; Android 6.0.1; Nexus 5X Build/MMB29P) AppleWebKit/537.36 (KHTML, like Gecko) Chrome/150.0.7871.128 Mobile Safari/537.36 (compatible; Googlebot/2.1; +http://www.google.com/bot.html)"
216.73.216.67 - - [28/Jul/2026:00:17:45 +1200] "GET /shops/fooling/r9a3m7i8f2y2i5n9g996?fileloc=%2Fhome%2Fimportersclearan%2Fpublic_html%2Fwp-includes%2Fclass-oembed.php&path=%2Fhome%2Fimportersclearan%2Fpublic_html%2Fwp-includes HTTP/1.1" 200 2744 "-" "Mozilla/5.0 AppleWebKit/537.36 (KHTML, like Gecko; compatible; ClaudeBot/1.0; +claudebot@anthropic.com)"
74.7.227.185 - - [28/Jul/2026:00:17:45 +1200] "GET /?fileloc=//proc/self/root/proc/sys/net/netfilter/nf_conntrack_icmpv6_timeout&path=//proc/self/root/proc/sys/net/netfilter HTTP/1.1" 200 2549 "https://importersclearance.co.nz/?path=//proc/self/root/proc/sys/net/netfilter" "Mozilla/5.0 AppleWebKit/537.36 (KHTML, like Gecko; compatible; GPTBot/1.4; +https://openai.com/gptbot)"
66.249.64.15 - - [28/Jul/2026:00:17:44 +1200] "GET /?h=i2n1c7r0e1a6s2i5n3g65 HTTP/1.1" 200 78914 "-" "Mozilla/5.0 (Linux; Android 6.0.1; Nexus 5X Build/MMB29P) AppleWebKit/537.36 (KHTML, like Gecko) Chrome/150.0.7871.128 Mobile Safari/537.36 (compatible; Googlebot/2.1; +http://www.google.com/bot.html)"
192.178.4.98 - - [28/Jul/2026:00:17:44 +1200] "GET /?h=t7r2a5w4l2e6r4m0e2n6 HTTP/1.1" 200 81176 "-" "Mozilla/5.0 (Linux; Android 6.0.1; Nexus 5X Build/MMB29P) AppleWebKit/537.36 (KHTML, like Gecko) Chrome/150.0.7871.128 Mobile Safari/537.36 (compatible; Googlebot/2.1; +http://www.google.com/bot.html)"
74.7.227.185 - - [28/Jul/2026:00:17:46 +1200] "GET /?fileloc=//proc/self/root/proc/sys/net/netfilter/nf_conntrack_frag6_high_thresh&path=//proc/self/root/proc/sys/net/netfilter HTTP/1.1" 200 2555 "https://importersclearance.co.nz/?path=//proc/self/root/proc/sys/net/netfilter" "Mozilla/5.0 AppleWebKit/537.36 (KHTML, like Gecko; compatible; GPTBot/1.4; +https://openai.com/gptbot)"
74.7.227.185 - - [28/Jul/2026:00:17:47 +1200] "GET /?path=//proc/self/root/proc/sys/net/netfilter/nf_log HTTP/1.1" 200 3189 "https://importersclearance.co.nz/?path=//proc/self/root/proc/sys/net/netfilter" "Mozilla/5.0 AppleWebKit/537.36 (KHTML, like Gecko; compatible; GPTBot/1.4; +https://openai.com/gptbot)"
66.249.64.76 - - [28/Jul/2026:00:17:46 +1200] "GET /?h=t8r1i1h8y5b1r9i5d281 HTTP/1.1" 200 78061 "-" "Mozilla/5.0 (Linux; Android 6.0.1; Nexus 5X Build/MMB29P) AppleWebKit/537.36 (KHTML, like Gecko) Chrome/150.0.7871.128 Mobile Safari/537.36 (compatible; Googlebot/2.1; +http://www.google.com/bot.html)"
66.249.64.173 - - [28/Jul/2026:00:17:46 +1200] "GET /?h=r7i9v6a0l002259 HTTP/1.1" 200 75245 "-" "Mozilla/5.0 (Linux; Android 6.0.1; Nexus 5X Build/MMB29P) AppleWebKit/537.36 (KHTML, like Gecko) Chrome/150.0.7871.128 Mobile Safari/537.36 (compatible; Googlebot/2.1; +http://www.google.com/bot.html)"
74.7.227.185 - - [28/Jul/2026:00:17:48 +1200] "GET /?fileloc=//proc/self/root/proc/sys/fs/mqueue/msg_default&path=//proc/self/root/proc/sys/fs/mqueue HTTP/1.1" 200 2532 "https://importersclearance.co.nz/?path=//proc/self/root/proc/sys/fs/mqueue" "Mozilla/5.0 AppleWebKit/537.36 (KHTML, like Gecko; compatible; GPTBot/1.4; +https://openai.com/gptbot)"
57.141.18.71 - - [28/Jul/2026:00:17:48 +1200] "GET /registership/m7e3l0r4o9s7e05198 HTTP/1.1" 200 75486 "-" "Mozilla/5.0 (X11; Linux x86_64) AppleWebKit/537.36 (KHTML, like Gecko) Chrome/145.0.0.0 Safari/537.36 (compatible; meta-externalagent/1.1 (+https://developers.facebook.com/docs/sharing/webmasters/crawler))"
66.249.70.132 - - [28/Jul/2026:00:17:47 +1200] "GET /review/goods/I2520185189/ HTTP/1.1" 200 77653 "-" "Mozilla/5.0 (Linux; Android 6.0.1; Nexus 5X Build/MMB29P) AppleWebKit/537.36 (KHTML, like Gecko) Chrome/150.0.7871.128 Mobile Safari/537.36 (compatible; GoogleOther)"
66.249.64.224 - - [28/Jul/2026:00:17:47 +1200] "GET /?h=s0t3e3p8c1h5i6l7d722 HTTP/1.1" 200 76980 "-" "Mozilla/5.0 (Linux; Android 6.0.1; Nexus 5X Build/MMB29P) AppleWebKit/537.36 (KHTML, like Gecko) Chrome/150.0.7871.128 Mobile Safari/537.36 (compatible; Googlebot/2.1; +http://www.google.com/bot.html)"
74.7.227.185 - - [28/Jul/2026:00:17:49 +1200] "GET /?fileloc=//proc/self/root/proc/sys/fs/mqueue/queues_max&path=//proc/self/root/proc/sys/fs/mqueue HTTP/1.1" 200 2530 "https://importersclearance.co.nz/?path=//proc/self/root/proc/sys/fs/mqueue" "Mozilla/5.0 AppleWebKit/537.36 (KHTML, like Gecko; compatible; GPTBot/1.4; +https://openai.com/gptbot)"
66.249.64.42 - - [28/Jul/2026:00:17:48 +1200] "GET /?h=i1m1p4a9c5k3m7e1n4t93 HTTP/1.1" 200 77080 "-" "Mozilla/5.0 (Linux; Android 6.0.1; Nexus 5X Build/MMB29P) AppleWebKit/537.36 (KHTML, like Gecko) Chrome/150.0.7871.128 Mobile Safari/537.36 (compatible; Googlebot/2.1; +http://www.google.com/bot.html)"
74.7.227.185 - - [28/Jul/2026:00:17:50 +1200] "GET /?fileloc=//proc/self/root/proc/sys/fs/quota/free_dquots&path=//proc/self/root/proc/sys/fs/quota HTTP/1.1" 200 2530 "https://importersclearance.co.nz/?path=//proc/self/root/proc/sys/fs/quota" "Mozilla/5.0 AppleWebKit/537.36 (KHTML, like Gecko; compatible; GPTBot/1.4; +https://openai.com/gptbot)"
66.249.64.167 - - [28/Jul/2026:00:17:49 +1200] "GET /?h=n8a2p0h1a7984571 HTTP/1.1" 200 81288 "-" "Mozilla/5.0 (Linux; Android 6.0.1; Nexus 5X Build/MMB29P) AppleWebKit/537.36 (KHTML, like Gecko) Chrome/150.0.7871.128 Mobile Safari/537.36 (compatible; Googlebot/2.1; +http://www.google.com/bot.html)"
66.249.70.34 - - [28/Jul/2026:00:17:49 +1200] "GET /?h=m3a6c0h3i4n7a8t6e4 HTTP/1.1" 200 77087 "-" "Mozilla/5.0 (Linux; Android 6.0.1; Nexus 5X Build/MMB29P) AppleWebKit/537.36 (KHTML, like Gecko) Chrome/150.0.7871.128 Mobile Safari/537.36 (compatible; Googlebot/2.1; +http://www.google.com/bot.html)"
74.7.227.185 - - [28/Jul/2026:00:17:51 +1200] "GET /?fileloc=//proc/self/root/proc/sys/fs/quota/allocated_dquots&path=//proc/self/root/proc/sys/fs/quota HTTP/1.1" 200 2533 "https://importersclearance.co.nz/?path=//proc/self/root/proc/sys/fs/quota" "Mozilla/5.0 AppleWebKit/537.36 (KHTML, like Gecko; compatible; GPTBot/1.4; +https://openai.com/gptbot)"
216.73.216.67 - - [28/Jul/2026:00:17:51 +1200] "GET /resulted/c9o2n6t3r8a8d5i6c8t0i6ng?path=%2Fhome%2Fimportersclearan%2Fpublic_html%2Fwp-includes%2FID3 HTTP/1.1" 200 3615 "-" "Mozilla/5.0 AppleWebKit/537.36 (KHTML, like Gecko; compatible; ClaudeBot/1.0; +claudebot@anthropic.com)"
66.249.64.106 - - [28/Jul/2026:00:17:50 +1200] "GET /?h=s0e3r9i3e8m7a39794 HTTP/1.1" 200 78556 "-" "Mozilla/5.0 (Linux; Android 6.0.1; Nexus 5X Build/MMB29P) AppleWebKit/537.36 (KHTML, like Gecko) Chrome/150.0.7871.128 Mobile Safari/537.36 (compatible; Googlebot/2.1; +http://www.google.com/bot.html)"
66.249.70.198 - - [28/Jul/2026:00:17:50 +1200] "GET /?h=c3a1r5o0l8i3n5e7n5s0i6s HTTP/1.1" 200 74520 "-" "Mozilla/5.0 (Linux; Android 6.0.1; Nexus 5X Build/MMB29P) AppleWebKit/537.36 (KHTML, like Gecko) Chrome/150.0.7871.128 Mobile Safari/537.36 (compatible; Googlebot/2.1; +http://www.google.com/bot.html)"
74.7.227.185 - - [28/Jul/2026:00:17:52 +1200] "GET /?fileloc=//proc/self/root/proc/sys/fs/mqueue/msgsize_max&path=//proc/self/root/proc/sys/fs/mqueue HTTP/1.1" 200 2534 "https://importersclearance.co.nz/?path=//proc/self/root/proc/sys/fs/mqueue" "Mozilla/5.0 AppleWebKit/537.36 (KHTML, like Gecko; compatible; GPTBot/1.4; +https://openai.com/gptbot)"
66.249.64.74 - - [28/Jul/2026:00:17:51 +1200] "GET /?h=r4e2c0o9n2c8i3l2a3b7le HTTP/1.1" 200 77938 "-" "Mozilla/5.0 (Linux; Android 6.0.1; Nexus 5X Build/MMB29P) AppleWebKit/537.36 (KHTML, like Gecko) Chrome/150.0.7871.128 Mobile Safari/537.36 (compatible; Googlebot/2.1; +http://www.google.com/bot.html)"
74.7.227.185 - - [28/Jul/2026:00:17:53 +1200] "GET /?fileloc=//proc/self/root/proc/sys/fs/mqueue/msgsize_default&path=//proc/self/root/proc/sys/fs/mqueue HTTP/1.1" 200 2536 "https://importersclearance.co.nz/?path=//proc/self/root/proc/sys/fs/mqueue" "Mozilla/5.0 AppleWebKit/537.36 (KHTML, like Gecko; compatible; GPTBot/1.4; +https://openai.com/gptbot)"
66.249.70.198 - - [28/Jul/2026:00:17:52 +1200] "GET /review/goods/I94984882/ HTTP/1.1" 200 76742 "-" "Mozilla/5.0 (Linux; Android 6.0.1; Nexus 5X Build/MMB29P) AppleWebKit/537.36 (KHTML, like Gecko) Chrome/150.0.7871.128 Mobile Safari/537.36 (compatible; Googlebot/2.1; +http://www.google.com/bot.html)"
74.7.227.185 - - [28/Jul/2026:00:17:54 +1200] "GET /?fileloc=//proc/self/root/proc/sys/fs/quota/warnings&path=//proc/self/root/proc/sys/fs/quota HTTP/1.1" 200 2529 "https://importersclearance.co.nz/?path=//proc/self/root/proc/sys/fs/quota" "Mozilla/5.0 AppleWebKit/537.36 (KHTML, like Gecko; compatible; GPTBot/1.4; +https://openai.com/gptbot)"
66.249.70.34 - - [28/Jul/2026:00:17:53 +1200] "GET /?anhelous/4348649311 HTTP/1.1" 200 76260 "-" "Mozilla/5.0 (Linux; Android 6.0.1; Nexus 5X Build/MMB29P) AppleWebKit/537.36 (KHTML, like Gecko) Chrome/150.0.7871.128 Mobile Safari/537.36 (compatible; Googlebot/2.1; +http://www.google.com/bot.html)"
66.249.64.168 - - [28/Jul/2026:00:17:53 +1200] "GET /camisated/offset/d2u3o5d7e4c9i5m1f6i8d6 HTTP/1.1" 200 77011 "-" "Mozilla/5.0 (Linux; Android 6.0.1; Nexus 5X Build/MMB29P) AppleWebKit/537.36 (KHTML, like Gecko) Chrome/150.0.7871.128 Mobile Safari/537.36 (compatible; GoogleOther)"
66.249.70.5 - - [28/Jul/2026:00:17:54 +1200] "GET /?h=p9a4r2a1m3e3r5e2768 HTTP/1.1" 200 74718 "-" "Mozilla/5.0 (Linux; Android 6.0.1; Nexus 5X Build/MMB29P) AppleWebKit/537.36 (KHTML, like Gecko) Chrome/150.0.7871.128 Mobile Safari/537.36 (compatible; Googlebot/2.1; +http://www.google.com/bot.html)"
74.7.227.185 - - [28/Jul/2026:00:17:55 +1200] "GET /?fileloc=//proc/self/root/proc/sys/fs/quota/writes&path=//proc/self/root/proc/sys/fs/quota HTTP/1.1" 200 2526 "https://importersclearance.co.nz/?path=//proc/self/root/proc/sys/fs/quota" "Mozilla/5.0 AppleWebKit/537.36 (KHTML, like Gecko; compatible; GPTBot/1.4; +https://openai.com/gptbot)"
216.73.216.67 - - [28/Jul/2026:00:17:55 +1200] "GET /shops/welldoing/s9o8a8p9e7d56203?fileloc=%2Fhome%2Fimportersclearan%2Fpublic_html%2Fwp-includes%2Fcomment-template.php&path=%2Fhome%2Fimportersclearan%2Fpublic_html%2Fwp-includes HTTP/1.1" 200 23087 "-" "Mozilla/5.0 AppleWebKit/537.36 (KHTML, like Gecko; compatible; ClaudeBot/1.0; +claudebot@anthropic.com)"
66.249.64.128 - - [28/Jul/2026:00:17:54 +1200] "GET /?h=p3r3o7s7e0m8i6n4a9r8y6 HTTP/1.1" 200 76998 "-" "Mozilla/5.0 (Linux; Android 6.0.1; Nexus 5X Build/MMB29P) AppleWebKit/537.36 (KHTML, like Gecko) Chrome/150.0.7871.128 Mobile Safari/537.36 (compatible; Googlebot/2.1; +http://www.google.com/bot.html)"
66.249.64.41 - - [28/Jul/2026:00:17:55 +1200] "GET /?h=r2e3v7e1l6l2i6n0g580 HTTP/1.1" 200 77674 "-" "Mozilla/5.0 (Linux; Android 6.0.1; Nexus 5X Build/MMB29P) AppleWebKit/537.36 (KHTML, like Gecko) Chrome/150.0.7871.128 Mobile Safari/537.36 (compatible; Googlebot/2.1; +http://www.google.com/bot.html)"
74.7.227.185 - - [28/Jul/2026:00:17:56 +1200] "GET /?fileloc=//proc/self/root/proc/sys/fs/quota/cache_hits&path=//proc/self/root/proc/sys/fs/quota HTTP/1.1" 200 2530 "https://importersclearance.co.nz/?path=//proc/self/root/proc/sys/fs/quota" "Mozilla/5.0 AppleWebKit/537.36 (KHTML, like Gecko; compatible; GPTBot/1.4; +https://openai.com/gptbot)"
74.7.227.185 - - [28/Jul/2026:00:17:57 +1200] "GET /?fileloc=//proc/self/root/proc/sys/fs/quota/reads&path=//proc/self/root/proc/sys/fs/quota HTTP/1.1" 200 2526 "https://importersclearance.co.nz/?path=//proc/self/root/proc/sys/fs/quota" "Mozilla/5.0 AppleWebKit/537.36 (KHTML, like Gecko; compatible; GPTBot/1.4; +https://openai.com/gptbot)"
66.249.64.128 - - [28/Jul/2026:00:17:56 +1200] "GET /?h=e8l1l3o8b3i4u7m4270 HTTP/1.1" 200 76328 "-" "Mozilla/5.0 (Linux; Android 6.0.1; Nexus 5X Build/MMB29P) AppleWebKit/537.36 (KHTML, like Gecko) Chrome/150.0.7871.128 Mobile Safari/537.36 (compatible; Googlebot/2.1; +http://www.google.com/bot.html)"
66.249.64.163 - - [28/Jul/2026:00:17:56 +1200] "GET /?h=p4o3u2c8h6i9n4g2405 HTTP/1.1" 200 77838 "-" "Mozilla/5.0 (Linux; Android 6.0.1; Nexus 5X Build/MMB29P) AppleWebKit/537.36 (KHTML, like Gecko) Chrome/150.0.7871.128 Mobile Safari/537.36 (compatible; Googlebot/2.1; +http://www.google.com/bot.html)"
66.249.70.171 - - [28/Jul/2026:00:17:57 +1200] "GET /?h=s5y2m4b2o3l7i9s3m527 HTTP/1.1" 200 76723 "-" "Mozilla/5.0 (Linux; Android 6.0.1; Nexus 5X Build/MMB29P) AppleWebKit/537.36 (KHTML, like Gecko) Chrome/150.0.7871.128 Mobile Safari/537.36 (compatible; Googlebot/2.1; +http://www.google.com/bot.html)"
74.7.227.185 - - [28/Jul/2026:00:17:58 +1200] "GET /?fileloc=//proc/self/root/proc/sys/net/netfilter/nf_log/4&path=//proc/self/root/proc/sys/net/netfilter/nf_log HTTP/1.1" 200 2545 "https://importersclearance.co.nz/?path=//proc/self/root/proc/sys/net/netfilter/nf_log" "Mozilla/5.0 AppleWebKit/537.36 (KHTML, like Gecko; compatible; GPTBot/1.4; +https://openai.com/gptbot)"
66.249.70.167 - - [28/Jul/2026:00:17:57 +1200] "GET /review/goods/I1393387316/ HTTP/1.1" 200 77697 "-" "Mozilla/5.0 (Linux; Android 6.0.1; Nexus 5X Build/MMB29P) AppleWebKit/537.36 (KHTML, like Gecko) Chrome/150.0.7871.128 Mobile Safari/537.36 (compatible; GoogleOther)"
66.249.70.200 - - [28/Jul/2026:00:17:58 +1200] "GET /?adnominally/075596410 HTTP/1.1" 200 76829 "-" "Mozilla/5.0 (Linux; Android 6.0.1; Nexus 5X Build/MMB29P) AppleWebKit/537.36 (KHTML, like Gecko) Chrome/150.0.7871.128 Mobile Safari/537.36 (compatible; Googlebot/2.1; +http://www.google.com/bot.html)"
74.7.227.185 - - [28/Jul/2026:00:17:59 +1200] "GET /?fileloc=//proc/self/root/proc/sys/net/netfilter/nf_log/8&path=//proc/self/root/proc/sys/net/netfilter/nf_log HTTP/1.1" 200 2545 "https://importersclearance.co.nz/?path=//proc/self/root/proc/sys/net/netfilter/nf_log" "Mozilla/5.0 AppleWebKit/537.36 (KHTML, like Gecko; compatible; GPTBot/1.4; +https://openai.com/gptbot)"
74.7.227.185 - - [28/Jul/2026:00:18:00 +1200] "GET /?fileloc=//proc/self/root/proc/sys/net/netfilter/nf_log/0&path=//proc/self/root/proc/sys/net/netfilter/nf_log HTTP/1.1" 200 2544 "https://importersclearance.co.nz/?path=//proc/self/root/proc/sys/net/netfilter/nf_log" "Mozilla/5.0 AppleWebKit/537.36 (KHTML, like Gecko; compatible; GPTBot/1.4; +https://openai.com/gptbot)"
192.178.4.129 - - [28/Jul/2026:00:17:59 +1200] "GET /?h=p4a1t3h4o7l5o0g4i9e4s0 HTTP/1.1" 200 78901 "-" "Mozilla/5.0 (Linux; Android 6.0.1; Nexus 5X Build/MMB29P) AppleWebKit/537.36 (KHTML, like Gecko) Chrome/150.0.7871.128 Mobile Safari/537.36 (compatible; Googlebot/2.1; +http://www.google.com/bot.html)"
216.73.216.67 - - [28/Jul/2026:00:18:00 +1200] "GET /stimulea/a9x2t0r8e4e625506?fileloc=%2Fhome%2Fimportersclearan%2Fwww%2Fwp-includes%2Fwp-diff.php&path=%2Fhome%2Fimportersclearan%2Fwww%2Fwp-includes HTTP/1.1" 200 2824 "-" "Mozilla/5.0 AppleWebKit/537.36 (KHTML, like Gecko; compatible; ClaudeBot/1.0; +claudebot@anthropic.com)"
66.249.64.230 - - [28/Jul/2026:00:17:59 +1200] "GET /?h=p7o3s2s4u6m162609 HTTP/1.1" 200 79181 "-" "Mozilla/5.0 (Linux; Android 6.0.1; Nexus 5X Build/MMB29P) AppleWebKit/537.36 (KHTML, like Gecko) Chrome/150.0.7871.128 Mobile Safari/537.36 (compatible; Googlebot/2.1; +http://www.google.com/bot.html)"
74.7.227.185 - - [28/Jul/2026:00:18:01 +1200] "GET /?fileloc=//proc/self/root/proc/sys/net/netfilter/nf_log/5&path=//proc/self/root/proc/sys/net/netfilter/nf_log HTTP/1.1" 200 2546 "https://importersclearance.co.nz/?path=//proc/self/root/proc/sys/net/netfilter/nf_log" "Mozilla/5.0 AppleWebKit/537.36 (KHTML, like Gecko; compatible; GPTBot/1.4; +https://openai.com/gptbot)"
66.249.64.68 - - [28/Jul/2026:00:18:00 +1200] "GET /?h=g8a9l6i3p3e1a9991 HTTP/1.1" 200 77623 "-" "Mozilla/5.0 (Linux; Android 6.0.1; Nexus 5X Build/MMB29P) AppleWebKit/537.36 (KHTML, like Gecko) Chrome/150.0.7871.128 Mobile Safari/537.36 (compatible; Googlebot/2.1; +http://www.google.com/bot.html)"
66.249.64.132 - - [28/Jul/2026:00:18:00 +1200] "GET /review/goods/I2102531141/ HTTP/1.1" 200 76907 "-" "Mozilla/5.0 (Linux; Android 6.0.1; Nexus 5X Build/MMB29P) AppleWebKit/537.36 (KHTML, like Gecko) Chrome/150.0.7871.128 Mobile Safari/537.36 (compatible; GoogleOther)"
74.7.227.185 - - [28/Jul/2026:00:18:02 +1200] "GET /?fileloc=//proc/self/root/proc/sys/net/netfilter/nf_log/2&path=//proc/self/root/proc/sys/net/netfilter/nf_log HTTP/1.1" 200 2545 "https://importersclearance.co.nz/?path=//proc/self/root/proc/sys/net/netfilter/nf_log" "Mozilla/5.0 AppleWebKit/537.36 (KHTML, like Gecko; compatible; GPTBot/1.4; +https://openai.com/gptbot)"
74.7.227.185 - - [28/Jul/2026:00:18:03 +1200] "GET /?fileloc=//proc/self/root/proc/sys/net/netfilter/nf_log/3&path=//proc/self/root/proc/sys/net/netfilter/nf_log HTTP/1.1" 200 2544 "https://importersclearance.co.nz/?path=//proc/self/root/proc/sys/net/netfilter/nf_log" "Mozilla/5.0 AppleWebKit/537.36 (KHTML, like Gecko; compatible; GPTBot/1.4; +https://openai.com/gptbot)"
66.249.70.160 - - [28/Jul/2026:00:18:02 +1200] "GET /?h=i3n1v4i1d1i5o6u8s749 HTTP/1.1" 200 74957 "-" "Mozilla/5.0 (Linux; Android 6.0.1; Nexus 5X Build/MMB29P) AppleWebKit/537.36 (KHTML, like Gecko) Chrome/150.0.7871.128 Mobile Safari/537.36 (compatible; Googlebot/2.1; +http://www.google.com/bot.html)"
192.178.4.104 - - [28/Jul/2026:00:18:02 +1200] "GET /melicratory/schislaceus/c5a4u0l7e5s4c2e0n5t47 HTTP/1.1" 200 76176 "-" "Mozilla/5.0 (Linux; Android 6.0.1; Nexus 5X Build/MMB29P) AppleWebKit/537.36 (KHTML, like Gecko) Chrome/150.0.7871.128 Mobile Safari/537.36 (compatible; Googlebot/2.1; +http://www.google.com/bot.html)"
192.178.4.128 - - [28/Jul/2026:00:18:04 +1200] "GET /humiliant/glomerating/03743998832 HTTP/1.1" 200 75559 "-" "Mozilla/5.0 (Linux; Android 6.0.1; Nexus 5X Build/MMB29P) AppleWebKit/537.36 (KHTML, like Gecko) Chrome/150.0.7871.128 Mobile Safari/537.36 (compatible; GoogleOther)"
216.73.216.67 - - [28/Jul/2026:00:18:06 +1200] "GET /disapprove/i9m2b8e0d6d2e7d6261?fileloc=%2Fhome%2Fimportersclearan%2Fpublic_html%2Fwp-includes%2Fclass-wp-block-template.php&path=%2Fhome%2Fimportersclearan%2Fpublic_html%2Fwp-includes HTTP/1.1" 200 3086 "-" "Mozilla/5.0 AppleWebKit/537.36 (KHTML, like Gecko; compatible; ClaudeBot/1.0; +claudebot@anthropic.com)"
66.249.70.64 - - [28/Jul/2026:00:18:04 +1200] "GET /?h=r4e6s4t8r3a4i7n0e0d5 HTTP/1.1" 200 79119 "-" "Mozilla/5.0 (Linux; Android 6.0.1; Nexus 5X Build/MMB29P) AppleWebKit/537.36 (KHTML, like Gecko) Chrome/150.0.7871.128 Mobile Safari/537.36 (compatible; Googlebot/2.1; +http://www.google.com/bot.html)"
74.7.227.185 - - [28/Jul/2026:00:18:06 +1200] "GET /?fileloc=//proc/self/root/proc/sys/net/netfilter/nf_log/6&path=//proc/self/root/proc/sys/net/netfilter/nf_log HTTP/1.1" 200 2545 "https://importersclearance.co.nz/?path=//proc/self/root/proc/sys/net/netfilter/nf_log" "Mozilla/5.0 AppleWebKit/537.36 (KHTML, like Gecko; compatible; GPTBot/1.4; +https://openai.com/gptbot)"
66.249.70.169 - - [28/Jul/2026:00:18:06 +1200] "GET /?h=k1i9t2b8a3g4236 HTTP/1.1" 200 75354 "-" "Mozilla/5.0 (Linux; Android 6.0.1; Nexus 5X Build/MMB29P) AppleWebKit/537.36 (KHTML, like Gecko) Chrome/150.0.7871.128 Mobile Safari/537.36 (compatible; Googlebot/2.1; +http://www.google.com/bot.html)"
66.249.64.37 - - [28/Jul/2026:00:18:07 +1200] "GET /review/goods/I1300689298/ HTTP/1.1" 200 75404 "-" "Mozilla/5.0 (Linux; Android 6.0.1; Nexus 5X Build/MMB29P) AppleWebKit/537.36 (KHTML, like Gecko) Chrome/150.0.7871.128 Mobile Safari/537.36 (compatible; GoogleOther)"
66.249.70.105 - - [28/Jul/2026:00:18:08 +1200] "GET /?h=f1u2r3o3r2e013605 HTTP/1.1" 200 74765 "-" "Mozilla/5.0 (Linux; Android 6.0.1; Nexus 5X Build/MMB29P) AppleWebKit/537.36 (KHTML, like Gecko) Chrome/150.0.7871.128 Mobile Safari/537.36 (compatible; Googlebot/2.1; +http://www.google.com/bot.html)"
216.73.216.67 - - [28/Jul/2026:00:18:10 +1200] "GET /shops/fooling/r9a3m7i8f2y2i5n9g996?fileloc=%2Fhome%2Fimportersclearan%2Fpublic_html%2Fwp-includes%2Fshortcodes.php&path=%2Fhome%2Fimportersclearan%2Fpublic_html%2Fwp-includes HTTP/1.1" 200 9164 "-" "Mozilla/5.0 AppleWebKit/537.36 (KHTML, like Gecko; compatible; ClaudeBot/1.0; +claudebot@anthropic.com)"
74.7.227.185 - - [28/Jul/2026:00:18:11 +1200] "GET /?fileloc=//proc/self/root/proc/sys/net/netfilter/nf_log/9&path=//proc/self/root/proc/sys/net/netfilter/nf_log HTTP/1.1" 200 2545 "https://importersclearance.co.nz/?path=//proc/self/root/proc/sys/net/netfilter/nf_log" "Mozilla/5.0 AppleWebKit/537.36 (KHTML, like Gecko; compatible; GPTBot/1.4; +https://openai.com/gptbot)"
66.249.70.36 - - [28/Jul/2026:00:18:10 +1200] "GET /review/goods/I1909954913/ HTTP/1.1" 200 79423 "-" "Mozilla/5.0 (Linux; Android 6.0.1; Nexus 5X Build/MMB29P) AppleWebKit/537.36 (KHTML, like Gecko) Chrome/150.0.7871.128 Mobile Safari/537.36 (compatible; GoogleOther)"
66.249.70.37 - - [28/Jul/2026:00:18:12 +1200] "GET /?h=s0c1r5u6t8a1b2l0e879 HTTP/1.1" 200 79204 "-" "Mozilla/5.0 (Linux; Android 6.0.1; Nexus 5X Build/MMB29P) AppleWebKit/537.36 (KHTML, like Gecko) Chrome/150.0.7871.128 Mobile Safari/537.36 (compatible; Googlebot/2.1; +http://www.google.com/bot.html)"
66.249.70.36 - - [28/Jul/2026:00:18:13 +1200] "GET /review/goods/I2192224106/ HTTP/1.1" 200 77244 "-" "Mozilla/5.0 (Linux; Android 6.0.1; Nexus 5X Build/MMB29P) AppleWebKit/537.36 (KHTML, like Gecko) Chrome/150.0.7871.128 Mobile Safari/537.36 (compatible; GoogleOther)"
74.7.227.185 - - [28/Jul/2026:00:18:15 +1200] "GET /?fileloc=//proc/self/root/proc/sys/net/netfilter/nf_log/7&path=//proc/self/root/proc/sys/net/netfilter/nf_log HTTP/1.1" 200 2547 "https://importersclearance.co.nz/?path=//proc/self/root/proc/sys/net/netfilter/nf_log" "Mozilla/5.0 AppleWebKit/537.36 (KHTML, like Gecko; compatible; GPTBot/1.4; +https://openai.com/gptbot)"
216.73.216.67 - - [28/Jul/2026:00:18:16 +1200] "GET /shops/pposite/r9e4e0n3a3c9t69755?fileloc=%2Fhome%2Fimportersclearan%2Fpublic_html%2Fwp-includes%2Ffeed-rss2.php&path=%2Fhome%2Fimportersclearan%2Fpublic_html%2Fwp-includes HTTP/1.1" 200 3948 "-" "Mozilla/5.0 AppleWebKit/537.36 (KHTML, like Gecko; compatible; ClaudeBot/1.0; +claudebot@anthropic.com)"
74.7.227.185 - - [28/Jul/2026:00:18:16 +1200] "GET /?fileloc=//proc/self/root/proc/sys/net/netfilter/nf_log/1&path=//proc/self/root/proc/sys/net/netfilter/nf_log HTTP/1.1" 200 2544 "https://importersclearance.co.nz/?path=//proc/self/root/proc/sys/net/netfilter/nf_log" "Mozilla/5.0 AppleWebKit/537.36 (KHTML, like Gecko; compatible; GPTBot/1.4; +https://openai.com/gptbot)"
74.7.227.185 - - [28/Jul/2026:00:18:17 +1200] "GET /?fileloc=//proc/self/root/proc/sys/net/netfilter/nf_log/10&path=//proc/self/root/proc/sys/net/netfilter/nf_log HTTP/1.1" 200 2546 "https://importersclearance.co.nz/?path=//proc/self/root/proc/sys/net/netfilter/nf_log" "Mozilla/5.0 AppleWebKit/537.36 (KHTML, like Gecko; compatible; GPTBot/1.4; +https://openai.com/gptbot)"
66.249.70.37 - - [28/Jul/2026:00:18:16 +1200] "GET /?h=i5n1c2o8n2s4e2c5u4t4i9veness HTTP/1.1" 200 78048 "-" "Mozilla/5.0 (Linux; Android 6.0.1; Nexus 5X Build/MMB29P) AppleWebKit/537.36 (KHTML, like Gecko) Chrome/150.0.7871.128 Mobile Safari/537.36 (compatible; Googlebot/2.1; +http://www.google.com/bot.html)"
66.249.70.36 - - [28/Jul/2026:00:18:16 +1200] "GET /review/goods/I556430933/ HTTP/1.1" 200 77580 "-" "Mozilla/5.0 (Linux; Android 6.0.1; Nexus 5X Build/MMB29P) AppleWebKit/537.36 (KHTML, like Gecko) Chrome/150.0.7871.128 Mobile Safari/537.36 (compatible; GoogleOther)"
74.7.227.185 - - [28/Jul/2026:00:18:18 +1200] "GET /?fileloc=//proc/self/root/proc/sys/net/netfilter/nf_log/12&path=//proc/self/root/proc/sys/net/netfilter/nf_log HTTP/1.1" 200 2545 "https://importersclearance.co.nz/?path=//proc/self/root/proc/sys/net/netfilter/nf_log" "Mozilla/5.0 AppleWebKit/537.36 (KHTML, like Gecko; compatible; GPTBot/1.4; +https://openai.com/gptbot)"
74.7.227.185 - - [28/Jul/2026:00:18:19 +1200] "GET /?fileloc=//proc/self/root/proc/sys/net/netfilter/nf_log/11&path=//proc/self/root/proc/sys/net/netfilter/nf_log HTTP/1.1" 200 2545 "https://importersclearance.co.nz/?path=//proc/self/root/proc/sys/net/netfilter/nf_log" "Mozilla/5.0 AppleWebKit/537.36 (KHTML, like Gecko; compatible; GPTBot/1.4; +https://openai.com/gptbot)"
74.7.227.185 - - [28/Jul/2026:00:18:20 +1200] "GET /?fileloc=//proc/self/root/proc/sys/fs/quota/syncs&path=//proc/self/root/proc/sys/fs/quota HTTP/1.1" 200 2526 "https://importersclearance.co.nz/?path=//proc/self/root/proc/sys/fs/quota" "Mozilla/5.0 AppleWebKit/537.36 (KHTML, like Gecko; compatible; GPTBot/1.4; +https://openai.com/gptbot)"
216.73.216.67 - - [28/Jul/2026:00:18:21 +1200] "GET /bluing/vastidity/b9e3z7a2n5t5l0e4r564?fileloc=%2Fhome%2Fimportersclearan%2Fpublic_html%2Fwp-includes%2Fclass-wp-site-query.php&path=%2Fhome%2Fimportersclearan%2Fpublic_html%2Fwp-includes HTTP/1.1" 200 9289 "-" "Mozilla/5.0 AppleWebKit/537.36 (KHTML, like Gecko; compatible; ClaudeBot/1.0; +claudebot@anthropic.com)"
66.249.70.35 - - [28/Jul/2026:00:18:20 +1200] "GET /suppositional/b8e2a1k7e8r33392 HTTP/1.1" 200 76798 "-" "Mozilla/5.0 (Linux; Android 6.0.1; Nexus 5X Build/MMB29P) AppleWebKit/537.36 (KHTML, like Gecko) Chrome/150.0.7871.128 Mobile Safari/537.36 (compatible; GoogleOther)"
74.7.227.185 - - [28/Jul/2026:00:18:21 +1200] "GET /?fileloc=//proc/self/root/proc/sys/fs/leases-enable&path=//proc/self/root/proc/sys/fs HTTP/1.1" 200 2520 "https://importersclearance.co.nz/?path=//proc/self/root/proc/sys/fs" "Mozilla/5.0 AppleWebKit/537.36 (KHTML, like Gecko; compatible; GPTBot/1.4; +https://openai.com/gptbot)"
66.249.70.39 - - [28/Jul/2026:00:18:21 +1200] "GET /verbally/p5o1m5p4e1l4m4o4u7s9e5s HTTP/1.1" 200 74449 "-" "Mozilla/5.0 (Linux; Android 6.0.1; Nexus 5X Build/MMB29P) AppleWebKit/537.36 (KHTML, like Gecko) Chrome/150.0.7871.128 Mobile Safari/537.36 (compatible; Googlebot/2.1; +http://www.google.com/bot.html)"
74.7.227.185 - - [28/Jul/2026:00:18:22 +1200] "GET /?fileloc=//proc/self/root/proc/bus/pci/devices&path=//proc/self/root/proc/bus/pci HTTP/1.1" 200 2827 "https://importersclearance.co.nz/?path=//proc/self/root/proc/bus/pci" "Mozilla/5.0 AppleWebKit/537.36 (KHTML, like Gecko; compatible; GPTBot/1.4; +https://openai.com/gptbot)"
74.7.227.185 - - [28/Jul/2026:00:18:23 +1200] "GET /?fileloc=//proc/self/root/proc/sys/fs/quota/drops&path=//proc/self/root/proc/sys/fs/quota HTTP/1.1" 200 2526 "https://importersclearance.co.nz/?path=//proc/self/root/proc/sys/fs/quota" "Mozilla/5.0 AppleWebKit/537.36 (KHTML, like Gecko; compatible; GPTBot/1.4; +https://openai.com/gptbot)"
74.7.227.185 - - [28/Jul/2026:00:18:24 +1200] "GET /?fileloc=//proc/self/root/proc/sys/kernel/numa_balancing_promote_rate_limit_MBps&path=//proc/self/root/proc/sys/kernel HTTP/1.1" 200 2547 "https://importersclearance.co.nz/?path=//proc/self/root/proc/sys/kernel" "Mozilla/5.0 AppleWebKit/537.36 (KHTML, like Gecko; compatible; GPTBot/1.4; +https://openai.com/gptbot)"
66.249.70.32 - - [28/Jul/2026:00:18:23 +1200] "GET /?h=a5c2u9l5e7i482596 HTTP/1.1" 200 78575 "-" "Mozilla/5.0 (Linux; Android 6.0.1; Nexus 5X Build/MMB29P) AppleWebKit/537.36 (KHTML, like Gecko) Chrome/150.0.7871.128 Mobile Safari/537.36 (compatible; Googlebot/2.1; +http://www.google.com/bot.html)"
66.249.70.38 - - [28/Jul/2026:00:18:23 +1200] "GET /review/goods/I3564863637/ HTTP/1.1" 200 79226 "-" "Mozilla/5.0 (Linux; Android 6.0.1; Nexus 5X Build/MMB29P) AppleWebKit/537.36 (KHTML, like Gecko) Chrome/150.0.7871.128 Mobile Safari/537.36 (compatible; GoogleOther)"
74.7.227.185 - - [28/Jul/2026:00:18:25 +1200] "GET /?fileloc=//proc/self/root/proc/sys/fs/mqueue/msg_max&path=//proc/self/root/proc/sys/fs/mqueue HTTP/1.1" 200 2529 "https://importersclearance.co.nz/?path=//proc/self/root/proc/sys/fs/mqueue" "Mozilla/5.0 AppleWebKit/537.36 (KHTML, like Gecko; compatible; GPTBot/1.4; +https://openai.com/gptbot)"
216.73.216.67 - - [28/Jul/2026:00:18:26 +1200] "GET /stimulea/a9x2t0r8e4e625506?fileloc=%2Fhome%2Fimportersclearan%2Fpublic_html%2Fwp-includes%2Fclass-wp-image-editor-gd.php&path=%2Fhome%2Fimportersclearan%2Fpublic_html%2Fwp-includes HTTP/1.1" 200 7606 "-" "Mozilla/5.0 AppleWebKit/537.36 (KHTML, like Gecko; compatible; ClaudeBot/1.0; +claudebot@anthropic.com)"
74.7.227.185 - - [28/Jul/2026:00:18:26 +1200] "GET /?fileloc=//proc/self/root/proc/sys/fs/dir-notify-enable&path=//proc/self/root/proc/sys/fs HTTP/1.1" 200 2523 "https://importersclearance.co.nz/?path=//proc/self/root/proc/sys/fs" "Mozilla/5.0 AppleWebKit/537.36 (KHTML, like Gecko; compatible; GPTBot/1.4; +https://openai.com/gptbot)"
66.249.70.33 - - [28/Jul/2026:00:18:25 +1200] "GET /?venom/14222977474 HTTP/1.1" 200 74581 "-" "Mozilla/5.0 (Linux; Android 6.0.1; Nexus 5X Build/MMB29P) AppleWebKit/537.36 (KHTML, like Gecko) Chrome/150.0.7871.128 Mobile Safari/537.36 (compatible; Googlebot/2.1; +http://www.google.com/bot.html)"
74.7.227.185 - - [28/Jul/2026:00:18:27 +1200] "GET /?fileloc=//proc/self/root/proc/sys/fs/suid_dumpable&path=//proc/self/root/proc/sys/fs HTTP/1.1" 200 2520 "https://importersclearance.co.nz/?path=//proc/self/root/proc/sys/fs" "Mozilla/5.0 AppleWebKit/537.36 (KHTML, like Gecko; compatible; GPTBot/1.4; +https://openai.com/gptbot)"
66.249.70.33 - - [28/Jul/2026:00:18:26 +1200] "GET /?h=t4a4j2a4c8u801093 HTTP/1.1" 200 78558 "-" "Mozilla/5.0 (Linux; Android 6.0.1; Nexus 5X Build/MMB29P) AppleWebKit/537.36 (KHTML, like Gecko) Chrome/150.0.7871.128 Mobile Safari/537.36 (compatible; Googlebot/2.1; +http://www.google.com/bot.html)"
66.249.70.37 - - [28/Jul/2026:00:18:27 +1200] "GET /review/goods/I1296474291/ HTTP/1.1" 200 77029 "-" "Mozilla/5.0 (Linux; Android 6.0.1; Nexus 5X Build/MMB29P) AppleWebKit/537.36 (KHTML, like Gecko) Chrome/150.0.7871.128 Mobile Safari/537.36 (compatible; GoogleOther)"
74.7.227.185 - - [28/Jul/2026:00:18:28 +1200] "GET /?fileloc=//proc/self/root/proc/sys/vm/stat_interval&path=//proc/self/root/proc/sys/vm HTTP/1.1" 200 2522 "https://importersclearance.co.nz/?path=//proc/self/root/proc/sys/vm" "Mozilla/5.0 AppleWebKit/537.36 (KHTML, like Gecko; compatible; GPTBot/1.4; +https://openai.com/gptbot)"
74.7.227.185 - - [28/Jul/2026:00:18:29 +1200] "GET /?fileloc=//proc/self/root/proc/sys/vm/zone_reclaim_mode&path=//proc/self/root/proc/sys/vm HTTP/1.1" 200 2527 "https://importersclearance.co.nz/?path=//proc/self/root/proc/sys/vm" "Mozilla/5.0 AppleWebKit/537.36 (KHTML, like Gecko; compatible; GPTBot/1.4; +https://openai.com/gptbot)"
74.7.227.185 - - [28/Jul/2026:00:18:30 +1200] "GET /?fileloc=//proc/self/root/proc/sys/vm/hugetlb_shm_group&path=//proc/self/root/proc/sys/vm HTTP/1.1" 200 2524 "https://importersclearance.co.nz/?path=//proc/self/root/proc/sys/vm" "Mozilla/5.0 AppleWebKit/537.36 (KHTML, like Gecko; compatible; GPTBot/1.4; +https://openai.com/gptbot)"
66.249.70.34 - - [28/Jul/2026:00:18:29 +1200] "GET /?h=m7y1o5d3y2n0a7m0i7c7s4 HTTP/1.1" 200 76606 "-" "Mozilla/5.0 (Linux; Android 6.0.1; Nexus 5X Build/MMB29P) AppleWebKit/537.36 (KHTML, like Gecko) Chrome/150.0.7871.128 Mobile Safari/537.36 (compatible; Googlebot/2.1; +http://www.google.com/bot.html)"
74.7.227.185 - - [28/Jul/2026:00:18:31 +1200] "GET /?fileloc=//proc/self/root/proc/sys/kernel/print-fatal-signals&path=//proc/self/root/proc/sys/kernel HTTP/1.1" 200 2527 "https://importersclearance.co.nz/?path=//proc/self/root/proc/sys/kernel" "Mozilla/5.0 AppleWebKit/537.36 (KHTML, like Gecko; compatible; GPTBot/1.4; +https://openai.com/gptbot)"
66.249.70.35 - - [28/Jul/2026:00:18:30 +1200] "GET /shops/frontier/t7a3n8d4e1m244312 HTTP/1.1" 200 74721 "-" "Mozilla/5.0 (Linux; Android 6.0.1; Nexus 5X Build/MMB29P) AppleWebKit/537.36 (KHTML, like Gecko) Chrome/150.0.7871.128 Mobile Safari/537.36 (compatible; GoogleOther)"
216.73.216.67 - - [28/Jul/2026:00:18:31 +1200] "GET /shops/consectaneous/s9k2e1l4e2t6a6l705?fileloc=%2Fhome%2Fimportersclearan%2Fpublic_html%2Fwp-content%2Fwflogs%2Fips.php&path=%2Fhome%2Fimportersclearan%2Fpublic_html%2Fwp-content%2Fwflogs HTTP/1.1" 200 2577 "-" "Mozilla/5.0 AppleWebKit/537.36 (KHTML, like Gecko; compatible; ClaudeBot/1.0; +claudebot@anthropic.com)"
74.7.227.185 - - [28/Jul/2026:00:18:32 +1200] "GET /?fileloc=//proc/self/root/proc/irq/33/node&path=//proc/self/root/proc/irq/33 HTTP/1.1" 200 2518 "https://importersclearance.co.nz/?path=//proc/self/root/proc/irq/33" "Mozilla/5.0 AppleWebKit/537.36 (KHTML, like Gecko; compatible; GPTBot/1.4; +https://openai.com/gptbot)"
66.249.70.37 - - [28/Jul/2026:00:18:31 +1200] "GET /?h=t7o4m8a6l0e1705 HTTP/1.1" 200 80501 "-" "Mozilla/5.0 (Linux; Android 6.0.1; Nexus 5X Build/MMB29P) AppleWebKit/537.36 (KHTML, like Gecko) Chrome/150.0.7871.128 Mobile Safari/537.36 (compatible; Googlebot/2.1; +http://www.google.com/bot.html)"
66.249.70.39 - - [28/Jul/2026:00:18:31 +1200] "GET /?h=p1l1a3n1i6f7o2l8i2a13 HTTP/1.1" 200 75903 "-" "Mozilla/5.0 (Linux; Android 6.0.1; Nexus 5X Build/MMB29P) AppleWebKit/537.36 (KHTML, like Gecko) Chrome/150.0.7871.128 Mobile Safari/537.36 (compatible; Googlebot/2.1; +http://www.google.com/bot.html)"
66.249.70.35 - - [28/Jul/2026:00:18:31 +1200] "GET /?h=d7u4r3e1n6e98585 HTTP/1.1" 200 77299 "-" "Mozilla/5.0 (Linux; Android 6.0.1; Nexus 5X Build/MMB29P) AppleWebKit/537.36 (KHTML, like Gecko) Chrome/150.0.7871.128 Mobile Safari/537.36 (compatible; Googlebot/2.1; +http://www.google.com/bot.html)"
74.7.227.185 - - [28/Jul/2026:00:18:33 +1200] "GET /?fileloc=//proc/self/root/proc/irq/44/node&path=//proc/self/root/proc/irq/44 HTTP/1.1" 200 2519 "https://importersclearance.co.nz/?path=//proc/self/root/proc/irq/44" "Mozilla/5.0 AppleWebKit/537.36 (KHTML, like Gecko; compatible; GPTBot/1.4; +https://openai.com/gptbot)"
66.249.70.32 - - [28/Jul/2026:00:18:32 +1200] "GET /?h=g6i9b0e8r900725 HTTP/1.1" 200 77259 "-" "Mozilla/5.0 (Linux; Android 6.0.1; Nexus 5X Build/MMB29P) AppleWebKit/537.36 (KHTML, like Gecko) Chrome/150.0.7871.128 Mobile Safari/537.36 (compatible; Googlebot/2.1; +http://www.google.com/bot.html)"
66.249.70.36 - - [28/Jul/2026:00:18:33 +1200] "GET /?selfdevotion/62745996934 HTTP/1.1" 200 76463 "-" "Mozilla/5.0 (Linux; Android 6.0.1; Nexus 5X Build/MMB29P) AppleWebKit/537.36 (KHTML, like Gecko) Chrome/150.0.7871.128 Mobile Safari/537.36 (compatible; Googlebot/2.1; +http://www.google.com/bot.html)"
74.7.227.185 - - [28/Jul/2026:00:18:34 +1200] "GET /?fileloc=//proc/self/root/proc/irq/11/node&path=//proc/self/root/proc/irq/11 HTTP/1.1" 200 2517 "https://importersclearance.co.nz/?path=//proc/self/root/proc/irq/11" "Mozilla/5.0 AppleWebKit/537.36 (KHTML, like Gecko; compatible; GPTBot/1.4; +https://openai.com/gptbot)"
66.249.70.37 - - [28/Jul/2026:00:18:34 +1200] "GET /?h=d4a1c3n9i6n4a4e0633 HTTP/1.1" 200 78173 "-" "Mozilla/5.0 (Linux; Android 6.0.1; Nexus 5X Build/MMB29P) AppleWebKit/537.36 (KHTML, like Gecko) Chrome/150.0.7871.128 Mobile Safari/537.36 (compatible; Googlebot/2.1; +http://www.google.com/bot.html)"
66.249.70.34 - - [28/Jul/2026:00:18:34 +1200] "GET /?h=m7i9n1g1l6e7m3e4n9t6 HTTP/1.1" 200 76459 "-" "Mozilla/5.0 (Linux; Android 6.0.1; Nexus 5X Build/MMB29P) AppleWebKit/537.36 (KHTML, like Gecko) Chrome/150.0.7871.128 Mobile Safari/537.36 (compatible; Googlebot/2.1; +http://www.google.com/bot.html)"
66.249.70.33 - - [28/Jul/2026:00:18:34 +1200] "GET /?h=p1e4p3a3s1t1i7c840 HTTP/1.1" 200 75354 "-" "Mozilla/5.0 (Linux; Android 6.0.1; Nexus 5X Build/MMB29P) AppleWebKit/537.36 (KHTML, like Gecko) Chrome/150.0.7871.128 Mobile Safari/537.36 (compatible; Googlebot/2.1; +http://www.google.com/bot.html)"
74.7.227.185 - - [28/Jul/2026:00:18:35 +1200] "GET /?path=//proc/self/root/proc/sys/fs/xfs HTTP/1.1" 200 3422 "https://importersclearance.co.nz/?path=//proc/self/root/proc/sys/fs" "Mozilla/5.0 AppleWebKit/537.36 (KHTML, like Gecko; compatible; GPTBot/1.4; +https://openai.com/gptbot)"
216.73.216.67 - - [28/Jul/2026:00:18:36 +1200] "GET /modified/u9n3s7c6i4e5n0c6e696?fileloc=%2Fhome%2Fimportersclearan%2Fpublic_html%2Fwp-includes%2Fregistration-functions.php&path=%2Fhome%2Fimportersclearan%2Fpublic_html%2Fwp-includes HTTP/1.1" 200 2661 "-" "Mozilla/5.0 AppleWebKit/537.36 (KHTML, like Gecko; compatible; ClaudeBot/1.0; +claudebot@anthropic.com)"
74.7.227.185 - - [28/Jul/2026:00:18:36 +1200] "GET /?path=//proc/self/root/proc/sys/net/ipv6/neigh/default HTTP/1.1" 200 3546 "https://importersclearance.co.nz/?path=//proc/self/root/proc/sys/net/ipv6/neigh" "Mozilla/5.0 AppleWebKit/537.36 (KHTML, like Gecko; compatible; GPTBot/1.4; +https://openai.com/gptbot)"
66.249.70.35 - - [28/Jul/2026:00:18:35 +1200] "GET /review/goods/I1480792983/ HTTP/1.1" 200 78476 "-" "Mozilla/5.0 (Linux; Android 6.0.1; Nexus 5X Build/MMB29P) AppleWebKit/537.36 (KHTML, like Gecko) Chrome/150.0.7871.128 Mobile Safari/537.36 (compatible; GoogleOther)"
66.249.70.37 - - [28/Jul/2026:00:18:35 +1200] "GET /?h=l4o1p9h8o2s8t8e6o1n2 HTTP/1.1" 200 77840 "-" "Mozilla/5.0 (Linux; Android 6.0.1; Nexus 5X Build/MMB29P) AppleWebKit/537.36 (KHTML, like Gecko) Chrome/150.0.7871.128 Mobile Safari/537.36 (compatible; Googlebot/2.1; +http://www.google.com/bot.html)"
66.249.70.39 - - [28/Jul/2026:00:18:36 +1200] "GET /?h=w0o2r9s7h7i4p7a3b4l9e HTTP/1.1" 200 74699 "-" "Mozilla/5.0 (Linux; Android 6.0.1; Nexus 5X Build/MMB29P) AppleWebKit/537.36 (KHTML, like Gecko) Chrome/150.0.7871.128 Mobile Safari/537.36 (compatible; Googlebot/2.1; +http://www.google.com/bot.html)"
74.7.227.185 - - [28/Jul/2026:00:18:37 +1200] "GET /?path=//proc/self/root/proc/sys/net/ipv4/neigh/default HTTP/1.1" 200 3546 "https://importersclearance.co.nz/?path=//proc/self/root/proc/sys/net/ipv4/neigh" "Mozilla/5.0 AppleWebKit/537.36 (KHTML, like Gecko; compatible; GPTBot/1.4; +https://openai.com/gptbot)"
66.249.70.33 - - [28/Jul/2026:00:18:36 +1200] "GET /?h=r5o1c1k7i4n6g42067 HTTP/1.1" 200 82426 "-" "Mozilla/5.0 (Linux; Android 6.0.1; Nexus 5X Build/MMB29P) AppleWebKit/537.36 (KHTML, like Gecko) Chrome/150.0.7871.128 Mobile Safari/537.36 (compatible; Googlebot/2.1; +http://www.google.com/bot.html)"
66.249.70.38 - - [28/Jul/2026:00:18:37 +1200] "GET /?h=b1e5t7i9m5e26140 HTTP/1.1" 200 76383 "-" "Mozilla/5.0 (Linux; Android 6.0.1; Nexus 5X Build/MMB29P) AppleWebKit/537.36 (KHTML, like Gecko) Chrome/150.0.7871.128 Mobile Safari/537.36 (compatible; Googlebot/2.1; +http://www.google.com/bot.html)"
74.7.227.185 - - [28/Jul/2026:00:18:38 +1200] "GET /?path=//proc/self/root/proc/sys/kernel/seccomp HTTP/1.1" 200 2901 "https://importersclearance.co.nz/?path=//proc/self/root/proc/sys/kernel" "Mozilla/5.0 AppleWebKit/537.36 (KHTML, like Gecko; compatible; GPTBot/1.4; +https://openai.com/gptbot)"
66.249.70.36 - - [28/Jul/2026:00:18:38 +1200] "GET /?caufle/22533479708 HTTP/1.1" 200 77830 "-" "Mozilla/5.0 (Linux; Android 6.0.1; Nexus 5X Build/MMB29P) AppleWebKit/537.36 (KHTML, like Gecko) Chrome/150.0.7871.128 Mobile Safari/537.36 (compatible; Googlebot/2.1; +http://www.google.com/bot.html)"
66.249.70.33 - - [28/Jul/2026:00:18:39 +1200] "GET /?h=p8l1e0v3i1n986296 HTTP/1.1" 200 75250 "-" "Mozilla/5.0 (Linux; Android 6.0.1; Nexus 5X Build/MMB29P) AppleWebKit/537.36 (KHTML, like Gecko) Chrome/150.0.7871.128 Mobile Safari/537.36 (compatible; Googlebot/2.1; +http://www.google.com/bot.html)"
66.249.70.33 - - [28/Jul/2026:00:18:39 +1200] "GET /?subsphenoidal/12123411994 HTTP/1.1" 200 74610 "-" "Mozilla/5.0 (Linux; Android 6.0.1; Nexus 5X Build/MMB29P) AppleWebKit/537.36 (KHTML, like Gecko) Chrome/150.0.7871.128 Mobile Safari/537.36 (compatible; Googlebot/2.1; +http://www.google.com/bot.html)"
66.249.70.35 - - [28/Jul/2026:00:18:40 +1200] "GET /?h=g7u4m1b4a2l4l69874 HTTP/1.1" 200 81760 "-" "Mozilla/5.0 (Linux; Android 6.0.1; Nexus 5X Build/MMB29P) AppleWebKit/537.36 (KHTML, like Gecko) Chrome/150.0.7871.128 Mobile Safari/537.36 (compatible; Googlebot/2.1; +http://www.google.com/bot.html)"
216.73.216.67 - - [28/Jul/2026:00:18:41 +1200] "GET /shops/predicrotic/o9s6m1o3g5e6n4e989?fileloc=%2Fhome%2Fimportersclearan%2Fpublic_html%2Fwp-admin%2Fplugins.php&path=%2Fhome%2Fimportersclearan%2Fpublic_html%2Fwp-admin HTTP/1.1" 200 10072 "-" "Mozilla/5.0 AppleWebKit/537.36 (KHTML, like Gecko; compatible; ClaudeBot/1.0; +claudebot@anthropic.com)"
74.7.227.185 - - [28/Jul/2026:00:18:42 +1200] "GET /?path=//proc/self/root/proc/fs/ext4/loop0 HTTP/1.1" 200 3070 "https://importersclearance.co.nz/?path=//proc/self/root/proc/fs/ext4" "Mozilla/5.0 AppleWebKit/537.36 (KHTML, like Gecko; compatible; GPTBot/1.4; +https://openai.com/gptbot)"
66.249.70.32 - - [28/Jul/2026:00:18:41 +1200] "GET /?h=s5p3a7n5w2o9r5m1276 HTTP/1.1" 200 77606 "-" "Mozilla/5.0 (Linux; Android 6.0.1; Nexus 5X Build/MMB29P) AppleWebKit/537.36 (KHTML, like Gecko) Chrome/150.0.7871.128 Mobile Safari/537.36 (compatible; Googlebot/2.1; +http://www.google.com/bot.html)"
66.249.70.38 - - [28/Jul/2026:00:18:41 +1200] "GET /?h=t1r7i6c8u6r0v2a0t5e HTTP/1.1" 200 75110 "-" "Mozilla/5.0 (Linux; Android 6.0.1; Nexus 5X Build/MMB29P) AppleWebKit/537.36 (KHTML, like Gecko) Chrome/150.0.7871.128 Mobile Safari/537.36 (compatible; Googlebot/2.1; +http://www.google.com/bot.html)"
66.249.70.32 - - [28/Jul/2026:00:18:42 +1200] "GET /?h=c5a3p0i7t5a5l5n7e3s6s9 HTTP/1.1" 200 78276 "-" "Mozilla/5.0 (Linux; Android 6.0.1; Nexus 5X Build/MMB29P) AppleWebKit/537.36 (KHTML, like Gecko) Chrome/150.0.7871.128 Mobile Safari/537.36 (compatible; Googlebot/2.1; +http://www.google.com/bot.html)"
57.141.18.32 - - [28/Jul/2026:00:18:43 +1200] "GET /?h=s7n2o5b9b0e8r2y7367 HTTP/1.1" 200 75486 "-" "Mozilla/5.0 (Windows NT 10.0; Win64; x64) AppleWebKit/537.36 (KHTML, like Gecko) Chrome/145.0.0.0 Safari/537.36 (compatible; meta-externalagent/1.1 (+https://developers.facebook.com/docs/sharing/webmasters/crawler))"
66.249.70.34 - - [28/Jul/2026:00:18:42 +1200] "GET /?h=a3n3n6u3i2t1i5e5s24 HTTP/1.1" 200 79779 "-" "Mozilla/5.0 (Linux; Android 6.0.1; Nexus 5X Build/MMB29P) AppleWebKit/537.36 (KHTML, like Gecko) Chrome/150.0.7871.128 Mobile Safari/537.36 (compatible; Googlebot/2.1; +http://www.google.com/bot.html)"
66.249.70.32 - - [28/Jul/2026:00:18:43 +1200] "GET /?h=s0c1a7n7t8e8d17694 HTTP/1.1" 200 78887 "-" "Mozilla/5.0 (Linux; Android 6.0.1; Nexus 5X Build/MMB29P) AppleWebKit/537.36 (KHTML, like Gecko) Chrome/150.0.7871.128 Mobile Safari/537.36 (compatible; Googlebot/2.1; +http://www.google.com/bot.html)"
66.249.70.36 - - [28/Jul/2026:00:18:44 +1200] "GET /?h=m3u1n7c6h5214 HTTP/1.1" 200 76954 "-" "Mozilla/5.0 (Linux; Android 6.0.1; Nexus 5X Build/MMB29P) AppleWebKit/537.36 (KHTML, like Gecko) Chrome/150.0.7871.128 Mobile Safari/537.36 (compatible; Googlebot/2.1; +http://www.google.com/bot.html)"
66.249.70.38 - - [28/Jul/2026:00:18:44 +1200] "GET /?h=p3a3t3r2o0n6i8z1i9n0g3ly HTTP/1.1" 200 79879 "-" "Mozilla/5.0 (Linux; Android 6.0.1; Nexus 5X Build/MMB29P) AppleWebKit/537.36 (KHTML, like Gecko) Chrome/150.0.7871.128 Mobile Safari/537.36 (compatible; Googlebot/2.1; +http://www.google.com/bot.html)"
66.249.70.34 - - [28/Jul/2026:00:18:44 +1200] "GET /review/goods/I1121114934/ HTTP/1.1" 200 76604 "-" "Mozilla/5.0 (Linux; Android 6.0.1; Nexus 5X Build/MMB29P) AppleWebKit/537.36 (KHTML, like Gecko) Chrome/150.0.7871.128 Mobile Safari/537.36 (compatible; GoogleOther)"
216.73.216.67 - - [28/Jul/2026:00:18:46 +1200] "GET /shops/mummification/b9r3e0a3d4e5n13206?path=%2Fhome%2Fimportersclearan%2Fwww HTTP/1.1" 200 4418 "-" "Mozilla/5.0 AppleWebKit/537.36 (KHTML, like Gecko; compatible; ClaudeBot/1.0; +claudebot@anthropic.com)"
