216.73.216.67 - - [28/Jul/2026:00:28:39 +1200] "GET /strowed/dechristianize/t9a1n9i8e6r158018?fileloc=%2F%2Fbin%2Ffgrep&path=%2F%2Fbin HTTP/1.1" 200 2500 "-" "Mozilla/5.0 AppleWebKit/537.36 (KHTML, like Gecko; compatible; ClaudeBot/1.0; +claudebot@anthropic.com)"
74.7.227.185 - - [28/Jul/2026:00:28:39 +1200] "GET /?path=//proc/self/root/proc/thread-self/root/opt/alt/python-internal/include/python3.11 HTTP/1.1" 200 2909 "https://importersclearance.co.nz/?path=//proc/self/root/proc/thread-self/root/opt/alt/python-internal/include" "Mozilla/5.0 AppleWebKit/537.36 (KHTML, like Gecko; compatible; GPTBot/1.4; +https://openai.com/gptbot)"
216.73.216.67 - - [28/Jul/2026:00:28:40 +1200] "GET /strowed/dechristianize/t9a1n9i8e6r158018?fileloc=%2F%2Fbin%2Fx86_64-redhat-linux-gcc&path=%2F%2Fbin HTTP/1.1" 200 2483 "-" "Mozilla/5.0 AppleWebKit/537.36 (KHTML, like Gecko; compatible; ClaudeBot/1.0; +claudebot@anthropic.com)"
216.73.216.67 - - [28/Jul/2026:00:28:40 +1200] "GET /spectrometric/remerge/91939780897?fileloc=%2F%2Fbin%2Fcurl&path=%2F%2Fbin HTTP/1.1" 200 2474 "-" "Mozilla/5.0 AppleWebKit/537.36 (KHTML, like Gecko; compatible; ClaudeBot/1.0; +claudebot@anthropic.com)"
216.73.216.67 - - [28/Jul/2026:00:28:40 +1200] "GET /tubeform/e9m4b2o0w7189321?fileloc=%2Fhome%2Fimportersclearan%2Fpublic_html%2Fwp-includes%2Fdate.php&path=%2Fhome%2Fimportersclearan%2Fpublic_html%2Fwp-includes HTTP/1.1" 200 2741 "-" "Mozilla/5.0 AppleWebKit/537.36 (KHTML, like Gecko; compatible; ClaudeBot/1.0; +claudebot@anthropic.com)"
66.249.70.38 - - [28/Jul/2026:00:28:39 +1200] "GET /?h=p0h2r8a3s3e8o0l7o3g8i4c HTTP/1.1" 200 77679 "-" "Mozilla/5.0 (Linux; Android 6.0.1; Nexus 5X Build/MMB29P) AppleWebKit/537.36 (KHTML, like Gecko) Chrome/150.0.7871.128 Mobile Safari/537.36 (compatible; Googlebot/2.1; +http://www.google.com/bot.html)"
66.249.70.37 - - [28/Jul/2026:00:28:39 +1200] "GET /hypothenal/ferociously/33308782376 HTTP/1.1" 200 76374 "-" "Mozilla/5.0 (Linux; Android 6.0.1; Nexus 5X Build/MMB29P) AppleWebKit/537.36 (KHTML, like Gecko) Chrome/150.0.7871.128 Mobile Safari/537.36 (compatible; GoogleOther)"
216.73.216.67 - - [28/Jul/2026:00:28:40 +1200] "GET /shops/forenenst/n9a1u7g3h4t2y84736?fileloc=%2F%2Fbin%2Funiq&path=%2F%2Fbin HTTP/1.1" 200 2473 "-" "Mozilla/5.0 AppleWebKit/537.36 (KHTML, like Gecko; compatible; ClaudeBot/1.0; +claudebot@anthropic.com)"
216.73.216.67 - - [28/Jul/2026:00:28:40 +1200] "GET /shops/fasting/p9r3e0s8a9g9e4r2364?fileloc=%2Fhome%2Fimportersclearan%2Fpublic_html%2Fwp-admin%2Fjs%2Flanguage-chooser.js&path=%2Fhome%2Fimportersclearan%2Fpublic_html%2Fwp-admin%2Fjs HTTP/1.1" 200 2947 "-" "Mozilla/5.0 AppleWebKit/537.36 (KHTML, like Gecko; compatible; ClaudeBot/1.0; +claudebot@anthropic.com)"
216.73.216.67 - - [28/Jul/2026:00:28:41 +1200] "GET /shops/dobule/l9e2x0i9c6o4l9o2g4y75?fileloc=%2F%2Fbin%2Fsprof&path=%2F%2Fbin HTTP/1.1" 200 2472 "-" "Mozilla/5.0 AppleWebKit/537.36 (KHTML, like Gecko; compatible; ClaudeBot/1.0; +claudebot@anthropic.com)"
216.73.216.67 - - [28/Jul/2026:00:28:41 +1200] "GET /participantly/u9n1t5u4r8n227426?path=%2F%2Flib64%2Flibboost-plesk-1.84 HTTP/1.1" 200 3135 "-" "Mozilla/5.0 AppleWebKit/537.36 (KHTML, like Gecko; compatible; ClaudeBot/1.0; +claudebot@anthropic.com)"
216.73.216.67 - - [28/Jul/2026:00:28:41 +1200] "GET /shops/constitutionality/c9i2n3e8m5a753129?fileloc=%2F%2Flib64%2FlibEGL.so.1&path=%2F%2Flib64 HTTP/1.1" 200 2479 "-" "Mozilla/5.0 AppleWebKit/537.36 (KHTML, like Gecko; compatible; ClaudeBot/1.0; +claudebot@anthropic.com)"
216.73.216.67 - - [28/Jul/2026:00:28:41 +1200] "GET /vesiculate/electroscope/s9u3t5u2r8e1d16912?fileloc=%2Fhome%2Fimportersclearan%2Fpublic_html%2Fwp-includes%2Fhttp.php&path=%2Fhome%2Fimportersclearan%2Fpublic_html%2Fwp-includes HTTP/1.1" 200 7893 "-" "Mozilla/5.0 AppleWebKit/537.36 (KHTML, like Gecko; compatible; ClaudeBot/1.0; +claudebot@anthropic.com)"
216.73.216.67 - - [28/Jul/2026:00:28:42 +1200] "GET /shops/desulphurization/e9x1a0l6t5e7d95417?fileloc=%2Fhome%2Fimportersclearan%2Fpublic_html%2Fwp-admin%2Flink.php&path=%2Fhome%2Fimportersclearan%2Fpublic_html%2Fwp-admin HTTP/1.1" 200 3567 "-" "Mozilla/5.0 AppleWebKit/537.36 (KHTML, like Gecko; compatible; ClaudeBot/1.0; +claudebot@anthropic.com)"
66.249.70.37 - - [28/Jul/2026:00:28:41 +1200] "GET /?h=q8u2i6e9t4u0d7e0253 HTTP/1.1" 200 77977 "-" "Mozilla/5.0 (Linux; Android 6.0.1; Nexus 5X Build/MMB29P) AppleWebKit/537.36 (KHTML, like Gecko) Chrome/150.0.7871.128 Mobile Safari/537.36 (compatible; Googlebot/2.1; +http://www.google.com/bot.html)"
74.7.227.185 - - [28/Jul/2026:00:28:42 +1200] "GET /?path=//proc/self/root/proc/thread-self/root/etc/sasl2 HTTP/1.1" 200 2585 "https://importersclearance.co.nz/?path=//proc/self/root/proc/thread-self/root/etc" "Mozilla/5.0 AppleWebKit/537.36 (KHTML, like Gecko; compatible; GPTBot/1.4; +https://openai.com/gptbot)"
216.73.216.67 - - [28/Jul/2026:00:28:43 +1200] "GET /shops/leveret/r9i4c1h4e4s8s2e5770?fileloc=%2Fhome%2Fimportersclearan%2Fpublic_html%2Fwp-includes%2Flink-template.php&path=%2Fhome%2Fimportersclearan%2Fpublic_html%2Fwp-includes HTTP/1.1" 200 30315 "-" "Mozilla/5.0 AppleWebKit/537.36 (KHTML, like Gecko; compatible; ClaudeBot/1.0; +claudebot@anthropic.com)"
216.73.216.67 - - [28/Jul/2026:00:28:43 +1200] "GET /twitcher/t9a2l3c4u3m286961?fileloc=%2Fhome%2Fimportersclearan%2Fpublic_html%2Fwp-admin%2Frevision.php&path=%2Fhome%2Fimportersclearan%2Fpublic_html%2Fwp-admin HTTP/1.1" 200 4561 "-" "Mozilla/5.0 AppleWebKit/537.36 (KHTML, like Gecko; compatible; ClaudeBot/1.0; +claudebot@anthropic.com)"
216.73.216.67 - - [28/Jul/2026:00:28:43 +1200] "GET /shops/fasting/p9r3e0s8a9g9e4r2364?fileloc=%2Fhome%2Fimportersclearan%2Fpublic_html%2Fwp-admin%2Fjs%2Fcustom-background.js&path=%2Fhome%2Fimportersclearan%2Fpublic_html%2Fwp-admin%2Fjs HTTP/1.1" 200 3664 "-" "Mozilla/5.0 AppleWebKit/537.36 (KHTML, like Gecko; compatible; ClaudeBot/1.0; +claudebot@anthropic.com)"
216.73.216.67 - - [28/Jul/2026:00:28:43 +1200] "GET /fighter/l9i1t4h7o8d7e3s5491?fileloc=%2Fhome%2Fimportersclearan%2Fpublic_html%2Fwp-admin%2Fuser-new.php&path=%2Fhome%2Fimportersclearan%2Fpublic_html%2Fwp-admin HTTP/1.1" 200 9018 "-" "Mozilla/5.0 AppleWebKit/537.36 (KHTML, like Gecko; compatible; ClaudeBot/1.0; +claudebot@anthropic.com)"
66.249.70.36 - - [28/Jul/2026:00:28:42 +1200] "GET /?h=m4a1l4l6e7d351733 HTTP/1.1" 200 76277 "-" "Mozilla/5.0 (Linux; Android 6.0.1; Nexus 5X Build/MMB29P) AppleWebKit/537.36 (KHTML, like Gecko) Chrome/150.0.7871.128 Mobile Safari/537.36 (compatible; Googlebot/2.1; +http://www.google.com/bot.html)"
66.249.70.36 - - [28/Jul/2026:00:28:43 +1200] "GET /?h=v9a3g3r3a8n5t72049 HTTP/1.1" 200 75039 "-" "Mozilla/5.0 (Linux; Android 6.0.1; Nexus 5X Build/MMB29P) AppleWebKit/537.36 (KHTML, like Gecko) Chrome/150.0.7871.128 Mobile Safari/537.36 (compatible; Googlebot/2.1; +http://www.google.com/bot.html)"
216.73.216.67 - - [28/Jul/2026:00:28:43 +1200] "GET /vesiculate/electroscope/s9u3t5u2r8e1d16912?fileloc=%2Fhome%2Fimportersclearan%2Fpublic_html%2Fwp-includes%2Flocale.php&path=%2Fhome%2Fimportersclearan%2Fpublic_html%2Fwp-includes HTTP/1.1" 200 2632 "-" "Mozilla/5.0 AppleWebKit/537.36 (KHTML, like Gecko; compatible; ClaudeBot/1.0; +claudebot@anthropic.com)"
216.73.216.67 - - [28/Jul/2026:00:28:44 +1200] "GET /shops/lacteously/o9v4e0r6h7e8a2r3279?path=%2F%2Fopt%2Fai-bolit HTTP/1.1" 200 3683 "-" "Mozilla/5.0 AppleWebKit/537.36 (KHTML, like Gecko; compatible; ClaudeBot/1.0; +claudebot@anthropic.com)"
66.249.70.37 - - [28/Jul/2026:00:28:43 +1200] "GET /?h=a7g1a0r5u4m883415 HTTP/1.1" 200 74753 "-" "Mozilla/5.0 (Linux; Android 6.0.1; Nexus 5X Build/MMB29P) AppleWebKit/537.36 (KHTML, like Gecko) Chrome/150.0.7871.128 Mobile Safari/537.36 (compatible; Googlebot/2.1; +http://www.google.com/bot.html)"
216.73.216.67 - - [28/Jul/2026:00:28:44 +1200] "GET /shops/fossilized/y9a6h5w1e044637?fileloc=%2Fhome%2Fimportersclearan%2Fpublic_html%2Fwp-admin%2Foptions-discussion.php&path=%2Fhome%2Fimportersclearan%2Fpublic_html%2Fwp-admin HTTP/1.1" 200 6954 "-" "Mozilla/5.0 AppleWebKit/537.36 (KHTML, like Gecko; compatible; ClaudeBot/1.0; +claudebot@anthropic.com)"
216.73.216.67 - - [28/Jul/2026:00:28:44 +1200] "GET /shops/compounds/b9l2u9i1n8g690664?fileloc=%2F%2Flib64%2Flibcom_err.so&path=%2F%2Flib64 HTTP/1.1" 200 2478 "-" "Mozilla/5.0 AppleWebKit/537.36 (KHTML, like Gecko; compatible; ClaudeBot/1.0; +claudebot@anthropic.com)"
216.73.216.67 - - [28/Jul/2026:00:28:45 +1200] "GET /shops/assimilating/a9s2s0a1s4s6i2n5a7t9o6r?fileloc=%2F%2Fbin%2Fssh-copy-id&path=%2F%2Fbin HTTP/1.1" 200 7833 "-" "Mozilla/5.0 AppleWebKit/537.36 (KHTML, like Gecko; compatible; ClaudeBot/1.0; +claudebot@anthropic.com)"
216.73.216.67 - - [28/Jul/2026:00:28:45 +1200] "GET /shops/forenenst/n9a1u7g3h4t2y84736?fileloc=%2F%2Fbin%2Fmake&path=%2F%2Fbin HTTP/1.1" 200 2472 "-" "Mozilla/5.0 AppleWebKit/537.36 (KHTML, like Gecko; compatible; ClaudeBot/1.0; +claudebot@anthropic.com)"
216.73.216.67 - - [28/Jul/2026:00:28:45 +1200] "GET /shops/forenenst/n9a1u7g3h4t2y84736?fileloc=%2F%2Fusr%2Fbin%2Fznew&path=%2F%2Fusr%2Fbin HTTP/1.1" 200 4330 "-" "Mozilla/5.0 AppleWebKit/537.36 (KHTML, like Gecko; compatible; ClaudeBot/1.0; +claudebot@anthropic.com)"
216.73.216.67 - - [28/Jul/2026:00:28:45 +1200] "GET /bluing/vastidity/b9e3z7a2n5t5l0e4r564?fileloc=%2Fhome%2Fimportersclearan%2Fpublic_html%2Fwp-includes%2Fblocks%2Fvideo%2Feditor-rtl.css&path=%2Fhome%2Fimportersclearan%2Fpublic_html%2Fwp-includes%2Fblocks%2Fvideo HTTP/1.1" 200 2903 "-" "Mozilla/5.0 AppleWebKit/537.36 (KHTML, like Gecko; compatible; ClaudeBot/1.0; +claudebot@anthropic.com)"
66.249.70.33 - - [28/Jul/2026:00:28:44 +1200] "GET /?h=l5e3u9c8o0p0t1e8r8u1s1 HTTP/1.1" 200 76873 "-" "Mozilla/5.0 (Linux; Android 6.0.1; Nexus 5X Build/MMB29P) AppleWebKit/537.36 (KHTML, like Gecko) Chrome/150.0.7871.128 Mobile Safari/537.36 (compatible; Googlebot/2.1; +http://www.google.com/bot.html)"
216.73.216.67 - - [28/Jul/2026:00:28:46 +1200] "GET /shops/constitutionality/c9i2n3e8m5a753129?fileloc=%2F%2Flib64%2FlibSvtAv1Dec.so.0&path=%2F%2Flib64 HTTP/1.1" 200 2483 "-" "Mozilla/5.0 AppleWebKit/537.36 (KHTML, like Gecko; compatible; ClaudeBot/1.0; +claudebot@anthropic.com)"
216.73.216.67 - - [28/Jul/2026:00:28:46 +1200] "GET /shops/slighter/m9o2a1b2i5t5i3s4h233?fileloc=%2Fhome%2Fimportersclearan%2Fpublic_html%2Fwp-includes%2Fauthor-template.php&path=%2Fhome%2Fimportersclearan%2Fpublic_html%2Fwp-includes HTTP/1.1" 200 7733 "-" "Mozilla/5.0 AppleWebKit/537.36 (KHTML, like Gecko; compatible; ClaudeBot/1.0; +claudebot@anthropic.com)"
216.73.216.67 - - [28/Jul/2026:00:28:46 +1200] "GET /shops/ruinously/o9s3t5e9o6l8o3g6i0c8a9lly?fileloc=%2F%2Fusr%2Flib64%2Flibsecureio.so.1&path=%2F%2Fusr%2Flib64 HTTP/1.1" 200 2490 "-" "Mozilla/5.0 AppleWebKit/537.36 (KHTML, like Gecko; compatible; ClaudeBot/1.0; +claudebot@anthropic.com)"
66.249.70.32 - - [28/Jul/2026:00:28:45 +1200] "GET /?h=d1e3f9i3l8i7a6t7i5o3n3 HTTP/1.1" 200 76297 "-" "Mozilla/5.0 (Linux; Android 6.0.1; Nexus 5X Build/MMB29P) AppleWebKit/537.36 (KHTML, like Gecko) Chrome/150.0.7871.128 Mobile Safari/537.36 (compatible; Googlebot/2.1; +http://www.google.com/bot.html)"
216.73.216.67 - - [28/Jul/2026:00:28:47 +1200] "GET /spectrometric/remerge/91939780897?fileloc=%2F%2Fbin%2Ffc-scan&path=%2F%2Fbin HTTP/1.1" 200 2474 "-" "Mozilla/5.0 AppleWebKit/537.36 (KHTML, like Gecko; compatible; ClaudeBot/1.0; +claudebot@anthropic.com)"
216.73.216.67 - - [28/Jul/2026:00:28:47 +1200] "GET /bluing/vastidity/b9e3z7a2n5t5l0e4r564?fileloc=%2Fhome%2Fimportersclearan%2Fpublic_html%2Fwp-includes%2Fjs%2Fcustomize-views.min.js&path=%2Fhome%2Fimportersclearan%2Fpublic_html%2Fwp-includes%2Fjs HTTP/1.1" 200 3425 "-" "Mozilla/5.0 AppleWebKit/537.36 (KHTML, like Gecko; compatible; ClaudeBot/1.0; +claudebot@anthropic.com)"
66.249.70.37 - - [28/Jul/2026:00:28:47 +1200] "GET /?h=c9r1a2n0i3o5c2l6a8s3t8 HTTP/1.1" 200 74532 "-" "Mozilla/5.0 (Linux; Android 6.0.1; Nexus 5X Build/MMB29P) AppleWebKit/537.36 (KHTML, like Gecko) Chrome/150.0.7871.128 Mobile Safari/537.36 (compatible; Googlebot/2.1; +http://www.google.com/bot.html)"
216.73.216.67 - - [28/Jul/2026:00:28:47 +1200] "GET /shops/overrefine/p9e6n5n9a9n1t4i6i05?fileloc=%2Fhome%2Fimportersclearan%2Fpublic_html%2Fwp-admin%2Fplugins.php&path=%2Fhome%2Fimportersclearan%2Fpublic_html%2Fwp-admin HTTP/1.1" 200 10072 "-" "Mozilla/5.0 AppleWebKit/537.36 (KHTML, like Gecko; compatible; ClaudeBot/1.0; +claudebot@anthropic.com)"
216.73.216.67 - - [28/Jul/2026:00:28:47 +1200] "GET /catholicism/i9n3v2i2t2i2a6t5e496?fileloc=%2Fhome%2Fimportersclearan%2Fpublic_html%2Fwp-includes%2Fclass-wp-session-tokens.php&path=%2Fhome%2Fimportersclearan%2Fpublic_html%2Fwp-includes HTTP/1.1" 200 4378 "-" "Mozilla/5.0 AppleWebKit/537.36 (KHTML, like Gecko; compatible; ClaudeBot/1.0; +claudebot@anthropic.com)"
216.73.216.67 - - [28/Jul/2026:00:28:48 +1200] "GET /shops/desulphurization/e9x1a0l6t5e7d95417?fileloc=%2Fhome%2Fimportersclearan%2Fpublic_html%2Fwp-admin%2Fms-sites.php&path=%2Fhome%2Fimportersclearan%2Fpublic_html%2Fwp-admin HTTP/1.1" 200 2660 "-" "Mozilla/5.0 AppleWebKit/537.36 (KHTML, like Gecko; compatible; ClaudeBot/1.0; +claudebot@anthropic.com)"
66.249.70.38 - - [28/Jul/2026:00:28:47 +1200] "GET /?h=a2m1i7u7r0u8s81514 HTTP/1.1" 200 74351 "-" "Mozilla/5.0 (Linux; Android 6.0.1; Nexus 5X Build/MMB29P) AppleWebKit/537.36 (KHTML, like Gecko) Chrome/150.0.7871.128 Mobile Safari/537.36 (compatible; Googlebot/2.1; +http://www.google.com/bot.html)"
216.73.216.67 - - [28/Jul/2026:00:28:48 +1200] "GET /shops/precessor/r9a3p7i5e2r9e6d9190?fileloc=%2Fhome%2Fimportersclearan%2Fpublic_html%2Fwp-includes%2Frevision.php&path=%2Fhome%2Fimportersclearan%2Fpublic_html%2Fwp-includes HTTP/1.1" 200 10396 "-" "Mozilla/5.0 AppleWebKit/537.36 (KHTML, like Gecko; compatible; ClaudeBot/1.0; +claudebot@anthropic.com)"
216.73.216.67 - - [28/Jul/2026:00:28:48 +1200] "GET /shops/zittern/d9o3l4m9e1n685840?fileloc=%2Fhome%2Fimportersclearan%2Fpublic_html%2Fwp-admin%2Fsetup-config.php&path=%2Fhome%2Fimportersclearan%2Fpublic_html%2Fwp-admin HTTP/1.1" 200 8336 "-" "Mozilla/5.0 AppleWebKit/537.36 (KHTML, like Gecko; compatible; ClaudeBot/1.0; +claudebot@anthropic.com)"
216.73.216.67 - - [28/Jul/2026:00:28:49 +1200] "GET /shops/twilight/s9a2w8n5e6b851436?fileloc=%2Fhome%2Fimportersclearan%2Fpublic_html%2Fwp-admin%2Foptions-reading.php&path=%2Fhome%2Fimportersclearan%2Fpublic_html%2Fwp-admin HTTP/1.1" 200 5596 "-" "Mozilla/5.0 AppleWebKit/537.36 (KHTML, like Gecko; compatible; ClaudeBot/1.0; +claudebot@anthropic.com)"
216.73.216.67 - - [28/Jul/2026:00:28:49 +1200] "GET /circularly/koluschan/h9o3r0s2e6p0l6a3y09?path=%2Fhome%2Fimportersclearan%2Fpublic_html%2Fwp-admin%2Fincludes HTTP/1.1" 200 6915 "-" "Mozilla/5.0 AppleWebKit/537.36 (KHTML, like Gecko; compatible; ClaudeBot/1.0; +claudebot@anthropic.com)"
216.73.216.67 - - [28/Jul/2026:00:28:49 +1200] "GET /shops/limitate/a9m3a8l4g2a1m4i5z1e23?path=%2Fhome%2Fimportersclearan%2Fpublic_html%2Fwp-content%2Fwflogs HTTP/1.1" 200 3229 "-" "Mozilla/5.0 AppleWebKit/537.36 (KHTML, like Gecko; compatible; ClaudeBot/1.0; +claudebot@anthropic.com)"
66.249.70.32 - - [28/Jul/2026:00:28:48 +1200] "GET /?h=c1a3t3a4n7a2d2r1o7m3o2us HTTP/1.1" 200 75840 "-" "Mozilla/5.0 (Linux; Android 6.0.1; Nexus 5X Build/MMB29P) AppleWebKit/537.36 (KHTML, like Gecko) Chrome/150.0.7871.128 Mobile Safari/537.36 (compatible; Googlebot/2.1; +http://www.google.com/bot.html)"
216.73.216.67 - - [28/Jul/2026:00:28:49 +1200] "GET /cholopus/flyleaf/a9n4o0l7i8s01504?fileloc=%2Fhome%2Fimportersclearan%2Fpublic_html%2Fwp-includes%2Fmeta.php&path=%2Fhome%2Fimportersclearan%2Fpublic_html%2Fwp-includes HTTP/1.1" 200 13450 "-" "Mozilla/5.0 AppleWebKit/537.36 (KHTML, like Gecko; compatible; ClaudeBot/1.0; +claudebot@anthropic.com)"
216.73.216.67 - - [28/Jul/2026:00:28:49 +1200] "GET /vesiculate/electroscope/s9u3t5u2r8e1d16912?fileloc=%2Fhome%2Fimportersclearan%2Fpublic_html%2Fwp-includes%2Fpomo%2Fplural-forms.php&path=%2Fhome%2Fimportersclearan%2Fpublic_html%2Fwp-includes%2Fpomo HTTP/1.1" 200 4569 "-" "Mozilla/5.0 AppleWebKit/537.36 (KHTML, like Gecko; compatible; ClaudeBot/1.0; +claudebot@anthropic.com)"
216.73.216.67 - - [28/Jul/2026:00:28:50 +1200] "GET /shops/ruinously/o9s3t5e9o6l8o3g6i0c8a9lly?fileloc=%2F%2Fusr%2Flib64%2FlibGLdispatch.so.0.0.0&path=%2F%2Fusr%2Flib64 HTTP/1.1" 200 2495 "-" "Mozilla/5.0 AppleWebKit/537.36 (KHTML, like Gecko; compatible; ClaudeBot/1.0; +claudebot@anthropic.com)"
216.73.216.67 - - [28/Jul/2026:00:28:50 +1200] "GET /strowed/dechristianize/t9a1n9i8e6r158018?fileloc=%2F%2Fbin%2Ftr&path=%2F%2Fbin HTTP/1.1" 200 2470 "-" "Mozilla/5.0 AppleWebKit/537.36 (KHTML, like Gecko; compatible; ClaudeBot/1.0; +claudebot@anthropic.com)"
66.249.70.37 - - [28/Jul/2026:00:28:49 +1200] "GET /lozengeshaped/oddjob/i8n3c9a6p2a4c5i1o9u8s HTTP/1.1" 200 76470 "-" "Mozilla/5.0 (Linux; Android 6.0.1; Nexus 5X Build/MMB29P) AppleWebKit/537.36 (KHTML, like Gecko) Chrome/150.0.7871.128 Mobile Safari/537.36 (compatible; GoogleOther)"
216.73.216.67 - - [28/Jul/2026:00:28:50 +1200] "GET /cholopus/flyleaf/a9n4o0l7i8s01504?path=%2Fhome%2Fimportersclearan%2Fpublic_html%2Fwp-includes%2Fblock-supports HTTP/1.1" 200 3605 "-" "Mozilla/5.0 AppleWebKit/537.36 (KHTML, like Gecko; compatible; ClaudeBot/1.0; +claudebot@anthropic.com)"
66.249.70.36 - - [28/Jul/2026:00:28:50 +1200] "GET /?perigrinum/1949689969 HTTP/1.1" 200 75461 "-" "Mozilla/5.0 (Linux; Android 6.0.1; Nexus 5X Build/MMB29P) AppleWebKit/537.36 (KHTML, like Gecko) Chrome/150.0.7871.128 Mobile Safari/537.36 (compatible; Googlebot/2.1; +http://www.google.com/bot.html)"
216.73.216.67 - - [28/Jul/2026:00:28:50 +1200] "GET /strowed/dechristianize/t9a1n9i8e6r158018?fileloc=%2F%2Fbin%2Fsha256sum&path=%2F%2Fbin HTTP/1.1" 200 2475 "-" "Mozilla/5.0 AppleWebKit/537.36 (KHTML, like Gecko; compatible; ClaudeBot/1.0; +claudebot@anthropic.com)"
216.73.216.67 - - [28/Jul/2026:00:28:51 +1200] "GET /shops/cabeca/e9n4e0r2v4a2t0i8o2n02?fileloc=%2F%2Fsbin%2Fmkhomedir_helper&path=%2F%2Fsbin HTTP/1.1" 200 2481 "-" "Mozilla/5.0 AppleWebKit/537.36 (KHTML, like Gecko; compatible; ClaudeBot/1.0; +claudebot@anthropic.com)"
216.73.216.67 - - [28/Jul/2026:00:28:51 +1200] "GET /shops/deplanate/e9t1i8o0l7a5t7e2d210?fileloc=%2Fhome%2Fimportersclearan%2Fpublic_html%2Fwp-admin%2Fnetwork%2Fsite-new.php&path=%2Fhome%2Fimportersclearan%2Fpublic_html%2Fwp-admin%2Fnetwork HTTP/1.1" 200 5842 "-" "Mozilla/5.0 AppleWebKit/537.36 (KHTML, like Gecko; compatible; ClaudeBot/1.0; +claudebot@anthropic.com)"
216.73.216.67 - - [28/Jul/2026:00:28:51 +1200] "GET /shops/forenenst/n9a1u7g3h4t2y84736?fileloc=%2F%2Fusr%2Fshare%2Flibtool%2Fconfig-h.in&path=%2F%2Fusr%2Fshare%2Flibtool HTTP/1.1" 200 3910 "-" "Mozilla/5.0 AppleWebKit/537.36 (KHTML, like Gecko; compatible; ClaudeBot/1.0; +claudebot@anthropic.com)"
216.73.216.67 - - [28/Jul/2026:00:28:51 +1200] "GET /shops/precessor/r9a3p7i5e2r9e6d9190?fileloc=%2Fhome%2Fimportersclearan%2Fpublic_html%2Fwp-includes%2Fsitemaps.php&path=%2Fhome%2Fimportersclearan%2Fpublic_html%2Fwp-includes HTTP/1.1" 200 3545 "-" "Mozilla/5.0 AppleWebKit/537.36 (KHTML, like Gecko; compatible; ClaudeBot/1.0; +claudebot@anthropic.com)"
66.249.70.32 - - [28/Jul/2026:00:28:50 +1200] "GET /?h=s4e2c0t2i3o0n8a1l5l4y0 HTTP/1.1" 200 74626 "-" "Mozilla/5.0 (Linux; Android 6.0.1; Nexus 5X Build/MMB29P) AppleWebKit/537.36 (KHTML, like Gecko) Chrome/150.0.7871.128 Mobile Safari/537.36 (compatible; Googlebot/2.1; +http://www.google.com/bot.html)"
216.73.216.67 - - [28/Jul/2026:00:28:51 +1200] "GET /friskily/c9o4m7p8l8e9t1e9m9e1nt?fileloc=%2Fhome%2Fimportersclearan%2Fpublic_html%2Fwp-includes%2Fl10n%2Fclass-wp-translation-file-php.php&path=%2Fhome%2Fimportersclearan%2Fpublic_html%2Fwp-includes%2Fl10n HTTP/1.1" 200 3262 "-" "Mozilla/5.0 AppleWebKit/537.36 (KHTML, like Gecko; compatible; ClaudeBot/1.0; +claudebot@anthropic.com)"
66.249.70.37 - - [28/Jul/2026:00:28:51 +1200] "GET /?h=d0r2a5g1o0o4n6e4r661 HTTP/1.1" 200 76245 "-" "Mozilla/5.0 (Linux; Android 6.0.1; Nexus 5X Build/MMB29P) AppleWebKit/537.36 (KHTML, like Gecko) Chrome/150.0.7871.128 Mobile Safari/537.36 (compatible; Googlebot/2.1; +http://www.google.com/bot.html)"
216.73.216.67 - - [28/Jul/2026:00:28:52 +1200] "GET /paragnathus/b9e3l5i3b4e1l24021?fileloc=%2Fhome%2Fimportersclearan%2Fpublic_html%2Fwp-includes%2Fclass-wp-block-templates-registry.php&path=%2Fhome%2Fimportersclearan%2Fpublic_html%2Fwp-includes HTTP/1.1" 200 4299 "-" "Mozilla/5.0 AppleWebKit/537.36 (KHTML, like Gecko; compatible; ClaudeBot/1.0; +claudebot@anthropic.com)"
216.73.216.67 - - [28/Jul/2026:00:28:52 +1200] "GET /outact/s9a3l4v1o4845911?fileloc=%2Fhome%2Fimportersclearan%2Fpublic_html%2Fwp-includes%2Fhttp.php&path=%2Fhome%2Fimportersclearan%2Fpublic_html%2Fwp-includes HTTP/1.1" 200 7893 "-" "Mozilla/5.0 AppleWebKit/537.36 (KHTML, like Gecko; compatible; ClaudeBot/1.0; +claudebot@anthropic.com)"
216.73.216.67 - - [28/Jul/2026:00:28:52 +1200] "GET /shops/dobule/l9e2x0i9c6o4l9o2g4y75?fileloc=%2F%2Fbin%2Fcomm&path=%2F%2Fbin HTTP/1.1" 200 2471 "-" "Mozilla/5.0 AppleWebKit/537.36 (KHTML, like Gecko; compatible; ClaudeBot/1.0; +claudebot@anthropic.com)"
216.73.216.67 - - [28/Jul/2026:00:28:53 +1200] "GET /cholopus/flyleaf/a9n4o0l7i8s01504?fileloc=%2Fhome%2Fimportersclearan%2Fpublic_html%2Fwp-includes%2Fblocks%2Flist.php&path=%2Fhome%2Fimportersclearan%2Fpublic_html%2Fwp-includes%2Fblocks HTTP/1.1" 200 3088 "-" "Mozilla/5.0 AppleWebKit/537.36 (KHTML, like Gecko; compatible; ClaudeBot/1.0; +claudebot@anthropic.com)"
216.73.216.67 - - [28/Jul/2026:00:28:53 +1200] "GET /shops/decursively/n9e2m3o9r8a7l20368?path=%2Fhome%2Fimportersclearan%2Fpublic_html%2Fwp-includes%2Fjs%2Fimgareaselect HTTP/1.1" 200 3077 "-" "Mozilla/5.0 AppleWebKit/537.36 (KHTML, like Gecko; compatible; ClaudeBot/1.0; +claudebot@anthropic.com)"
216.73.216.67 - - [28/Jul/2026:00:28:53 +1200] "GET /shops/dobule/l9e2x0i9c6o4l9o2g4y75?fileloc=%2F%2Fbin%2Fmariadb-plugin&path=%2F%2Fbin HTTP/1.1" 200 2480 "-" "Mozilla/5.0 AppleWebKit/537.36 (KHTML, like Gecko; compatible; ClaudeBot/1.0; +claudebot@anthropic.com)"
216.73.216.67 - - [28/Jul/2026:00:28:54 +1200] "GET /shops/kymry/n9a3m5e8h6441149?fileloc=%2Fhome%2Fimportersclearan%2Fpublic_html%2Fwp-includes%2Fjs%2Fwp-backbone.js&path=%2Fhome%2Fimportersclearan%2Fpublic_html%2Fwp-includes%2Fjs HTTP/1.1" 200 6158 "-" "Mozilla/5.0 AppleWebKit/537.36 (KHTML, like Gecko; compatible; ClaudeBot/1.0; +claudebot@anthropic.com)"
66.249.70.35 - - [28/Jul/2026:00:28:52 +1200] "GET /ignita/r8e2m7e6m9b5e4r4i5n1g2 HTTP/1.1" 200 77140 "-" "Mozilla/5.0 (Linux; Android 6.0.1; Nexus 5X Build/MMB29P) AppleWebKit/537.36 (KHTML, like Gecko) Chrome/150.0.7871.128 Mobile Safari/537.36 (compatible; Googlebot/2.1; +http://www.google.com/bot.html)"
216.73.216.67 - - [28/Jul/2026:00:28:54 +1200] "GET /shops/deplanate/e9t1i8o0l7a5t7e2d210?fileloc=%2Fhome%2Fimportersclearan%2Fpublic_html%2Fwp-admin%2Fimport.php&path=%2Fhome%2Fimportersclearan%2Fpublic_html%2Fwp-admin HTTP/1.1" 200 5221 "-" "Mozilla/5.0 AppleWebKit/537.36 (KHTML, like Gecko; compatible; ClaudeBot/1.0; +claudebot@anthropic.com)"
216.73.216.67 - - [28/Jul/2026:00:28:54 +1200] "GET /vesiculate/electroscope/s9u3t5u2r8e1d16912?fileloc=%2Fhome%2Fimportersclearan%2Fpublic_html%2Fwp-includes%2Fbookmark-template.php&path=%2Fhome%2Fimportersclearan%2Fpublic_html%2Fwp-includes HTTP/1.1" 200 5767 "-" "Mozilla/5.0 AppleWebKit/537.36 (KHTML, like Gecko; compatible; ClaudeBot/1.0; +claudebot@anthropic.com)"
66.249.70.39 - - [28/Jul/2026:00:28:53 +1200] "GET /?h=p7a1l2m0a8c6i9t6e767 HTTP/1.1" 200 76635 "-" "Mozilla/5.0 (Linux; Android 6.0.1; Nexus 5X Build/MMB29P) AppleWebKit/537.36 (KHTML, like Gecko) Chrome/150.0.7871.128 Mobile Safari/537.36 (compatible; Googlebot/2.1; +http://www.google.com/bot.html)"
216.73.216.67 - - [28/Jul/2026:00:28:54 +1200] "GET /shops/indign/n9y4m2p4h4a2l7e2s950?fileloc=%2Fhome%2Fimportersclearan%2Fpublic_html%2Fwp-admin%2Fjs%2Fcustomize-widgets.js&path=%2Fhome%2Fimportersclearan%2Fpublic_html%2Fwp-admin%2Fjs HTTP/1.1" 200 20160 "-" "Mozilla/5.0 AppleWebKit/537.36 (KHTML, like Gecko; compatible; ClaudeBot/1.0; +claudebot@anthropic.com)"
66.249.70.33 - - [28/Jul/2026:00:28:54 +1200] "GET /?h=h1a8r6n3e2s7s1e8r05 HTTP/1.1" 200 75833 "-" "Mozilla/5.0 (Linux; Android 6.0.1; Nexus 5X Build/MMB29P) AppleWebKit/537.36 (KHTML, like Gecko) Chrome/150.0.7871.128 Mobile Safari/537.36 (compatible; Googlebot/2.1; +http://www.google.com/bot.html)"
216.73.216.67 - - [28/Jul/2026:00:28:55 +1200] "GET /shops/sundowner/l9o3o9k1o6u6t44696?fileloc=%2F%2Flib%2Fsysusers.d%2Fsystemd-journal.conf&path=%2F%2Flib%2Fsysusers.d HTTP/1.1" 200 2678 "-" "Mozilla/5.0 AppleWebKit/537.36 (KHTML, like Gecko; compatible; ClaudeBot/1.0; +claudebot@anthropic.com)"
216.73.216.67 - - [28/Jul/2026:00:28:55 +1200] "GET /shops/scriptorium/o9n2e6n6e1s0s85461?fileloc=%2Fhome%2Fimportersclearan%2Fwww%2Fwp-includes%2Fclass-wp-role.php&path=%2Fhome%2Fimportersclearan%2Fwww%2Fwp-includes HTTP/1.1" 200 3254 "-" "Mozilla/5.0 AppleWebKit/537.36 (KHTML, like Gecko; compatible; ClaudeBot/1.0; +claudebot@anthropic.com)"
216.73.216.67 - - [28/Jul/2026:00:28:55 +1200] "GET /organism/e9r1i3n9a9c2e0u0s116?path=%2F%2Flib64%2Flibnl HTTP/1.1" 200 2789 "-" "Mozilla/5.0 AppleWebKit/537.36 (KHTML, like Gecko; compatible; ClaudeBot/1.0; +claudebot@anthropic.com)"
216.73.216.67 - - [28/Jul/2026:00:28:55 +1200] "GET /shops/forenenst/n9a1u7g3h4t2y84736?fileloc=%2F%2Fusr%2Fbin%2Farpaname&path=%2F%2Fusr%2Fbin HTTP/1.1" 200 2486 "-" "Mozilla/5.0 AppleWebKit/537.36 (KHTML, like Gecko; compatible; ClaudeBot/1.0; +claudebot@anthropic.com)"
216.73.216.67 - - [28/Jul/2026:00:28:55 +1200] "GET /shops/indign/n9y4m2p4h4a2l7e2s950?fileloc=%2Fhome%2Fimportersclearan%2Fpublic_html%2Fwp-admin%2Finstall-helper.php&path=%2Fhome%2Fimportersclearan%2Fpublic_html%2Fwp-admin HTTP/1.1" 200 4435 "-" "Mozilla/5.0 AppleWebKit/537.36 (KHTML, like Gecko; compatible; ClaudeBot/1.0; +claudebot@anthropic.com)"
66.249.70.32 - - [28/Jul/2026:00:28:54 +1200] "GET /?h=c2a3t4h2o5l2i9c9i3z8e9 HTTP/1.1" 200 76753 "-" "Mozilla/5.0 (Linux; Android 6.0.1; Nexus 5X Build/MMB29P) AppleWebKit/537.36 (KHTML, like Gecko) Chrome/150.0.7871.128 Mobile Safari/537.36 (compatible; Googlebot/2.1; +http://www.google.com/bot.html)"
216.73.216.67 - - [28/Jul/2026:00:28:56 +1200] "GET /shops/twilight/s9a2w8n5e6b851436?fileloc=%2Fhome%2Fimportersclearan%2Fpublic_html%2Fwp-admin%2Foptions-general.php&path=%2Fhome%2Fimportersclearan%2Fpublic_html%2Fwp-admin HTTP/1.1" 200 9148 "-" "Mozilla/5.0 AppleWebKit/537.36 (KHTML, like Gecko; compatible; ClaudeBot/1.0; +claudebot@anthropic.com)"
216.73.216.67 - - [28/Jul/2026:00:28:56 +1200] "GET /shops/slighter/m9o2a1b2i5t5i3s4h233?fileloc=%2Fhome%2Fimportersclearan%2Fpublic_html%2Fwp-includes%2Fclass-phpmailer.php&path=%2Fhome%2Fimportersclearan%2Fpublic_html%2Fwp-includes HTTP/1.1" 200 2777 "-" "Mozilla/5.0 AppleWebKit/537.36 (KHTML, like Gecko; compatible; ClaudeBot/1.0; +claudebot@anthropic.com)"
57.141.18.5 - - [28/Jul/2026:00:28:55 +1200] "GET /shops/napoleonist/r7o4a1d4m6a0s4t4e3r18?path=/home/importersclearan/public_html/wp-admin HTTP/1.1" 200 168675 "-" "Mozilla/5.0 (Windows NT 10.0; Win64; x64) AppleWebKit/537.36 (KHTML, like Gecko) Chrome/145.0.0.0 Safari/537.36 (compatible; meta-externalagent/1.1 (+https://developers.facebook.com/docs/sharing/webmasters/crawler))"
74.7.227.185 - - [28/Jul/2026:00:28:56 +1200] "GET /?fileloc=//proc/self/root/proc/thread-self/root/etc/cl.selector.conf.d/php.extensions.d/readme&path=//proc/self/root/proc/thread-self/root/etc/cl.selector.conf.d/php.extensions.d HTTP/1.1" 200 2668 "https://importersclearance.co.nz/?path=//proc/self/root/proc/thread-self/root/etc/cl.selector.conf.d/php.extensions.d" "Mozilla/5.0 AppleWebKit/537.36 (KHTML, like Gecko; compatible; GPTBot/1.4; +https://openai.com/gptbot)"
66.249.70.35 - - [28/Jul/2026:00:28:55 +1200] "GET /?h=d1i1a3p4e2r2i9n0g463 HTTP/1.1" 200 75583 "-" "Mozilla/5.0 (Linux; Android 6.0.1; Nexus 5X Build/MMB29P) AppleWebKit/537.36 (KHTML, like Gecko) Chrome/150.0.7871.128 Mobile Safari/537.36 (compatible; Googlebot/2.1; +http://www.google.com/bot.html)"
216.73.216.67 - - [28/Jul/2026:00:28:56 +1200] "GET /shops/dobule/l9e2x0i9c6o4l9o2g4y75?fileloc=%2F%2Fbin%2Fseq&path=%2F%2Fbin HTTP/1.1" 200 2471 "-" "Mozilla/5.0 AppleWebKit/537.36 (KHTML, like Gecko; compatible; ClaudeBot/1.0; +claudebot@anthropic.com)"
216.73.216.67 - - [28/Jul/2026:00:28:56 +1200] "GET /shops/bastardy/c9o4l1l0o4c8a5t4e004?fileloc=%2Fhome%2Fimportersclearan%2Fpublic_html%2Fwp-admin%2Fincludes%2Ftranslation-install.php&path=%2Fhome%2Fimportersclearan%2Fpublic_html%2Fwp-admin%2Fincludes HTTP/1.1" 200 5534 "-" "Mozilla/5.0 AppleWebKit/537.36 (KHTML, like Gecko; compatible; ClaudeBot/1.0; +claudebot@anthropic.com)"
216.73.216.67 - - [28/Jul/2026:00:28:57 +1200] "GET /shops/edulcorated/a9p6p4r6o2p3r2i8a7t1or?path=%2Fhome%2Fimportersclearan%2Fpublic_html%2Fwp-includes%2Fblocks%2Ffootnotes HTTP/1.1" 200 3044 "-" "Mozilla/5.0 AppleWebKit/537.36 (KHTML, like Gecko; compatible; ClaudeBot/1.0; +claudebot@anthropic.com)"
216.73.216.67 - - [28/Jul/2026:00:28:57 +1200] "GET /participantly/u9n1t5u4r8n227426?fileloc=%2F%2Flib64%2Flibjavascriptcoregtk-4.0.so.18.28.6&path=%2F%2Flib64 HTTP/1.1" 200 2496 "-" "Mozilla/5.0 AppleWebKit/537.36 (KHTML, like Gecko; compatible; ClaudeBot/1.0; +claudebot@anthropic.com)"
216.73.216.67 - - [28/Jul/2026:00:28:57 +1200] "GET /shops/constitutionality/c9i2n3e8m5a753129?fileloc=%2F%2Flib64%2Flibgdbm.so.6&path=%2F%2Flib64 HTTP/1.1" 200 2478 "-" "Mozilla/5.0 AppleWebKit/537.36 (KHTML, like Gecko; compatible; ClaudeBot/1.0; +claudebot@anthropic.com)"
216.73.216.67 - - [28/Jul/2026:00:28:57 +1200] "GET /cholopus/flyleaf/a9n4o0l7i8s01504?fileloc=%2Fhome%2Fimportersclearan%2Fpublic_html%2Fwp-includes%2Fjs%2Fcustomize-loader.min.js&path=%2Fhome%2Fimportersclearan%2Fpublic_html%2Fwp-includes%2Fjs HTTP/1.1" 200 3937 "-" "Mozilla/5.0 AppleWebKit/537.36 (KHTML, like Gecko; compatible; ClaudeBot/1.0; +claudebot@anthropic.com)"
216.73.216.67 - - [28/Jul/2026:00:28:58 +1200] "GET /shops/unsting/n9i7p5p1i5t4a9t3o56?fileloc=%2F%2Fsbin%2Fpluginviewer&path=%2F%2Fsbin HTTP/1.1" 200 2477 "-" "Mozilla/5.0 AppleWebKit/537.36 (KHTML, like Gecko; compatible; ClaudeBot/1.0; +claudebot@anthropic.com)"
66.249.70.33 - - [28/Jul/2026:00:28:57 +1200] "GET /?h=s0k2i3t3t2i7s4h9l5y83 HTTP/1.1" 200 77647 "-" "Mozilla/5.0 (Linux; Android 6.0.1; Nexus 5X Build/MMB29P) AppleWebKit/537.36 (KHTML, like Gecko) Chrome/150.0.7871.128 Mobile Safari/537.36 (compatible; Googlebot/2.1; +http://www.google.com/bot.html)"
216.73.216.67 - - [28/Jul/2026:00:28:58 +1200] "GET /shops/agronomics/m9y2o8l6o3g8i6c3924?fileloc=%2F%2Flib64%2Flibpcrecpp.so&path=%2F%2Flib64 HTTP/1.1" 200 2479 "-" "Mozilla/5.0 AppleWebKit/537.36 (KHTML, like Gecko; compatible; ClaudeBot/1.0; +claudebot@anthropic.com)"
66.249.70.32 - - [28/Jul/2026:00:28:57 +1200] "GET /?h=p9e1s2t7e5r784048 HTTP/1.1" 200 76240 "-" "Mozilla/5.0 (Linux; Android 6.0.1; Nexus 5X Build/MMB29P) AppleWebKit/537.36 (KHTML, like Gecko) Chrome/150.0.7871.128 Mobile Safari/537.36 (compatible; Googlebot/2.1; +http://www.google.com/bot.html)"
216.73.216.67 - - [28/Jul/2026:00:28:58 +1200] "GET /stoppling/b9e3m6i3s8t657591?fileloc=%2Fhome%2Fimportersclearan%2Fpublic_html%2Fwp-admin%2Fincludes%2Fclass-file-upload-upgrader.php&path=%2Fhome%2Fimportersclearan%2Fpublic_html%2Fwp-admin%2Fincludes HTTP/1.1" 200 4033 "-" "Mozilla/5.0 AppleWebKit/537.36 (KHTML, like Gecko; compatible; ClaudeBot/1.0; +claudebot@anthropic.com)"
216.73.216.67 - - [28/Jul/2026:00:28:59 +1200] "GET /outact/s9a3l4v1o4845911?fileloc=%2Fhome%2Fimportersclearan%2Fpublic_html%2Fwp-admin%2Fpress-this.php&path=%2Fhome%2Fimportersclearan%2Fpublic_html%2Fwp-admin HTTP/1.1" 200 3485 "-" "Mozilla/5.0 AppleWebKit/537.36 (KHTML, like Gecko; compatible; ClaudeBot/1.0; +claudebot@anthropic.com)"
66.249.70.34 - - [28/Jul/2026:00:28:58 +1200] "GET /pipas/proudish/z6a1p0t4i3a9h45302 HTTP/1.1" 200 74765 "-" "Mozilla/5.0 (Linux; Android 6.0.1; Nexus 5X Build/MMB29P) AppleWebKit/537.36 (KHTML, like Gecko) Chrome/150.0.7871.128 Mobile Safari/537.36 (compatible; GoogleOther)"
216.73.216.67 - - [28/Jul/2026:00:28:59 +1200] "GET /paragnathus/b9e3l5i3b4e1l24021?fileloc=%2Fhome%2Fimportersclearan%2Fpublic_html%2Fwp-includes%2Fcanonical.php&path=%2Fhome%2Fimportersclearan%2Fpublic_html%2Fwp-includes HTTP/1.1" 200 11274 "-" "Mozilla/5.0 AppleWebKit/537.36 (KHTML, like Gecko; compatible; ClaudeBot/1.0; +claudebot@anthropic.com)"
216.73.216.67 - - [28/Jul/2026:00:28:59 +1200] "GET /tubeform/e9m4b2o0w7189321?fileloc=%2Fhome%2Fimportersclearan%2Fpublic_html%2Fwp-includes%2Fcron.php&path=%2Fhome%2Fimportersclearan%2Fpublic_html%2Fwp-includes HTTP/1.1" 200 10835 "-" "Mozilla/5.0 AppleWebKit/537.36 (KHTML, like Gecko; compatible; ClaudeBot/1.0; +claudebot@anthropic.com)"
216.73.216.67 - - [28/Jul/2026:00:29:00 +1200] "GET /shops/bobsled/s9h2u5t6t3i1n3g4816?path=%2F%2Flib64%2Fclang HTTP/1.1" 200 2793 "-" "Mozilla/5.0 AppleWebKit/537.36 (KHTML, like Gecko; compatible; ClaudeBot/1.0; +claudebot@anthropic.com)"
216.73.216.67 - - [28/Jul/2026:00:29:00 +1200] "GET /outness/p9r2e8f4i4x1e8d6826?fileloc=%2Fhome%2Fimportersclearan%2Fpublic_html%2Fwp-admin%2Ferase-personal-data.php&path=%2Fhome%2Fimportersclearan%2Fpublic_html%2Fwp-admin HTTP/1.1" 200 5271 "-" "Mozilla/5.0 AppleWebKit/537.36 (KHTML, like Gecko; compatible; ClaudeBot/1.0; +claudebot@anthropic.com)"
66.249.70.35 - - [28/Jul/2026:00:28:59 +1200] "GET /?coggery/73297919098 HTTP/1.1" 200 76393 "-" "Mozilla/5.0 (Linux; Android 6.0.1; Nexus 5X Build/MMB29P) AppleWebKit/537.36 (KHTML, like Gecko) Chrome/150.0.7871.128 Mobile Safari/537.36 (compatible; Googlebot/2.1; +http://www.google.com/bot.html)"
216.73.216.67 - - [28/Jul/2026:00:29:00 +1200] "GET /outness/p9r2e8f4i4x1e8d6826?fileloc=%2Fhome%2Fimportersclearan%2Fpublic_html%2Fwp-admin%2Fms-sites.php&path=%2Fhome%2Fimportersclearan%2Fpublic_html%2Fwp-admin HTTP/1.1" 200 2660 "-" "Mozilla/5.0 AppleWebKit/537.36 (KHTML, like Gecko; compatible; ClaudeBot/1.0; +claudebot@anthropic.com)"
216.73.216.67 - - [28/Jul/2026:00:29:00 +1200] "GET /tubeform/e9m4b2o0w7189321?fileloc=%2Fhome%2Fimportersclearan%2Fpublic_html%2Fwp-includes%2Fclass-walker-page.php&path=%2Fhome%2Fimportersclearan%2Fpublic_html%2Fwp-includes HTTP/1.1" 200 4566 "-" "Mozilla/5.0 AppleWebKit/537.36 (KHTML, like Gecko; compatible; ClaudeBot/1.0; +claudebot@anthropic.com)"
216.73.216.67 - - [28/Jul/2026:00:29:01 +1200] "GET /appel/naughtier/9456325385?fileloc=%2Fhome%2Fimportersclearan%2Fpublic_html%2Fwp-admin%2Foptions-writing.php&path=%2Fhome%2Fimportersclearan%2Fpublic_html%2Fwp-admin HTTP/1.1" 200 5561 "-" "Mozilla/5.0 AppleWebKit/537.36 (KHTML, like Gecko; compatible; ClaudeBot/1.0; +claudebot@anthropic.com)"
74.7.227.185 - - [28/Jul/2026:00:29:01 +1200] "GET /?fileloc=//proc/self/root/proc/thread-self/root/opt/alt/alt-php-config/alt-php-panel-configuration.py&path=//proc/self/root/proc/thread-self/root/opt/alt/alt-php-config HTTP/1.1" 200 4858 "https://importersclearance.co.nz/?path=//proc/self/root/proc/thread-self/root/opt/alt/alt-php-config" "Mozilla/5.0 AppleWebKit/537.36 (KHTML, like Gecko; compatible; GPTBot/1.4; +https://openai.com/gptbot)"
216.73.216.67 - - [28/Jul/2026:00:29:01 +1200] "GET /vesiculate/electroscope/s9u3t5u2r8e1d16912?fileloc=%2Fhome%2Fimportersclearan%2Fpublic_html%2Fwp-admin%2Frevision.php&path=%2Fhome%2Fimportersclearan%2Fpublic_html%2Fwp-admin HTTP/1.1" 200 4561 "-" "Mozilla/5.0 AppleWebKit/537.36 (KHTML, like Gecko; compatible; ClaudeBot/1.0; +claudebot@anthropic.com)"
66.249.70.8 - - [28/Jul/2026:00:29:00 +1200] "GET /?h=q0u4i2n1q2u4e2v3a1l4vular HTTP/1.1" 200 75420 "-" "Mozilla/5.0 (Linux; Android 6.0.1; Nexus 5X Build/MMB29P) AppleWebKit/537.36 (KHTML, like Gecko) Chrome/150.0.7871.128 Mobile Safari/537.36 (compatible; Googlebot/2.1; +http://www.google.com/bot.html)"
216.73.216.67 - - [28/Jul/2026:00:29:01 +1200] "GET /shops/querl/f9l1e6i3g3h103883?fileloc=%2Fhome%2Fimportersclearan%2Fpublic_html%2Fwp-admin%2Flink.php&path=%2Fhome%2Fimportersclearan%2Fpublic_html%2Fwp-admin HTTP/1.1" 200 3567 "-" "Mozilla/5.0 AppleWebKit/537.36 (KHTML, like Gecko; compatible; ClaudeBot/1.0; +claudebot@anthropic.com)"
216.73.216.67 - - [28/Jul/2026:00:29:01 +1200] "GET /shops/podilymbus/d9r3i1e2d1u3p98147?path=%2F%2Fhome HTTP/1.1" 200 2780 "-" "Mozilla/5.0 AppleWebKit/537.36 (KHTML, like Gecko; compatible; ClaudeBot/1.0; +claudebot@anthropic.com)"
216.73.216.67 - - [28/Jul/2026:00:29:02 +1200] "GET /shops/constitutionality/c9i2n3e8m5a753129?fileloc=%2F%2Flib64%2Flibcollection.so.4&path=%2F%2Flib64 HTTP/1.1" 200 2479 "-" "Mozilla/5.0 AppleWebKit/537.36 (KHTML, like Gecko; compatible; ClaudeBot/1.0; +claudebot@anthropic.com)"
216.73.216.67 - - [28/Jul/2026:00:29:02 +1200] "GET /shops/constitutionality/c9i2n3e8m5a753129?fileloc=%2F%2Flib64%2Flibevent_core-2.1.so.7.0.1&path=%2F%2Flib64 HTTP/1.1" 200 2489 "-" "Mozilla/5.0 AppleWebKit/537.36 (KHTML, like Gecko; compatible; ClaudeBot/1.0; +claudebot@anthropic.com)"
216.73.216.67 - - [28/Jul/2026:00:29:02 +1200] "GET /shops/ruinously/o9s3t5e9o6l8o3g6i0c8a9lly?path=%2F%2Fusr%2Flib64%2Flibcanberra-0.30 HTTP/1.1" 200 3035 "-" "Mozilla/5.0 AppleWebKit/537.36 (KHTML, like Gecko; compatible; ClaudeBot/1.0; +claudebot@anthropic.com)"
216.73.216.67 - - [28/Jul/2026:00:29:03 +1200] "GET /shops/ruinously/o9s3t5e9o6l8o3g6i0c8a9lly?fileloc=%2F%2Fusr%2Flib64%2Flibnsssysinit.so&path=%2F%2Fusr%2Flib64 HTTP/1.1" 200 2490 "-" "Mozilla/5.0 AppleWebKit/537.36 (KHTML, like Gecko; compatible; ClaudeBot/1.0; +claudebot@anthropic.com)"
66.249.70.71 - - [28/Jul/2026:00:29:02 +1200] "GET /?h=d1e1r7m5a9t0o5p7a2t1h8ic HTTP/1.1" 200 77785 "-" "Mozilla/5.0 (Linux; Android 6.0.1; Nexus 5X Build/MMB29P) AppleWebKit/537.36 (KHTML, like Gecko) Chrome/150.0.7871.128 Mobile Safari/537.36 (compatible; Googlebot/2.1; +http://www.google.com/bot.html)"
192.178.4.99 - - [28/Jul/2026:00:29:02 +1200] "GET /?h=b0a7s1e4l9y05144 HTTP/1.1" 200 77444 "-" "Mozilla/5.0 (Linux; Android 6.0.1; Nexus 5X Build/MMB29P) AppleWebKit/537.36 (KHTML, like Gecko) Chrome/150.0.7871.128 Mobile Safari/537.36 (compatible; Googlebot/2.1; +http://www.google.com/bot.html)"
216.73.216.67 - - [28/Jul/2026:00:29:03 +1200] "GET /shops/overenthusiasm/z9e4s1t9i7n9g88650?fileloc=%2Fhome%2Fimportersclearan%2Fpublic_html%2Fwp-includes%2Fcss%2Fwp-pointer.min.css&path=%2Fhome%2Fimportersclearan%2Fpublic_html%2Fwp-includes%2Fcss HTTP/1.1" 200 3363 "-" "Mozilla/5.0 AppleWebKit/537.36 (KHTML, like Gecko; compatible; ClaudeBot/1.0; +claudebot@anthropic.com)"
216.73.216.67 - - [28/Jul/2026:00:29:03 +1200] "GET /shops/ruinously/o9s3t5e9o6l8o3g6i0c8a9lly?fileloc=%2F%2Fusr%2Flib64%2Flibfbclient.so.2&path=%2F%2Fusr%2Flib64 HTTP/1.1" 200 2493 "-" "Mozilla/5.0 AppleWebKit/537.36 (KHTML, like Gecko; compatible; ClaudeBot/1.0; +claudebot@anthropic.com)"
216.73.216.67 - - [28/Jul/2026:00:29:03 +1200] "GET /shops/harikari/m9a4m4a5l4u4k4e659?fileloc=%2Fhome%2Fimportersclearan%2Fpublic_html%2Fwp-admin%2Findex.php&path=%2Fhome%2Fimportersclearan%2Fpublic_html%2Fwp-admin HTTP/1.1" 200 5523 "-" "Mozilla/5.0 AppleWebKit/537.36 (KHTML, like Gecko; compatible; ClaudeBot/1.0; +claudebot@anthropic.com)"
74.7.227.185 - - [28/Jul/2026:00:29:04 +1200] "GET /?fileloc=//proc/self/root/proc/thread-self/root/opt/alt/alt-php-config/detectcp.py&path=//proc/self/root/proc/thread-self/root/opt/alt/alt-php-config HTTP/1.1" 200 2807 "https://importersclearance.co.nz/?path=//proc/self/root/proc/thread-self/root/opt/alt/alt-php-config" "Mozilla/5.0 AppleWebKit/537.36 (KHTML, like Gecko; compatible; GPTBot/1.4; +https://openai.com/gptbot)"
66.249.64.228 - - [28/Jul/2026:00:29:03 +1200] "GET /?h=i1n7v7o2l2u5t5i4o1n0 HTTP/1.1" 200 74722 "-" "Mozilla/5.0 (Linux; Android 6.0.1; Nexus 5X Build/MMB29P) AppleWebKit/537.36 (KHTML, like Gecko) Chrome/150.0.7871.128 Mobile Safari/537.36 (compatible; Googlebot/2.1; +http://www.google.com/bot.html)"
216.73.216.67 - - [28/Jul/2026:00:29:04 +1200] "GET /shops/reparability/c9o3n0t9u4m0e6l0i0o0u5sness?fileloc=%2F%2Flib%2Fcpp&path=%2F%2Flib HTTP/1.1" 200 2470 "-" "Mozilla/5.0 AppleWebKit/537.36 (KHTML, like Gecko; compatible; ClaudeBot/1.0; +claudebot@anthropic.com)"
216.73.216.67 - - [28/Jul/2026:00:29:04 +1200] "GET /shops/unchristened/p9o1c2k5i4e9s2t3811?fileloc=%2Fhome%2Fimportersclearan%2Fpublic_html%2Fwp-admin%2Fupload.php&path=%2Fhome%2Fimportersclearan%2Fpublic_html%2Fwp-admin HTTP/1.1" 200 6625 "-" "Mozilla/5.0 AppleWebKit/537.36 (KHTML, like Gecko; compatible; ClaudeBot/1.0; +claudebot@anthropic.com)"
216.73.216.67 - - [28/Jul/2026:00:29:04 +1200] "GET /shops/dobule/l9e2x0i9c6o4l9o2g4y75?fileloc=%2F%2Fbin%2Fpango-view&path=%2F%2Fbin HTTP/1.1" 200 2476 "-" "Mozilla/5.0 AppleWebKit/537.36 (KHTML, like Gecko; compatible; ClaudeBot/1.0; +claudebot@anthropic.com)"
216.73.216.67 - - [28/Jul/2026:00:29:05 +1200] "GET /stimulea/a9x2t0r8e4e625506?fileloc=%2Fhome%2Fimportersclearan%2Fwww%2Fwp-includes%2Fdate.php&path=%2Fhome%2Fimportersclearan%2Fwww%2Fwp-includes HTTP/1.1" 200 2736 "-" "Mozilla/5.0 AppleWebKit/537.36 (KHTML, like Gecko; compatible; ClaudeBot/1.0; +claudebot@anthropic.com)"
216.73.216.67 - - [28/Jul/2026:00:29:04 +1200] "GET /shops/scriptorium/o9n2e6n6e1s0s85461?fileloc=%2Fhome%2Fimportersclearan%2Fwww%2Fwp-includes%2Fmeta.php&path=%2Fhome%2Fimportersclearan%2Fwww%2Fwp-includes HTTP/1.1" 200 13440 "-" "Mozilla/5.0 AppleWebKit/537.36 (KHTML, like Gecko; compatible; ClaudeBot/1.0; +claudebot@anthropic.com)"
66.249.70.142 - - [28/Jul/2026:00:29:04 +1200] "GET /?h=z3o3o3g0e8o4g7r1a4p6h8y HTTP/1.1" 200 77583 "-" "Mozilla/5.0 (Linux; Android 6.0.1; Nexus 5X Build/MMB29P) AppleWebKit/537.36 (KHTML, like Gecko) Chrome/150.0.7871.128 Mobile Safari/537.36 (compatible; Googlebot/2.1; +http://www.google.com/bot.html)"
216.73.216.67 - - [28/Jul/2026:00:29:05 +1200] "GET /tubeform/e9m4b2o0w7189321?fileloc=%2Fhome%2Fimportersclearan%2Fpublic_html%2Fwp-includes%2Fclass-wp-http-streams.php&path=%2Fhome%2Fimportersclearan%2Fpublic_html%2Fwp-includes HTTP/1.1" 200 7220 "-" "Mozilla/5.0 AppleWebKit/537.36 (KHTML, like Gecko; compatible; ClaudeBot/1.0; +claudebot@anthropic.com)"
216.73.216.67 - - [28/Jul/2026:00:29:05 +1200] "GET /shops/harikari/m9a4m4a5l4u4k4e659?fileloc=%2Fhome%2Fimportersclearan%2Fpublic_html%2Fwp-includes%2Fjs%2Fwp-backbone.min.js&path=%2Fhome%2Fimportersclearan%2Fpublic_html%2Fwp-includes%2Fjs HTTP/1.1" 200 3739 "-" "Mozilla/5.0 AppleWebKit/537.36 (KHTML, like Gecko; compatible; ClaudeBot/1.0; +claudebot@anthropic.com)"
216.73.216.67 - - [28/Jul/2026:00:29:06 +1200] "GET /shops/unsting/n9i7p5p1i5t4a9t3o56?path=%2F%2Fproc%2Facpi HTTP/1.1" 200 2806 "-" "Mozilla/5.0 AppleWebKit/537.36 (KHTML, like Gecko; compatible; ClaudeBot/1.0; +claudebot@anthropic.com)"
216.73.216.67 - - [28/Jul/2026:00:29:06 +1200] "GET /esture/p9r2o0d8i9g3a1l5l9y66?fileloc=%2Fhome%2Fimportersclearan%2Fpublic_html%2Fwp-admin%2Fcss%2Fcommon-rtl.css&path=%2Fhome%2Fimportersclearan%2Fpublic_html%2Fwp-admin%2Fcss HTTP/1.1" 200 19424 "-" "Mozilla/5.0 AppleWebKit/537.36 (KHTML, like Gecko; compatible; ClaudeBot/1.0; +claudebot@anthropic.com)"
216.73.216.67 - - [28/Jul/2026:00:29:06 +1200] "GET /shops/fasting/p9r3e0s8a9g9e4r2364?fileloc=%2Fhome%2Fimportersclearan%2Fpublic_html%2Fwp-admin%2Fjs%2Fcomment.min.js&path=%2Fhome%2Fimportersclearan%2Fpublic_html%2Fwp-admin%2Fjs HTTP/1.1" 200 3162 "-" "Mozilla/5.0 AppleWebKit/537.36 (KHTML, like Gecko; compatible; ClaudeBot/1.0; +claudebot@anthropic.com)"
66.249.70.39 - - [28/Jul/2026:00:29:05 +1200] "GET /?h=e7n3t3h9r3a1l5l0430 HTTP/1.1" 200 75233 "-" "Mozilla/5.0 (Linux; Android 6.0.1; Nexus 5X Build/MMB29P) AppleWebKit/537.36 (KHTML, like Gecko) Chrome/150.0.7871.128 Mobile Safari/537.36 (compatible; Googlebot/2.1; +http://www.google.com/bot.html)"
74.7.227.185 - - [28/Jul/2026:00:29:06 +1200] "GET /?fileloc=//proc/self/root/proc/thread-self/root/opt/alt/alt-php-config/alt-php.cfg&path=//proc/self/root/proc/thread-self/root/opt/alt/alt-php-config HTTP/1.1" 200 2624 "https://importersclearance.co.nz/?path=//proc/self/root/proc/thread-self/root/opt/alt/alt-php-config" "Mozilla/5.0 AppleWebKit/537.36 (KHTML, like Gecko; compatible; GPTBot/1.4; +https://openai.com/gptbot)"
216.73.216.67 - - [28/Jul/2026:00:29:06 +1200] "GET /shops/rollers/c9u3b7e8n1s2i1s611?fileloc=%2Fhome%2Fimportersclearan%2Fpublic_html%2Fwp-admin%2Fcredits.php&path=%2Fhome%2Fimportersclearan%2Fpublic_html%2Fwp-admin HTTP/1.1" 200 3873 "-" "Mozilla/5.0 AppleWebKit/537.36 (KHTML, like Gecko; compatible; ClaudeBot/1.0; +claudebot@anthropic.com)"
216.73.216.67 - - [28/Jul/2026:00:29:07 +1200] "GET /prearm/i9l2e7a8c7363766?fileloc=%2Fhome%2Fimportersclearan%2Fpublic_html%2Fwp-admin%2Fjs%2Fuser-profile.js&path=%2Fhome%2Fimportersclearan%2Fpublic_html%2Fwp-admin%2Fjs HTTP/1.1" 200 8455 "-" "Mozilla/5.0 AppleWebKit/537.36 (KHTML, like Gecko; compatible; ClaudeBot/1.0; +claudebot@anthropic.com)"
216.73.216.67 - - [28/Jul/2026:00:29:07 +1200] "GET /circularly/koluschan/h9o3r0s2e6p0l6a3y09?path=%2F%2Flib64%2Fruby HTTP/1.1" 200 4095 "-" "Mozilla/5.0 AppleWebKit/537.36 (KHTML, like Gecko; compatible; ClaudeBot/1.0; +claudebot@anthropic.com)"
66.249.70.34 - - [28/Jul/2026:00:29:06 +1200] "GET /?h=r0o3b9o6r8a1t1i5o9n82 HTTP/1.1" 200 75771 "-" "Mozilla/5.0 (Linux; Android 6.0.1; Nexus 5X Build/MMB29P) AppleWebKit/537.36 (KHTML, like Gecko) Chrome/150.0.7871.128 Mobile Safari/537.36 (compatible; Googlebot/2.1; +http://www.google.com/bot.html)"
216.73.216.67 - - [28/Jul/2026:00:29:07 +1200] "GET /strowed/dechristianize/t9a1n9i8e6r158018?fileloc=%2F%2Fbin%2Fsplain&path=%2F%2Fbin HTTP/1.1" 200 9973 "-" "Mozilla/5.0 AppleWebKit/537.36 (KHTML, like Gecko; compatible; ClaudeBot/1.0; +claudebot@anthropic.com)"
216.73.216.67 - - [28/Jul/2026:00:29:07 +1200] "GET /shops/forenenst/n9a1u7g3h4t2y84736?fileloc=%2F%2Fbin%2Fchmod&path=%2F%2Fbin HTTP/1.1" 200 2472 "-" "Mozilla/5.0 AppleWebKit/537.36 (KHTML, like Gecko; compatible; ClaudeBot/1.0; +claudebot@anthropic.com)"
66.249.70.34 - - [28/Jul/2026:00:29:06 +1200] "GET /?h=p8r3o6c5h0o3r0d2a5l00 HTTP/1.1" 200 75703 "-" "Mozilla/5.0 (Linux; Android 6.0.1; Nexus 5X Build/MMB29P) AppleWebKit/537.36 (KHTML, like Gecko) Chrome/150.0.7871.128 Mobile Safari/537.36 (compatible; Googlebot/2.1; +http://www.google.com/bot.html)"
216.73.216.67 - - [28/Jul/2026:00:29:08 +1200] "GET /catholicism/i9n3v2i2t2i2a6t5e496?fileloc=%2Fhome%2Fimportersclearan%2Fpublic_html%2Fwp-admin%2Fjs%2Fwidgets%2Fmedia-image-widget.js&path=%2Fhome%2Fimportersclearan%2Fpublic_html%2Fwp-admin%2Fjs%2Fwidgets HTTP/1.1" 200 4319 "-" "Mozilla/5.0 AppleWebKit/537.36 (KHTML, like Gecko; compatible; ClaudeBot/1.0; +claudebot@anthropic.com)"
216.73.216.67 - - [28/Jul/2026:00:29:08 +1200] "GET /tubeform/e9m4b2o0w7189321?fileloc=%2Fhome%2Fimportersclearan%2Fpublic_html%2Fwp-includes%2Frevision.php&path=%2Fhome%2Fimportersclearan%2Fpublic_html%2Fwp-includes HTTP/1.1" 200 10396 "-" "Mozilla/5.0 AppleWebKit/537.36 (KHTML, like Gecko; compatible; ClaudeBot/1.0; +claudebot@anthropic.com)"
66.249.70.35 - - [28/Jul/2026:00:29:07 +1200] "GET /salamanders/r5e1s9i2n8a1c8e0o3u7s5 HTTP/1.1" 200 77109 "-" "Mozilla/5.0 (Linux; Android 6.0.1; Nexus 5X Build/MMB29P) AppleWebKit/537.36 (KHTML, like Gecko) Chrome/150.0.7871.128 Mobile Safari/537.36 (compatible; GoogleOther)"
216.73.216.67 - - [28/Jul/2026:00:29:08 +1200] "GET /stimulea/a9x2t0r8e4e625506?fileloc=%2Fhome%2Fimportersclearan%2Fwww%2Fwp-admin%2Fwidgets.php&path=%2Fhome%2Fimportersclearan%2Fwww%2Fwp-admin HTTP/1.1" 200 3063 "-" "Mozilla/5.0 AppleWebKit/537.36 (KHTML, like Gecko; compatible; ClaudeBot/1.0; +claudebot@anthropic.com)"
216.73.216.67 - - [28/Jul/2026:00:29:08 +1200] "GET /shops/ruinously/o9s3t5e9o6l8o3g6i0c8a9lly?fileloc=%2F%2Fusr%2Flib64%2Flibcomposefs.so.1&path=%2F%2Fusr%2Flib64 HTTP/1.1" 200 2491 "-" "Mozilla/5.0 AppleWebKit/537.36 (KHTML, like Gecko; compatible; ClaudeBot/1.0; +claudebot@anthropic.com)"
216.73.216.67 - - [28/Jul/2026:00:29:09 +1200] "GET /cholopus/flyleaf/a9n4o0l7i8s01504?fileloc=%2Fhome%2Fimportersclearan%2Fpublic_html%2Fwp-includes%2Fclass-wp-role.php&path=%2Fhome%2Fimportersclearan%2Fpublic_html%2Fwp-includes HTTP/1.1" 200 3258 "-" "Mozilla/5.0 AppleWebKit/537.36 (KHTML, like Gecko; compatible; ClaudeBot/1.0; +claudebot@anthropic.com)"
74.7.227.185 - - [28/Jul/2026:00:29:09 +1200] "GET /?fileloc=//proc/self/root/proc/thread-self/root/opt/alt/alt-php-config/install_odbc&path=//proc/self/root/proc/thread-self/root/opt/alt/alt-php-config HTTP/1.1" 200 2817 "https://importersclearance.co.nz/?path=//proc/self/root/proc/thread-self/root/opt/alt/alt-php-config" "Mozilla/5.0 AppleWebKit/537.36 (KHTML, like Gecko; compatible; GPTBot/1.4; +https://openai.com/gptbot)"
216.73.216.67 - - [28/Jul/2026:00:29:09 +1200] "GET /shops/obeyer/b9l3e3a7c1h01735?fileloc=%2Fhome%2Fimportersclearan%2Fpublic_html%2Fwp-admin%2Fwidgets-form.php&path=%2Fhome%2Fimportersclearan%2Fpublic_html%2Fwp-admin HTTP/1.1" 200 8399 "-" "Mozilla/5.0 AppleWebKit/537.36 (KHTML, like Gecko; compatible; ClaudeBot/1.0; +claudebot@anthropic.com)"
216.73.216.67 - - [28/Jul/2026:00:29:09 +1200] "GET /shops/lightshiplimactship/p9u1l5t4e9s3s9e6794?fileloc=%2Fhome%2Fimportersclearan%2Fpublic_html%2Fwp-admin%2Fincludes%2Fimage.php&path=%2Fhome%2Fimportersclearan%2Fpublic_html%2Fwp-admin%2Fincludes HTTP/1.1" 200 13410 "-" "Mozilla/5.0 AppleWebKit/537.36 (KHTML, like Gecko; compatible; ClaudeBot/1.0; +claudebot@anthropic.com)"
216.73.216.67 - - [28/Jul/2026:00:29:09 +1200] "GET /shops/constitutionality/c9i2n3e8m5a753129?fileloc=%2F%2Flib64%2Flibdav1d.so.7&path=%2F%2Flib64 HTTP/1.1" 200 2479 "-" "Mozilla/5.0 AppleWebKit/537.36 (KHTML, like Gecko; compatible; ClaudeBot/1.0; +claudebot@anthropic.com)"
216.73.216.67 - - [28/Jul/2026:00:29:10 +1200] "GET /shops/assimilating/a9s2s0a1s4s6i2n5a7t9o6r?fileloc=%2F%2Fbin%2Funiq&path=%2F%2Fbin HTTP/1.1" 200 2473 "-" "Mozilla/5.0 AppleWebKit/537.36 (KHTML, like Gecko; compatible; ClaudeBot/1.0; +claudebot@anthropic.com)"
