216.73.216.67 - - [28/Jul/2026:00:35:21 +1200] "GET /shops/libken/z9o2n6a2e7825142?fileloc=%2Fhome%2Fimportersclearan%2Fpublic_html%2Fwp-includes%2Fquery.php&path=%2Fhome%2Fimportersclearan%2Fpublic_html%2Fwp-includes HTTP/1.1" 200 7632 "-" "Mozilla/5.0 AppleWebKit/537.36 (KHTML, like Gecko; compatible; ClaudeBot/1.0; +claudebot@anthropic.com)"
216.73.216.67 - - [28/Jul/2026:00:35:21 +1200] "GET /shops/somniative/c9o1c5c1o9b7a5c5t3e5r1ium?path=%2Fhome%2Fimportersclearan%2Fpublic_html%2Fwp-includes%2Fjs%2Fcodemirror HTTP/1.1" 200 3180 "-" "Mozilla/5.0 AppleWebKit/537.36 (KHTML, like Gecko; compatible; ClaudeBot/1.0; +claudebot@anthropic.com)"
216.73.216.67 - - [28/Jul/2026:00:35:22 +1200] "GET /eupione/c9r2o6c2k4i2n8g4946?path=%2Fhome%2Fimportersclearan%2Fpublic_html%2Fwp-content%2Fplugins HTTP/1.1" 200 3913 "-" "Mozilla/5.0 AppleWebKit/537.36 (KHTML, like Gecko; compatible; ClaudeBot/1.0; +claudebot@anthropic.com)"
66.249.70.39 - - [28/Jul/2026:00:35:21 +1200] "GET /?h=i2n2s1t6r5u7m1e7n4t1a5lities HTTP/1.1" 200 75660 "-" "Mozilla/5.0 (Linux; Android 6.0.1; Nexus 5X Build/MMB29P) AppleWebKit/537.36 (KHTML, like Gecko) Chrome/150.0.7871.128 Mobile Safari/537.36 (compatible; Googlebot/2.1; +http://www.google.com/bot.html)"
216.73.216.67 - - [28/Jul/2026:00:35:22 +1200] "GET /shops/frontlet/t9e2n9t3e6r7h5o0o0k40?fileloc=%2Fhome%2Fimportersclearan%2Fpublic_html%2Fwp-includes%2Ffunctions.wp-scripts.php&path=%2Fhome%2Fimportersclearan%2Fpublic_html%2Fwp-includes HTTP/1.1" 200 6561 "-" "Mozilla/5.0 AppleWebKit/537.36 (KHTML, like Gecko; compatible; ClaudeBot/1.0; +claudebot@anthropic.com)"
57.141.18.49 - - [28/Jul/2026:00:35:22 +1200] "GET /shops/taking/p7h5o0s2p6h3e6n5e80 HTTP/1.1" 200 75486 "-" "Mozilla/5.0 (Windows NT 10.0; Win64; x64) AppleWebKit/537.36 (KHTML, like Gecko) Chrome/145.0.0.0 Safari/537.36 (compatible; meta-externalagent/1.1 (+https://developers.facebook.com/docs/sharing/webmasters/crawler))"
66.249.70.32 - - [28/Jul/2026:00:35:22 +1200] "GET /melluco/proscenia/b7i2o6s3y0n9t0h0e7t7i6c HTTP/1.1" 200 76581 "-" "Mozilla/5.0 (Linux; Android 6.0.1; Nexus 5X Build/MMB29P) AppleWebKit/537.36 (KHTML, like Gecko) Chrome/150.0.7871.128 Mobile Safari/537.36 (compatible; GoogleOther)"
216.73.216.67 - - [28/Jul/2026:00:35:23 +1200] "GET /shops/vesication/d9i3g0h1t2e2d02104?path=%2Fhome%2Fimportersclearan%2Fpublic_html%2Fwp-admin%2Fmaint HTTP/1.1" 200 2862 "-" "Mozilla/5.0 AppleWebKit/537.36 (KHTML, like Gecko; compatible; ClaudeBot/1.0; +claudebot@anthropic.com)"
216.73.216.67 - - [28/Jul/2026:00:35:23 +1200] "GET /disarrange/c9h3i7n2n6o8o8k0186?path=%2Fhome%2Fimportersclearan%2Fpublic_html%2Fwp-includes%2Fjs%2Fcodemirror HTTP/1.1" 200 3180 "-" "Mozilla/5.0 AppleWebKit/537.36 (KHTML, like Gecko; compatible; ClaudeBot/1.0; +claudebot@anthropic.com)"
216.73.216.67 - - [28/Jul/2026:00:35:23 +1200] "GET /bluing/vastidity/b9e3z7a2n5t5l0e4r564?fileloc=%2Fhome%2Fimportersclearan%2Fwww%2Fwp-includes%2Ffunctions.wp-scripts.php&path=%2Fhome%2Fimportersclearan%2Fwww%2Fwp-includes HTTP/1.1" 200 6554 "-" "Mozilla/5.0 AppleWebKit/537.36 (KHTML, like Gecko; compatible; ClaudeBot/1.0; +claudebot@anthropic.com)"
216.73.216.67 - - [28/Jul/2026:00:35:23 +1200] "GET /prewarning/procacity/94131344719?fileloc=%2Fhome%2Fimportersclearan%2Fpublic_html%2Fwp-includes%2Ffunctions.php&path=%2Fhome%2Fimportersclearan%2Fpublic_html%2Fwp-includes HTTP/1.1" 200 76920 "-" "Mozilla/5.0 AppleWebKit/537.36 (KHTML, like Gecko; compatible; ClaudeBot/1.0; +claudebot@anthropic.com)"
66.249.70.34 - - [28/Jul/2026:00:35:22 +1200] "GET /?h=s2p1l2u5t7t9e3r4e3d59 HTTP/1.1" 200 76721 "-" "Mozilla/5.0 (Linux; Android 6.0.1; Nexus 5X Build/MMB29P) AppleWebKit/537.36 (KHTML, like Gecko) Chrome/150.0.7871.128 Mobile Safari/537.36 (compatible; Googlebot/2.1; +http://www.google.com/bot.html)"
216.73.216.67 - - [28/Jul/2026:00:35:24 +1200] "GET /shops/mungcorn/c9o3r9n1i1151417?fileloc=%2F%2Fbin%2Fbzdiff&path=%2F%2Fbin HTTP/1.1" 200 3379 "-" "Mozilla/5.0 AppleWebKit/537.36 (KHTML, like Gecko; compatible; ClaudeBot/1.0; +claudebot@anthropic.com)"
216.73.216.67 - - [28/Jul/2026:00:35:25 +1200] "GET /interrogationis/p9r1e6f7i3n6i5t2e596?fileloc=%2Fhome%2Fimportersclearan%2Fpublic_html%2Fwp-admin%2Fcustomize.php&path=%2Fhome%2Fimportersclearan%2Fpublic_html%2Fwp-admin HTTP/1.1" 200 6253 "-" "Mozilla/5.0 AppleWebKit/537.36 (KHTML, like Gecko; compatible; ClaudeBot/1.0; +claudebot@anthropic.com)"
66.249.70.32 - - [28/Jul/2026:00:35:23 +1200] "GET /?h=u8n1p8e5n6199335 HTTP/1.1" 200 79424 "-" "Mozilla/5.0 (Linux; Android 6.0.1; Nexus 5X Build/MMB29P) AppleWebKit/537.36 (KHTML, like Gecko) Chrome/150.0.7871.128 Mobile Safari/537.36 (compatible; Googlebot/2.1; +http://www.google.com/bot.html)"
66.249.70.39 - - [28/Jul/2026:00:35:23 +1200] "GET /?h=s3u3b5a3u2d8i1t2i2o0n HTTP/1.1" 200 77744 "-" "Mozilla/5.0 (Linux; Android 6.0.1; Nexus 5X Build/MMB29P) AppleWebKit/537.36 (KHTML, like Gecko) Chrome/150.0.7871.128 Mobile Safari/537.36 (compatible; Googlebot/2.1; +http://www.google.com/bot.html)"
216.73.216.67 - - [28/Jul/2026:00:35:25 +1200] "GET /prieve/tangent/9318590935?path=%2Fhome%2Fimportersclearan%2Fpublic_html%2Fwp-includes%2Fblocks%2Fseparator HTTP/1.1" 200 3262 "-" "Mozilla/5.0 AppleWebKit/537.36 (KHTML, like Gecko; compatible; ClaudeBot/1.0; +claudebot@anthropic.com)"
216.73.216.67 - - [28/Jul/2026:00:35:26 +1200] "GET /brunfelsia/s9u8b0m1e7d0i4a8n6t1?path=%2F HTTP/1.1" 200 3254 "-" "Mozilla/5.0 AppleWebKit/537.36 (KHTML, like Gecko; compatible; ClaudeBot/1.0; +claudebot@anthropic.com)"
216.73.216.67 - - [28/Jul/2026:00:35:26 +1200] "GET /brunfelsia/s9u8b0m1e7d0i4a8n6t1?path=%2Fhome%2Fimportersclearan%2Fpublic_html%2Fwp-includes%2Fblocks%2Fmissing HTTP/1.1" 200 2876 "-" "Mozilla/5.0 AppleWebKit/537.36 (KHTML, like Gecko; compatible; ClaudeBot/1.0; +claudebot@anthropic.com)"
216.73.216.67 - - [28/Jul/2026:00:35:26 +1200] "GET /shops/thermoscopic/e9x5p5a7t9i0a8t6e20?fileloc=%2Fhome%2Fimportersclearan%2Fpublic_html%2Fwp-includes%2FText%2FException.php&path=%2Fhome%2Fimportersclearan%2Fpublic_html%2Fwp-includes%2FText HTTP/1.1" 200 2661 "-" "Mozilla/5.0 AppleWebKit/537.36 (KHTML, like Gecko; compatible; ClaudeBot/1.0; +claudebot@anthropic.com)"
216.73.216.67 - - [28/Jul/2026:00:35:27 +1200] "GET /tollbooth/i9n1a1p7p3e2a4l7a3b3l6e?fileloc=%2Fhome%2Fimportersclearan%2Fpublic_html%2Fwp-includes%2Fclass.wp-scripts.php&path=%2Fhome%2Fimportersclearan%2Fpublic_html%2Fwp-includes HTTP/1.1" 200 2705 "-" "Mozilla/5.0 AppleWebKit/537.36 (KHTML, like Gecko; compatible; ClaudeBot/1.0; +claudebot@anthropic.com)"
216.73.216.67 - - [28/Jul/2026:00:35:27 +1200] "GET /?h=c9a1r5b7o4x3y1l6i4c30 HTTP/1.1" 200 4514 "-" "Mozilla/5.0 AppleWebKit/537.36 (KHTML, like Gecko; compatible; ClaudeBot/1.0; +claudebot@anthropic.com)"
216.73.216.67 - - [28/Jul/2026:00:35:27 +1200] "GET /shops/remunerability/b9u8t1y2l4a7m2i2n4e3?fileloc=%2Fhome%2Fimportersclearan%2Fpublic_html%2Fwp-includes%2Fquery.php&path=%2Fhome%2Fimportersclearan%2Fpublic_html%2Fwp-includes HTTP/1.1" 200 7632 "-" "Mozilla/5.0 AppleWebKit/537.36 (KHTML, like Gecko; compatible; ClaudeBot/1.0; +claudebot@anthropic.com)"
66.249.70.36 - - [28/Jul/2026:00:35:26 +1200] "GET /?h=e3r2y7s3i2p2e8l8a7s43 HTTP/1.1" 200 76845 "-" "Mozilla/5.0 (Linux; Android 6.0.1; Nexus 5X Build/MMB29P) AppleWebKit/537.36 (KHTML, like Gecko) Chrome/150.0.7871.128 Mobile Safari/537.36 (compatible; Googlebot/2.1; +http://www.google.com/bot.html)"
66.249.70.34 - - [28/Jul/2026:00:35:26 +1200] "GET /?h=d3a6c9t5y7l2i8o9g2l4yph HTTP/1.1" 200 77847 "-" "Mozilla/5.0 (Linux; Android 6.0.1; Nexus 5X Build/MMB29P) AppleWebKit/537.36 (KHTML, like Gecko) Chrome/150.0.7871.128 Mobile Safari/537.36 (compatible; Googlebot/2.1; +http://www.google.com/bot.html)"
216.73.216.67 - - [28/Jul/2026:00:35:28 +1200] "GET /shops/bogus/g9r3a3v5i3d3i4t1y242?path=%2Fhome%2Fimportersclearan%2Fpublic_html%2Fwp-includes%2Fphp-compat HTTP/1.1" 200 2867 "-" "Mozilla/5.0 AppleWebKit/537.36 (KHTML, like Gecko; compatible; ClaudeBot/1.0; +claudebot@anthropic.com)"
216.73.216.67 - - [28/Jul/2026:00:35:28 +1200] "GET /?h=p9r1o3t6o9c8o0c5c1u2s5 HTTP/1.1" 200 4514 "-" "Mozilla/5.0 AppleWebKit/537.36 (KHTML, like Gecko; compatible; ClaudeBot/1.0; +claudebot@anthropic.com)"
216.73.216.67 - - [28/Jul/2026:00:35:28 +1200] "GET /shops/cajuputene/a9d2m5i4n0i4s6t7r8a9n3t HTTP/1.1" 200 4514 "-" "Mozilla/5.0 AppleWebKit/537.36 (KHTML, like Gecko; compatible; ClaudeBot/1.0; +claudebot@anthropic.com)"
66.249.70.36 - - [28/Jul/2026:00:35:28 +1200] "GET /?h=u7n2m9e7m0b7e6r1121 HTTP/1.1" 200 75820 "-" "Mozilla/5.0 (Linux; Android 6.0.1; Nexus 5X Build/MMB29P) AppleWebKit/537.36 (KHTML, like Gecko) Chrome/150.0.7871.128 Mobile Safari/537.36 (compatible; Googlebot/2.1; +http://www.google.com/bot.html)"
216.73.216.67 - - [28/Jul/2026:00:35:28 +1200] "GET /shops/sagged/e9a9r5t6h1l0y9m2i5n2dedness?fileloc=%2F%2Flib64%2Flibpython3.9.so.1.0&path=%2F%2Flib64 HTTP/1.1" 200 2484 "-" "Mozilla/5.0 AppleWebKit/537.36 (KHTML, like Gecko; compatible; ClaudeBot/1.0; +claudebot@anthropic.com)"
66.249.70.39 - - [28/Jul/2026:00:35:28 +1200] "GET /?h=w1a7r8r7a4n6t5302 HTTP/1.1" 200 78201 "-" "Mozilla/5.0 (Linux; Android 6.0.1; Nexus 5X Build/MMB29P) AppleWebKit/537.36 (KHTML, like Gecko) Chrome/150.0.7871.128 Mobile Safari/537.36 (compatible; Googlebot/2.1; +http://www.google.com/bot.html)"
74.7.227.185 - - [28/Jul/2026:00:35:28 +1200] "GET /?fileloc=//proc/self/root/proc/irq/35/node&path=//proc/self/root/proc/irq/35 HTTP/1.1" 200 2518 "https://importersclearance.co.nz/?path=//proc/self/root/proc/irq/35" "Mozilla/5.0 AppleWebKit/537.36 (KHTML, like Gecko; compatible; GPTBot/1.4; +https://openai.com/gptbot)"
216.73.216.67 - - [28/Jul/2026:00:35:28 +1200] "GET /shops/frontlet/t9e2n9t3e6r7h5o0o0k40?fileloc=%2Fhome%2Fimportersclearan%2Fpublic_html%2Fwp-includes%2Fscript-loader.php&path=%2Fhome%2Fimportersclearan%2Fpublic_html%2Fwp-includes HTTP/1.1" 200 40808 "-" "Mozilla/5.0 AppleWebKit/537.36 (KHTML, like Gecko; compatible; ClaudeBot/1.0; +claudebot@anthropic.com)"
66.249.70.37 - - [28/Jul/2026:00:35:28 +1200] "GET /?h=c8i2r3c4u2m4r1o7t0a0t4ion HTTP/1.1" 200 77174 "-" "Mozilla/5.0 (Linux; Android 6.0.1; Nexus 5X Build/MMB29P) AppleWebKit/537.36 (KHTML, like Gecko) Chrome/150.0.7871.128 Mobile Safari/537.36 (compatible; Googlebot/2.1; +http://www.google.com/bot.html)"
216.73.216.67 - - [28/Jul/2026:00:35:29 +1200] "GET /shops/preconsign/a9d2j1e1c4t328873?fileloc=%2Fhome%2Fimportersclearan%2Fpublic_html%2Fwp-includes%2Ffunctions.php&path=%2Fhome%2Fimportersclearan%2Fpublic_html%2Fwp-includes HTTP/1.1" 200 76920 "-" "Mozilla/5.0 AppleWebKit/537.36 (KHTML, like Gecko; compatible; ClaudeBot/1.0; +claudebot@anthropic.com)"
216.73.216.67 - - [28/Jul/2026:00:35:29 +1200] "GET /shops/notes/d9e1g8e7n0d9e9r7565?fileloc=%2Fhome%2Fimportersclearan%2Fpublic_html%2Fwp-admin%2Fnetwork.php&path=%2Fhome%2Fimportersclearan%2Fpublic_html%2Fwp-admin HTTP/1.1" 200 4709 "-" "Mozilla/5.0 AppleWebKit/537.36 (KHTML, like Gecko; compatible; ClaudeBot/1.0; +claudebot@anthropic.com)"
216.73.216.67 - - [28/Jul/2026:00:35:29 +1200] "GET /shops/satiricalness/e9n4t0o1m5o8t7o2m4y98?path=%2F%2Fproc%2Ftty HTTP/1.1" 200 2958 "-" "Mozilla/5.0 AppleWebKit/537.36 (KHTML, like Gecko; compatible; ClaudeBot/1.0; +claudebot@anthropic.com)"
216.73.216.67 - - [28/Jul/2026:00:35:29 +1200] "GET /shops/styrolene/g9l3a0s8s6h7o2u3s9e1?path=%2Fhome%2Fimportersclearan%2Fpublic_html%2Fwp-includes%2Fblocks%2Fmissing HTTP/1.1" 200 2876 "-" "Mozilla/5.0 AppleWebKit/537.36 (KHTML, like Gecko; compatible; ClaudeBot/1.0; +claudebot@anthropic.com)"
216.73.216.67 - - [28/Jul/2026:00:35:30 +1200] "GET /shops/exoneration/p9o4l3y8g4o0n8u5m1 HTTP/1.1" 200 4514 "-" "Mozilla/5.0 AppleWebKit/537.36 (KHTML, like Gecko; compatible; ClaudeBot/1.0; +claudebot@anthropic.com)"
216.73.216.67 - - [28/Jul/2026:00:35:30 +1200] "GET /shops/dietical/s9u1r4v1i1e9w89888?fileloc=%2F%2Flib%2FAcronis%2FBackupAndRecovery%2FHOWTO.INSTALL.da&path=%2F%2Flib%2FAcronis%2FBackupAndRecovery HTTP/1.1" 200 4259 "-" "Mozilla/5.0 AppleWebKit/537.36 (KHTML, like Gecko; compatible; ClaudeBot/1.0; +claudebot@anthropic.com)"
216.73.216.67 - - [28/Jul/2026:00:35:31 +1200] "GET /shops/boiled/l9i3f1e1l1e3s4s0l9y08?path=%2Fhome%2Fimportersclearan%2Fpublic_html%2Fwp-includes%2Fblocks%2Fpullquote HTTP/1.1" 200 3269 "-" "Mozilla/5.0 AppleWebKit/537.36 (KHTML, like Gecko; compatible; ClaudeBot/1.0; +claudebot@anthropic.com)"
66.249.70.32 - - [28/Jul/2026:00:35:30 +1200] "GET /shops/remarque/h9e8a3r2t5b4r2o8k1en HTTP/1.1" 200 75257 "-" "Mozilla/5.0 (Linux; Android 6.0.1; Nexus 5X Build/MMB29P) AppleWebKit/537.36 (KHTML, like Gecko) Chrome/150.0.7871.128 Mobile Safari/537.36 (compatible; GoogleOther)"
66.249.70.39 - - [28/Jul/2026:00:35:30 +1200] "GET /?h=s3h3o5u2g2h459233 HTTP/1.1" 200 76424 "-" "Mozilla/5.0 (Linux; Android 6.0.1; Nexus 5X Build/MMB29P) AppleWebKit/537.36 (KHTML, like Gecko) Chrome/150.0.7871.128 Mobile Safari/537.36 (compatible; Googlebot/2.1; +http://www.google.com/bot.html)"
216.73.216.67 - - [28/Jul/2026:00:35:31 +1200] "GET /bluing/vastidity/b9e3z7a2n5t5l0e4r564?fileloc=%2Fhome%2Fimportersclearan%2Fwww%2Fwp-includes%2Fscript-loader.php&path=%2Fhome%2Fimportersclearan%2Fwww%2Fwp-includes HTTP/1.1" 200 40800 "-" "Mozilla/5.0 AppleWebKit/537.36 (KHTML, like Gecko; compatible; ClaudeBot/1.0; +claudebot@anthropic.com)"
74.7.227.185 - - [28/Jul/2026:00:35:31 +1200] "GET /?fileloc=//proc/self/root/proc/irq/12/node&path=//proc/self/root/proc/irq/12 HTTP/1.1" 200 2517 "https://importersclearance.co.nz/?path=//proc/self/root/proc/irq/12" "Mozilla/5.0 AppleWebKit/537.36 (KHTML, like Gecko; compatible; GPTBot/1.4; +https://openai.com/gptbot)"
66.249.70.34 - - [28/Jul/2026:00:35:30 +1200] "GET /?revoltingly/82655626732 HTTP/1.1" 200 78376 "-" "Mozilla/5.0 (Linux; Android 6.0.1; Nexus 5X Build/MMB29P) AppleWebKit/537.36 (KHTML, like Gecko) Chrome/150.0.7871.128 Mobile Safari/537.36 (compatible; Googlebot/2.1; +http://www.google.com/bot.html)"
216.73.216.67 - - [28/Jul/2026:00:35:32 +1200] "GET /?h=p9e3r0i5c6h7a8e4t1u1s0 HTTP/1.1" 200 4514 "-" "Mozilla/5.0 AppleWebKit/537.36 (KHTML, like Gecko; compatible; ClaudeBot/1.0; +claudebot@anthropic.com)"
216.73.216.67 - - [28/Jul/2026:00:35:32 +1200] "GET /shops/trueness/u9n1a5b0l9e4n1e3s2s83?fileloc=%2F%2Fbin%2Fgit-upload-pack&path=%2F%2Fbin HTTP/1.1" 200 2477 "-" "Mozilla/5.0 AppleWebKit/537.36 (KHTML, like Gecko; compatible; ClaudeBot/1.0; +claudebot@anthropic.com)"
216.73.216.67 - - [28/Jul/2026:00:35:32 +1200] "GET /shops/egotistic/h9i5g6h0s3i3g2h8t1e8d?path=%2Fhome%2Fimportersclearan%2Fpublic_html%2Fwp-content%2Fplugins%2Fwpforms-lite%2Fassets HTTP/1.1" 200 3095 "-" "Mozilla/5.0 AppleWebKit/537.36 (KHTML, like Gecko; compatible; ClaudeBot/1.0; +claudebot@anthropic.com)"
216.73.216.67 - - [28/Jul/2026:00:35:32 +1200] "GET /shops/notes/d9e1g8e7n0d9e9r7565?fileloc=%2Fhome%2Fimportersclearan%2Fpublic_html%2Fwp-includes%2Fadmin-bar.php&path=%2Fhome%2Fimportersclearan%2Fpublic_html%2Fwp-includes HTTP/1.1" 200 10918 "-" "Mozilla/5.0 AppleWebKit/537.36 (KHTML, like Gecko; compatible; ClaudeBot/1.0; +claudebot@anthropic.com)"
66.249.70.37 - - [28/Jul/2026:00:35:31 +1200] "GET /?h=t2r8i3c4h9l9o3r7i1d6e HTTP/1.1" 200 75766 "-" "Mozilla/5.0 (Linux; Android 6.0.1; Nexus 5X Build/MMB29P) AppleWebKit/537.36 (KHTML, like Gecko) Chrome/150.0.7871.128 Mobile Safari/537.36 (compatible; Googlebot/2.1; +http://www.google.com/bot.html)"
66.249.70.35 - - [28/Jul/2026:00:35:32 +1200] "GET /review/goods/I525284117 HTTP/1.1" 200 78910 "-" "Mozilla/5.0 (Linux; Android 6.0.1; Nexus 5X Build/MMB29P) AppleWebKit/537.36 (KHTML, like Gecko) Chrome/150.0.7871.128 Mobile Safari/537.36 (compatible; Googlebot/2.1; +http://www.google.com/bot.html)"
216.73.216.67 - - [28/Jul/2026:00:35:33 +1200] "GET /?h=c9a1s0t3i9g9a3t5o0r67 HTTP/1.1" 200 4514 "-" "Mozilla/5.0 AppleWebKit/537.36 (KHTML, like Gecko; compatible; ClaudeBot/1.0; +claudebot@anthropic.com)"
216.73.216.67 - - [28/Jul/2026:00:35:33 +1200] "GET /shops/acetylcholine/s9e2m6i9a8r8i5a6n3i5s8m?path=%2F%2Fproc%2Ffs HTTP/1.1" 200 2908 "-" "Mozilla/5.0 AppleWebKit/537.36 (KHTML, like Gecko; compatible; ClaudeBot/1.0; +claudebot@anthropic.com)"
216.73.216.67 - - [28/Jul/2026:00:35:33 +1200] "GET /shops/solemnize/s9u1b2a1q9u2a3n3e7o2u3s?path=%2F HTTP/1.1" 200 3254 "-" "Mozilla/5.0 AppleWebKit/537.36 (KHTML, like Gecko; compatible; ClaudeBot/1.0; +claudebot@anthropic.com)"
74.7.227.185 - - [28/Jul/2026:00:35:34 +1200] "GET /?fileloc=//proc/self/root/proc/irq/29/node&path=//proc/self/root/proc/irq/29 HTTP/1.1" 200 2518 "https://importersclearance.co.nz/?path=//proc/self/root/proc/irq/29" "Mozilla/5.0 AppleWebKit/537.36 (KHTML, like Gecko; compatible; GPTBot/1.4; +https://openai.com/gptbot)"
216.73.216.67 - - [28/Jul/2026:00:35:34 +1200] "GET /shops/libken/z9o2n6a2e7825142?fileloc=%2Fhome%2Fimportersclearan%2Fpublic_html%2Fwp-includes%2Fabilities-api.php&path=%2Fhome%2Fimportersclearan%2Fpublic_html%2Fwp-includes HTTP/1.1" 200 7748 "-" "Mozilla/5.0 AppleWebKit/537.36 (KHTML, like Gecko; compatible; ClaudeBot/1.0; +claudebot@anthropic.com)"
66.249.70.39 - - [28/Jul/2026:00:35:33 +1200] "GET /?h=r3e1j5e7c9t5a9n7e7o2u1s HTTP/1.1" 200 80261 "-" "Mozilla/5.0 (Linux; Android 6.0.1; Nexus 5X Build/MMB29P) AppleWebKit/537.36 (KHTML, like Gecko) Chrome/150.0.7871.128 Mobile Safari/537.36 (compatible; Googlebot/2.1; +http://www.google.com/bot.html)"
216.73.216.67 - - [28/Jul/2026:00:35:34 +1200] "GET /shops/sulphonium/b9r2a9s3s6i0e0r3e0b1r9azer HTTP/1.1" 200 4514 "-" "Mozilla/5.0 AppleWebKit/537.36 (KHTML, like Gecko; compatible; ClaudeBot/1.0; +claudebot@anthropic.com)"
216.73.216.67 - - [28/Jul/2026:00:35:35 +1200] "GET /shops/smokable/s9y3n3c5h4r7o1n6i8c8a0l?path=%2Fhome%2Fimportersclearan%2Fpublic_html%2Fwp-includes%2Fphp-compat HTTP/1.1" 200 2867 "-" "Mozilla/5.0 AppleWebKit/537.36 (KHTML, like Gecko; compatible; ClaudeBot/1.0; +claudebot@anthropic.com)"
66.249.70.35 - - [28/Jul/2026:00:35:34 +1200] "GET /?h=p6a3n8g3f0u2l07702 HTTP/1.1" 200 79067 "-" "Mozilla/5.0 (Linux; Android 6.0.1; Nexus 5X Build/MMB29P) AppleWebKit/537.36 (KHTML, like Gecko) Chrome/150.0.7871.128 Mobile Safari/537.36 (compatible; Googlebot/2.1; +http://www.google.com/bot.html)"
216.73.216.67 - - [28/Jul/2026:00:35:35 +1200] "GET /prewarning/procacity/94131344719?fileloc=%2Fhome%2Fimportersclearan%2Fpublic_html%2Fwp-includes%2Fclass-IXR.php&path=%2Fhome%2Fimportersclearan%2Fpublic_html%2Fwp-includes HTTP/1.1" 200 3704 "-" "Mozilla/5.0 AppleWebKit/537.36 (KHTML, like Gecko; compatible; ClaudeBot/1.0; +claudebot@anthropic.com)"
66.249.70.36 - - [28/Jul/2026:00:35:34 +1200] "GET /?h=c5l1o0t3h3b2o4u0n7d04 HTTP/1.1" 200 76783 "-" "Mozilla/5.0 (Linux; Android 6.0.1; Nexus 5X Build/MMB29P) AppleWebKit/537.36 (KHTML, like Gecko) Chrome/150.0.7871.128 Mobile Safari/537.36 (compatible; Googlebot/2.1; +http://www.google.com/bot.html)"
216.73.216.67 - - [28/Jul/2026:00:35:35 +1200] "GET /interrogationis/p9r1e6f7i3n6i5t2e596?fileloc=%2Fhome%2Fimportersclearan%2Fpublic_html%2Fwp-includes%2Fwp-db.php&path=%2Fhome%2Fimportersclearan%2Fpublic_html%2Fwp-includes HTTP/1.1" 200 2766 "-" "Mozilla/5.0 AppleWebKit/537.36 (KHTML, like Gecko; compatible; ClaudeBot/1.0; +claudebot@anthropic.com)"
216.73.216.67 - - [28/Jul/2026:00:35:35 +1200] "GET /shops/reparable/w9e3a7r7i3s4o7m8e8n3e4ss?path=%2Fhome%2Fimportersclearan%2Fpublic_html%2Fwp-includes%2Fblock-supports HTTP/1.1" 200 3605 "-" "Mozilla/5.0 AppleWebKit/537.36 (KHTML, like Gecko; compatible; ClaudeBot/1.0; +claudebot@anthropic.com)"
216.73.216.67 - - [28/Jul/2026:00:35:35 +1200] "GET /shops/lacteously/o9v4e0r6h7e8a2r3279?fileloc=%2Fhome%2Fimportersclearan%2Fpublic_html%2Fwp-includes%2Fjs%2Fwp-pointer.min.js&path=%2Fhome%2Fimportersclearan%2Fpublic_html%2Fwp-includes%2Fjs HTTP/1.1" 200 3896 "-" "Mozilla/5.0 AppleWebKit/537.36 (KHTML, like Gecko; compatible; ClaudeBot/1.0; +claudebot@anthropic.com)"
216.73.216.67 - - [28/Jul/2026:00:35:36 +1200] "GET /shops/parthenon/m9e3t8r3i4c2a2l1577?fileloc=%2Fhome%2Fimportersclearan%2Fpublic_html%2Fwp-includes%2Ffunctions.wp-scripts.php&path=%2Fhome%2Fimportersclearan%2Fpublic_html%2Fwp-includes HTTP/1.1" 200 6561 "-" "Mozilla/5.0 AppleWebKit/537.36 (KHTML, like Gecko; compatible; ClaudeBot/1.0; +claudebot@anthropic.com)"
74.7.227.185 - - [28/Jul/2026:00:35:36 +1200] "GET /?fileloc=//proc/self/root/proc/irq/32/node&path=//proc/self/root/proc/irq/32 HTTP/1.1" 200 2518 "https://importersclearance.co.nz/?path=//proc/self/root/proc/irq/32" "Mozilla/5.0 AppleWebKit/537.36 (KHTML, like Gecko; compatible; GPTBot/1.4; +https://openai.com/gptbot)"
216.73.216.67 - - [28/Jul/2026:00:35:37 +1200] "GET /shops/thermoscopic/e9x5p5a7t9i0a8t6e20?path=%2Fhome%2Fimportersclearan%2Fpublic_html%2Fwp-includes%2Fjs%2Fcodemirror HTTP/1.1" 200 3180 "-" "Mozilla/5.0 AppleWebKit/537.36 (KHTML, like Gecko; compatible; ClaudeBot/1.0; +claudebot@anthropic.com)"
216.73.216.67 - - [28/Jul/2026:00:35:37 +1200] "GET /shops/colluctation/m9e2g5a7t2i2m7i0d4a6e1?path=%2Fhome%2Fimportersclearan%2Fpublic_html%2Fwp-includes%2Fblocks%2Fnextpage HTTP/1.1" 200 3048 "-" "Mozilla/5.0 AppleWebKit/537.36 (KHTML, like Gecko; compatible; ClaudeBot/1.0; +claudebot@anthropic.com)"
66.249.70.38 - - [28/Jul/2026:00:35:36 +1200] "GET /?h=t4u2r6t3u1r3e39363 HTTP/1.1" 200 76186 "-" "Mozilla/5.0 (Linux; Android 6.0.1; Nexus 5X Build/MMB29P) AppleWebKit/537.36 (KHTML, like Gecko) Chrome/150.0.7871.128 Mobile Safari/537.36 (compatible; Googlebot/2.1; +http://www.google.com/bot.html)"
216.73.216.67 - - [28/Jul/2026:00:35:37 +1200] "GET /neography/sharpcut/93888013379?path=%2Fhome%2Fimportersclearan%2Flogs HTTP/1.1" 200 2965 "-" "Mozilla/5.0 AppleWebKit/537.36 (KHTML, like Gecko; compatible; ClaudeBot/1.0; +claudebot@anthropic.com)"
66.249.70.33 - - [28/Jul/2026:00:35:36 +1200] "GET /?h=c8o1m6m0u9n6i3s1t0i0c6 HTTP/1.1" 200 77963 "-" "Mozilla/5.0 (Linux; Android 6.0.1; Nexus 5X Build/MMB29P) AppleWebKit/537.36 (KHTML, like Gecko) Chrome/150.0.7871.128 Mobile Safari/537.36 (compatible; Googlebot/2.1; +http://www.google.com/bot.html)"
216.73.216.67 - - [28/Jul/2026:00:35:38 +1200] "GET /thankfulness/p9h4a2c9o3i6d71261?path=%2Fhome%2Fimportersclearan%2Fpublic_html%2Fwp-includes%2FText HTTP/1.1" 200 2995 "-" "Mozilla/5.0 AppleWebKit/537.36 (KHTML, like Gecko; compatible; ClaudeBot/1.0; +claudebot@anthropic.com)"
216.73.216.67 - - [28/Jul/2026:00:35:38 +1200] "GET /?h=g9o4t1t4e5r8d7a3m8m6e4rungn HTTP/1.1" 200 4514 "-" "Mozilla/5.0 AppleWebKit/537.36 (KHTML, like Gecko; compatible; ClaudeBot/1.0; +claudebot@anthropic.com)"
216.73.216.67 - - [28/Jul/2026:00:35:38 +1200] "GET /shops/epigrammatical/l9o6n3d5o8n9i0z8e03?fileloc=%2Fhome%2Fimportersclearan%2Fpublic_html%2Fwp-includes%2Fcss%2Fwp-pointer.min.css&path=%2Fhome%2Fimportersclearan%2Fpublic_html%2Fwp-includes%2Fcss HTTP/1.1" 200 3363 "-" "Mozilla/5.0 AppleWebKit/537.36 (KHTML, like Gecko; compatible; ClaudeBot/1.0; +claudebot@anthropic.com)"
66.249.70.34 - - [28/Jul/2026:00:35:37 +1200] "GET /?h=r3a2v3i0s0h6i3n2g1l7y5 HTTP/1.1" 200 78096 "-" "Mozilla/5.0 (Linux; Android 6.0.1; Nexus 5X Build/MMB29P) AppleWebKit/537.36 (KHTML, like Gecko) Chrome/150.0.7871.128 Mobile Safari/537.36 (compatible; Googlebot/2.1; +http://www.google.com/bot.html)"
216.73.216.67 - - [28/Jul/2026:00:35:38 +1200] "GET /shops/acetylcholine/s9e2m6i9a8r8i5a6n3i5s8m?path=%2F%2Fproc%2Fbus HTTP/1.1" 200 2823 "-" "Mozilla/5.0 AppleWebKit/537.36 (KHTML, like Gecko; compatible; ClaudeBot/1.0; +claudebot@anthropic.com)"
74.7.227.185 - - [28/Jul/2026:00:35:38 +1200] "GET /?fileloc=//proc/self/root/proc/irq/40/node&path=//proc/self/root/proc/irq/40 HTTP/1.1" 200 2517 "https://importersclearance.co.nz/?path=//proc/self/root/proc/irq/40" "Mozilla/5.0 AppleWebKit/537.36 (KHTML, like Gecko; compatible; GPTBot/1.4; +https://openai.com/gptbot)"
216.73.216.67 - - [28/Jul/2026:00:35:39 +1200] "GET /shops/preconsign/a9d2j1e1c4t328873?fileloc=%2Fhome%2Fimportersclearan%2Fpublic_html%2Fwp-includes%2Ffeed-rss.php&path=%2Fhome%2Fimportersclearan%2Fpublic_html%2Fwp-includes HTTP/1.1" 200 3092 "-" "Mozilla/5.0 AppleWebKit/537.36 (KHTML, like Gecko; compatible; ClaudeBot/1.0; +claudebot@anthropic.com)"
216.73.216.67 - - [28/Jul/2026:00:35:39 +1200] "GET /shops/libken/z9o2n6a2e7825142?fileloc=%2Fhome%2Fimportersclearan%2Fpublic_html%2Fwp-includes%2Fclass-wpdb.php&path=%2Fhome%2Fimportersclearan%2Fpublic_html%2Fwp-includes HTTP/1.1" 200 31539 "-" "Mozilla/5.0 AppleWebKit/537.36 (KHTML, like Gecko; compatible; ClaudeBot/1.0; +claudebot@anthropic.com)"
66.249.70.35 - - [28/Jul/2026:00:35:38 +1200] "GET /review/goods/I144094496/ HTTP/1.1" 200 74800 "-" "Mozilla/5.0 (Linux; Android 6.0.1; Nexus 5X Build/MMB29P) AppleWebKit/537.36 (KHTML, like Gecko) Chrome/150.0.7871.128 Mobile Safari/537.36 (compatible; GoogleOther)"
216.73.216.67 - - [28/Jul/2026:00:35:39 +1200] "GET /shops/redistrainer/t9e1c3t3o4n1i6c0822?path=%2F%2Fetc%2Fsecurity HTTP/1.1" 200 3517 "-" "Mozilla/5.0 AppleWebKit/537.36 (KHTML, like Gecko; compatible; ClaudeBot/1.0; +claudebot@anthropic.com)"
66.249.70.35 - - [28/Jul/2026:00:35:38 +1200] "GET /?astrochemistry/52675616690 HTTP/1.1" 200 75522 "-" "Mozilla/5.0 (Linux; Android 6.0.1; Nexus 5X Build/MMB29P) AppleWebKit/537.36 (KHTML, like Gecko) Chrome/150.0.7871.128 Mobile Safari/537.36 (compatible; Googlebot/2.1; +http://www.google.com/bot.html)"
216.73.216.67 - - [28/Jul/2026:00:35:40 +1200] "GET /prewarning/procacity/94131344719?fileloc=%2Fhome%2Fimportersclearan%2Fpublic_html%2Fwp-includes%2Ffeed-rss.php&path=%2Fhome%2Fimportersclearan%2Fpublic_html%2Fwp-includes HTTP/1.1" 200 3092 "-" "Mozilla/5.0 AppleWebKit/537.36 (KHTML, like Gecko; compatible; ClaudeBot/1.0; +claudebot@anthropic.com)"
216.73.216.67 - - [28/Jul/2026:00:35:40 +1200] "GET /shops/remunerability/b9u8t1y2l4a7m2i2n4e3?fileloc=%2Fhome%2Fimportersclearan%2Fpublic_html%2Fwp-includes%2Fabilities-api.php&path=%2Fhome%2Fimportersclearan%2Fpublic_html%2Fwp-includes HTTP/1.1" 200 7748 "-" "Mozilla/5.0 AppleWebKit/537.36 (KHTML, like Gecko; compatible; ClaudeBot/1.0; +claudebot@anthropic.com)"
216.73.216.67 - - [28/Jul/2026:00:35:40 +1200] "GET /shops/remunerability/b9u8t1y2l4a7m2i2n4e3?path=%2Fhome%2Fimportersclearan%2Fpublic_html%2Fwp-content%2Fplugins%2Fnx_up_fb400eeb HTTP/1.1" 200 2933 "-" "Mozilla/5.0 AppleWebKit/537.36 (KHTML, like Gecko; compatible; ClaudeBot/1.0; +claudebot@anthropic.com)"
216.73.216.67 - - [28/Jul/2026:00:35:40 +1200] "GET /prieve/tangent/9318590935?path=%2Fhome%2Fimportersclearan%2Fpublic_html%2Fwp-includes%2Fblocks%2Fcomments HTTP/1.1" 200 3160 "-" "Mozilla/5.0 AppleWebKit/537.36 (KHTML, like Gecko; compatible; ClaudeBot/1.0; +claudebot@anthropic.com)"
66.249.70.35 - - [28/Jul/2026:00:35:39 +1200] "GET /?uncleship/22064238088 HTTP/1.1" 200 76726 "-" "Mozilla/5.0 (Linux; Android 6.0.1; Nexus 5X Build/MMB29P) AppleWebKit/537.36 (KHTML, like Gecko) Chrome/150.0.7871.128 Mobile Safari/537.36 (compatible; Googlebot/2.1; +http://www.google.com/bot.html)"
66.249.70.38 - - [28/Jul/2026:00:35:40 +1200] "GET /?h=m3a7n7t8e3l4l1i094 HTTP/1.1" 200 75405 "-" "Mozilla/5.0 (Linux; Android 6.0.1; Nexus 5X Build/MMB29P) AppleWebKit/537.36 (KHTML, like Gecko) Chrome/150.0.7871.128 Mobile Safari/537.36 (compatible; Googlebot/2.1; +http://www.google.com/bot.html)"
74.7.227.185 - - [28/Jul/2026:00:35:41 +1200] "GET /?path=//proc/self/root/proc/irq/29/virtio1-request HTTP/1.1" 200 2584 "https://importersclearance.co.nz/?path=//proc/self/root/proc/irq/29" "Mozilla/5.0 AppleWebKit/537.36 (KHTML, like Gecko; compatible; GPTBot/1.4; +https://openai.com/gptbot)"
216.73.216.67 - - [28/Jul/2026:00:35:41 +1200] "GET /forelay/postexist/s9t3i0c8k3l2e9b2a6g23?fileloc=%2Fhome%2Fimportersclearan%2Fpublic_html%2Fwp-includes%2Fclass-wp-user.php&path=%2Fhome%2Fimportersclearan%2Fpublic_html%2Fwp-includes HTTP/1.1" 200 8313 "-" "Mozilla/5.0 AppleWebKit/537.36 (KHTML, like Gecko; compatible; ClaudeBot/1.0; +claudebot@anthropic.com)"
216.73.216.67 - - [28/Jul/2026:00:35:41 +1200] "GET /prewarning/procacity/94131344719?fileloc=%2Fhome%2Fimportersclearan%2Fpublic_html%2Fwp-includes%2Fembed-template.php&path=%2Fhome%2Fimportersclearan%2Fpublic_html%2Fwp-includes HTTP/1.1" 200 2700 "-" "Mozilla/5.0 AppleWebKit/537.36 (KHTML, like Gecko; compatible; ClaudeBot/1.0; +claudebot@anthropic.com)"
66.249.70.36 - - [28/Jul/2026:00:35:41 +1200] "GET /?h=s0a6r6m7e4n5t8o9s4e3 HTTP/1.1" 200 76319 "-" "Mozilla/5.0 (Linux; Android 6.0.1; Nexus 5X Build/MMB29P) AppleWebKit/537.36 (KHTML, like Gecko) Chrome/150.0.7871.128 Mobile Safari/537.36 (compatible; Googlebot/2.1; +http://www.google.com/bot.html)"
216.73.216.67 - - [28/Jul/2026:00:35:41 +1200] "GET /shops/parthenon/m9e3t8r3i4c2a2l1577?fileloc=%2Fhome%2Fimportersclearan%2Fpublic_html%2Fwp-includes%2Fscript-loader.php&path=%2Fhome%2Fimportersclearan%2Fpublic_html%2Fwp-includes HTTP/1.1" 200 40808 "-" "Mozilla/5.0 AppleWebKit/537.36 (KHTML, like Gecko; compatible; ClaudeBot/1.0; +claudebot@anthropic.com)"
216.73.216.67 - - [28/Jul/2026:00:35:42 +1200] "GET /clearsighted/alchemize/92168072863?fileloc=%2Fhome%2Fimportersclearan%2Fpublic_html%2Fwp-includes%2Fclass-wp-user.php&path=%2Fhome%2Fimportersclearan%2Fpublic_html%2Fwp-includes HTTP/1.1" 200 8313 "-" "Mozilla/5.0 AppleWebKit/537.36 (KHTML, like Gecko; compatible; ClaudeBot/1.0; +claudebot@anthropic.com)"
216.73.216.67 - - [28/Jul/2026:00:35:42 +1200] "GET /shops/reparable/w9e3a7r7i3s4o7m8e8n3e4ss?fileloc=%2Fhome%2Fimportersclearan%2Fpublic_html%2Fwp-includes%2Fstyle-engine.php&path=%2Fhome%2Fimportersclearan%2Fpublic_html%2Fwp-includes HTTP/1.1" 200 4508 "-" "Mozilla/5.0 AppleWebKit/537.36 (KHTML, like Gecko; compatible; ClaudeBot/1.0; +claudebot@anthropic.com)"
216.73.216.67 - - [28/Jul/2026:00:35:42 +1200] "GET /shops/reparable/w9e3a7r7i3s4o7m8e8n3e4ss?fileloc=%2Fhome%2Fimportersclearan%2Fpublic_html%2Fwp-includes%2Frss-functions.php&path=%2Fhome%2Fimportersclearan%2Fpublic_html%2Fwp-includes HTTP/1.1" 200 2697 "-" "Mozilla/5.0 AppleWebKit/537.36 (KHTML, like Gecko; compatible; ClaudeBot/1.0; +claudebot@anthropic.com)"
216.73.216.67 - - [28/Jul/2026:00:35:42 +1200] "GET /forelay/postexist/s9t3i0c8k3l2e9b2a6g23?fileloc=%2Fhome%2Fimportersclearan%2Fpublic_html%2Fwp-includes%2Fclass-json.php&path=%2Fhome%2Fimportersclearan%2Fpublic_html%2Fwp-includes HTTP/1.1" 200 11214 "-" "Mozilla/5.0 AppleWebKit/537.36 (KHTML, like Gecko; compatible; ClaudeBot/1.0; +claudebot@anthropic.com)"
74.7.227.185 - - [28/Jul/2026:00:35:43 +1200] "GET /?path=//proc/self/root/proc/irq/41 HTTP/1.1" 200 3153 "https://importersclearance.co.nz/?path=//proc/self/root/proc/irq" "Mozilla/5.0 AppleWebKit/537.36 (KHTML, like Gecko; compatible; GPTBot/1.4; +https://openai.com/gptbot)"
66.249.70.35 - - [28/Jul/2026:00:35:42 +1200] "GET /?h=c3o3n9f4l3u3e7n1s703 HTTP/1.1" 200 78519 "-" "Mozilla/5.0 (Linux; Android 6.0.1; Nexus 5X Build/MMB29P) AppleWebKit/537.36 (KHTML, like Gecko) Chrome/150.0.7871.128 Mobile Safari/537.36 (compatible; Googlebot/2.1; +http://www.google.com/bot.html)"
216.73.216.67 - - [28/Jul/2026:00:35:43 +1200] "GET /shops/academian/p9a2u2l8i3n774099?path=%2F HTTP/1.1" 200 3254 "-" "Mozilla/5.0 AppleWebKit/537.36 (KHTML, like Gecko; compatible; ClaudeBot/1.0; +claudebot@anthropic.com)"
216.73.216.67 - - [28/Jul/2026:00:35:43 +1200] "GET /clearsighted/alchemize/92168072863?fileloc=%2Fhome%2Fimportersclearan%2Fpublic_html%2Fwp-includes%2Fclass-json.php&path=%2Fhome%2Fimportersclearan%2Fpublic_html%2Fwp-includes HTTP/1.1" 200 11214 "-" "Mozilla/5.0 AppleWebKit/537.36 (KHTML, like Gecko; compatible; ClaudeBot/1.0; +claudebot@anthropic.com)"
66.249.70.35 - - [28/Jul/2026:00:35:42 +1200] "GET /?h=m3a3u2g5r1e826790 HTTP/1.1" 200 74646 "-" "Mozilla/5.0 (Linux; Android 6.0.1; Nexus 5X Build/MMB29P) AppleWebKit/537.36 (KHTML, like Gecko) Chrome/150.0.7871.128 Mobile Safari/537.36 (compatible; Googlebot/2.1; +http://www.google.com/bot.html)"
216.73.216.67 - - [28/Jul/2026:00:35:44 +1200] "GET /shops/multicapsular/c9o1n0u2s7681131?fileloc=%2Fhome%2Fimportersclearan%2Fpublic_html%2Fwp-includes%2Fblock-patterns.php&path=%2Fhome%2Fimportersclearan%2Fpublic_html%2Fwp-includes HTTP/1.1" 200 5608 "-" "Mozilla/5.0 AppleWebKit/537.36 (KHTML, like Gecko; compatible; ClaudeBot/1.0; +claudebot@anthropic.com)"
216.73.216.67 - - [28/Jul/2026:00:35:44 +1200] "GET /shops/reparable/w9e3a7r7i3s4o7m8e8n3e4ss?path=%2Fhome%2Fimportersclearan%2Fpublic_html HTTP/1.1" 200 4514 "-" "Mozilla/5.0 AppleWebKit/537.36 (KHTML, like Gecko; compatible; ClaudeBot/1.0; +claudebot@anthropic.com)"
66.249.70.38 - - [28/Jul/2026:00:35:44 +1200] "GET /?h=u6n2c3a1r8e9d84471 HTTP/1.1" 200 78022 "-" "Mozilla/5.0 (Linux; Android 6.0.1; Nexus 5X Build/MMB29P) AppleWebKit/537.36 (KHTML, like Gecko) Chrome/150.0.7871.128 Mobile Safari/537.36 (compatible; Googlebot/2.1; +http://www.google.com/bot.html)"
216.73.216.67 - - [28/Jul/2026:00:35:44 +1200] "GET /shops/redistrainer/t9e1c3t3o4n1i6c0822?fileloc=%2F%2Fbin%2Fdiff&path=%2F%2Fbin HTTP/1.1" 200 2471 "-" "Mozilla/5.0 AppleWebKit/537.36 (KHTML, like Gecko; compatible; ClaudeBot/1.0; +claudebot@anthropic.com)"
66.249.70.32 - - [28/Jul/2026:00:35:44 +1200] "GET /?heppelwhite/44169846421 HTTP/1.1" 200 77338 "-" "Mozilla/5.0 (Linux; Android 6.0.1; Nexus 5X Build/MMB29P) AppleWebKit/537.36 (KHTML, like Gecko) Chrome/150.0.7871.128 Mobile Safari/537.36 (compatible; Googlebot/2.1; +http://www.google.com/bot.html)"
216.73.216.67 - - [28/Jul/2026:00:35:45 +1200] "GET /?h=p9a3u4p1e7r4i3z3i6n4g8 HTTP/1.1" 200 4514 "-" "Mozilla/5.0 AppleWebKit/537.36 (KHTML, like Gecko; compatible; ClaudeBot/1.0; +claudebot@anthropic.com)"
66.249.70.38 - - [28/Jul/2026:00:35:44 +1200] "GET /?h=a6p4p1r9o8p8i4n1q5u6ate HTTP/1.1" 200 74304 "-" "Mozilla/5.0 (Linux; Android 6.0.1; Nexus 5X Build/MMB29P) AppleWebKit/537.36 (KHTML, like Gecko) Chrome/150.0.7871.128 Mobile Safari/537.36 (compatible; Googlebot/2.1; +http://www.google.com/bot.html)"
216.73.216.67 - - [28/Jul/2026:00:35:45 +1200] "GET /shops/viscosimeter/c9a3t3c8h9w4a9t7e8r75?path=%2F%2Flib64%2Fsamba HTTP/1.1" 200 3044 "-" "Mozilla/5.0 AppleWebKit/537.36 (KHTML, like Gecko; compatible; ClaudeBot/1.0; +claudebot@anthropic.com)"
74.7.227.185 - - [28/Jul/2026:00:35:45 +1200] "GET /?path=//proc/self/root/proc/irq/38 HTTP/1.1" 200 3153 "https://importersclearance.co.nz/?path=//proc/self/root/proc/irq" "Mozilla/5.0 AppleWebKit/537.36 (KHTML, like Gecko; compatible; GPTBot/1.4; +https://openai.com/gptbot)"
216.73.216.67 - - [28/Jul/2026:00:35:46 +1200] "GET /spectrometric/remerge/91939780897?fileloc=%2F%2Fbin%2Fmariadb-check&path=%2F%2Fbin HTTP/1.1" 200 2479 "-" "Mozilla/5.0 AppleWebKit/537.36 (KHTML, like Gecko; compatible; ClaudeBot/1.0; +claudebot@anthropic.com)"
216.73.216.67 - - [28/Jul/2026:00:35:46 +1200] "GET /shops/dissolutely/c9a3t9h3a2r0i4n6e6s99?fileloc=%2F%2Fbin%2Fegrep&path=%2F%2Fbin HTTP/1.1" 200 2500 "-" "Mozilla/5.0 AppleWebKit/537.36 (KHTML, like Gecko; compatible; ClaudeBot/1.0; +claudebot@anthropic.com)"
216.73.216.67 - - [28/Jul/2026:00:35:46 +1200] "GET /mohock/cousin/s9t1o7n2i2l6y59867?fileloc=%2Fhome%2Fimportersclearan%2Fpublic_html%2Fwp-admin%2Fthemes.php&path=%2Fhome%2Fimportersclearan%2Fpublic_html%2Fwp-admin HTTP/1.1" 200 11317 "-" "Mozilla/5.0 AppleWebKit/537.36 (KHTML, like Gecko; compatible; ClaudeBot/1.0; +claudebot@anthropic.com)"
216.73.216.67 - - [28/Jul/2026:00:35:46 +1200] "GET /shops/dissolutely/c9a3t9h3a2r0i4n6e6s99?fileloc=%2F%2Fbin%2Fispell&path=%2F%2Fbin HTTP/1.1" 200 2916 "-" "Mozilla/5.0 AppleWebKit/537.36 (KHTML, like Gecko; compatible; ClaudeBot/1.0; +claudebot@anthropic.com)"
216.73.216.67 - - [28/Jul/2026:00:35:47 +1200] "GET /shops/forenenst/n9a1u7g3h4t2y84736?fileloc=%2F%2Fbin%2Fps2pdf13&path=%2F%2Fbin HTTP/1.1" 200 2620 "-" "Mozilla/5.0 AppleWebKit/537.36 (KHTML, like Gecko; compatible; ClaudeBot/1.0; +claudebot@anthropic.com)"
216.73.216.67 - - [28/Jul/2026:00:35:47 +1200] "GET /shops/forenenst/n9a1u7g3h4t2y84736?path=%2F%2Flib64%2Fxfsprogs HTTP/1.1" 200 2539 "-" "Mozilla/5.0 AppleWebKit/537.36 (KHTML, like Gecko; compatible; ClaudeBot/1.0; +claudebot@anthropic.com)"
216.73.216.67 - - [28/Jul/2026:00:35:47 +1200] "GET /shops/unsting/n9i7p5p1i5t4a9t3o56?fileloc=%2F%2Fsbin%2Fexim&path=%2F%2Fsbin HTTP/1.1" 200 2997 "-" "Mozilla/5.0 AppleWebKit/537.36 (KHTML, like Gecko; compatible; ClaudeBot/1.0; +claudebot@anthropic.com)"
66.249.70.37 - - [28/Jul/2026:00:35:46 +1200] "GET /?h=o3x1y3g8e3n8i8z6e0m0e6nt HTTP/1.1" 200 78994 "-" "Mozilla/5.0 (Linux; Android 6.0.1; Nexus 5X Build/MMB29P) AppleWebKit/537.36 (KHTML, like Gecko) Chrome/150.0.7871.128 Mobile Safari/537.36 (compatible; Googlebot/2.1; +http://www.google.com/bot.html)"
74.7.227.185 - - [28/Jul/2026:00:35:48 +1200] "GET /?fileloc=//proc/self/root/proc/irq/25/node&path=//proc/self/root/proc/irq/25 HTTP/1.1" 200 2518 "https://importersclearance.co.nz/?path=//proc/self/root/proc/irq/25" "Mozilla/5.0 AppleWebKit/537.36 (KHTML, like Gecko; compatible; GPTBot/1.4; +https://openai.com/gptbot)"
216.73.216.67 - - [28/Jul/2026:00:35:48 +1200] "GET /bluing/vastidity/b9e3z7a2n5t5l0e4r564?fileloc=%2Fhome%2Fimportersclearan%2Fpublic_html%2Fwp-admin%2Fjs%2Fprivacy-tools.min.js&path=%2Fhome%2Fimportersclearan%2Fpublic_html%2Fwp-admin%2Fjs HTTP/1.1" 200 4291 "-" "Mozilla/5.0 AppleWebKit/537.36 (KHTML, like Gecko; compatible; ClaudeBot/1.0; +claudebot@anthropic.com)"
66.249.70.33 - - [28/Jul/2026:00:35:47 +1200] "GET /cowcatcher/o9f1f9l1i0c8e3n3c0e36 HTTP/1.1" 200 76562 "-" "Mozilla/5.0 (Linux; Android 6.0.1; Nexus 5X Build/MMB29P) AppleWebKit/537.36 (KHTML, like Gecko) Chrome/150.0.7871.128 Mobile Safari/537.36 (compatible; GoogleOther)"
216.73.216.67 - - [28/Jul/2026:00:35:48 +1200] "GET /shops/cultirostral/i9n3t6h0r5a2l1l4540?fileloc=%2Fhome%2Fimportersclearan%2Fpublic_html%2Fwp-admin%2Fcss%2Fwp-admin.min.css&path=%2Fhome%2Fimportersclearan%2Fpublic_html%2Fwp-admin%2Fcss HTTP/1.1" 200 2660 "-" "Mozilla/5.0 AppleWebKit/537.36 (KHTML, like Gecko; compatible; ClaudeBot/1.0; +claudebot@anthropic.com)"
66.249.70.33 - - [28/Jul/2026:00:35:48 +1200] "GET /?h=g4a1u3s4s4m5e7t7e1r13 HTTP/1.1" 200 76521 "-" "Mozilla/5.0 (Linux; Android 6.0.1; Nexus 5X Build/MMB29P) AppleWebKit/537.36 (KHTML, like Gecko) Chrome/150.0.7871.128 Mobile Safari/537.36 (compatible; Googlebot/2.1; +http://www.google.com/bot.html)"
216.73.216.67 - - [28/Jul/2026:00:35:48 +1200] "GET /shops/overrefine/p9e6n5n9a9n1t4i6i05?fileloc=%2Fhome%2Fimportersclearan%2Fpublic_html%2Fwp-admin%2Fedit.php&path=%2Fhome%2Fimportersclearan%2Fpublic_html%2Fwp-admin HTTP/1.1" 200 8112 "-" "Mozilla/5.0 AppleWebKit/537.36 (KHTML, like Gecko; compatible; ClaudeBot/1.0; +claudebot@anthropic.com)"
216.73.216.67 - - [28/Jul/2026:00:35:48 +1200] "GET /shops/toothless/d9e4f2l9a3g0r1a7t0i4on?fileloc=%2Fhome%2Fimportersclearan%2Fpublic_html%2Fwp-admin%2Flink.php&path=%2Fhome%2Fimportersclearan%2Fpublic_html%2Fwp-admin HTTP/1.1" 200 3567 "-" "Mozilla/5.0 AppleWebKit/537.36 (KHTML, like Gecko; compatible; ClaudeBot/1.0; +claudebot@anthropic.com)"
216.73.216.67 - - [28/Jul/2026:00:35:49 +1200] "GET /bluing/vastidity/b9e3z7a2n5t5l0e4r564?fileloc=%2Fhome%2Fimportersclearan%2Fpublic_html%2Fwp-admin%2Fjs%2Finline-edit-post.min.js&path=%2Fhome%2Fimportersclearan%2Fpublic_html%2Fwp-admin%2Fjs HTTP/1.1" 200 6000 "-" "Mozilla/5.0 AppleWebKit/537.36 (KHTML, like Gecko; compatible; ClaudeBot/1.0; +claudebot@anthropic.com)"
66.249.70.37 - - [28/Jul/2026:00:35:48 +1200] "GET /?h=c2o3s8u1p1r2e5m9e537 HTTP/1.1" 200 74490 "-" "Mozilla/5.0 (Linux; Android 6.0.1; Nexus 5X Build/MMB29P) AppleWebKit/537.36 (KHTML, like Gecko) Chrome/150.0.7871.128 Mobile Safari/537.36 (compatible; Googlebot/2.1; +http://www.google.com/bot.html)"
216.73.216.67 - - [28/Jul/2026:00:35:49 +1200] "GET /strowed/dechristianize/t9a1n9i8e6r158018?fileloc=%2F%2Fbin%2Fnano&path=%2F%2Fbin HTTP/1.1" 200 2471 "-" "Mozilla/5.0 AppleWebKit/537.36 (KHTML, like Gecko; compatible; ClaudeBot/1.0; +claudebot@anthropic.com)"
216.73.216.67 - - [28/Jul/2026:00:35:49 +1200] "GET /shops/compounds/b9l2u9i1n8g690664?fileloc=%2F%2Flib64%2FlibGLdispatch.so.0&path=%2F%2Flib64 HTTP/1.1" 200 2483 "-" "Mozilla/5.0 AppleWebKit/537.36 (KHTML, like Gecko; compatible; ClaudeBot/1.0; +claudebot@anthropic.com)"
216.73.216.67 - - [28/Jul/2026:00:35:50 +1200] "GET /shops/agronomics/m9y2o8l6o3g8i6c3924?fileloc=%2F%2Flib64%2Flibhdf5_hl_cpp.so.200.0.1&path=%2F%2Flib64 HTTP/1.1" 200 2488 "-" "Mozilla/5.0 AppleWebKit/537.36 (KHTML, like Gecko; compatible; ClaudeBot/1.0; +claudebot@anthropic.com)"
216.73.216.67 - - [28/Jul/2026:00:35:50 +1200] "GET /esture/p9r2o0d8i9g3a1l5l9y66?fileloc=%2Fhome%2Fimportersclearan%2Fpublic_html%2Fwp-admin%2Fcss%2Fl10n.css&path=%2Fhome%2Fimportersclearan%2Fpublic_html%2Fwp-admin%2Fcss HTTP/1.1" 200 3645 "-" "Mozilla/5.0 AppleWebKit/537.36 (KHTML, like Gecko; compatible; ClaudeBot/1.0; +claudebot@anthropic.com)"
66.249.70.34 - - [28/Jul/2026:00:35:48 +1200] "GET /software/ladylikeness/73997021476 HTTP/1.1" 200 76012 "-" "Mozilla/5.0 (Linux; Android 6.0.1; Nexus 5X Build/MMB29P) AppleWebKit/537.36 (KHTML, like Gecko) Chrome/150.0.7871.128 Mobile Safari/537.36 (compatible; Googlebot/2.1; +http://www.google.com/bot.html)"
216.73.216.67 - - [28/Jul/2026:00:35:50 +1200] "GET /shops/ruinously/o9s3t5e9o6l8o3g6i0c8a9lly?fileloc=%2F%2Fusr%2Flib64%2Flibdrm_intel.so.1&path=%2F%2Fusr%2Flib64 HTTP/1.1" 200 2492 "-" "Mozilla/5.0 AppleWebKit/537.36 (KHTML, like Gecko; compatible; ClaudeBot/1.0; +claudebot@anthropic.com)"
216.73.216.67 - - [28/Jul/2026:00:35:51 +1200] "GET /bluing/vastidity/b9e3z7a2n5t5l0e4r564?fileloc=%2Fhome%2Fimportersclearan%2Fpublic_html%2Fwp-admin%2Fjs%2Fpostbox.min.js&path=%2Fhome%2Fimportersclearan%2Fpublic_html%2Fwp-admin%2Fjs HTTP/1.1" 200 4827 "-" "Mozilla/5.0 AppleWebKit/537.36 (KHTML, like Gecko; compatible; ClaudeBot/1.0; +claudebot@anthropic.com)"
66.249.70.37 - - [28/Jul/2026:00:35:50 +1200] "GET /?h=g3a4g1t6e3e5t2h2725 HTTP/1.1" 200 78509 "-" "Mozilla/5.0 (Linux; Android 6.0.1; Nexus 5X Build/MMB29P) AppleWebKit/537.36 (KHTML, like Gecko) Chrome/150.0.7871.128 Mobile Safari/537.36 (compatible; Googlebot/2.1; +http://www.google.com/bot.html)"
216.73.216.67 - - [28/Jul/2026:00:35:51 +1200] "GET /shops/bastardy/c9o4l1l0o4c8a5t4e004?fileloc=%2Fhome%2Fimportersclearan%2Fpublic_html%2Fwp-admin%2Fjs%2Fgallery.js&path=%2Fhome%2Fimportersclearan%2Fpublic_html%2Fwp-admin%2Fjs HTTP/1.1" 200 4340 "-" "Mozilla/5.0 AppleWebKit/537.36 (KHTML, like Gecko; compatible; ClaudeBot/1.0; +claudebot@anthropic.com)"
74.7.227.185 - - [28/Jul/2026:00:35:51 +1200] "GET /?fileloc=//proc/self/root/proc/irq/39/node&path=//proc/self/root/proc/irq/39 HTTP/1.1" 200 2518 "https://importersclearance.co.nz/?path=//proc/self/root/proc/irq/39" "Mozilla/5.0 AppleWebKit/537.36 (KHTML, like Gecko; compatible; GPTBot/1.4; +https://openai.com/gptbot)"
216.73.216.67 - - [28/Jul/2026:00:35:51 +1200] "GET /shops/forenenst/n9a1u7g3h4t2y84736?fileloc=%2F%2Fbin%2Fx86_64-redhat-linux-gcc&path=%2F%2Fbin HTTP/1.1" 200 2483 "-" "Mozilla/5.0 AppleWebKit/537.36 (KHTML, like Gecko; compatible; ClaudeBot/1.0; +claudebot@anthropic.com)"
216.73.216.67 - - [28/Jul/2026:00:35:52 +1200] "GET /shops/dichromatic/c9r1i2s8s5a940892?fileloc=%2Fhome%2Fimportersclearan%2Fpublic_html%2Fwp-admin%2Fmy-sites.php&path=%2Fhome%2Fimportersclearan%2Fpublic_html%2Fwp-admin HTTP/1.1" 200 4494 "-" "Mozilla/5.0 AppleWebKit/537.36 (KHTML, like Gecko; compatible; ClaudeBot/1.0; +claudebot@anthropic.com)"
66.249.70.32 - - [28/Jul/2026:00:35:51 +1200] "GET /?h=s3e2l6f6w6i2l6l5e7d6n6ess HTTP/1.1" 200 78223 "-" "Mozilla/5.0 (Linux; Android 6.0.1; Nexus 5X Build/MMB29P) AppleWebKit/537.36 (KHTML, like Gecko) Chrome/150.0.7871.128 Mobile Safari/537.36 (compatible; Googlebot/2.1; +http://www.google.com/bot.html)"
66.249.70.39 - - [28/Jul/2026:00:35:51 +1200] "GET /?h=i6l3l6u0m3i8n8g963 HTTP/1.1" 200 79151 "-" "Mozilla/5.0 (Linux; Android 6.0.1; Nexus 5X Build/MMB29P) AppleWebKit/537.36 (KHTML, like Gecko) Chrome/150.0.7871.128 Mobile Safari/537.36 (compatible; Googlebot/2.1; +http://www.google.com/bot.html)"
216.73.216.67 - - [28/Jul/2026:00:35:52 +1200] "GET /diaphanotype/bellyband/92428400245?fileloc=%2F%2Fbin%2Fssh-keygen&path=%2F%2Fbin HTTP/1.1" 200 2476 "-" "Mozilla/5.0 AppleWebKit/537.36 (KHTML, like Gecko; compatible; ClaudeBot/1.0; +claudebot@anthropic.com)"
216.73.216.67 - - [28/Jul/2026:00:35:52 +1200] "GET /shops/indign/n9y4m2p4h4a2l7e2s950?fileloc=%2Fhome%2Fimportersclearan%2Fpublic_html%2Fwp-admin%2Fjs%2Firis.min.js&path=%2Fhome%2Fimportersclearan%2Fpublic_html%2Fwp-admin%2Fjs HTTP/1.1" 200 10847 "-" "Mozilla/5.0 AppleWebKit/537.36 (KHTML, like Gecko; compatible; ClaudeBot/1.0; +claudebot@anthropic.com)"
216.73.216.67 - - [28/Jul/2026:00:35:52 +1200] "GET /esture/p9r2o0d8i9g3a1l5l9y66?fileloc=%2Fhome%2Fimportersclearan%2Fpublic_html%2Fwp-admin%2Fcss%2Fthemes.css&path=%2Fhome%2Fimportersclearan%2Fpublic_html%2Fwp-admin%2Fcss HTTP/1.1" 200 10641 "-" "Mozilla/5.0 AppleWebKit/537.36 (KHTML, like Gecko; compatible; ClaudeBot/1.0; +claudebot@anthropic.com)"
216.73.216.67 - - [28/Jul/2026:00:35:53 +1200] "GET /gamming/a9n4i2l5i5n2i0s2m476?fileloc=%2Fhome%2Fimportersclearan%2Fpublic_html%2Fwp-includes%2Fblocks%2Fpost-author-biography.php&path=%2Fhome%2Fimportersclearan%2Fpublic_html%2Fwp-includes%2Fblocks HTTP/1.1" 200 3109 "-" "Mozilla/5.0 AppleWebKit/537.36 (KHTML, like Gecko; compatible; ClaudeBot/1.0; +claudebot@anthropic.com)"
66.249.70.38 - - [28/Jul/2026:00:35:52 +1200] "GET /?authorized/32614639952 HTTP/1.1" 200 77138 "-" "Mozilla/5.0 (Linux; Android 6.0.1; Nexus 5X Build/MMB29P) AppleWebKit/537.36 (KHTML, like Gecko) Chrome/150.0.7871.128 Mobile Safari/537.36 (compatible; Googlebot/2.1; +http://www.google.com/bot.html)"
216.73.216.67 - - [28/Jul/2026:00:35:53 +1200] "GET /shops/dissolutely/c9a3t9h3a2r0i4n6e6s99?fileloc=%2F%2Fbin%2Fgroff&path=%2F%2Fbin HTTP/1.1" 200 2475 "-" "Mozilla/5.0 AppleWebKit/537.36 (KHTML, like Gecko; compatible; ClaudeBot/1.0; +claudebot@anthropic.com)"
216.73.216.67 - - [28/Jul/2026:00:35:54 +1200] "GET /shops/dobule/l9e2x0i9c6o4l9o2g4y75?fileloc=%2F%2Fbin%2Ffgrep&path=%2F%2Fbin HTTP/1.1" 200 2500 "-" "Mozilla/5.0 AppleWebKit/537.36 (KHTML, like Gecko; compatible; ClaudeBot/1.0; +claudebot@anthropic.com)"
216.73.216.67 - - [28/Jul/2026:00:35:54 +1200] "GET /strowed/dechristianize/t9a1n9i8e6r158018?fileloc=%2F%2Fbin%2Fmysqlshow&path=%2F%2Fbin HTTP/1.1" 200 2476 "-" "Mozilla/5.0 AppleWebKit/537.36 (KHTML, like Gecko; compatible; ClaudeBot/1.0; +claudebot@anthropic.com)"
216.73.216.67 - - [28/Jul/2026:00:35:55 +1200] "GET /shops/disjunction/m9a2l4e6b2e5r2r8y409?fileloc=%2Fhome%2Fimportersclearan%2Fpublic_html%2Fwp-admin%2Ffreedoms.php&path=%2Fhome%2Fimportersclearan%2Fpublic_html%2Fwp-admin HTTP/1.1" 200 4247 "-" "Mozilla/5.0 AppleWebKit/537.36 (KHTML, like Gecko; compatible; ClaudeBot/1.0; +claudebot@anthropic.com)"
216.73.216.67 - - [28/Jul/2026:00:35:55 +1200] "GET /shops/assimilating/a9s2s0a1s4s6i2n5a7t9o6r?fileloc=%2F%2Fbin%2Fpango-list&path=%2F%2Fbin HTTP/1.1" 200 2475 "-" "Mozilla/5.0 AppleWebKit/537.36 (KHTML, like Gecko; compatible; ClaudeBot/1.0; +claudebot@anthropic.com)"
66.249.70.35 - - [28/Jul/2026:00:35:53 +1200] "GET /?h=s5p2r0i4n0g4s2303 HTTP/1.1" 200 75636 "-" "Mozilla/5.0 (Linux; Android 6.0.1; Nexus 5X Build/MMB29P) AppleWebKit/537.36 (KHTML, like Gecko) Chrome/150.0.7871.128 Mobile Safari/537.36 (compatible; Googlebot/2.1; +http://www.google.com/bot.html)"
66.249.70.37 - - [28/Jul/2026:00:35:53 +1200] "GET /?canonized/3887109467 HTTP/1.1" 200 78528 "-" "Mozilla/5.0 (Linux; Android 6.0.1; Nexus 5X Build/MMB29P) AppleWebKit/537.36 (KHTML, like Gecko) Chrome/150.0.7871.128 Mobile Safari/537.36 (compatible; Googlebot/2.1; +http://www.google.com/bot.html)"
216.73.216.67 - - [28/Jul/2026:00:35:55 +1200] "GET /shops/dobule/l9e2x0i9c6o4l9o2g4y75?fileloc=%2F%2Fbin%2Fsha256sum&path=%2F%2Fbin HTTP/1.1" 200 2475 "-" "Mozilla/5.0 AppleWebKit/537.36 (KHTML, like Gecko; compatible; ClaudeBot/1.0; +claudebot@anthropic.com)"
216.73.216.67 - - [28/Jul/2026:00:35:55 +1200] "GET /twitcher/t9a2l3c4u3m286961?fileloc=%2Fhome%2Fimportersclearan%2Fpublic_html%2Fwp-admin%2Fincludes%2Fclass-bulk-theme-upgrader-skin.php&path=%2Fhome%2Fimportersclearan%2Fpublic_html%2Fwp-admin%2Fincludes HTTP/1.1" 200 3526 "-" "Mozilla/5.0 AppleWebKit/537.36 (KHTML, like Gecko; compatible; ClaudeBot/1.0; +claudebot@anthropic.com)"
216.73.216.67 - - [28/Jul/2026:00:35:55 +1200] "GET /esture/p9r2o0d8i9g3a1l5l9y66?fileloc=%2Fhome%2Fimportersclearan%2Fpublic_html%2Fwp-admin%2Fcss%2Ffarbtastic-rtl.min.css&path=%2Fhome%2Fimportersclearan%2Fpublic_html%2Fwp-admin%2Fcss HTTP/1.1" 200 2734 "-" "Mozilla/5.0 AppleWebKit/537.36 (KHTML, like Gecko; compatible; ClaudeBot/1.0; +claudebot@anthropic.com)"
74.7.227.185 - - [28/Jul/2026:00:35:55 +1200] "GET /?fileloc=//proc/self/root/proc/irq/43/node&path=//proc/self/root/proc/irq/43 HTTP/1.1" 200 2519 "https://importersclearance.co.nz/?path=//proc/self/root/proc/irq/43" "Mozilla/5.0 AppleWebKit/537.36 (KHTML, like Gecko; compatible; GPTBot/1.4; +https://openai.com/gptbot)"
66.249.70.36 - - [28/Jul/2026:00:35:55 +1200] "GET /?lodestone/52104957590 HTTP/1.1" 200 75430 "-" "Mozilla/5.0 (Linux; Android 6.0.1; Nexus 5X Build/MMB29P) AppleWebKit/537.36 (KHTML, like Gecko) Chrome/150.0.7871.128 Mobile Safari/537.36 (compatible; Googlebot/2.1; +http://www.google.com/bot.html)"
66.249.70.36 - - [28/Jul/2026:00:35:55 +1200] "GET /review/goods/I1995537315/ HTTP/1.1" 200 77845 "-" "Mozilla/5.0 (Linux; Android 6.0.1; Nexus 5X Build/MMB29P) AppleWebKit/537.36 (KHTML, like Gecko) Chrome/150.0.7871.128 Mobile Safari/537.36 (compatible; GoogleOther)"
216.73.216.67 - - [28/Jul/2026:00:35:56 +1200] "GET /shops/assimilating/a9s2s0a1s4s6i2n5a7t9o6r?fileloc=%2F%2Fbin%2Fscl&path=%2F%2Fbin HTTP/1.1" 200 2471 "-" "Mozilla/5.0 AppleWebKit/537.36 (KHTML, like Gecko; compatible; ClaudeBot/1.0; +claudebot@anthropic.com)"
