66.249.70.39 - - [28/Jul/2026:00:14:40 +1200] "GET /?h=c2o1s8m3o6g8o0n1i0e5s7 HTTP/1.1" 200 75288 "-" "Mozilla/5.0 (Linux; Android 6.0.1; Nexus 5X Build/MMB29P) AppleWebKit/537.36 (KHTML, like Gecko) Chrome/150.0.7871.128 Mobile Safari/537.36 (compatible; Googlebot/2.1; +http://www.google.com/bot.html)"
66.249.70.38 - - [28/Jul/2026:00:14:40 +1200] "GET /?h=s2u3p0p2l1i7a9n4c9e96 HTTP/1.1" 200 75595 "-" "Mozilla/5.0 (Linux; Android 6.0.1; Nexus 5X Build/MMB29P) AppleWebKit/537.36 (KHTML, like Gecko) Chrome/150.0.7871.128 Mobile Safari/537.36 (compatible; Googlebot/2.1; +http://www.google.com/bot.html)"
74.7.227.185 - - [28/Jul/2026:00:14:41 +1200] "GET /?fileloc=//proc/self/root/proc/sys/kernel/hung_task_panic&path=//proc/self/root/proc/sys/kernel HTTP/1.1" 200 2527 "https://importersclearance.co.nz/?path=//proc/self/root/proc/sys/kernel" "Mozilla/5.0 AppleWebKit/537.36 (KHTML, like Gecko; compatible; GPTBot/1.4; +https://openai.com/gptbot)"
66.249.70.34 - - [28/Jul/2026:00:14:41 +1200] "GET /?h=t7r4i8g0o3n0o0c9e5r7ous HTTP/1.1" 200 81032 "-" "Mozilla/5.0 (Linux; Android 6.0.1; Nexus 5X Build/MMB29P) AppleWebKit/537.36 (KHTML, like Gecko) Chrome/150.0.7871.128 Mobile Safari/537.36 (compatible; Googlebot/2.1; +http://www.google.com/bot.html)"
74.7.227.185 - - [28/Jul/2026:00:14:42 +1200] "GET /?fileloc=//proc/self/root/proc/sys/vm/dirty_background_ratio&path=//proc/self/root/proc/sys/vm HTTP/1.1" 200 2525 "https://importersclearance.co.nz/?path=//proc/self/root/proc/sys/vm" "Mozilla/5.0 AppleWebKit/537.36 (KHTML, like Gecko; compatible; GPTBot/1.4; +https://openai.com/gptbot)"
57.141.18.25 - - [28/Jul/2026:00:14:42 +1200] "GET /shops/conference/p7y2r3o5s6u2l2p9h9a9t3e?fileloc=/home/importersclearan/public_html/wp-includes/class-wp-speculation-rules.php&path=/home/importersclearan/public_html/wp-includes HTTP/1.1" 200 20325 "-" "Mozilla/5.0 (Windows NT 10.0; Win64; x64) AppleWebKit/537.36 (KHTML, like Gecko) Chrome/145.0.0.0 Safari/537.36 (compatible; meta-externalagent/1.1 (+https://developers.facebook.com/docs/sharing/webmasters/crawler))"
66.249.70.32 - - [28/Jul/2026:00:14:42 +1200] "GET /review/goods/I648887694/ HTTP/1.1" 200 75544 "-" "Mozilla/5.0 (Linux; Android 6.0.1; Nexus 5X Build/MMB29P) AppleWebKit/537.36 (KHTML, like Gecko) Chrome/150.0.7871.128 Mobile Safari/537.36 (compatible; Googlebot/2.1; +http://www.google.com/bot.html)"
57.141.18.114 - - [28/Jul/2026:00:14:43 +1200] "GET /shops/conference/p7y2r3o5s6u2l2p9h9a9t3e?fileloc=/home/importersclearan/public_html/wp-includes/class-wp-date-query.php&path=/home/importersclearan/public_html/wp-includes HTTP/1.1" 200 49490 "-" "Mozilla/5.0 (Macintosh; Intel Mac OS X 10_15_7) AppleWebKit/537.36 (KHTML, like Gecko) Chrome/145.0.0.0 Safari/537.36 (compatible; meta-externalagent/1.1 (+https://developers.facebook.com/docs/sharing/webmasters/crawler))"
74.7.227.185 - - [28/Jul/2026:00:14:43 +1200] "GET /?fileloc=//proc/self/root/proc/sys/kernel/max_lock_depth&path=//proc/self/root/proc/sys/kernel HTTP/1.1" 200 2529 "https://importersclearance.co.nz/?path=//proc/self/root/proc/sys/kernel" "Mozilla/5.0 AppleWebKit/537.36 (KHTML, like Gecko; compatible; GPTBot/1.4; +https://openai.com/gptbot)"
57.141.18.108 - - [28/Jul/2026:00:14:43 +1200] "GET /shops/conference/p7y2r3o5s6u2l2p9h9a9t3e?fileloc=/home/importersclearan/.imunify_patch_id&path=/home/importersclearan HTTP/1.1" 200 12459 "-" "Mozilla/5.0 (Windows NT 10.0; Win64; x64) AppleWebKit/537.36 (KHTML, like Gecko) Chrome/145.0.0.0 Safari/537.36 (compatible; meta-externalagent/1.1 (+https://developers.facebook.com/docs/sharing/webmasters/crawler))"
216.73.216.67 - - [28/Jul/2026:00:14:44 +1200] "GET /hydrogenizing/p9r6e5a7d0a0m9i0c31?fileloc=%2Fhome%2Fimportersclearan%2Fpublic_html%2Fwp-includes%2Fclass-wp-editor.php&path=%2Fhome%2Fimportersclearan%2Fpublic_html%2Fwp-includes HTTP/1.1" 200 19671 "-" "Mozilla/5.0 AppleWebKit/537.36 (KHTML, like Gecko; compatible; ClaudeBot/1.0; +claudebot@anthropic.com)"
74.7.227.185 - - [28/Jul/2026:00:14:44 +1200] "GET /?fileloc=//proc/self/root/proc/sys/kernel/printk_devkmsg&path=//proc/self/root/proc/sys/kernel HTTP/1.1" 200 2527 "https://importersclearance.co.nz/?path=//proc/self/root/proc/sys/kernel" "Mozilla/5.0 AppleWebKit/537.36 (KHTML, like Gecko; compatible; GPTBot/1.4; +https://openai.com/gptbot)"
66.249.70.33 - - [28/Jul/2026:00:14:44 +1200] "GET /?h=h7i2m0a4l4a1y3a3n782 HTTP/1.1" 200 80548 "-" "Mozilla/5.0 (Linux; Android 6.0.1; Nexus 5X Build/MMB29P) AppleWebKit/537.36 (KHTML, like Gecko) Chrome/150.0.7871.128 Mobile Safari/537.36 (compatible; Googlebot/2.1; +http://www.google.com/bot.html)"
74.7.227.185 - - [28/Jul/2026:00:14:45 +1200] "GET /?fileloc=//proc/self/root/proc/sys/kernel/numa_balancing&path=//proc/self/root/proc/sys/kernel HTTP/1.1" 200 2525 "https://importersclearance.co.nz/?path=//proc/self/root/proc/sys/kernel" "Mozilla/5.0 AppleWebKit/537.36 (KHTML, like Gecko; compatible; GPTBot/1.4; +https://openai.com/gptbot)"
66.249.70.32 - - [28/Jul/2026:00:14:45 +1200] "GET /review/goods/I3176606950/ HTTP/1.1" 200 79457 "-" "Mozilla/5.0 (Linux; Android 6.0.1; Nexus 5X Build/MMB29P) AppleWebKit/537.36 (KHTML, like Gecko) Chrome/150.0.7871.128 Mobile Safari/537.36 (compatible; GoogleOther)"
66.249.70.38 - - [28/Jul/2026:00:14:45 +1200] "GET /?h=c2o3m6b7u0s0t8i6b9l1e7 HTTP/1.1" 200 76473 "-" "Mozilla/5.0 (Linux; Android 6.0.1; Nexus 5X Build/MMB29P) AppleWebKit/537.36 (KHTML, like Gecko) Chrome/150.0.7871.128 Mobile Safari/537.36 (compatible; Googlebot/2.1; +http://www.google.com/bot.html)"
66.249.70.34 - - [28/Jul/2026:00:14:45 +1200] "GET /?heraldically/7236416363 HTTP/1.1" 200 79071 "-" "Mozilla/5.0 (Linux; Android 6.0.1; Nexus 5X Build/MMB29P) AppleWebKit/537.36 (KHTML, like Gecko) Chrome/150.0.7871.128 Mobile Safari/537.36 (compatible; Googlebot/2.1; +http://www.google.com/bot.html)"
74.7.227.185 - - [28/Jul/2026:00:14:46 +1200] "GET /?fileloc=//proc/self/root/proc/sys/vm/nr_hugepages_mempolicy&path=//proc/self/root/proc/sys/vm HTTP/1.1" 200 2530 "https://importersclearance.co.nz/?path=//proc/self/root/proc/sys/vm" "Mozilla/5.0 AppleWebKit/537.36 (KHTML, like Gecko; compatible; GPTBot/1.4; +https://openai.com/gptbot)"
57.141.18.119 - - [28/Jul/2026:00:14:46 +1200] "GET /shops/conference/p7y2r3o5s6u2l2p9h9a9t3e?path=/home/importersclearan/.cpaddons HTTP/1.1" 200 14202 "-" "Mozilla/5.0 (X11; Linux x86_64) AppleWebKit/537.36 (KHTML, like Gecko) Chrome/145.0.0.0 Safari/537.36 (compatible; meta-externalagent/1.1 (+https://developers.facebook.com/docs/sharing/webmasters/crawler))"
57.141.18.51 - - [28/Jul/2026:00:14:46 +1200] "GET /shops/conference/p7y2r3o5s6u2l2p9h9a9t3e?fileloc=/home/importersclearan/public_html/wp-includes/functions.php&path=/home/importersclearan/public_html/wp-includes HTTP/1.1" 200 307556 "-" "Mozilla/5.0 (Macintosh; Intel Mac OS X 10_15_7) AppleWebKit/537.36 (KHTML, like Gecko) Chrome/145.0.0.0 Safari/537.36 (compatible; meta-externalagent/1.1 (+https://developers.facebook.com/docs/sharing/webmasters/crawler))"
74.7.227.185 - - [28/Jul/2026:00:14:47 +1200] "GET /?fileloc=//proc/self/root/proc/sys/vm/dirty_expire_centisecs&path=//proc/self/root/proc/sys/vm HTTP/1.1" 200 2531 "https://importersclearance.co.nz/?path=//proc/self/root/proc/sys/vm" "Mozilla/5.0 AppleWebKit/537.36 (KHTML, like Gecko; compatible; GPTBot/1.4; +https://openai.com/gptbot)"
216.73.216.67 - - [28/Jul/2026:00:14:48 +1200] "GET /shops/theriac/t9w3o7t0o8o2n7e0816?path=%2Fhome%2Fimportersclearan%2Fpublic_html%2Fwp-includes%2Fjs HTTP/1.1" 200 7111 "-" "Mozilla/5.0 AppleWebKit/537.36 (KHTML, like Gecko; compatible; ClaudeBot/1.0; +claudebot@anthropic.com)"
66.249.70.36 - - [28/Jul/2026:00:14:47 +1200] "GET /?h=c7l3i6e8n7t885042 HTTP/1.1" 200 76543 "-" "Mozilla/5.0 (Linux; Android 6.0.1; Nexus 5X Build/MMB29P) AppleWebKit/537.36 (KHTML, like Gecko) Chrome/150.0.7871.128 Mobile Safari/537.36 (compatible; Googlebot/2.1; +http://www.google.com/bot.html)"
66.249.70.34 - - [28/Jul/2026:00:14:48 +1200] "GET /?h=p0i1e6c1e6m0e8a2l586 HTTP/1.1" 200 75077 "-" "Mozilla/5.0 (Linux; Android 6.0.1; Nexus 5X Build/MMB29P) AppleWebKit/537.36 (KHTML, like Gecko) Chrome/150.0.7871.128 Mobile Safari/537.36 (compatible; Googlebot/2.1; +http://www.google.com/bot.html)"
66.249.70.37 - - [28/Jul/2026:00:14:48 +1200] "GET /?h=p0r3o7s3o2b9r5a5n3c0h9iata HTTP/1.1" 200 77031 "-" "Mozilla/5.0 (Linux; Android 6.0.1; Nexus 5X Build/MMB29P) AppleWebKit/537.36 (KHTML, like Gecko) Chrome/150.0.7871.128 Mobile Safari/537.36 (compatible; Googlebot/2.1; +http://www.google.com/bot.html)"
66.249.70.39 - - [28/Jul/2026:00:14:48 +1200] "GET /?h=p7r3o2n3a7t9e5239 HTTP/1.1" 200 77535 "-" "Mozilla/5.0 (Linux; Android 6.0.1; Nexus 5X Build/MMB29P) AppleWebKit/537.36 (KHTML, like Gecko) Chrome/150.0.7871.128 Mobile Safari/537.36 (compatible; Googlebot/2.1; +http://www.google.com/bot.html)"
74.7.227.185 - - [28/Jul/2026:00:14:48 +1200] "GET /?fileloc=//proc/self/root/proc/sys/sunrpc/max_resvport&path=//proc/self/root/proc/sys/sunrpc HTTP/1.1" 200 2526 "https://importersclearance.co.nz/?path=//proc/self/root/proc/sys/sunrpc" "Mozilla/5.0 AppleWebKit/537.36 (KHTML, like Gecko; compatible; GPTBot/1.4; +https://openai.com/gptbot)"
57.141.18.3 - - [28/Jul/2026:00:14:48 +1200] "GET /shops/conference/p7y2r3o5s6u2l2p9h9a9t3e?fileloc=/home/importersclearan/public_html/wp-includes/version.php&path=/home/importersclearan/public_html/wp-includes HTTP/1.1" 200 13626 "-" "Mozilla/5.0 (X11; Linux x86_64) AppleWebKit/537.36 (KHTML, like Gecko) Chrome/145.0.0.0 Safari/537.36 (compatible; meta-externalagent/1.1 (+https://developers.facebook.com/docs/sharing/webmasters/crawler))"
57.141.18.103 - - [28/Jul/2026:00:14:50 +1200] "GET /shops/conference/p7y2r3o5s6u2l2p9h9a9t3e?path=/home/importersclearan/logs HTTP/1.1" 200 20746 "-" "Mozilla/5.0 (Macintosh; Intel Mac OS X 10_15_7) AppleWebKit/537.36 (KHTML, like Gecko) Chrome/145.0.0.0 Safari/537.36 (compatible; meta-externalagent/1.1 (+https://developers.facebook.com/docs/sharing/webmasters/crawler))"
57.141.18.29 - - [28/Jul/2026:00:14:49 +1200] "GET /shops/conference/p7y2r3o5s6u2l2p9h9a9t3e?fileloc=/home/importersclearan/public_html/wp-includes/block-template-utils.php&path=/home/importersclearan/public_html/wp-includes HTTP/1.1" 200 76423 "-" "Mozilla/5.0 (Macintosh; Intel Mac OS X 10_15_7) AppleWebKit/537.36 (KHTML, like Gecko) Chrome/145.0.0.0 Safari/537.36 (compatible; meta-externalagent/1.1 (+https://developers.facebook.com/docs/sharing/webmasters/crawler))"
57.141.18.58 - - [28/Jul/2026:00:14:50 +1200] "GET /shops/conference/p7y2r3o5s6u2l2p9h9a9t3e?fileloc=/home/importersclearan/public_html/wp-includes/rest-api.php&path=/home/importersclearan/public_html/wp-includes HTTP/1.1" 200 115109 "-" "Mozilla/5.0 (Windows NT 10.0; Win64; x64) AppleWebKit/537.36 (KHTML, like Gecko) Chrome/145.0.0.0 Safari/537.36 (compatible; meta-externalagent/1.1 (+https://developers.facebook.com/docs/sharing/webmasters/crawler))"
57.141.18.52 - - [28/Jul/2026:00:14:50 +1200] "GET /shops/conference/p7y2r3o5s6u2l2p9h9a9t3e?path=/home/importersclearan/public_html/wp-includes/widgets HTTP/1.1" 200 46309 "-" "Mozilla/5.0 (Windows NT 10.0; Win64; x64) AppleWebKit/537.36 (KHTML, like Gecko) Chrome/145.0.0.0 Safari/537.36 (compatible; meta-externalagent/1.1 (+https://developers.facebook.com/docs/sharing/webmasters/crawler))"
57.141.18.15 - - [28/Jul/2026:00:14:51 +1200] "GET /shops/conference/p7y2r3o5s6u2l2p9h9a9t3e?fileloc=/home/importersclearan/public_html/wp-includes/class-wp-block-pattern-categories-registry.php&path=/home/importersclearan/public_html/wp-includes HTTP/1.1" 200 18062 "-" "Mozilla/5.0 (Windows NT 10.0; Win64; x64) AppleWebKit/537.36 (KHTML, like Gecko) Chrome/145.0.0.0 Safari/537.36 (compatible; meta-externalagent/1.1 (+https://developers.facebook.com/docs/sharing/webmasters/crawler))"
57.141.18.21 - - [28/Jul/2026:00:14:51 +1200] "GET /shops/conference/p7y2r3o5s6u2l2p9h9a9t3e?fileloc=/home/importersclearan/public_html/wp-includes/class-wp-fatal-error-handler.php&path=/home/importersclearan/public_html/wp-includes HTTP/1.1" 200 20837 "-" "Mozilla/5.0 (Windows NT 10.0; Win64; x64) AppleWebKit/537.36 (KHTML, like Gecko) Chrome/145.0.0.0 Safari/537.36 (compatible; meta-externalagent/1.1 (+https://developers.facebook.com/docs/sharing/webmasters/crawler))"
66.249.70.33 - - [28/Jul/2026:00:14:50 +1200] "GET /?gnathonic/3989541637 HTTP/1.1" 200 78282 "-" "Mozilla/5.0 (Linux; Android 6.0.1; Nexus 5X Build/MMB29P) AppleWebKit/537.36 (KHTML, like Gecko) Chrome/150.0.7871.128 Mobile Safari/537.36 (compatible; Googlebot/2.1; +http://www.google.com/bot.html)"
57.141.18.71 - - [28/Jul/2026:00:14:51 +1200] "GET /shops/conference/p7y2r3o5s6u2l2p9h9a9t3e?fileloc=/home/importersclearan/public_html/wp-includes/class-wp-image-editor-imagick.php&path=/home/importersclearan/public_html/wp-includes HTTP/1.1" 200 50622 "-" "Mozilla/5.0 (Windows NT 10.0; Win64; x64) AppleWebKit/537.36 (KHTML, like Gecko) Chrome/145.0.0.0 Safari/537.36 (compatible; meta-externalagent/1.1 (+https://developers.facebook.com/docs/sharing/webmasters/crawler))"
57.141.18.58 - - [28/Jul/2026:00:14:51 +1200] "GET /shops/conference/p7y2r3o5s6u2l2p9h9a9t3e?fileloc=/home/importersclearan/public_html/wp-includes/class-simplepie.php&path=/home/importersclearan/public_html/wp-includes HTTP/1.1" 200 12981 "-" "Mozilla/5.0 (Macintosh; Intel Mac OS X 10_15_7) AppleWebKit/537.36 (KHTML, like Gecko) Chrome/145.0.0.0 Safari/537.36 (compatible; meta-externalagent/1.1 (+https://developers.facebook.com/docs/sharing/webmasters/crawler))"
66.249.70.35 - - [28/Jul/2026:00:14:50 +1200] "GET /?h=j5a2g1a2n9a1t4h2443 HTTP/1.1" 200 77653 "-" "Mozilla/5.0 (Linux; Android 6.0.1; Nexus 5X Build/MMB29P) AppleWebKit/537.36 (KHTML, like Gecko) Chrome/150.0.7871.128 Mobile Safari/537.36 (compatible; Googlebot/2.1; +http://www.google.com/bot.html)"
66.249.70.36 - - [28/Jul/2026:00:14:51 +1200] "GET /arcanum/a0m3o2r0i8s5t77480 HTTP/1.1" 200 75435 "-" "Mozilla/5.0 (Linux; Android 6.0.1; Nexus 5X Build/MMB29P) AppleWebKit/537.36 (KHTML, like Gecko) Chrome/150.0.7871.128 Mobile Safari/537.36 (compatible; GoogleOther)"
216.73.216.67 - - [28/Jul/2026:00:14:53 +1200] "GET /shops/compounds/b9l2u9i1n8g690664?path=%2Fhome HTTP/1.1" 200 2778 "-" "Mozilla/5.0 AppleWebKit/537.36 (KHTML, like Gecko; compatible; ClaudeBot/1.0; +claudebot@anthropic.com)"
192.178.4.104 - - [28/Jul/2026:00:14:53 +1200] "GET /?h=i7m1r7i2c9h756999 HTTP/1.1" 200 76678 "-" "Mozilla/5.0 (Linux; Android 6.0.1; Nexus 5X Build/MMB29P) AppleWebKit/537.36 (KHTML, like Gecko) Chrome/150.0.7871.128 Mobile Safari/537.36 (compatible; Googlebot/2.1; +http://www.google.com/bot.html)"
66.249.64.227 - - [28/Jul/2026:00:14:53 +1200] "GET /?h=b5e1l7i2e1v3a0b8i5l3i2ty HTTP/1.1" 200 79963 "-" "Mozilla/5.0 (Linux; Android 6.0.1; Nexus 5X Build/MMB29P) AppleWebKit/537.36 (KHTML, like Gecko) Chrome/150.0.7871.128 Mobile Safari/537.36 (compatible; Googlebot/2.1; +http://www.google.com/bot.html)"
57.141.18.54 - - [28/Jul/2026:00:14:54 +1200] "GET /shops/conference/p7y2r3o5s6u2l2p9h9a9t3e?fileloc=/home/importersclearan/public_html/wp-includes/class-wp-block-type.php&path=/home/importersclearan/public_html/wp-includes HTTP/1.1" 200 29957 "-" "Mozilla/5.0 (Macintosh; Intel Mac OS X 10_15_7) AppleWebKit/537.36 (KHTML, like Gecko) Chrome/145.0.0.0 Safari/537.36 (compatible; meta-externalagent/1.1 (+https://developers.facebook.com/docs/sharing/webmasters/crawler))"
66.249.70.71 - - [28/Jul/2026:00:14:54 +1200] "GET /?h=i2n1n3a0t1e4n9e2s9s40 HTTP/1.1" 200 76518 "-" "Mozilla/5.0 (Linux; Android 6.0.1; Nexus 5X Build/MMB29P) AppleWebKit/537.36 (KHTML, like Gecko) Chrome/150.0.7871.128 Mobile Safari/537.36 (compatible; Googlebot/2.1; +http://www.google.com/bot.html)"
57.141.18.83 - - [28/Jul/2026:00:14:55 +1200] "GET /shops/conference/p7y2r3o5s6u2l2p9h9a9t3e?fileloc=/home/importersclearan/public_html/wp-includes/embed.php&path=/home/importersclearan/public_html/wp-includes HTTP/1.1" 200 53510 "-" "Mozilla/5.0 (Macintosh; Intel Mac OS X 10_15_7) AppleWebKit/537.36 (KHTML, like Gecko) Chrome/145.0.0.0 Safari/537.36 (compatible; meta-externalagent/1.1 (+https://developers.facebook.com/docs/sharing/webmasters/crawler))"
57.141.18.101 - - [28/Jul/2026:00:14:55 +1200] "GET /shops/conference/p7y2r3o5s6u2l2p9h9a9t3e?path=/home/importersclearan/.caldav HTTP/1.1" 200 14216 "-" "Mozilla/5.0 (Macintosh; Intel Mac OS X 10_15_7) AppleWebKit/537.36 (KHTML, like Gecko) Chrome/145.0.0.0 Safari/537.36 (compatible; meta-externalagent/1.1 (+https://developers.facebook.com/docs/sharing/webmasters/crawler))"
57.141.18.104 - - [28/Jul/2026:00:14:55 +1200] "GET /shops/conference/p7y2r3o5s6u2l2p9h9a9t3e?fileloc=/home/importersclearan/public_html/wp-includes/locale.php&path=/home/importersclearan/public_html/wp-includes HTTP/1.1" 200 12681 "-" "Mozilla/5.0 (Windows NT 10.0; Win64; x64) AppleWebKit/537.36 (KHTML, like Gecko) Chrome/145.0.0.0 Safari/537.36 (compatible; meta-externalagent/1.1 (+https://developers.facebook.com/docs/sharing/webmasters/crawler))"
66.249.64.36 - - [28/Jul/2026:00:14:54 +1200] "GET /?h=m5e2x4i6c4a8n1i3z4e03 HTTP/1.1" 200 77909 "-" "Mozilla/5.0 (Linux; Android 6.0.1; Nexus 5X Build/MMB29P) AppleWebKit/537.36 (KHTML, like Gecko) Chrome/150.0.7871.128 Mobile Safari/537.36 (compatible; Googlebot/2.1; +http://www.google.com/bot.html)"
66.249.70.201 - - [28/Jul/2026:00:14:56 +1200] "GET /?h=h0y2p1a8p5o5p7h9y1s4i1s HTTP/1.1" 200 78879 "-" "Mozilla/5.0 (Linux; Android 6.0.1; Nexus 5X Build/MMB29P) AppleWebKit/537.36 (KHTML, like Gecko) Chrome/150.0.7871.128 Mobile Safari/537.36 (compatible; Googlebot/2.1; +http://www.google.com/bot.html)"
66.249.64.234 - - [28/Jul/2026:00:14:56 +1200] "GET /?h=t3o3m9e9n2t9a51440 HTTP/1.1" 200 76848 "-" "Mozilla/5.0 (Linux; Android 6.0.1; Nexus 5X Build/MMB29P) AppleWebKit/537.36 (KHTML, like Gecko) Chrome/150.0.7871.128 Mobile Safari/537.36 (compatible; Googlebot/2.1; +http://www.google.com/bot.html)"
192.178.4.96 - - [28/Jul/2026:00:14:57 +1200] "GET /?h=q2u4i0n2o5x4a4l5i1n0e2 HTTP/1.1" 200 78254 "-" "Mozilla/5.0 (Linux; Android 6.0.1; Nexus 5X Build/MMB29P) AppleWebKit/537.36 (KHTML, like Gecko) Chrome/150.0.7871.128 Mobile Safari/537.36 (compatible; Googlebot/2.1; +http://www.google.com/bot.html)"
216.73.216.67 - - [28/Jul/2026:00:14:58 +1200] "GET /earwigging/overcapable/92060620945?fileloc=%2Fhome%2Fimportersclearan%2Fpublic_html%2Fwp-includes%2Fwidgets.php&path=%2Fhome%2Fimportersclearan%2Fpublic_html%2Fwp-includes HTTP/1.1" 200 18425 "-" "Mozilla/5.0 AppleWebKit/537.36 (KHTML, like Gecko; compatible; ClaudeBot/1.0; +claudebot@anthropic.com)"
74.7.227.185 - - [28/Jul/2026:00:14:59 +1200] "GET /?fileloc=//proc/self/root/proc/sys/vm/lowmem_reserve_ratio&path=//proc/self/root/proc/sys/vm HTTP/1.1" 200 2537 "https://importersclearance.co.nz/?path=//proc/self/root/proc/sys/vm" "Mozilla/5.0 AppleWebKit/537.36 (KHTML, like Gecko; compatible; GPTBot/1.4; +https://openai.com/gptbot)"
66.249.64.128 - - [28/Jul/2026:00:14:58 +1200] "GET /?h=l5u1t8e1r6193471 HTTP/1.1" 200 74455 "-" "Mozilla/5.0 (Linux; Android 6.0.1; Nexus 5X Build/MMB29P) AppleWebKit/537.36 (KHTML, like Gecko) Chrome/150.0.7871.128 Mobile Safari/537.36 (compatible; Googlebot/2.1; +http://www.google.com/bot.html)"
66.249.70.6 - - [28/Jul/2026:00:14:59 +1200] "GET /shops/puffball/s7h1e4l3l6i5n4g8652 HTTP/1.1" 200 75786 "-" "Mozilla/5.0 (Linux; Android 6.0.1; Nexus 5X Build/MMB29P) AppleWebKit/537.36 (KHTML, like Gecko) Chrome/150.0.7871.128 Mobile Safari/537.36 (compatible; GoogleOther)"
66.249.70.197 - - [28/Jul/2026:00:14:59 +1200] "GET /review/goods/I3764382812 HTTP/1.1" 200 75192 "-" "Mozilla/5.0 (Linux; Android 6.0.1; Nexus 5X Build/MMB29P) AppleWebKit/537.36 (KHTML, like Gecko) Chrome/150.0.7871.128 Mobile Safari/537.36 (compatible; Googlebot/2.1; +http://www.google.com/bot.html)"
74.7.227.185 - - [28/Jul/2026:00:15:01 +1200] "GET /?fileloc=//proc/self/root/proc/sys/kernel/domainname&path=//proc/self/root/proc/sys/kernel HTTP/1.1" 200 2526 "https://importersclearance.co.nz/?path=//proc/self/root/proc/sys/kernel" "Mozilla/5.0 AppleWebKit/537.36 (KHTML, like Gecko; compatible; GPTBot/1.4; +https://openai.com/gptbot)"
66.249.64.41 - - [28/Jul/2026:00:15:01 +1200] "GET /?h=p2r4o1v0e2n5d5e0r690 HTTP/1.1" 200 75417 "-" "Mozilla/5.0 (Linux; Android 6.0.1; Nexus 5X Build/MMB29P) AppleWebKit/537.36 (KHTML, like Gecko) Chrome/150.0.7871.128 Mobile Safari/537.36 (compatible; Googlebot/2.1; +http://www.google.com/bot.html)"
74.7.227.185 - - [28/Jul/2026:00:15:02 +1200] "GET /?fileloc=//proc/self/root/proc/sys/vm/user_reserve_kbytes&path=//proc/self/root/proc/sys/vm HTTP/1.1" 200 2530 "https://importersclearance.co.nz/?path=//proc/self/root/proc/sys/vm" "Mozilla/5.0 AppleWebKit/537.36 (KHTML, like Gecko; compatible; GPTBot/1.4; +https://openai.com/gptbot)"
66.249.70.34 - - [28/Jul/2026:00:15:02 +1200] "GET /?h=h0i1g6h1w4a9y20057 HTTP/1.1" 200 77727 "-" "Mozilla/5.0 (Linux; Android 6.0.1; Nexus 5X Build/MMB29P) AppleWebKit/537.36 (KHTML, like Gecko) Chrome/150.0.7871.128 Mobile Safari/537.36 (compatible; Googlebot/2.1; +http://www.google.com/bot.html)"
216.73.216.67 - - [28/Jul/2026:00:15:03 +1200] "GET /shops/forenenst/n9a1u7g3h4t2y84736?fileloc=%2F%2Fusr%2Fbin%2Fdir&path=%2F%2Fusr%2Fbin HTTP/1.1" 200 2480 "-" "Mozilla/5.0 AppleWebKit/537.36 (KHTML, like Gecko; compatible; ClaudeBot/1.0; +claudebot@anthropic.com)"
66.249.70.33 - - [28/Jul/2026:00:15:02 +1200] "GET /?h=b5a6d2i9g9e0o8n479 HTTP/1.1" 200 76449 "-" "Mozilla/5.0 (Linux; Android 6.0.1; Nexus 5X Build/MMB29P) AppleWebKit/537.36 (KHTML, like Gecko) Chrome/150.0.7871.128 Mobile Safari/537.36 (compatible; Googlebot/2.1; +http://www.google.com/bot.html)"
74.7.227.185 - - [28/Jul/2026:00:15:03 +1200] "GET /?fileloc=//proc/self/root/proc/sys/kernel/warn_limit&path=//proc/self/root/proc/sys/kernel HTTP/1.1" 200 2523 "https://importersclearance.co.nz/?path=//proc/self/root/proc/sys/kernel" "Mozilla/5.0 AppleWebKit/537.36 (KHTML, like Gecko; compatible; GPTBot/1.4; +https://openai.com/gptbot)"
74.7.227.185 - - [28/Jul/2026:00:15:04 +1200] "GET /?fileloc=//proc/self/root/proc/sys/kernel/cad_pid&path=//proc/self/root/proc/sys/kernel HTTP/1.1" 200 2519 "https://importersclearance.co.nz/?path=//proc/self/root/proc/sys/kernel" "Mozilla/5.0 AppleWebKit/537.36 (KHTML, like Gecko; compatible; GPTBot/1.4; +https://openai.com/gptbot)"
66.249.70.33 - - [28/Jul/2026:00:15:03 +1200] "GET /?siscowet/23531681893 HTTP/1.1" 200 77613 "-" "Mozilla/5.0 (Linux; Android 6.0.1; Nexus 5X Build/MMB29P) AppleWebKit/537.36 (KHTML, like Gecko) Chrome/150.0.7871.128 Mobile Safari/537.36 (compatible; Googlebot/2.1; +http://www.google.com/bot.html)"
66.249.70.33 - - [28/Jul/2026:00:15:04 +1200] "GET /review/goods/I951933080/ HTTP/1.1" 200 78824 "-" "Mozilla/5.0 (Linux; Android 6.0.1; Nexus 5X Build/MMB29P) AppleWebKit/537.36 (KHTML, like Gecko) Chrome/150.0.7871.128 Mobile Safari/537.36 (compatible; GoogleOther)"
74.7.227.185 - - [28/Jul/2026:00:15:05 +1200] "GET /?fileloc=//proc/self/root/proc/sys/sunrpc/nfs_debug&path=//proc/self/root/proc/sys/sunrpc HTTP/1.1" 200 2525 "https://importersclearance.co.nz/?path=//proc/self/root/proc/sys/sunrpc" "Mozilla/5.0 AppleWebKit/537.36 (KHTML, like Gecko; compatible; GPTBot/1.4; +https://openai.com/gptbot)"
66.249.70.34 - - [28/Jul/2026:00:15:04 +1200] "GET /?machismo/24054076403 HTTP/1.1" 200 77308 "-" "Mozilla/5.0 (Linux; Android 6.0.1; Nexus 5X Build/MMB29P) AppleWebKit/537.36 (KHTML, like Gecko) Chrome/150.0.7871.128 Mobile Safari/537.36 (compatible; Googlebot/2.1; +http://www.google.com/bot.html)"
74.7.227.185 - - [28/Jul/2026:00:15:06 +1200] "GET /?fileloc=//proc/self/root/proc/sys/kernel/poweroff_cmd&path=//proc/self/root/proc/sys/kernel HTTP/1.1" 200 2529 "https://importersclearance.co.nz/?path=//proc/self/root/proc/sys/kernel" "Mozilla/5.0 AppleWebKit/537.36 (KHTML, like Gecko; compatible; GPTBot/1.4; +https://openai.com/gptbot)"
74.7.227.185 - - [28/Jul/2026:00:15:07 +1200] "GET /?fileloc=//proc/self/root/proc/sys/kernel/watchdog&path=//proc/self/root/proc/sys/kernel HTTP/1.1" 200 2521 "https://importersclearance.co.nz/?path=//proc/self/root/proc/sys/kernel" "Mozilla/5.0 AppleWebKit/537.36 (KHTML, like Gecko; compatible; GPTBot/1.4; +https://openai.com/gptbot)"
66.249.70.33 - - [28/Jul/2026:00:15:07 +1200] "GET /?h=m3u3c2k1e1r550116 HTTP/1.1" 200 75024 "-" "Mozilla/5.0 (Linux; Android 6.0.1; Nexus 5X Build/MMB29P) AppleWebKit/537.36 (KHTML, like Gecko) Chrome/150.0.7871.128 Mobile Safari/537.36 (compatible; Googlebot/2.1; +http://www.google.com/bot.html)"
216.73.216.67 - - [28/Jul/2026:00:15:08 +1200] "GET /shops/priggism/c9o4n1s4o7l1i2d8a6t7e8d?fileloc=%2Fhome%2Fimportersclearan%2Fpublic_html%2Fwp-includes%2Fuser.php&path=%2Fhome%2Fimportersclearan%2Fpublic_html%2Fwp-includes HTTP/1.1" 200 39994 "-" "Mozilla/5.0 AppleWebKit/537.36 (KHTML, like Gecko; compatible; ClaudeBot/1.0; +claudebot@anthropic.com)"
66.249.70.39 - - [28/Jul/2026:00:15:07 +1200] "GET /review/goods/I3594184237/ HTTP/1.1" 200 75724 "-" "Mozilla/5.0 (Linux; Android 6.0.1; Nexus 5X Build/MMB29P) AppleWebKit/537.36 (KHTML, like Gecko) Chrome/150.0.7871.128 Mobile Safari/537.36 (compatible; GoogleOther)"
74.7.227.185 - - [28/Jul/2026:00:15:08 +1200] "GET /?fileloc=//proc/self/root/proc/sys/kernel/shmmax&path=//proc/self/root/proc/sys/kernel HTTP/1.1" 200 2536 "https://importersclearance.co.nz/?path=//proc/self/root/proc/sys/kernel" "Mozilla/5.0 AppleWebKit/537.36 (KHTML, like Gecko; compatible; GPTBot/1.4; +https://openai.com/gptbot)"
74.7.227.185 - - [28/Jul/2026:00:15:09 +1200] "GET /?fileloc=//proc/self/root/proc/sys/kernel/ns_last_pid&path=//proc/self/root/proc/sys/kernel HTTP/1.1" 200 2529 "https://importersclearance.co.nz/?path=//proc/self/root/proc/sys/kernel" "Mozilla/5.0 AppleWebKit/537.36 (KHTML, like Gecko; compatible; GPTBot/1.4; +https://openai.com/gptbot)"
74.7.227.185 - - [28/Jul/2026:00:15:10 +1200] "GET /?fileloc=//proc/self/root/proc/sys/sunrpc/nfsd_debug&path=//proc/self/root/proc/sys/sunrpc HTTP/1.1" 200 2526 "https://importersclearance.co.nz/?path=//proc/self/root/proc/sys/sunrpc" "Mozilla/5.0 AppleWebKit/537.36 (KHTML, like Gecko; compatible; GPTBot/1.4; +https://openai.com/gptbot)"
66.249.70.38 - - [28/Jul/2026:00:15:09 +1200] "GET /?h=t7r2i4o9x1i0d1e7090 HTTP/1.1" 200 76912 "-" "Mozilla/5.0 (Linux; Android 6.0.1; Nexus 5X Build/MMB29P) AppleWebKit/537.36 (KHTML, like Gecko) Chrome/150.0.7871.128 Mobile Safari/537.36 (compatible; Googlebot/2.1; +http://www.google.com/bot.html)"
74.7.227.185 - - [28/Jul/2026:00:15:11 +1200] "GET /?fileloc=//proc/self/root/proc/sys/kernel/msgmnb&path=//proc/self/root/proc/sys/kernel HTTP/1.1" 200 2524 "https://importersclearance.co.nz/?path=//proc/self/root/proc/sys/kernel" "Mozilla/5.0 AppleWebKit/537.36 (KHTML, like Gecko; compatible; GPTBot/1.4; +https://openai.com/gptbot)"
66.249.70.35 - - [28/Jul/2026:00:15:10 +1200] "GET /?h=p8i3g1s9n8y540194 HTTP/1.1" 200 75207 "-" "Mozilla/5.0 (Linux; Android 6.0.1; Nexus 5X Build/MMB29P) AppleWebKit/537.36 (KHTML, like Gecko) Chrome/150.0.7871.128 Mobile Safari/537.36 (compatible; Googlebot/2.1; +http://www.google.com/bot.html)"
66.249.70.33 - - [28/Jul/2026:00:15:10 +1200] "GET /?h=i4n1k9e2d1985304 HTTP/1.1" 200 75592 "-" "Mozilla/5.0 (Linux; Android 6.0.1; Nexus 5X Build/MMB29P) AppleWebKit/537.36 (KHTML, like Gecko) Chrome/150.0.7871.128 Mobile Safari/537.36 (compatible; Googlebot/2.1; +http://www.google.com/bot.html)"
66.249.70.37 - - [28/Jul/2026:00:15:10 +1200] "GET /review/goods/I3765681662/ HTTP/1.1" 200 77977 "-" "Mozilla/5.0 (Linux; Android 6.0.1; Nexus 5X Build/MMB29P) AppleWebKit/537.36 (KHTML, like Gecko) Chrome/150.0.7871.128 Mobile Safari/537.36 (compatible; GoogleOther)"
74.7.227.185 - - [28/Jul/2026:00:15:12 +1200] "GET /?fileloc=//proc/self/root/proc/sys/kernel/sem_next_id&path=//proc/self/root/proc/sys/kernel HTTP/1.1" 200 2524 "https://importersclearance.co.nz/?path=//proc/self/root/proc/sys/kernel" "Mozilla/5.0 AppleWebKit/537.36 (KHTML, like Gecko; compatible; GPTBot/1.4; +https://openai.com/gptbot)"
66.249.70.38 - - [28/Jul/2026:00:15:12 +1200] "GET /?h=g5a2r2g0a6r0i2s3m582 HTTP/1.1" 200 79198 "-" "Mozilla/5.0 (Linux; Android 6.0.1; Nexus 5X Build/MMB29P) AppleWebKit/537.36 (KHTML, like Gecko) Chrome/150.0.7871.128 Mobile Safari/537.36 (compatible; Googlebot/2.1; +http://www.google.com/bot.html)"
216.73.216.67 - - [28/Jul/2026:00:15:13 +1200] "GET /prearm/i9l2e7a8c7363766?path=%2Fhome%2Fimportersclearan%2Fpublic_html%2Fwp-admin%2Fmaint HTTP/1.1" 200 2862 "-" "Mozilla/5.0 AppleWebKit/537.36 (KHTML, like Gecko; compatible; ClaudeBot/1.0; +claudebot@anthropic.com)"
74.7.227.185 - - [28/Jul/2026:00:15:13 +1200] "GET /?fileloc=//proc/self/root/proc/sys/sunrpc/nlm_debug&path=//proc/self/root/proc/sys/sunrpc HTTP/1.1" 200 2525 "https://importersclearance.co.nz/?path=//proc/self/root/proc/sys/sunrpc" "Mozilla/5.0 AppleWebKit/537.36 (KHTML, like Gecko; compatible; GPTBot/1.4; +https://openai.com/gptbot)"
66.249.70.34 - - [28/Jul/2026:00:15:12 +1200] "GET /nadir/mariotte/3465271034 HTTP/1.1" 200 75820 "-" "Mozilla/5.0 (Linux; Android 6.0.1; Nexus 5X Build/MMB29P) AppleWebKit/537.36 (KHTML, like Gecko) Chrome/150.0.7871.128 Mobile Safari/537.36 (compatible; Googlebot/2.1; +http://www.google.com/bot.html)"
57.141.18.126 - - [28/Jul/2026:00:15:13 +1200] "GET /?h=s7h1a9l6e4178360 HTTP/1.1" 200 75486 "-" "Mozilla/5.0 (Windows NT 10.0; Win64; x64) AppleWebKit/537.36 (KHTML, like Gecko) Chrome/145.0.0.0 Safari/537.36 Edg/145.0.0.0 (compatible; meta-externalagent/1.1 (+https://developers.facebook.com/docs/sharing/webmasters/crawler))"
66.249.70.33 - - [28/Jul/2026:00:15:13 +1200] "GET /?h=r2e1d5g6u7m949159 HTTP/1.1" 200 75786 "-" "Mozilla/5.0 (Linux; Android 6.0.1; Nexus 5X Build/MMB29P) AppleWebKit/537.36 (KHTML, like Gecko) Chrome/150.0.7871.128 Mobile Safari/537.36 (compatible; Googlebot/2.1; +http://www.google.com/bot.html)"
66.249.70.36 - - [28/Jul/2026:00:15:13 +1200] "GET /?indicating/31656579637 HTTP/1.1" 200 76025 "-" "Mozilla/5.0 (Linux; Android 6.0.1; Nexus 5X Build/MMB29P) AppleWebKit/537.36 (KHTML, like Gecko) Chrome/150.0.7871.128 Mobile Safari/537.36 (compatible; Googlebot/2.1; +http://www.google.com/bot.html)"
74.7.227.185 - - [28/Jul/2026:00:15:14 +1200] "GET /?fileloc=//proc/self/root/proc/sys/kernel/io_delay_type&path=//proc/self/root/proc/sys/kernel HTTP/1.1" 200 2525 "https://importersclearance.co.nz/?path=//proc/self/root/proc/sys/kernel" "Mozilla/5.0 AppleWebKit/537.36 (KHTML, like Gecko; compatible; GPTBot/1.4; +https://openai.com/gptbot)"
66.249.70.37 - - [28/Jul/2026:00:15:13 +1200] "GET /?h=p4a1r2d7o2n1i0n1g338 HTTP/1.1" 200 76626 "-" "Mozilla/5.0 (Linux; Android 6.0.1; Nexus 5X Build/MMB29P) AppleWebKit/537.36 (KHTML, like Gecko) Chrome/150.0.7871.128 Mobile Safari/537.36 (compatible; Googlebot/2.1; +http://www.google.com/bot.html)"
66.249.70.38 - - [28/Jul/2026:00:15:14 +1200] "GET /?h=h4e3t9e7r4o6g1r1a3p2s4us HTTP/1.1" 200 79288 "-" "Mozilla/5.0 (Linux; Android 6.0.1; Nexus 5X Build/MMB29P) AppleWebKit/537.36 (KHTML, like Gecko) Chrome/150.0.7871.128 Mobile Safari/537.36 (compatible; Googlebot/2.1; +http://www.google.com/bot.html)"
66.249.70.32 - - [28/Jul/2026:00:15:15 +1200] "GET /carbinol/d0r2e6c6c3h3e27740 HTTP/1.1" 200 79710 "-" "Mozilla/5.0 (Linux; Android 6.0.1; Nexus 5X Build/MMB29P) AppleWebKit/537.36 (KHTML, like Gecko) Chrome/150.0.7871.128 Mobile Safari/537.36 (compatible; GoogleOther)"
74.7.227.185 - - [28/Jul/2026:00:15:15 +1200] "GET /?fileloc=//proc/self/root/proc/sys/kernel/printk_delay&path=//proc/self/root/proc/sys/kernel HTTP/1.1" 200 2524 "https://importersclearance.co.nz/?path=//proc/self/root/proc/sys/kernel" "Mozilla/5.0 AppleWebKit/537.36 (KHTML, like Gecko; compatible; GPTBot/1.4; +https://openai.com/gptbot)"
66.249.70.36 - - [28/Jul/2026:00:15:16 +1200] "GET /?overbreed/23647174418 HTTP/1.1" 200 76003 "-" "Mozilla/5.0 (Linux; Android 6.0.1; Nexus 5X Build/MMB29P) AppleWebKit/537.36 (KHTML, like Gecko) Chrome/150.0.7871.128 Mobile Safari/537.36 (compatible; Googlebot/2.1; +http://www.google.com/bot.html)"
74.7.227.185 - - [28/Jul/2026:00:15:17 +1200] "GET /?fileloc=//proc/self/root/proc/sys/sunrpc/rpc_debug&path=//proc/self/root/proc/sys/sunrpc HTTP/1.1" 200 2525 "https://importersclearance.co.nz/?path=//proc/self/root/proc/sys/sunrpc" "Mozilla/5.0 AppleWebKit/537.36 (KHTML, like Gecko; compatible; GPTBot/1.4; +https://openai.com/gptbot)"
66.249.70.35 - - [28/Jul/2026:00:15:17 +1200] "GET /?snecket/12661197364 HTTP/1.1" 200 74721 "-" "Mozilla/5.0 (Linux; Android 6.0.1; Nexus 5X Build/MMB29P) AppleWebKit/537.36 (KHTML, like Gecko) Chrome/150.0.7871.128 Mobile Safari/537.36 (compatible; Googlebot/2.1; +http://www.google.com/bot.html)"
66.249.70.39 - - [28/Jul/2026:00:15:17 +1200] "GET /?h=s8e5n3d4a7l5804 HTTP/1.1" 200 75379 "-" "Mozilla/5.0 (Linux; Android 6.0.1; Nexus 5X Build/MMB29P) AppleWebKit/537.36 (KHTML, like Gecko) Chrome/150.0.7871.128 Mobile Safari/537.36 (compatible; Googlebot/2.1; +http://www.google.com/bot.html)"
216.73.216.67 - - [28/Jul/2026:00:15:18 +1200] "GET /bluing/vastidity/b9e3z7a2n5t5l0e4r564?fileloc=%2Fhome%2Fimportersclearan%2Fpublic_html%2Fwp-includes%2Fclass-wp-comment-query.php&path=%2Fhome%2Fimportersclearan%2Fpublic_html%2Fwp-includes HTTP/1.1" 200 13113 "-" "Mozilla/5.0 AppleWebKit/537.36 (KHTML, like Gecko; compatible; ClaudeBot/1.0; +claudebot@anthropic.com)"
66.249.70.34 - - [28/Jul/2026:00:15:17 +1200] "GET /?h=c4o1n4f6i5r1m0a6t9o3r8 HTTP/1.1" 200 78536 "-" "Mozilla/5.0 (Linux; Android 6.0.1; Nexus 5X Build/MMB29P) AppleWebKit/537.36 (KHTML, like Gecko) Chrome/150.0.7871.128 Mobile Safari/537.36 (compatible; Googlebot/2.1; +http://www.google.com/bot.html)"
74.7.227.185 - - [28/Jul/2026:00:15:18 +1200] "GET /?fileloc=//proc/self/root/proc/sys/kernel/threads-max&path=//proc/self/root/proc/sys/kernel HTTP/1.1" 200 2527 "https://importersclearance.co.nz/?path=//proc/self/root/proc/sys/kernel" "Mozilla/5.0 AppleWebKit/537.36 (KHTML, like Gecko; compatible; GPTBot/1.4; +https://openai.com/gptbot)"
66.249.70.33 - - [28/Jul/2026:00:15:18 +1200] "GET /?h=p2h1t5h5i6s3i3p8n4e9u6mony HTTP/1.1" 200 79068 "-" "Mozilla/5.0 (Linux; Android 6.0.1; Nexus 5X Build/MMB29P) AppleWebKit/537.36 (KHTML, like Gecko) Chrome/150.0.7871.128 Mobile Safari/537.36 (compatible; Googlebot/2.1; +http://www.google.com/bot.html)"
74.7.227.185 - - [28/Jul/2026:00:15:19 +1200] "GET /?fileloc=//proc/self/root/proc/sys/kernel/core_uses_pid&path=//proc/self/root/proc/sys/kernel HTTP/1.1" 200 2525 "https://importersclearance.co.nz/?path=//proc/self/root/proc/sys/kernel" "Mozilla/5.0 AppleWebKit/537.36 (KHTML, like Gecko; compatible; GPTBot/1.4; +https://openai.com/gptbot)"
66.249.70.38 - - [28/Jul/2026:00:15:18 +1200] "GET /?h=s0i1g9i1l4l8a1t0e7d87 HTTP/1.1" 200 74122 "-" "Mozilla/5.0 (Linux; Android 6.0.1; Nexus 5X Build/MMB29P) AppleWebKit/537.36 (KHTML, like Gecko) Chrome/150.0.7871.128 Mobile Safari/537.36 (compatible; Googlebot/2.1; +http://www.google.com/bot.html)"
66.249.70.35 - - [28/Jul/2026:00:15:19 +1200] "GET /?h=l4i8k2i5n781564 HTTP/1.1" 200 76495 "-" "Mozilla/5.0 (Linux; Android 6.0.1; Nexus 5X Build/MMB29P) AppleWebKit/537.36 (KHTML, like Gecko) Chrome/150.0.7871.128 Mobile Safari/537.36 (compatible; Googlebot/2.1; +http://www.google.com/bot.html)"
66.249.70.36 - - [28/Jul/2026:00:15:19 +1200] "GET /?h=p0u1s5i8l4l2a6n3i8m1o8usly HTTP/1.1" 200 78080 "-" "Mozilla/5.0 (Linux; Android 6.0.1; Nexus 5X Build/MMB29P) AppleWebKit/537.36 (KHTML, like Gecko) Chrome/150.0.7871.128 Mobile Safari/537.36 (compatible; Googlebot/2.1; +http://www.google.com/bot.html)"
74.7.227.185 - - [28/Jul/2026:00:15:20 +1200] "GET /?fileloc=//proc/self/root/proc/sys/kernel/soft_watchdog&path=//proc/self/root/proc/sys/kernel HTTP/1.1" 200 2525 "https://importersclearance.co.nz/?path=//proc/self/root/proc/sys/kernel" "Mozilla/5.0 AppleWebKit/537.36 (KHTML, like Gecko; compatible; GPTBot/1.4; +https://openai.com/gptbot)"
57.141.18.103 - - [28/Jul/2026:00:15:21 +1200] "GET /?h=u7n1c3o5n4v2e9n6i2e1n4tly HTTP/1.1" 200 75486 "-" "Mozilla/5.0 (Windows NT 10.0; Win64; x64) AppleWebKit/537.36 (KHTML, like Gecko) Chrome/145.0.0.0 Safari/537.36 (compatible; meta-externalagent/1.1 (+https://developers.facebook.com/docs/sharing/webmasters/crawler))"
66.249.70.36 - - [28/Jul/2026:00:15:20 +1200] "GET /?mitua/03368360045 HTTP/1.1" 200 78885 "-" "Mozilla/5.0 (Linux; Android 6.0.1; Nexus 5X Build/MMB29P) AppleWebKit/537.36 (KHTML, like Gecko) Chrome/150.0.7871.128 Mobile Safari/537.36 (compatible; Googlebot/2.1; +http://www.google.com/bot.html)"
74.7.227.185 - - [28/Jul/2026:00:15:21 +1200] "GET /?fileloc=//proc/self/root/proc/sys/kernel/panic_on_warn&path=//proc/self/root/proc/sys/kernel HTTP/1.1" 200 2525 "https://importersclearance.co.nz/?path=//proc/self/root/proc/sys/kernel" "Mozilla/5.0 AppleWebKit/537.36 (KHTML, like Gecko; compatible; GPTBot/1.4; +https://openai.com/gptbot)"
66.249.70.36 - - [28/Jul/2026:00:15:21 +1200] "GET /speechlessness/dicksonia/i6n1s3u5b1o9r8d3i9n3a5te HTTP/1.1" 200 75139 "-" "Mozilla/5.0 (Linux; Android 6.0.1; Nexus 5X Build/MMB29P) AppleWebKit/537.36 (KHTML, like Gecko) Chrome/150.0.7871.128 Mobile Safari/537.36 (compatible; GoogleOther)"
66.249.70.33 - - [28/Jul/2026:00:15:21 +1200] "GET /?h=f5i4e1l8d1e5d42952 HTTP/1.1" 200 80635 "-" "Mozilla/5.0 (Linux; Android 6.0.1; Nexus 5X Build/MMB29P) AppleWebKit/537.36 (KHTML, like Gecko) Chrome/150.0.7871.128 Mobile Safari/537.36 (compatible; Googlebot/2.1; +http://www.google.com/bot.html)"
74.7.227.185 - - [28/Jul/2026:00:15:22 +1200] "GET /?fileloc=//proc/self/root/proc/sys/vm/overcommit_kbytes&path=//proc/self/root/proc/sys/vm HTTP/1.1" 200 2524 "https://importersclearance.co.nz/?path=//proc/self/root/proc/sys/vm" "Mozilla/5.0 AppleWebKit/537.36 (KHTML, like Gecko; compatible; GPTBot/1.4; +https://openai.com/gptbot)"
66.249.70.35 - - [28/Jul/2026:00:15:22 +1200] "GET /?h=f4o3r5c6i1t2e02062 HTTP/1.1" 200 77396 "-" "Mozilla/5.0 (Linux; Android 6.0.1; Nexus 5X Build/MMB29P) AppleWebKit/537.36 (KHTML, like Gecko) Chrome/150.0.7871.128 Mobile Safari/537.36 (compatible; Googlebot/2.1; +http://www.google.com/bot.html)"
66.249.70.38 - - [28/Jul/2026:00:15:22 +1200] "GET /?h=i1m8p2e3a5r0l5i1n1g3 HTTP/1.1" 200 77220 "-" "Mozilla/5.0 (Linux; Android 6.0.1; Nexus 5X Build/MMB29P) AppleWebKit/537.36 (KHTML, like Gecko) Chrome/150.0.7871.128 Mobile Safari/537.36 (compatible; Googlebot/2.1; +http://www.google.com/bot.html)"
74.7.227.185 - - [28/Jul/2026:00:15:23 +1200] "GET /?fileloc=//proc/self/root/proc/sys/kernel/msgmax&path=//proc/self/root/proc/sys/kernel HTTP/1.1" 200 2522 "https://importersclearance.co.nz/?path=//proc/self/root/proc/sys/kernel" "Mozilla/5.0 AppleWebKit/537.36 (KHTML, like Gecko; compatible; GPTBot/1.4; +https://openai.com/gptbot)"
57.141.18.37 - - [28/Jul/2026:00:15:23 +1200] "GET /shops/conference/p7y2r3o5s6u2l2p9h9a9t3e?fileloc=/home/importersclearan/public_html/wp-includes/widgets.php&path=/home/importersclearan/public_html/wp-includes HTTP/1.1" 200 85585 "-" "Mozilla/5.0 (Windows NT 10.0; Win64; x64) AppleWebKit/537.36 (KHTML, like Gecko) Chrome/145.0.0.0 Safari/537.36 Edg/145.0.0.0 (compatible; meta-externalagent/1.1 (+https://developers.facebook.com/docs/sharing/webmasters/crawler))"
216.73.216.67 - - [28/Jul/2026:00:15:24 +1200] "GET /adosculation/reprehensibly/9850648412?fileloc=%2Fhome%2Fimportersclearan%2Fpublic_html%2Fwp-includes%2Fclass-wp-error.php&path=%2Fhome%2Fimportersclearan%2Fpublic_html%2Fwp-includes HTTP/1.1" 200 4361 "-" "Mozilla/5.0 AppleWebKit/537.36 (KHTML, like Gecko; compatible; ClaudeBot/1.0; +claudebot@anthropic.com)"
66.249.70.35 - - [28/Jul/2026:00:15:23 +1200] "GET /?h=p7l2a4g1u9y127430 HTTP/1.1" 200 78284 "-" "Mozilla/5.0 (Linux; Android 6.0.1; Nexus 5X Build/MMB29P) AppleWebKit/537.36 (KHTML, like Gecko) Chrome/150.0.7871.128 Mobile Safari/537.36 (compatible; Googlebot/2.1; +http://www.google.com/bot.html)"
74.7.227.185 - - [28/Jul/2026:00:15:24 +1200] "GET /?fileloc=//proc/self/root/proc/sys/kernel/pid_max&path=//proc/self/root/proc/sys/kernel HTTP/1.1" 200 2526 "https://importersclearance.co.nz/?path=//proc/self/root/proc/sys/kernel" "Mozilla/5.0 AppleWebKit/537.36 (KHTML, like Gecko; compatible; GPTBot/1.4; +https://openai.com/gptbot)"
66.249.70.33 - - [28/Jul/2026:00:15:24 +1200] "GET /?h=b3u3r2i5e9r924925 HTTP/1.1" 200 79601 "-" "Mozilla/5.0 (Linux; Android 6.0.1; Nexus 5X Build/MMB29P) AppleWebKit/537.36 (KHTML, like Gecko) Chrome/150.0.7871.128 Mobile Safari/537.36 (compatible; Googlebot/2.1; +http://www.google.com/bot.html)"
66.249.70.39 - - [28/Jul/2026:00:15:24 +1200] "GET /?h=g4o9d3w8i2t01163 HTTP/1.1" 200 75800 "-" "Mozilla/5.0 (Linux; Android 6.0.1; Nexus 5X Build/MMB29P) AppleWebKit/537.36 (KHTML, like Gecko) Chrome/150.0.7871.128 Mobile Safari/537.36 (compatible; Googlebot/2.1; +http://www.google.com/bot.html)"
74.7.227.185 - - [28/Jul/2026:00:15:25 +1200] "GET /?fileloc=//proc/self/root/proc/sys/kernel/overflowgid&path=//proc/self/root/proc/sys/kernel HTTP/1.1" 200 2524 "https://importersclearance.co.nz/?path=//proc/self/root/proc/sys/kernel" "Mozilla/5.0 AppleWebKit/537.36 (KHTML, like Gecko; compatible; GPTBot/1.4; +https://openai.com/gptbot)"
66.249.70.33 - - [28/Jul/2026:00:15:25 +1200] "GET /review/goods/I1374211152/ HTTP/1.1" 200 77446 "-" "Mozilla/5.0 (Linux; Android 6.0.1; Nexus 5X Build/MMB29P) AppleWebKit/537.36 (KHTML, like Gecko) Chrome/150.0.7871.128 Mobile Safari/537.36 (compatible; GoogleOther)"
74.7.227.185 - - [28/Jul/2026:00:15:26 +1200] "GET /?fileloc=//proc/self/root/proc/sys/kernel/overflowuid&path=//proc/self/root/proc/sys/kernel HTTP/1.1" 200 2524 "https://importersclearance.co.nz/?path=//proc/self/root/proc/sys/kernel" "Mozilla/5.0 AppleWebKit/537.36 (KHTML, like Gecko; compatible; GPTBot/1.4; +https://openai.com/gptbot)"
66.249.70.35 - - [28/Jul/2026:00:15:26 +1200] "GET /?h=a5s6s0e3s4s7i8n6g4 HTTP/1.1" 200 78007 "-" "Mozilla/5.0 (Linux; Android 6.0.1; Nexus 5X Build/MMB29P) AppleWebKit/537.36 (KHTML, like Gecko) Chrome/150.0.7871.128 Mobile Safari/537.36 (compatible; Googlebot/2.1; +http://www.google.com/bot.html)"
74.7.227.185 - - [28/Jul/2026:00:15:27 +1200] "GET /?fileloc=//proc/self/root/proc/sys/fs/symlinkown_gid&path=//proc/self/root/proc/sys/fs HTTP/1.1" 200 2519 "https://importersclearance.co.nz/?path=//proc/self/root/proc/sys/fs" "Mozilla/5.0 AppleWebKit/537.36 (KHTML, like Gecko; compatible; GPTBot/1.4; +https://openai.com/gptbot)"
66.249.70.33 - - [28/Jul/2026:00:15:26 +1200] "GET /?h=l2i3m7i1t1e7d6l7y877 HTTP/1.1" 200 76906 "-" "Mozilla/5.0 (Linux; Android 6.0.1; Nexus 5X Build/MMB29P) AppleWebKit/537.36 (KHTML, like Gecko) Chrome/150.0.7871.128 Mobile Safari/537.36 (compatible; Googlebot/2.1; +http://www.google.com/bot.html)"
66.249.70.39 - - [28/Jul/2026:00:15:26 +1200] "GET /?h=d7i4p0l8o1m2a5t3i4c9a4lly HTTP/1.1" 200 76965 "-" "Mozilla/5.0 (Linux; Android 6.0.1; Nexus 5X Build/MMB29P) AppleWebKit/537.36 (KHTML, like Gecko) Chrome/150.0.7871.128 Mobile Safari/537.36 (compatible; Googlebot/2.1; +http://www.google.com/bot.html)"
74.7.227.185 - - [28/Jul/2026:00:15:28 +1200] "GET /?fileloc=//proc/self/root/proc/sys/vm/overcommit_memory&path=//proc/self/root/proc/sys/vm HTTP/1.1" 200 2525 "https://importersclearance.co.nz/?path=//proc/self/root/proc/sys/vm" "Mozilla/5.0 AppleWebKit/537.36 (KHTML, like Gecko; compatible; GPTBot/1.4; +https://openai.com/gptbot)"
66.249.70.33 - - [28/Jul/2026:00:15:27 +1200] "GET /?attentiongetting/13661385554 HTTP/1.1" 200 74808 "-" "Mozilla/5.0 (Linux; Android 6.0.1; Nexus 5X Build/MMB29P) AppleWebKit/537.36 (KHTML, like Gecko) Chrome/150.0.7871.128 Mobile Safari/537.36 (compatible; Googlebot/2.1; +http://www.google.com/bot.html)"
216.73.216.67 - - [28/Jul/2026:00:15:28 +1200] "GET /shops/desulphurization/e9x1a0l6t5e7d95417?fileloc=%2Fhome%2Fimportersclearan%2Fpublic_html%2Fwp-admin%2Fplugin-editor.php&path=%2Fhome%2Fimportersclearan%2Fpublic_html%2Fwp-admin HTTP/1.1" 200 7391 "-" "Mozilla/5.0 AppleWebKit/537.36 (KHTML, like Gecko; compatible; ClaudeBot/1.0; +claudebot@anthropic.com)"
66.249.70.39 - - [28/Jul/2026:00:15:28 +1200] "GET /?h=r1e2a0g8e9n1t69875 HTTP/1.1" 200 78954 "-" "Mozilla/5.0 (Linux; Android 6.0.1; Nexus 5X Build/MMB29P) AppleWebKit/537.36 (KHTML, like Gecko) Chrome/150.0.7871.128 Mobile Safari/537.36 (compatible; Googlebot/2.1; +http://www.google.com/bot.html)"
74.7.227.185 - - [28/Jul/2026:00:15:29 +1200] "GET /?fileloc=//proc/self/root/proc/sys/kernel/oops_limit&path=//proc/self/root/proc/sys/kernel HTTP/1.1" 200 2525 "https://importersclearance.co.nz/?path=//proc/self/root/proc/sys/kernel" "Mozilla/5.0 AppleWebKit/537.36 (KHTML, like Gecko; compatible; GPTBot/1.4; +https://openai.com/gptbot)"
66.249.70.32 - - [28/Jul/2026:00:15:28 +1200] "GET /?affectionately/61191572329 HTTP/1.1" 200 74989 "-" "Mozilla/5.0 (Linux; Android 6.0.1; Nexus 5X Build/MMB29P) AppleWebKit/537.36 (KHTML, like Gecko) Chrome/150.0.7871.128 Mobile Safari/537.36 (compatible; Googlebot/2.1; +http://www.google.com/bot.html)"
66.249.70.35 - - [28/Jul/2026:00:15:29 +1200] "GET /?h=m0e1t0h5o4d6i2c4a6l09 HTTP/1.1" 200 77590 "-" "Mozilla/5.0 (Linux; Android 6.0.1; Nexus 5X Build/MMB29P) AppleWebKit/537.36 (KHTML, like Gecko) Chrome/150.0.7871.128 Mobile Safari/537.36 (compatible; Googlebot/2.1; +http://www.google.com/bot.html)"
66.249.70.39 - - [28/Jul/2026:00:15:29 +1200] "GET /?h=a0c4c4e1n6t1s9952 HTTP/1.1" 200 81986 "-" "Mozilla/5.0 (Linux; Android 6.0.1; Nexus 5X Build/MMB29P) AppleWebKit/537.36 (KHTML, like Gecko) Chrome/150.0.7871.128 Mobile Safari/537.36 (compatible; Googlebot/2.1; +http://www.google.com/bot.html)"
74.7.227.185 - - [28/Jul/2026:00:15:30 +1200] "GET /?fileloc=//proc/self/root/proc/sys/kernel/panic_on_oops&path=//proc/self/root/proc/sys/kernel HTTP/1.1" 200 2525 "https://importersclearance.co.nz/?path=//proc/self/root/proc/sys/kernel" "Mozilla/5.0 AppleWebKit/537.36 (KHTML, like Gecko; compatible; GPTBot/1.4; +https://openai.com/gptbot)"
57.141.18.95 - - [28/Jul/2026:00:15:30 +1200] "GET /chamberlain/f7o8r9m7e8l7l6238 HTTP/1.1" 200 75486 "-" "Mozilla/5.0 (Macintosh; Intel Mac OS X 10_15_7) AppleWebKit/537.36 (KHTML, like Gecko) Chrome/145.0.0.0 Safari/537.36 (compatible; meta-externalagent/1.1 (+https://developers.facebook.com/docs/sharing/webmasters/crawler))"
74.7.227.185 - - [28/Jul/2026:00:15:31 +1200] "GET /?fileloc=//proc/self/root/proc/sys/kernel/cap_last_cap&path=//proc/self/root/proc/sys/kernel HTTP/1.1" 200 2525 "https://importersclearance.co.nz/?path=//proc/self/root/proc/sys/kernel" "Mozilla/5.0 AppleWebKit/537.36 (KHTML, like Gecko; compatible; GPTBot/1.4; +https://openai.com/gptbot)"
66.249.70.39 - - [28/Jul/2026:00:15:30 +1200] "GET /?h=s3a4w2d4u6s8t24025 HTTP/1.1" 200 76874 "-" "Mozilla/5.0 (Linux; Android 6.0.1; Nexus 5X Build/MMB29P) AppleWebKit/537.36 (KHTML, like Gecko) Chrome/150.0.7871.128 Mobile Safari/537.36 (compatible; Googlebot/2.1; +http://www.google.com/bot.html)"
66.249.70.38 - - [28/Jul/2026:00:15:31 +1200] "GET /?h=e0m3i2g5r4a5t1e7509 HTTP/1.1" 200 76597 "-" "Mozilla/5.0 (Linux; Android 6.0.1; Nexus 5X Build/MMB29P) AppleWebKit/537.36 (KHTML, like Gecko) Chrome/150.0.7871.128 Mobile Safari/537.36 (compatible; GoogleOther)"
74.7.227.185 - - [28/Jul/2026:00:15:32 +1200] "GET /?fileloc=//proc/self/root/proc/sys/kernel/kptr_restrict&path=//proc/self/root/proc/sys/kernel HTTP/1.1" 200 2525 "https://importersclearance.co.nz/?path=//proc/self/root/proc/sys/kernel" "Mozilla/5.0 AppleWebKit/537.36 (KHTML, like Gecko; compatible; GPTBot/1.4; +https://openai.com/gptbot)"
66.249.70.39 - - [28/Jul/2026:00:15:31 +1200] "GET /?h=i1n1f7l1i7c7t8e7r472 HTTP/1.1" 200 74309 "-" "Mozilla/5.0 (Linux; Android 6.0.1; Nexus 5X Build/MMB29P) AppleWebKit/537.36 (KHTML, like Gecko) Chrome/150.0.7871.128 Mobile Safari/537.36 (compatible; Googlebot/2.1; +http://www.google.com/bot.html)"
66.249.70.35 - - [28/Jul/2026:00:15:31 +1200] "GET /?h=o1r2c8y2n0u0s94026 HTTP/1.1" 200 75572 "-" "Mozilla/5.0 (Linux; Android 6.0.1; Nexus 5X Build/MMB29P) AppleWebKit/537.36 (KHTML, like Gecko) Chrome/150.0.7871.128 Mobile Safari/537.36 (compatible; Googlebot/2.1; +http://www.google.com/bot.html)"
74.7.227.185 - - [28/Jul/2026:00:15:33 +1200] "GET /?fileloc=//proc/self/root/proc/sys/kernel/shmmni&path=//proc/self/root/proc/sys/kernel HTTP/1.1" 200 2522 "https://importersclearance.co.nz/?path=//proc/self/root/proc/sys/kernel" "Mozilla/5.0 AppleWebKit/537.36 (KHTML, like Gecko; compatible; GPTBot/1.4; +https://openai.com/gptbot)"
216.73.216.67 - - [28/Jul/2026:00:15:33 +1200] "GET /shops/priggism/c9o4n1s4o7l1i2d8a6t7e8d?fileloc=%2Fhome%2Fimportersclearan%2Fpublic_html%2Fwp-includes%2Fdeprecated.php&path=%2Fhome%2Fimportersclearan%2Fpublic_html%2Fwp-includes HTTP/1.1" 200 45459 "-" "Mozilla/5.0 AppleWebKit/537.36 (KHTML, like Gecko; compatible; ClaudeBot/1.0; +claudebot@anthropic.com)"
66.249.70.34 - - [28/Jul/2026:00:15:33 +1200] "GET /?h=r0u9f0t6e8r6h9o9o2d7 HTTP/1.1" 200 80118 "-" "Mozilla/5.0 (Linux; Android 6.0.1; Nexus 5X Build/MMB29P) AppleWebKit/537.36 (KHTML, like Gecko) Chrome/150.0.7871.128 Mobile Safari/537.36 (compatible; Googlebot/2.1; +http://www.google.com/bot.html)"
66.249.70.36 - - [28/Jul/2026:00:15:34 +1200] "GET /?glistening/139262294 HTTP/1.1" 200 75609 "-" "Mozilla/5.0 (Linux; Android 6.0.1; Nexus 5X Build/MMB29P) AppleWebKit/537.36 (KHTML, like Gecko) Chrome/150.0.7871.128 Mobile Safari/537.36 (compatible; Googlebot/2.1; +http://www.google.com/bot.html)"
66.249.70.32 - - [28/Jul/2026:00:15:34 +1200] "GET /?h=e4n3g3r0a5i2n32369 HTTP/1.1" 200 75919 "-" "Mozilla/5.0 (Linux; Android 6.0.1; Nexus 5X Build/MMB29P) AppleWebKit/537.36 (KHTML, like Gecko) Chrome/150.0.7871.128 Mobile Safari/537.36 (compatible; Googlebot/2.1; +http://www.google.com/bot.html)"
