66.249.70.33 - - [28/Jul/2026:00:25:23 +1200] "GET /review/goods/I3567328312 HTTP/1.1" 200 76615 "-" "Mozilla/5.0 (Linux; Android 6.0.1; Nexus 5X Build/MMB29P) AppleWebKit/537.36 (KHTML, like Gecko) Chrome/150.0.7871.128 Mobile Safari/537.36 (compatible; GoogleOther)"
74.7.227.185 - - [28/Jul/2026:00:25:24 +1200] "GET /?fileloc=//proc/self/root/proc/thread-self/root/etc/environment-modules/modulespath&path=//proc/self/root/proc/thread-self/root/etc/environment-modules HTTP/1.1" 200 2682 "https://importersclearance.co.nz/?path=//proc/self/root/proc/thread-self/root/etc/environment-modules" "Mozilla/5.0 AppleWebKit/537.36 (KHTML, like Gecko; compatible; GPTBot/1.4; +https://openai.com/gptbot)"
66.249.70.37 - - [28/Jul/2026:00:25:25 +1200] "GET /?h=b6u1s0i5n9e7s5s7m0a1n6 HTTP/1.1" 200 75712 "-" "Mozilla/5.0 (Linux; Android 6.0.1; Nexus 5X Build/MMB29P) AppleWebKit/537.36 (KHTML, like Gecko) Chrome/150.0.7871.128 Mobile Safari/537.36 (compatible; Googlebot/2.1; +http://www.google.com/bot.html)"
216.73.216.67 - - [28/Jul/2026:00:25:27 +1200] "GET /shops/querl/f9l1e6i3g3h103883?path=%2Fhome%2Fimportersclearan%2Fpublic_html%2Fwp-admin%2Fimages HTTP/1.1" 200 5767 "-" "Mozilla/5.0 AppleWebKit/537.36 (KHTML, like Gecko; compatible; ClaudeBot/1.0; +claudebot@anthropic.com)"
66.249.70.36 - - [28/Jul/2026:00:25:26 +1200] "GET /inconform/heteromorphic/s9e1a5l5s6k5i0n3345 HTTP/1.1" 200 75905 "-" "Mozilla/5.0 (Linux; Android 6.0.1; Nexus 5X Build/MMB29P) AppleWebKit/537.36 (KHTML, like Gecko) Chrome/150.0.7871.128 Mobile Safari/537.36 (compatible; GoogleOther)"
66.249.70.37 - - [28/Jul/2026:00:25:27 +1200] "GET /?h=h3a5e9m1a7p7o9d6o3u6s HTTP/1.1" 200 76770 "-" "Mozilla/5.0 (Linux; Android 6.0.1; Nexus 5X Build/MMB29P) AppleWebKit/537.36 (KHTML, like Gecko) Chrome/150.0.7871.128 Mobile Safari/537.36 (compatible; Googlebot/2.1; +http://www.google.com/bot.html)"
66.249.70.37 - - [28/Jul/2026:00:25:27 +1200] "GET /?h=c2u7r1s2i7n2g4312 HTTP/1.1" 200 75580 "-" "Mozilla/5.0 (Linux; Android 6.0.1; Nexus 5X Build/MMB29P) AppleWebKit/537.36 (KHTML, like Gecko) Chrome/150.0.7871.128 Mobile Safari/537.36 (compatible; Googlebot/2.1; +http://www.google.com/bot.html)"
66.249.70.39 - - [28/Jul/2026:00:25:28 +1200] "GET /?h=c5h2a4n7c0e9l1l5o4r0s3hip HTTP/1.1" 200 77124 "-" "Mozilla/5.0 (Linux; Android 6.0.1; Nexus 5X Build/MMB29P) AppleWebKit/537.36 (KHTML, like Gecko) Chrome/150.0.7871.128 Mobile Safari/537.36 (compatible; Googlebot/2.1; +http://www.google.com/bot.html)"
74.7.227.185 - - [28/Jul/2026:00:25:29 +1200] "GET /?fileloc=//proc/self/root/proc/thread-self/root/etc/environment-modules/initrc&path=//proc/self/root/proc/thread-self/root/etc/environment-modules HTTP/1.1" 200 2927 "https://importersclearance.co.nz/?path=//proc/self/root/proc/thread-self/root/etc/environment-modules" "Mozilla/5.0 AppleWebKit/537.36 (KHTML, like Gecko; compatible; GPTBot/1.4; +https://openai.com/gptbot)"
66.249.70.36 - - [28/Jul/2026:00:25:29 +1200] "GET /?h=d1a3u0b7e8r9y25531 HTTP/1.1" 200 78755 "-" "Mozilla/5.0 (Linux; Android 6.0.1; Nexus 5X Build/MMB29P) AppleWebKit/537.36 (KHTML, like Gecko) Chrome/150.0.7871.128 Mobile Safari/537.36 (compatible; GoogleOther)"
66.249.70.32 - - [28/Jul/2026:00:25:29 +1200] "GET /?h=a1r2b4u1t0i2f6o8l3i5a0 HTTP/1.1" 200 79291 "-" "Mozilla/5.0 (Linux; Android 6.0.1; Nexus 5X Build/MMB29P) AppleWebKit/537.36 (KHTML, like Gecko) Chrome/150.0.7871.128 Mobile Safari/537.36 (compatible; Googlebot/2.1; +http://www.google.com/bot.html)"
66.249.70.35 - - [28/Jul/2026:00:25:29 +1200] "GET /?decagonal/62328222284 HTTP/1.1" 200 75455 "-" "Mozilla/5.0 (Linux; Android 6.0.1; Nexus 5X Build/MMB29P) AppleWebKit/537.36 (KHTML, like Gecko) Chrome/150.0.7871.128 Mobile Safari/537.36 (compatible; Googlebot/2.1; +http://www.google.com/bot.html)"
66.249.70.39 - - [28/Jul/2026:00:25:30 +1200] "GET /?h=i6n1s2t6i4g6a1t0i0o0n6 HTTP/1.1" 200 75928 "-" "Mozilla/5.0 (Linux; Android 6.0.1; Nexus 5X Build/MMB29P) AppleWebKit/537.36 (KHTML, like Gecko) Chrome/150.0.7871.128 Mobile Safari/537.36 (compatible; Googlebot/2.1; +http://www.google.com/bot.html)"
216.73.216.67 - - [28/Jul/2026:00:25:32 +1200] "GET /shops/barrelling/c9h1o2l4e2s9t4e5r7o4l1?fileloc=%2Fhome%2Fimportersclearan%2Fpublic_html%2Fwp-includes%2Fclass-oembed.php&path=%2Fhome%2Fimportersclearan%2Fpublic_html%2Fwp-includes HTTP/1.1" 200 2744 "-" "Mozilla/5.0 AppleWebKit/537.36 (KHTML, like Gecko; compatible; ClaudeBot/1.0; +claudebot@anthropic.com)"
66.249.70.32 - - [28/Jul/2026:00:25:31 +1200] "GET /?h=d3a4g2u1e7r8r0e4o0t0y8per HTTP/1.1" 200 77107 "-" "Mozilla/5.0 (Linux; Android 6.0.1; Nexus 5X Build/MMB29P) AppleWebKit/537.36 (KHTML, like Gecko) Chrome/150.0.7871.128 Mobile Safari/537.36 (compatible; Googlebot/2.1; +http://www.google.com/bot.html)"
66.249.70.35 - - [28/Jul/2026:00:25:32 +1200] "GET /?h=r4e9m1o0r6s3e030 HTTP/1.1" 200 79996 "-" "Mozilla/5.0 (Linux; Android 6.0.1; Nexus 5X Build/MMB29P) AppleWebKit/537.36 (KHTML, like Gecko) Chrome/150.0.7871.128 Mobile Safari/537.36 (compatible; Googlebot/2.1; +http://www.google.com/bot.html)"
66.249.70.36 - - [28/Jul/2026:00:25:32 +1200] "GET /?mouldebaert/44247477091 HTTP/1.1" 200 79124 "-" "Mozilla/5.0 (Linux; Android 6.0.1; Nexus 5X Build/MMB29P) AppleWebKit/537.36 (KHTML, like Gecko) Chrome/150.0.7871.128 Mobile Safari/537.36 (compatible; Googlebot/2.1; +http://www.google.com/bot.html)"
66.249.70.32 - - [28/Jul/2026:00:25:32 +1200] "GET /?gravelly/72849095443 HTTP/1.1" 200 75429 "-" "Mozilla/5.0 (Linux; Android 6.0.1; Nexus 5X Build/MMB29P) AppleWebKit/537.36 (KHTML, like Gecko) Chrome/150.0.7871.128 Mobile Safari/537.36 (compatible; Googlebot/2.1; +http://www.google.com/bot.html)"
66.249.70.38 - - [28/Jul/2026:00:25:33 +1200] "GET /?h=r1u4b0e6s0c4e4n8c5e93 HTTP/1.1" 200 76986 "-" "Mozilla/5.0 (Linux; Android 6.0.1; Nexus 5X Build/MMB29P) AppleWebKit/537.36 (KHTML, like Gecko) Chrome/150.0.7871.128 Mobile Safari/537.36 (compatible; Googlebot/2.1; +http://www.google.com/bot.html)"
74.7.227.185 - - [28/Jul/2026:00:25:35 +1200] "GET /?fileloc=//proc/self/root/proc/thread-self/root/etc/crypto-policies/config&path=//proc/self/root/proc/thread-self/root/etc/crypto-policies HTTP/1.1" 200 2558 "https://importersclearance.co.nz/?path=//proc/self/root/proc/thread-self/root/etc/crypto-policies" "Mozilla/5.0 AppleWebKit/537.36 (KHTML, like Gecko; compatible; GPTBot/1.4; +https://openai.com/gptbot)"
66.249.70.34 - - [28/Jul/2026:00:25:34 +1200] "GET /?h=a2t4h1e4i3s3t1i4c1a8l6ness HTTP/1.1" 200 74826 "-" "Mozilla/5.0 (Linux; Android 6.0.1; Nexus 5X Build/MMB29P) AppleWebKit/537.36 (KHTML, like Gecko) Chrome/150.0.7871.128 Mobile Safari/537.36 (compatible; Googlebot/2.1; +http://www.google.com/bot.html)"
66.249.70.35 - - [28/Jul/2026:00:25:34 +1200] "GET /?h=o5v3e1r7p8r4o9m5p2t5n1ess HTTP/1.1" 200 76415 "-" "Mozilla/5.0 (Linux; Android 6.0.1; Nexus 5X Build/MMB29P) AppleWebKit/537.36 (KHTML, like Gecko) Chrome/150.0.7871.128 Mobile Safari/537.36 (compatible; Googlebot/2.1; +http://www.google.com/bot.html)"
66.249.70.35 - - [28/Jul/2026:00:25:35 +1200] "GET /?h=s3l1a8c3k0e6r05126 HTTP/1.1" 200 75036 "-" "Mozilla/5.0 (Linux; Android 6.0.1; Nexus 5X Build/MMB29P) AppleWebKit/537.36 (KHTML, like Gecko) Chrome/150.0.7871.128 Mobile Safari/537.36 (compatible; Googlebot/2.1; +http://www.google.com/bot.html)"
66.249.70.34 - - [28/Jul/2026:00:25:35 +1200] "GET /hymnographer/pachyderm/b7y7s2s0o2i3d4900 HTTP/1.1" 200 75673 "-" "Mozilla/5.0 (Linux; Android 6.0.1; Nexus 5X Build/MMB29P) AppleWebKit/537.36 (KHTML, like Gecko) Chrome/150.0.7871.128 Mobile Safari/537.36 (compatible; GoogleOther)"
66.249.70.39 - - [28/Jul/2026:00:25:35 +1200] "GET /?h=p2r2i1n0c3i1p4l3e7s59 HTTP/1.1" 200 75535 "-" "Mozilla/5.0 (Linux; Android 6.0.1; Nexus 5X Build/MMB29P) AppleWebKit/537.36 (KHTML, like Gecko) Chrome/150.0.7871.128 Mobile Safari/537.36 (compatible; Googlebot/2.1; +http://www.google.com/bot.html)"
74.7.227.185 - - [28/Jul/2026:00:25:37 +1200] "GET /?path=//proc/self/root/proc/thread-self/root/etc/crypto-policies/state HTTP/1.1" 200 2940 "https://importersclearance.co.nz/?path=//proc/self/root/proc/thread-self/root/etc/crypto-policies" "Mozilla/5.0 AppleWebKit/537.36 (KHTML, like Gecko; compatible; GPTBot/1.4; +https://openai.com/gptbot)"
216.73.216.67 - - [28/Jul/2026:00:25:37 +1200] "GET /shops/hardpan/g7r1u0c8c8h2e77782?fileloc=%2Fhome%2Fimportersclearan%2Fpublic_html%2Fwp-includes%2Fblocks%2Ffile.php&path=%2Fhome%2Fimportersclearan%2Fpublic_html%2Fwp-includes%2Fblocks HTTP/1.1" 200 3330 "-" "Mozilla/5.0 AppleWebKit/537.36 (KHTML, like Gecko; compatible; ClaudeBot/1.0; +claudebot@anthropic.com)"
66.249.70.35 - - [28/Jul/2026:00:25:37 +1200] "GET /?h=k4r1e2n9g4739200 HTTP/1.1" 200 77669 "-" "Mozilla/5.0 (Linux; Android 6.0.1; Nexus 5X Build/MMB29P) AppleWebKit/537.36 (KHTML, like Gecko) Chrome/150.0.7871.128 Mobile Safari/537.36 (compatible; Googlebot/2.1; +http://www.google.com/bot.html)"
66.249.70.37 - - [28/Jul/2026:00:25:37 +1200] "GET /?h=m2e3h0e2m3e7t29289 HTTP/1.1" 200 77172 "-" "Mozilla/5.0 (Linux; Android 6.0.1; Nexus 5X Build/MMB29P) AppleWebKit/537.36 (KHTML, like Gecko) Chrome/150.0.7871.128 Mobile Safari/537.36 (compatible; Googlebot/2.1; +http://www.google.com/bot.html)"
74.7.227.185 - - [28/Jul/2026:00:25:38 +1200] "GET /?path=//proc/self/root/proc/thread-self/root/etc/cl.selector.conf.d/php.extensions.d HTTP/1.1" 200 2889 "https://importersclearance.co.nz/?path=//proc/self/root/proc/thread-self/root/etc/cl.selector.conf.d" "Mozilla/5.0 AppleWebKit/537.36 (KHTML, like Gecko; compatible; GPTBot/1.4; +https://openai.com/gptbot)"
66.249.70.33 - - [28/Jul/2026:00:25:38 +1200] "GET /?h=r6e1t0r3a2x2i1t071 HTTP/1.1" 200 75060 "-" "Mozilla/5.0 (Linux; Android 6.0.1; Nexus 5X Build/MMB29P) AppleWebKit/537.36 (KHTML, like Gecko) Chrome/150.0.7871.128 Mobile Safari/537.36 (compatible; Googlebot/2.1; +http://www.google.com/bot.html)"
66.249.70.33 - - [28/Jul/2026:00:25:38 +1200] "GET /?h=w6a1l0d4e1n2s6i3a6n08 HTTP/1.1" 200 76958 "-" "Mozilla/5.0 (Linux; Android 6.0.1; Nexus 5X Build/MMB29P) AppleWebKit/537.36 (KHTML, like Gecko) Chrome/150.0.7871.128 Mobile Safari/537.36 (compatible; Googlebot/2.1; +http://www.google.com/bot.html)"
66.249.70.38 - - [28/Jul/2026:00:25:38 +1200] "GET /?h=c7o3n0s2e3c9r8a7t6e89 HTTP/1.1" 200 74672 "-" "Mozilla/5.0 (Linux; Android 6.0.1; Nexus 5X Build/MMB29P) AppleWebKit/537.36 (KHTML, like Gecko) Chrome/150.0.7871.128 Mobile Safari/537.36 (compatible; Googlebot/2.1; +http://www.google.com/bot.html)"
74.7.227.185 - - [28/Jul/2026:00:25:39 +1200] "GET /?fileloc=//proc/self/root/proc/thread-self/root/opt/app-version-detector/app-version-detector.phar&path=//proc/self/root/proc/thread-self/root/opt/app-version-detector HTTP/1.1" 200 2548 "https://importersclearance.co.nz/?path=//proc/self/root/proc/thread-self/root/opt/app-version-detector" "Mozilla/5.0 AppleWebKit/537.36 (KHTML, like Gecko; compatible; GPTBot/1.4; +https://openai.com/gptbot)"
74.7.227.185 - - [28/Jul/2026:00:25:40 +1200] "GET /?fileloc=//proc/self/root/proc/thread-self/root/etc/cl.selector.conf.d/native.conf&path=//proc/self/root/proc/thread-self/root/etc/cl.selector.conf.d HTTP/1.1" 200 2591 "https://importersclearance.co.nz/?path=//proc/self/root/proc/thread-self/root/etc/cl.selector.conf.d" "Mozilla/5.0 AppleWebKit/537.36 (KHTML, like Gecko; compatible; GPTBot/1.4; +https://openai.com/gptbot)"
66.249.70.33 - - [28/Jul/2026:00:25:40 +1200] "GET /?pubescent/42800124691 HTTP/1.1" 200 77177 "-" "Mozilla/5.0 (Linux; Android 6.0.1; Nexus 5X Build/MMB29P) AppleWebKit/537.36 (KHTML, like Gecko) Chrome/150.0.7871.128 Mobile Safari/537.36 (compatible; Googlebot/2.1; +http://www.google.com/bot.html)"
66.249.70.32 - - [28/Jul/2026:00:25:40 +1200] "GET /?h=s5q2u4a8b8c6h6i2c9k24 HTTP/1.1" 200 77383 "-" "Mozilla/5.0 (Linux; Android 6.0.1; Nexus 5X Build/MMB29P) AppleWebKit/537.36 (KHTML, like Gecko) Chrome/150.0.7871.128 Mobile Safari/537.36 (compatible; Googlebot/2.1; +http://www.google.com/bot.html)"
74.7.227.185 - - [28/Jul/2026:00:25:41 +1200] "GET /?fileloc=//proc/self/root/proc/thread-self/root/etc/cl.selector.conf.d/defaults.cfg&path=//proc/self/root/proc/thread-self/root/etc/cl.selector.conf.d HTTP/1.1" 200 2784 "https://importersclearance.co.nz/?path=//proc/self/root/proc/thread-self/root/etc/cl.selector.conf.d" "Mozilla/5.0 AppleWebKit/537.36 (KHTML, like Gecko; compatible; GPTBot/1.4; +https://openai.com/gptbot)"
66.249.70.36 - - [28/Jul/2026:00:25:41 +1200] "GET /?h=o6v3e9r6g0i4r4d0605 HTTP/1.1" 200 76898 "-" "Mozilla/5.0 (Linux; Android 6.0.1; Nexus 5X Build/MMB29P) AppleWebKit/537.36 (KHTML, like Gecko) Chrome/150.0.7871.128 Mobile Safari/537.36 (compatible; Googlebot/2.1; +http://www.google.com/bot.html)"
66.249.70.38 - - [28/Jul/2026:00:25:41 +1200] "GET /?h=g6e3o0m5e9t4r1a2l976 HTTP/1.1" 200 76446 "-" "Mozilla/5.0 (Linux; Android 6.0.1; Nexus 5X Build/MMB29P) AppleWebKit/537.36 (KHTML, like Gecko) Chrome/150.0.7871.128 Mobile Safari/537.36 (compatible; Googlebot/2.1; +http://www.google.com/bot.html)"
66.249.70.39 - - [28/Jul/2026:00:25:41 +1200] "GET /review/goods/I3565498371 HTTP/1.1" 200 79678 "-" "Mozilla/5.0 (Linux; Android 6.0.1; Nexus 5X Build/MMB29P) AppleWebKit/537.36 (KHTML, like Gecko) Chrome/150.0.7871.128 Mobile Safari/537.36 (compatible; GoogleOther)"
74.7.227.185 - - [28/Jul/2026:00:25:43 +1200] "GET /?fileloc=//proc/self/root/proc/thread-self/root/etc/cl.selector.conf.d/selector.conf&path=//proc/self/root/proc/thread-self/root/etc/cl.selector.conf.d HTTP/1.1" 200 2978 "https://importersclearance.co.nz/?path=//proc/self/root/proc/thread-self/root/etc/cl.selector.conf.d" "Mozilla/5.0 AppleWebKit/537.36 (KHTML, like Gecko; compatible; GPTBot/1.4; +https://openai.com/gptbot)"
216.73.216.67 - - [28/Jul/2026:00:25:43 +1200] "GET /symmetrian/saltatoria/92640068905?fileloc=%2Fhome%2Fimportersclearan%2Fpublic_html%2Fwp-includes%2Fblocks%2Fnavigation-link%2Feditor.css&path=%2Fhome%2Fimportersclearan%2Fpublic_html%2Fwp-includes%2Fblocks%2Fnavigation-link HTTP/1.1" 200 3141 "-" "Mozilla/5.0 AppleWebKit/537.36 (KHTML, like Gecko; compatible; ClaudeBot/1.0; +claudebot@anthropic.com)"
216.73.216.67 - - [28/Jul/2026:00:25:43 +1200] "GET /shops/forenenst/n9a1u7g3h4t2y84736?path=%2F%2Flib%2FAcronis HTTP/1.1" 200 4057 "-" "Mozilla/5.0 AppleWebKit/537.36 (KHTML, like Gecko; compatible; ClaudeBot/1.0; +claudebot@anthropic.com)"
66.249.70.35 - - [28/Jul/2026:00:25:42 +1200] "GET /?h=d7e2n1e0g0a0t2e5470 HTTP/1.1" 200 75153 "-" "Mozilla/5.0 (Linux; Android 6.0.1; Nexus 5X Build/MMB29P) AppleWebKit/537.36 (KHTML, like Gecko) Chrome/150.0.7871.128 Mobile Safari/537.36 (compatible; Googlebot/2.1; +http://www.google.com/bot.html)"
74.7.227.185 - - [28/Jul/2026:00:25:44 +1200] "GET /?fileloc=//proc/self/root/proc/thread-self/root/etc/cl.selector.conf.d/phpextdesc.txt&path=//proc/self/root/proc/thread-self/root/etc/cl.selector.conf.d HTTP/1.1" 200 11222 "https://importersclearance.co.nz/?path=//proc/self/root/proc/thread-self/root/etc/cl.selector.conf.d" "Mozilla/5.0 AppleWebKit/537.36 (KHTML, like Gecko; compatible; GPTBot/1.4; +https://openai.com/gptbot)"
66.249.70.34 - - [28/Jul/2026:00:25:43 +1200] "GET /pharmacognosy/garzetta/2502292810 HTTP/1.1" 200 76372 "-" "Mozilla/5.0 (Linux; Android 6.0.1; Nexus 5X Build/MMB29P) AppleWebKit/537.36 (KHTML, like Gecko) Chrome/150.0.7871.128 Mobile Safari/537.36 (compatible; Googlebot/2.1; +http://www.google.com/bot.html)"
216.73.216.67 - - [28/Jul/2026:00:25:44 +1200] "GET /shops/constitutionality/c9i2n3e8m5a753129?fileloc=%2F%2Flib64%2FlibXext.so.6.4.0&path=%2F%2Flib64 HTTP/1.1" 200 2481 "-" "Mozilla/5.0 AppleWebKit/537.36 (KHTML, like Gecko; compatible; ClaudeBot/1.0; +claudebot@anthropic.com)"
66.249.70.33 - - [28/Jul/2026:00:25:43 +1200] "GET /?h=q4u3i9n9o7v9i0c5217 HTTP/1.1" 200 75617 "-" "Mozilla/5.0 (Linux; Android 6.0.1; Nexus 5X Build/MMB29P) AppleWebKit/537.36 (KHTML, like Gecko) Chrome/150.0.7871.128 Mobile Safari/537.36 (compatible; Googlebot/2.1; +http://www.google.com/bot.html)"
74.7.227.185 - - [28/Jul/2026:00:25:45 +1200] "GET /?path=//proc/self/root/proc/thread-self/root/etc/crypto-policies/policies HTTP/1.1" 200 2859 "https://importersclearance.co.nz/?path=//proc/self/root/proc/thread-self/root/etc/crypto-policies" "Mozilla/5.0 AppleWebKit/537.36 (KHTML, like Gecko; compatible; GPTBot/1.4; +https://openai.com/gptbot)"
66.249.70.35 - - [28/Jul/2026:00:25:44 +1200] "GET /?h=m4y2c7e6t6o9z7o3a8n19 HTTP/1.1" 200 77102 "-" "Mozilla/5.0 (Linux; Android 6.0.1; Nexus 5X Build/MMB29P) AppleWebKit/537.36 (KHTML, like Gecko) Chrome/150.0.7871.128 Mobile Safari/537.36 (compatible; Googlebot/2.1; +http://www.google.com/bot.html)"
216.73.216.67 - - [28/Jul/2026:00:25:45 +1200] "GET /shops/trechometer/p9h2e0e6s3e045127?fileloc=%2Fhome%2Fimportersclearan%2Fpublic_html%2Fxmlrpc.php&path=%2Fhome%2Fimportersclearan%2Fpublic_html HTTP/1.1" 200 3912 "-" "Mozilla/5.0 AppleWebKit/537.36 (KHTML, like Gecko; compatible; ClaudeBot/1.0; +claudebot@anthropic.com)"
66.249.70.37 - - [28/Jul/2026:00:25:44 +1200] "GET /?h=o2m2p7h0a8l7o4d8i7u9m1 HTTP/1.1" 200 76368 "-" "Mozilla/5.0 (Linux; Android 6.0.1; Nexus 5X Build/MMB29P) AppleWebKit/537.36 (KHTML, like Gecko) Chrome/150.0.7871.128 Mobile Safari/537.36 (compatible; Googlebot/2.1; +http://www.google.com/bot.html)"
74.7.227.185 - - [28/Jul/2026:00:25:46 +1200] "GET /?fileloc=//proc/self/root/proc/thread-self/root/opt/cloudlinux-linksafe/lib.sh&path=//proc/self/root/proc/thread-self/root/opt/cloudlinux-linksafe HTTP/1.1" 200 2663 "https://importersclearance.co.nz/?path=//proc/self/root/proc/thread-self/root/opt/cloudlinux-linksafe" "Mozilla/5.0 AppleWebKit/537.36 (KHTML, like Gecko; compatible; GPTBot/1.4; +https://openai.com/gptbot)"
216.73.216.67 - - [28/Jul/2026:00:25:46 +1200] "GET /vesiculate/electroscope/s9u3t5u2r8e1d16912?fileloc=%2Fhome%2Fimportersclearan%2Fpublic_html%2Fwp-includes%2Frewrite.php&path=%2Fhome%2Fimportersclearan%2Fpublic_html%2Fwp-includes HTTP/1.1" 200 8418 "-" "Mozilla/5.0 AppleWebKit/537.36 (KHTML, like Gecko; compatible; ClaudeBot/1.0; +claudebot@anthropic.com)"
216.73.216.67 - - [28/Jul/2026:00:25:46 +1200] "GET /stimulea/a9x2t0r8e4e625506?fileloc=%2Fhome%2Fimportersclearan%2Fwww%2Fwp-includes%2Fcompat-utf8.php&path=%2Fhome%2Fimportersclearan%2Fwww%2Fwp-includes HTTP/1.1" 200 7981 "-" "Mozilla/5.0 AppleWebKit/537.36 (KHTML, like Gecko; compatible; ClaudeBot/1.0; +claudebot@anthropic.com)"
66.249.70.33 - - [28/Jul/2026:00:25:45 +1200] "GET /?h=g1l2a6n8d5u4l6a8t0i1o2n HTTP/1.1" 200 78587 "-" "Mozilla/5.0 (Linux; Android 6.0.1; Nexus 5X Build/MMB29P) AppleWebKit/537.36 (KHTML, like Gecko) Chrome/150.0.7871.128 Mobile Safari/537.36 (compatible; Googlebot/2.1; +http://www.google.com/bot.html)"
74.7.227.185 - - [28/Jul/2026:00:25:47 +1200] "GET /?fileloc=//proc/self/root/proc/thread-self/root/etc/cl.selector.conf.d/global_php.ini&path=//proc/self/root/proc/thread-self/root/etc/cl.selector.conf.d HTTP/1.1" 200 2976 "https://importersclearance.co.nz/?path=//proc/self/root/proc/thread-self/root/etc/cl.selector.conf.d" "Mozilla/5.0 AppleWebKit/537.36 (KHTML, like Gecko; compatible; GPTBot/1.4; +https://openai.com/gptbot)"
66.249.70.39 - - [28/Jul/2026:00:25:46 +1200] "GET /?h=p6e2r1s7e2v4e2r9i2n8g6ly HTTP/1.1" 200 74107 "-" "Mozilla/5.0 (Linux; Android 6.0.1; Nexus 5X Build/MMB29P) AppleWebKit/537.36 (KHTML, like Gecko) Chrome/150.0.7871.128 Mobile Safari/537.36 (compatible; Googlebot/2.1; +http://www.google.com/bot.html)"
216.73.216.67 - - [28/Jul/2026:00:25:47 +1200] "GET /friskily/c9o4m7p8l8e9t1e9m9e1nt?fileloc=%2Fhome%2Fimportersclearan%2Fpublic_html%2Fwp-includes%2Ffeed-rdf.php&path=%2Fhome%2Fimportersclearan%2Fpublic_html%2Fwp-includes HTTP/1.1" 200 3531 "-" "Mozilla/5.0 AppleWebKit/537.36 (KHTML, like Gecko; compatible; ClaudeBot/1.0; +claudebot@anthropic.com)"
66.249.70.36 - - [28/Jul/2026:00:25:46 +1200] "GET /?h=f9o1r7m2i2d4a2b7i4l5ity HTTP/1.1" 200 78646 "-" "Mozilla/5.0 (Linux; Android 6.0.1; Nexus 5X Build/MMB29P) AppleWebKit/537.36 (KHTML, like Gecko) Chrome/150.0.7871.128 Mobile Safari/537.36 (compatible; Googlebot/2.1; +http://www.google.com/bot.html)"
216.73.216.67 - - [28/Jul/2026:00:25:48 +1200] "GET /shops/espousement/s9m7o4k4e5s8t9a2c4k2?path=%2Fhome%2Fimportersclearan%2Fpublic_html%2F.tmb HTTP/1.1" 200 2566 "-" "Mozilla/5.0 AppleWebKit/537.36 (KHTML, like Gecko; compatible; ClaudeBot/1.0; +claudebot@anthropic.com)"
74.7.227.185 - - [28/Jul/2026:00:25:48 +1200] "GET /?path=//proc/self/root/proc/thread-self/root/etc/crypto-policies/back-ends HTTP/1.1" 200 3343 "https://importersclearance.co.nz/?path=//proc/self/root/proc/thread-self/root/etc/crypto-policies" "Mozilla/5.0 AppleWebKit/537.36 (KHTML, like Gecko; compatible; GPTBot/1.4; +https://openai.com/gptbot)"
66.249.70.34 - - [28/Jul/2026:00:25:47 +1200] "GET /?salved/1538263684 HTTP/1.1" 200 78674 "-" "Mozilla/5.0 (Linux; Android 6.0.1; Nexus 5X Build/MMB29P) AppleWebKit/537.36 (KHTML, like Gecko) Chrome/150.0.7871.128 Mobile Safari/537.36 (compatible; Googlebot/2.1; +http://www.google.com/bot.html)"
216.73.216.67 - - [28/Jul/2026:00:25:48 +1200] "GET /shops/cabeca/e9n4e0r2v4a2t0i8o2n02?fileloc=%2Fhome%2Fimportersclearan%2Fpublic_html%2Fwp-admin%2Fms-sites.php&path=%2Fhome%2Fimportersclearan%2Fpublic_html%2Fwp-admin HTTP/1.1" 200 2660 "-" "Mozilla/5.0 AppleWebKit/537.36 (KHTML, like Gecko; compatible; ClaudeBot/1.0; +claudebot@anthropic.com)"
74.7.227.185 - - [28/Jul/2026:00:25:49 +1200] "GET /?fileloc=//proc/self/root/proc/thread-self/root/etc/bash_completion.d/scl&path=//proc/self/root/proc/thread-self/root/etc/bash_completion.d HTTP/1.1" 200 3218 "https://importersclearance.co.nz/?path=//proc/self/root/proc/thread-self/root/etc/bash_completion.d" "Mozilla/5.0 AppleWebKit/537.36 (KHTML, like Gecko; compatible; GPTBot/1.4; +https://openai.com/gptbot)"
216.73.216.67 - - [28/Jul/2026:00:25:49 +1200] "GET /absorbefacient/gameless/o9t2t0r1e2l2i0t4e773?fileloc=%2Fhome%2Fimportersclearan%2Fpublic_html%2Fwp-includes%2Fms-blogs.php&path=%2Fhome%2Fimportersclearan%2Fpublic_html%2Fwp-includes HTTP/1.1" 200 8743 "-" "Mozilla/5.0 AppleWebKit/537.36 (KHTML, like Gecko; compatible; ClaudeBot/1.0; +claudebot@anthropic.com)"
66.249.70.35 - - [28/Jul/2026:00:25:48 +1200] "GET /disanchor/treasonably/i1n1h3a1l3i7n1g0810 HTTP/1.1" 200 76631 "-" "Mozilla/5.0 (Linux; Android 6.0.1; Nexus 5X Build/MMB29P) AppleWebKit/537.36 (KHTML, like Gecko) Chrome/150.0.7871.128 Mobile Safari/537.36 (compatible; GoogleOther)"
66.249.70.39 - - [28/Jul/2026:00:25:48 +1200] "GET /?h=c7a3r4b3a2m7i7c6211 HTTP/1.1" 200 75850 "-" "Mozilla/5.0 (Linux; Android 6.0.1; Nexus 5X Build/MMB29P) AppleWebKit/537.36 (KHTML, like Gecko) Chrome/150.0.7871.128 Mobile Safari/537.36 (compatible; Googlebot/2.1; +http://www.google.com/bot.html)"
66.249.70.33 - - [28/Jul/2026:00:25:48 +1200] "GET /?h=b1u1t6c0h6e4r1l9y210 HTTP/1.1" 200 76163 "-" "Mozilla/5.0 (Linux; Android 6.0.1; Nexus 5X Build/MMB29P) AppleWebKit/537.36 (KHTML, like Gecko) Chrome/150.0.7871.128 Mobile Safari/537.36 (compatible; Googlebot/2.1; +http://www.google.com/bot.html)"
216.73.216.67 - - [28/Jul/2026:00:25:50 +1200] "GET /shops/hyperbolize/z7o3c1c1o2070861?fileloc=%2Fhome%2Fimportersclearan%2Fpublic_html%2Fwp-admin%2Fterm.php&path=%2Fhome%2Fimportersclearan%2Fpublic_html%2Fwp-admin HTTP/1.1" 200 3462 "-" "Mozilla/5.0 AppleWebKit/537.36 (KHTML, like Gecko; compatible; ClaudeBot/1.0; +claudebot@anthropic.com)"
74.7.227.185 - - [28/Jul/2026:00:25:50 +1200] "GET /?path=//proc/self/root/proc/thread-self/root/etc/crypto-policies/local.d HTTP/1.1" 200 2894 "https://importersclearance.co.nz/?path=//proc/self/root/proc/thread-self/root/etc/crypto-policies" "Mozilla/5.0 AppleWebKit/537.36 (KHTML, like Gecko; compatible; GPTBot/1.4; +https://openai.com/gptbot)"
216.73.216.67 - - [28/Jul/2026:00:25:50 +1200] "GET /shops/globularness/a9m5e4n1d0m9e2n7t95?path=%2Fhome%2Fimportersclearan%2Fpublic_html%2Fwp-admin%2Fimages HTTP/1.1" 200 5767 "-" "Mozilla/5.0 AppleWebKit/537.36 (KHTML, like Gecko; compatible; ClaudeBot/1.0; +claudebot@anthropic.com)"
66.249.70.38 - - [28/Jul/2026:00:25:49 +1200] "GET /?h=b9e2n0e6f5i7c5i1a2l4l2y HTTP/1.1" 200 77895 "-" "Mozilla/5.0 (Linux; Android 6.0.1; Nexus 5X Build/MMB29P) AppleWebKit/537.36 (KHTML, like Gecko) Chrome/150.0.7871.128 Mobile Safari/537.36 (compatible; Googlebot/2.1; +http://www.google.com/bot.html)"
66.249.70.36 - - [28/Jul/2026:00:25:50 +1200] "GET /?h=e6a9s7e1l5e4s3s77 HTTP/1.1" 200 76672 "-" "Mozilla/5.0 (Linux; Android 6.0.1; Nexus 5X Build/MMB29P) AppleWebKit/537.36 (KHTML, like Gecko) Chrome/150.0.7871.128 Mobile Safari/537.36 (compatible; Googlebot/2.1; +http://www.google.com/bot.html)"
216.73.216.67 - - [28/Jul/2026:00:25:51 +1200] "GET /linearshaped/drunkenship/s9k3i0l2d4e4r2320?fileloc=%2Fhome%2Fimportersclearan%2Fpublic_html%2Fxmlrpc.php&path=%2Fhome%2Fimportersclearan%2Fpublic_html HTTP/1.1" 200 3912 "-" "Mozilla/5.0 AppleWebKit/537.36 (KHTML, like Gecko; compatible; ClaudeBot/1.0; +claudebot@anthropic.com)"
74.7.227.185 - - [28/Jul/2026:00:25:52 +1200] "GET /?fileloc=//proc/self/root/proc/thread-self/root/etc/crypto-policies/state/current&path=//proc/self/root/proc/thread-self/root/etc/crypto-policies/state HTTP/1.1" 200 2571 "https://importersclearance.co.nz/?path=//proc/self/root/proc/thread-self/root/etc/crypto-policies/state" "Mozilla/5.0 AppleWebKit/537.36 (KHTML, like Gecko; compatible; GPTBot/1.4; +https://openai.com/gptbot)"
66.249.70.39 - - [28/Jul/2026:00:25:51 +1200] "GET /?munity/7255297988 HTTP/1.1" 200 74906 "-" "Mozilla/5.0 (Linux; Android 6.0.1; Nexus 5X Build/MMB29P) AppleWebKit/537.36 (KHTML, like Gecko) Chrome/150.0.7871.128 Mobile Safari/537.36 (compatible; Googlebot/2.1; +http://www.google.com/bot.html)"
216.73.216.67 - - [28/Jul/2026:00:25:52 +1200] "GET /cactus/shaper/93679575779?fileloc=%2Fhome%2Fimportersclearan%2Fpublic_html%2Fwp-admin%2Fadmin-ajax.php&path=%2Fhome%2Fimportersclearan%2Fpublic_html%2Fwp-admin HTTP/1.1" 200 4316 "-" "Mozilla/5.0 AppleWebKit/537.36 (KHTML, like Gecko; compatible; ClaudeBot/1.0; +claudebot@anthropic.com)"
216.73.216.67 - - [28/Jul/2026:00:25:53 +1200] "GET /spectrometric/remerge/91939780897?fileloc=%2F%2Fbin%2Fview&path=%2F%2Fbin HTTP/1.1" 200 2554 "-" "Mozilla/5.0 AppleWebKit/537.36 (KHTML, like Gecko; compatible; ClaudeBot/1.0; +claudebot@anthropic.com)"
74.7.227.185 - - [28/Jul/2026:00:25:53 +1200] "GET /?fileloc=//proc/self/root/proc/thread-self/root/etc/crypto-policies/state/CURRENT.pol&path=//proc/self/root/proc/thread-self/root/etc/crypto-policies/state HTTP/1.1" 200 3288 "https://importersclearance.co.nz/?path=//proc/self/root/proc/thread-self/root/etc/crypto-policies/state" "Mozilla/5.0 AppleWebKit/537.36 (KHTML, like Gecko; compatible; GPTBot/1.4; +https://openai.com/gptbot)"
66.249.70.35 - - [28/Jul/2026:00:25:52 +1200] "GET /?h=c3h2a2i9s6070764 HTTP/1.1" 200 77420 "-" "Mozilla/5.0 (Linux; Android 6.0.1; Nexus 5X Build/MMB29P) AppleWebKit/537.36 (KHTML, like Gecko) Chrome/150.0.7871.128 Mobile Safari/537.36 (compatible; Googlebot/2.1; +http://www.google.com/bot.html)"
66.249.70.36 - - [28/Jul/2026:00:25:52 +1200] "GET /?h=o1n1d2o5g1r6a2m4447 HTTP/1.1" 200 78698 "-" "Mozilla/5.0 (Linux; Android 6.0.1; Nexus 5X Build/MMB29P) AppleWebKit/537.36 (KHTML, like Gecko) Chrome/150.0.7871.128 Mobile Safari/537.36 (compatible; GoogleOther)"
216.73.216.67 - - [28/Jul/2026:00:25:53 +1200] "GET /outact/s9a3l4v1o4845911?fileloc=%2Fhome%2Fimportersclearan%2Fpublic_html%2Fwp-includes%2Fclass-wp-http-ixr-client.php&path=%2Fhome%2Fimportersclearan%2Fpublic_html%2Fwp-includes HTTP/1.1" 200 3892 "-" "Mozilla/5.0 AppleWebKit/537.36 (KHTML, like Gecko; compatible; ClaudeBot/1.0; +claudebot@anthropic.com)"
216.73.216.67 - - [28/Jul/2026:00:25:54 +1200] "GET /strowed/dechristianize/t9a1n9i8e6r158018?fileloc=%2F%2Fbin%2Ffunzip&path=%2F%2Fbin HTTP/1.1" 200 2474 "-" "Mozilla/5.0 AppleWebKit/537.36 (KHTML, like Gecko; compatible; ClaudeBot/1.0; +claudebot@anthropic.com)"
216.73.216.67 - - [28/Jul/2026:00:25:54 +1200] "GET /shops/banal/a9p1p9e3a5l313383?path=%2Fhome%2Fimportersclearan%2Fpublic_html%2Fwp-includes%2FID3 HTTP/1.1" 200 3615 "-" "Mozilla/5.0 AppleWebKit/537.36 (KHTML, like Gecko; compatible; ClaudeBot/1.0; +claudebot@anthropic.com)"
74.7.227.185 - - [28/Jul/2026:00:25:54 +1200] "GET /?fileloc=//proc/self/root/proc/thread-self/root/etc/cl.selector.conf.d/php.conf.rpmsave&path=//proc/self/root/proc/thread-self/root/etc/cl.selector.conf.d HTTP/1.1" 200 4135 "https://importersclearance.co.nz/?path=//proc/self/root/proc/thread-self/root/etc/cl.selector.conf.d" "Mozilla/5.0 AppleWebKit/537.36 (KHTML, like Gecko; compatible; GPTBot/1.4; +https://openai.com/gptbot)"
216.73.216.67 - - [28/Jul/2026:00:25:54 +1200] "GET /apples/ambries/p9l1e5n5i0c7o7r2n914?fileloc=%2Fhome%2Fimportersclearan%2Fpublic_html%2Fwp-includes%2Frewrite.php&path=%2Fhome%2Fimportersclearan%2Fpublic_html%2Fwp-includes HTTP/1.1" 200 8418 "-" "Mozilla/5.0 AppleWebKit/537.36 (KHTML, like Gecko; compatible; ClaudeBot/1.0; +claudebot@anthropic.com)"
216.73.216.67 - - [28/Jul/2026:00:25:55 +1200] "GET /shops/zittern/d9o3l4m9e1n685840?fileloc=%2Fhome%2Fimportersclearan%2Fpublic_html%2Fwp-admin%2Fincludes%2Foptions.php&path=%2Fhome%2Fimportersclearan%2Fpublic_html%2Fwp-admin%2Fincludes HTTP/1.1" 200 4119 "-" "Mozilla/5.0 AppleWebKit/537.36 (KHTML, like Gecko; compatible; ClaudeBot/1.0; +claudebot@anthropic.com)"
216.73.216.67 - - [28/Jul/2026:00:25:55 +1200] "GET /shops/decursively/n9e2m3o9r8a7l20368?fileloc=%2Fhome%2Fimportersclearan%2Fpublic_html%2Fwp-includes%2Ftheme-previews.php&path=%2Fhome%2Fimportersclearan%2Fpublic_html%2Fwp-includes HTTP/1.1" 200 3660 "-" "Mozilla/5.0 AppleWebKit/537.36 (KHTML, like Gecko; compatible; ClaudeBot/1.0; +claudebot@anthropic.com)"
74.7.227.185 - - [28/Jul/2026:00:25:55 +1200] "GET /?fileloc=//proc/self/root/proc/thread-self/root/etc/cl.selector.conf.d/php.conf&path=//proc/self/root/proc/thread-self/root/etc/cl.selector.conf.d HTTP/1.1" 200 4130 "https://importersclearance.co.nz/?path=//proc/self/root/proc/thread-self/root/etc/cl.selector.conf.d" "Mozilla/5.0 AppleWebKit/537.36 (KHTML, like Gecko; compatible; GPTBot/1.4; +https://openai.com/gptbot)"
66.249.70.34 - - [28/Jul/2026:00:25:54 +1200] "GET /?h=s7w4e4e6t7i9n2g964 HTTP/1.1" 200 80941 "-" "Mozilla/5.0 (Linux; Android 6.0.1; Nexus 5X Build/MMB29P) AppleWebKit/537.36 (KHTML, like Gecko) Chrome/150.0.7871.128 Mobile Safari/537.36 (compatible; Googlebot/2.1; +http://www.google.com/bot.html)"
216.73.216.67 - - [28/Jul/2026:00:25:56 +1200] "GET /shops/achaenium/a9m3a0l8g5a1m3a9t3e76?path=%2Fhome%2Fimportersclearan%2F.htpasswds HTTP/1.1" 200 2817 "-" "Mozilla/5.0 AppleWebKit/537.36 (KHTML, like Gecko; compatible; ClaudeBot/1.0; +claudebot@anthropic.com)"
216.73.216.67 - - [28/Jul/2026:00:25:56 +1200] "GET /shops/constitutionality/c9i2n3e8m5a753129?fileloc=%2F%2Flib64%2Flibpam_misc.so.0&path=%2F%2Flib64 HTTP/1.1" 200 2481 "-" "Mozilla/5.0 AppleWebKit/537.36 (KHTML, like Gecko; compatible; ClaudeBot/1.0; +claudebot@anthropic.com)"
66.249.70.38 - - [28/Jul/2026:00:25:55 +1200] "GET /laminas/sevocation/l0a1m8i3n6a5s52466 HTTP/1.1" 200 75521 "-" "Mozilla/5.0 (Linux; Android 6.0.1; Nexus 5X Build/MMB29P) AppleWebKit/537.36 (KHTML, like Gecko) Chrome/150.0.7871.128 Mobile Safari/537.36 (compatible; GoogleOther)"
216.73.216.67 - - [28/Jul/2026:00:25:56 +1200] "GET /shops/zittern/d9o3l4m9e1n685840?fileloc=%2Fhome%2Fimportersclearan%2Fpublic_html%2Fwp-includes%2Fdate.php&path=%2Fhome%2Fimportersclearan%2Fpublic_html%2Fwp-includes HTTP/1.1" 200 2741 "-" "Mozilla/5.0 AppleWebKit/537.36 (KHTML, like Gecko; compatible; ClaudeBot/1.0; +claudebot@anthropic.com)"
192.178.4.105 - - [28/Jul/2026:00:25:56 +1200] "GET /review/goods/I3455851952/ HTTP/1.1" 200 77775 "-" "Mozilla/5.0 (Linux; Android 6.0.1; Nexus 5X Build/MMB29P) AppleWebKit/537.36 (KHTML, like Gecko) Chrome/150.0.7871.128 Mobile Safari/537.36 (compatible; Googlebot/2.1; +http://www.google.com/bot.html)"
74.7.227.185 - - [28/Jul/2026:00:25:56 +1200] "GET /?fileloc=//proc/self/root/proc/thread-self/root/etc/scl/func_scl.csh&path=//proc/self/root/proc/thread-self/root/etc/scl HTTP/1.1" 200 2686 "https://importersclearance.co.nz/?path=//proc/self/root/proc/thread-self/root/etc/scl" "Mozilla/5.0 AppleWebKit/537.36 (KHTML, like Gecko; compatible; GPTBot/1.4; +https://openai.com/gptbot)"
66.249.64.128 - - [28/Jul/2026:00:25:56 +1200] "GET /?rousing/62353231364 HTTP/1.1" 200 75020 "-" "Mozilla/5.0 (Linux; Android 6.0.1; Nexus 5X Build/MMB29P) AppleWebKit/537.36 (KHTML, like Gecko) Chrome/150.0.7871.128 Mobile Safari/537.36 (compatible; Googlebot/2.1; +http://www.google.com/bot.html)"
216.73.216.67 - - [28/Jul/2026:00:25:57 +1200] "GET /participantly/u9n1t5u4r8n227426?fileloc=%2Fhome%2Fimportersclearan%2Fpublic_html%2Fwp-includes%2Fclass-wp-fatal-error-handler.php&path=%2Fhome%2Fimportersclearan%2Fpublic_html%2Fwp-includes HTTP/1.1" 200 5287 "-" "Mozilla/5.0 AppleWebKit/537.36 (KHTML, like Gecko; compatible; ClaudeBot/1.0; +claudebot@anthropic.com)"
216.73.216.67 - - [28/Jul/2026:00:25:57 +1200] "GET /ecbatic/f9e3e0d3e5r604031?path=%2Fhome%2Fimportersclearan%2F.subaccounts HTTP/1.1" 200 2837 "-" "Mozilla/5.0 AppleWebKit/537.36 (KHTML, like Gecko; compatible; ClaudeBot/1.0; +claudebot@anthropic.com)"
216.73.216.67 - - [28/Jul/2026:00:25:58 +1200] "GET /shops/bryologist/l9a3m0i2n4a85035?fileloc=%2Fhome%2Fimportersclearan%2Fpublic_html%2Fwp-admin%2Fexport.php&path=%2Fhome%2Fimportersclearan%2Fpublic_html%2Fwp-admin HTTP/1.1" 200 5715 "-" "Mozilla/5.0 AppleWebKit/537.36 (KHTML, like Gecko; compatible; ClaudeBot/1.0; +claudebot@anthropic.com)"
216.73.216.67 - - [28/Jul/2026:00:25:58 +1200] "GET /symmetrian/saltatoria/92640068905?fileloc=%2Fhome%2Fimportersclearan%2Fpublic_html%2Fwp-includes%2Ffunctions.php&path=%2Fhome%2Fimportersclearan%2Fpublic_html%2Fwp-includes HTTP/1.1" 200 76920 "-" "Mozilla/5.0 AppleWebKit/537.36 (KHTML, like Gecko; compatible; ClaudeBot/1.0; +claudebot@anthropic.com)"
66.249.64.130 - - [28/Jul/2026:00:25:57 +1200] "GET /?h=t5w2a8y3b3l5a5d9e637 HTTP/1.1" 200 76548 "-" "Mozilla/5.0 (Linux; Android 6.0.1; Nexus 5X Build/MMB29P) AppleWebKit/537.36 (KHTML, like Gecko) Chrome/150.0.7871.128 Mobile Safari/537.36 (compatible; Googlebot/2.1; +http://www.google.com/bot.html)"
74.7.227.185 - - [28/Jul/2026:00:25:58 +1200] "GET /?path=//proc/self/root/proc/thread-self/root/etc/crypto-policies/policies/modules HTTP/1.1" 200 2613 "https://importersclearance.co.nz/?path=//proc/self/root/proc/thread-self/root/etc/crypto-policies/policies" "Mozilla/5.0 AppleWebKit/537.36 (KHTML, like Gecko; compatible; GPTBot/1.4; +https://openai.com/gptbot)"
216.73.216.67 - - [28/Jul/2026:00:25:58 +1200] "GET /strowed/dechristianize/t9a1n9i8e6r158018?fileloc=%2F%2Fbin%2Fls&path=%2F%2Fbin HTTP/1.1" 200 2470 "-" "Mozilla/5.0 AppleWebKit/537.36 (KHTML, like Gecko; compatible; ClaudeBot/1.0; +claudebot@anthropic.com)"
192.178.4.133 - - [28/Jul/2026:00:25:57 +1200] "GET /?h=t3h3a3n0k9083491 HTTP/1.1" 200 75223 "-" "Mozilla/5.0 (Linux; Android 6.0.1; Nexus 5X Build/MMB29P) AppleWebKit/537.36 (KHTML, like Gecko) Chrome/150.0.7871.128 Mobile Safari/537.36 (compatible; Googlebot/2.1; +http://www.google.com/bot.html)"
216.73.216.67 - - [28/Jul/2026:00:25:59 +1200] "GET /vesiculate/electroscope/s9u3t5u2r8e1d16912?fileloc=%2Fhome%2Fimportersclearan%2Fpublic_html%2Fwp-admin%2Ftheme-install.php&path=%2Fhome%2Fimportersclearan%2Fpublic_html%2Fwp-admin HTTP/1.1" 200 8352 "-" "Mozilla/5.0 AppleWebKit/537.36 (KHTML, like Gecko; compatible; ClaudeBot/1.0; +claudebot@anthropic.com)"
216.73.216.67 - - [28/Jul/2026:00:25:59 +1200] "GET /spectrometric/remerge/91939780897?fileloc=%2F%2Fbin%2Fruncon&path=%2F%2Fbin HTTP/1.1" 200 2473 "-" "Mozilla/5.0 AppleWebKit/537.36 (KHTML, like Gecko; compatible; ClaudeBot/1.0; +claudebot@anthropic.com)"
74.7.227.185 - - [28/Jul/2026:00:26:00 +1200] "GET /?fileloc=//proc/self/root/proc/thread-self/root/etc/cl.selector.conf.d/php.extensions.conflicts&path=//proc/self/root/proc/thread-self/root/etc/cl.selector.conf.d HTTP/1.1" 200 2693 "https://importersclearance.co.nz/?path=//proc/self/root/proc/thread-self/root/etc/cl.selector.conf.d" "Mozilla/5.0 AppleWebKit/537.36 (KHTML, like Gecko; compatible; GPTBot/1.4; +https://openai.com/gptbot)"
66.249.70.169 - - [28/Jul/2026:00:25:58 +1200] "GET /?h=i1n1t3e5r2l6a9r5d5i3n6g HTTP/1.1" 200 79008 "-" "Mozilla/5.0 (Linux; Android 6.0.1; Nexus 5X Build/MMB29P) AppleWebKit/537.36 (KHTML, like Gecko) Chrome/150.0.7871.128 Mobile Safari/537.36 (compatible; Googlebot/2.1; +http://www.google.com/bot.html)"
66.249.64.66 - - [28/Jul/2026:00:25:59 +1200] "GET /review/goods/I3990281056 HTTP/1.1" 200 78749 "-" "Mozilla/5.0 (Linux; Android 6.0.1; Nexus 5X Build/MMB29P) AppleWebKit/537.36 (KHTML, like Gecko) Chrome/150.0.7871.128 Mobile Safari/537.36 (compatible; GoogleOther)"
216.73.216.67 - - [28/Jul/2026:00:26:00 +1200] "GET /shops/decursively/n9e2m3o9r8a7l20368?fileloc=%2Fhome%2Fimportersclearan%2Fpublic_html%2Fwp-includes%2Fblocks%2Findex.php&path=%2Fhome%2Fimportersclearan%2Fpublic_html%2Fwp-includes%2Fblocks HTTP/1.1" 200 4316 "-" "Mozilla/5.0 AppleWebKit/537.36 (KHTML, like Gecko; compatible; ClaudeBot/1.0; +claudebot@anthropic.com)"
66.249.64.131 - - [28/Jul/2026:00:25:59 +1200] "GET /?h=o7i3n0e5m0e8n9t1652 HTTP/1.1" 200 77272 "-" "Mozilla/5.0 (Linux; Android 6.0.1; Nexus 5X Build/MMB29P) AppleWebKit/537.36 (KHTML, like Gecko) Chrome/150.0.7871.128 Mobile Safari/537.36 (compatible; Googlebot/2.1; +http://www.google.com/bot.html)"
216.73.216.67 - - [28/Jul/2026:00:26:00 +1200] "GET /shops/rouble/e9x3p8l0a4n3a1t4e457?fileloc=%2Fhome%2Fimportersclearan%2Fpublic_html%2Fwp-includes%2Fclass-smtp.php&path=%2Fhome%2Fimportersclearan%2Fpublic_html%2Fwp-includes HTTP/1.1" 200 2726 "-" "Mozilla/5.0 AppleWebKit/537.36 (KHTML, like Gecko; compatible; ClaudeBot/1.0; +claudebot@anthropic.com)"
216.73.216.67 - - [28/Jul/2026:00:26:00 +1200] "GET /shops/imperially/h9a3g3g7l3e67412?fileloc=%2Fhome%2Fimportersclearan%2Fpublic_html%2Fwp-admin%2Fimport.php&path=%2Fhome%2Fimportersclearan%2Fpublic_html%2Fwp-admin HTTP/1.1" 200 5221 "-" "Mozilla/5.0 AppleWebKit/537.36 (KHTML, like Gecko; compatible; ClaudeBot/1.0; +claudebot@anthropic.com)"
216.73.216.67 - - [28/Jul/2026:00:26:01 +1200] "GET /shops/aesthete/b9o1u6n8d5281875?fileloc=%2Fhome%2Fimportersclearan%2Fpublic_html%2Fwp-admin%2Fcustomize.php&path=%2Fhome%2Fimportersclearan%2Fpublic_html%2Fwp-admin HTTP/1.1" 200 6253 "-" "Mozilla/5.0 AppleWebKit/537.36 (KHTML, like Gecko; compatible; ClaudeBot/1.0; +claudebot@anthropic.com)"
74.7.227.185 - - [28/Jul/2026:00:26:01 +1200] "GET /?path=//proc/self/root/proc/thread-self/root/opt/alt/alt-php-config HTTP/1.1" 200 3182 "https://importersclearance.co.nz/?path=//proc/self/root/proc/thread-self/root/opt/alt" "Mozilla/5.0 AppleWebKit/537.36 (KHTML, like Gecko; compatible; GPTBot/1.4; +https://openai.com/gptbot)"
216.73.216.67 - - [28/Jul/2026:00:26:02 +1200] "GET /shops/mystification/s9a4l0a9a7m730399?fileloc=%2Fhome%2Fimportersclearan%2Fpublic_html%2Fwp-admin%2Fterm.php&path=%2Fhome%2Fimportersclearan%2Fpublic_html%2Fwp-admin HTTP/1.1" 200 3462 "-" "Mozilla/5.0 AppleWebKit/537.36 (KHTML, like Gecko; compatible; ClaudeBot/1.0; +claudebot@anthropic.com)"
216.73.216.67 - - [28/Jul/2026:00:26:02 +1200] "GET /shops/convicinity/s9t3a3i3d5l4y9312?fileloc=%2Fhome%2Fimportersclearan%2Fpublic_html%2Fwp-admin%2Findex.php&path=%2Fhome%2Fimportersclearan%2Fpublic_html%2Fwp-admin HTTP/1.1" 200 5523 "-" "Mozilla/5.0 AppleWebKit/537.36 (KHTML, like Gecko; compatible; ClaudeBot/1.0; +claudebot@anthropic.com)"
216.73.216.67 - - [28/Jul/2026:00:26:02 +1200] "GET /shops/constitutionality/c9i2n3e8m5a753129?fileloc=%2F%2Flib64%2Flibxcb-sync.so.1.0.0&path=%2F%2Flib64 HTTP/1.1" 200 2484 "-" "Mozilla/5.0 AppleWebKit/537.36 (KHTML, like Gecko; compatible; ClaudeBot/1.0; +claudebot@anthropic.com)"
66.249.70.33 - - [28/Jul/2026:00:26:00 +1200] "GET /?h=r6e3s4e7t4t0e9r7126 HTTP/1.1" 200 75791 "-" "Mozilla/5.0 (Linux; Android 6.0.1; Nexus 5X Build/MMB29P) AppleWebKit/537.36 (KHTML, like Gecko) Chrome/150.0.7871.128 Mobile Safari/537.36 (compatible; Googlebot/2.1; +http://www.google.com/bot.html)"
66.249.70.38 - - [28/Jul/2026:00:26:01 +1200] "GET /?h=k5i2t8t7e4n9i0s5h3n9e7ss HTTP/1.1" 200 77928 "-" "Mozilla/5.0 (Linux; Android 6.0.1; Nexus 5X Build/MMB29P) AppleWebKit/537.36 (KHTML, like Gecko) Chrome/150.0.7871.128 Mobile Safari/537.36 (compatible; Googlebot/2.1; +http://www.google.com/bot.html)"
216.73.216.67 - - [28/Jul/2026:00:26:02 +1200] "GET /shops/talcose/s9u1a4s4i4v0e37610?fileloc=%2Fhome%2Fimportersclearan%2Fpublic_html%2Fwp-includes%2Fclass.wp-styles.php&path=%2Fhome%2Fimportersclearan%2Fpublic_html%2Fwp-includes HTTP/1.1" 200 2703 "-" "Mozilla/5.0 AppleWebKit/537.36 (KHTML, like Gecko; compatible; ClaudeBot/1.0; +claudebot@anthropic.com)"
74.7.227.185 - - [28/Jul/2026:00:26:03 +1200] "GET /?fileloc=//proc/self/root/proc/thread-self/root/etc/crypto-policies/back-ends/java.config&path=//proc/self/root/proc/thread-self/root/etc/crypto-policies/back-ends HTTP/1.1" 200 3015 "https://importersclearance.co.nz/?path=//proc/self/root/proc/thread-self/root/etc/crypto-policies/back-ends" "Mozilla/5.0 AppleWebKit/537.36 (KHTML, like Gecko; compatible; GPTBot/1.4; +https://openai.com/gptbot)"
66.249.70.33 - - [28/Jul/2026:00:26:02 +1200] "GET /?h=f4r6a8c1t4u5r6a9l55 HTTP/1.1" 200 76098 "-" "Mozilla/5.0 (Linux; Android 6.0.1; Nexus 5X Build/MMB29P) AppleWebKit/537.36 (KHTML, like Gecko) Chrome/150.0.7871.128 Mobile Safari/537.36 (compatible; Googlebot/2.1; +http://www.google.com/bot.html)"
216.73.216.67 - - [28/Jul/2026:00:26:03 +1200] "GET /vesiculate/electroscope/s9u3t5u2r8e1d16912?fileloc=%2Fhome%2Fimportersclearan%2Fpublic_html%2Fwp-includes%2Fclass-wp-taxonomy.php&path=%2Fhome%2Fimportersclearan%2Fpublic_html%2Fwp-includes HTTP/1.1" 200 6989 "-" "Mozilla/5.0 AppleWebKit/537.36 (KHTML, like Gecko; compatible; ClaudeBot/1.0; +claudebot@anthropic.com)"
66.249.70.39 - - [28/Jul/2026:00:26:02 +1200] "GET /astronaut/c6o1m1e5d1o3w1n7454 HTTP/1.1" 200 76061 "-" "Mozilla/5.0 (Linux; Android 6.0.1; Nexus 5X Build/MMB29P) AppleWebKit/537.36 (KHTML, like Gecko) Chrome/150.0.7871.128 Mobile Safari/537.36 (compatible; GoogleOther)"
216.73.216.67 - - [28/Jul/2026:00:26:03 +1200] "GET /outact/s9a3l4v1o4845911?fileloc=%2Fhome%2Fimportersclearan%2Fpublic_html%2Fwp-includes%2FID3%2Fgetid3.php&path=%2Fhome%2Fimportersclearan%2Fpublic_html%2Fwp-includes%2FID3 HTTP/1.1" 200 23500 "-" "Mozilla/5.0 AppleWebKit/537.36 (KHTML, like Gecko; compatible; ClaudeBot/1.0; +claudebot@anthropic.com)"
216.73.216.67 - - [28/Jul/2026:00:26:03 +1200] "GET /macebearer/p9y1g7o2s0c3e3l7e3s41?path=%2Fhome%2Fimportersclearan%2Fpublic_html%2Fwp-includes HTTP/1.1" 200 13865 "-" "Mozilla/5.0 AppleWebKit/537.36 (KHTML, like Gecko; compatible; ClaudeBot/1.0; +claudebot@anthropic.com)"
216.73.216.67 - - [28/Jul/2026:00:26:04 +1200] "GET /shops/bastardy/c9o4l1l0o4c8a5t4e004?fileloc=%2Fhome%2Fimportersclearan%2Fpublic_html%2Fwp-includes%2FPHPMailer%2FOAuth.php&path=%2Fhome%2Fimportersclearan%2Fpublic_html%2Fwp-includes%2FPHPMailer HTTP/1.1" 200 3864 "-" "Mozilla/5.0 AppleWebKit/537.36 (KHTML, like Gecko; compatible; ClaudeBot/1.0; +claudebot@anthropic.com)"
66.249.70.35 - - [28/Jul/2026:00:26:03 +1200] "GET /?h=m6a2r3s6h2a7l6e1d253 HTTP/1.1" 200 76286 "-" "Mozilla/5.0 (Linux; Android 6.0.1; Nexus 5X Build/MMB29P) AppleWebKit/537.36 (KHTML, like Gecko) Chrome/150.0.7871.128 Mobile Safari/537.36 (compatible; Googlebot/2.1; +http://www.google.com/bot.html)"
74.7.227.185 - - [28/Jul/2026:00:26:04 +1200] "GET /?fileloc=//proc/self/root/proc/thread-self/root/etc/crypto-policies/back-ends/opensshserver.config&path=//proc/self/root/proc/thread-self/root/etc/crypto-policies/back-ends HTTP/1.1" 200 2948 "https://importersclearance.co.nz/?path=//proc/self/root/proc/thread-self/root/etc/crypto-policies/back-ends" "Mozilla/5.0 AppleWebKit/537.36 (KHTML, like Gecko; compatible; GPTBot/1.4; +https://openai.com/gptbot)"
216.73.216.67 - - [28/Jul/2026:00:26:05 +1200] "GET /stimulea/a9x2t0r8e4e625506?fileloc=%2Fhome%2Fimportersclearan%2Fpublic_html%2Fwp-admin%2Ffreedoms.php&path=%2Fhome%2Fimportersclearan%2Fpublic_html%2Fwp-admin HTTP/1.1" 200 4247 "-" "Mozilla/5.0 AppleWebKit/537.36 (KHTML, like Gecko; compatible; ClaudeBot/1.0; +claudebot@anthropic.com)"
216.73.216.67 - - [28/Jul/2026:00:26:05 +1200] "GET /shops/hardpan/g7r1u0c8c8h2e77782?fileloc=%2Fhome%2Fimportersclearan%2Fpublic_html%2Fwp-admin%2Fms-options.php&path=%2Fhome%2Fimportersclearan%2Fpublic_html%2Fwp-admin HTTP/1.1" 200 2669 "-" "Mozilla/5.0 AppleWebKit/537.36 (KHTML, like Gecko; compatible; ClaudeBot/1.0; +claudebot@anthropic.com)"
216.73.216.67 - - [28/Jul/2026:00:26:05 +1200] "GET /shops/constitutionality/c9i2n3e8m5a753129?fileloc=%2F%2Flib64%2Flibm.so.6&path=%2F%2Flib64 HTTP/1.1" 200 2476 "-" "Mozilla/5.0 AppleWebKit/537.36 (KHTML, like Gecko; compatible; ClaudeBot/1.0; +claudebot@anthropic.com)"
74.7.227.185 - - [28/Jul/2026:00:26:05 +1200] "GET /?fileloc=//proc/self/root/proc/thread-self/root/etc/crypto-policies/back-ends/libreswan.config&path=//proc/self/root/proc/thread-self/root/etc/crypto-policies/back-ends HTTP/1.1" 200 2722 "https://importersclearance.co.nz/?path=//proc/self/root/proc/thread-self/root/etc/crypto-policies/back-ends" "Mozilla/5.0 AppleWebKit/537.36 (KHTML, like Gecko; compatible; GPTBot/1.4; +https://openai.com/gptbot)"
216.73.216.67 - - [28/Jul/2026:00:26:06 +1200] "GET /stimulea/a9x2t0r8e4e625506?fileloc=%2Fhome%2Fimportersclearan%2Fwww%2Fwp-includes%2Fcapabilities.php&path=%2Fhome%2Fimportersclearan%2Fwww%2Fwp-includes HTTP/1.1" 200 10070 "-" "Mozilla/5.0 AppleWebKit/537.36 (KHTML, like Gecko; compatible; ClaudeBot/1.0; +claudebot@anthropic.com)"
66.249.70.33 - - [28/Jul/2026:00:26:05 +1200] "GET /?h=s3u3b6j1e2c3t4i7v1i8t6y HTTP/1.1" 200 77534 "-" "Mozilla/5.0 (Linux; Android 6.0.1; Nexus 5X Build/MMB29P) AppleWebKit/537.36 (KHTML, like Gecko) Chrome/150.0.7871.128 Mobile Safari/537.36 (compatible; Googlebot/2.1; +http://www.google.com/bot.html)"
66.249.70.38 - - [28/Jul/2026:00:26:05 +1200] "GET /?h=d4y1p5h0y9l7l9e2i8a8 HTTP/1.1" 200 78664 "-" "Mozilla/5.0 (Linux; Android 6.0.1; Nexus 5X Build/MMB29P) AppleWebKit/537.36 (KHTML, like Gecko) Chrome/150.0.7871.128 Mobile Safari/537.36 (compatible; Googlebot/2.1; +http://www.google.com/bot.html)"
216.73.216.67 - - [28/Jul/2026:00:26:06 +1200] "GET /shops/antependium/t9o1g9a6e9972830?fileloc=%2Fhome%2Fimportersclearan%2Fpublic_html%2Fwp-includes%2Fdefault-widgets.php&path=%2Fhome%2Fimportersclearan%2Fpublic_html%2Fwp-includes HTTP/1.1" 200 2956 "-" "Mozilla/5.0 AppleWebKit/537.36 (KHTML, like Gecko; compatible; ClaudeBot/1.0; +claudebot@anthropic.com)"
66.249.70.39 - - [28/Jul/2026:00:26:05 +1200] "GET /?h=t3o3m2f7o3o2l11961 HTTP/1.1" 200 76423 "-" "Mozilla/5.0 (Linux; Android 6.0.1; Nexus 5X Build/MMB29P) AppleWebKit/537.36 (KHTML, like Gecko) Chrome/150.0.7871.128 Mobile Safari/537.36 (compatible; Googlebot/2.1; +http://www.google.com/bot.html)"
216.73.216.67 - - [28/Jul/2026:00:26:06 +1200] "GET /shops/unchristened/p9o1c2k5i4e9s2t3811?fileloc=%2Fhome%2Fimportersclearan%2Fpublic_html%2Fwp-admin%2Fcustomize.php&path=%2Fhome%2Fimportersclearan%2Fpublic_html%2Fwp-admin HTTP/1.1" 200 6253 "-" "Mozilla/5.0 AppleWebKit/537.36 (KHTML, like Gecko; compatible; ClaudeBot/1.0; +claudebot@anthropic.com)"
216.73.216.67 - - [28/Jul/2026:00:26:06 +1200] "GET /strowed/dechristianize/t9a1n9i8e6r158018?fileloc=%2F%2Fbin%2Fdd&path=%2F%2Fbin HTTP/1.1" 200 2470 "-" "Mozilla/5.0 AppleWebKit/537.36 (KHTML, like Gecko; compatible; ClaudeBot/1.0; +claudebot@anthropic.com)"
74.7.227.185 - - [28/Jul/2026:00:26:07 +1200] "GET /?fileloc=//proc/self/root/proc/thread-self/root/etc/crypto-policies/back-ends/openssl_fips.config&path=//proc/self/root/proc/thread-self/root/etc/crypto-policies/back-ends HTTP/1.1" 200 2599 "https://importersclearance.co.nz/?path=//proc/self/root/proc/thread-self/root/etc/crypto-policies/back-ends" "Mozilla/5.0 AppleWebKit/537.36 (KHTML, like Gecko; compatible; GPTBot/1.4; +https://openai.com/gptbot)"
216.73.216.67 - - [28/Jul/2026:00:26:07 +1200] "GET /shops/squinted/d9i3a6p3e3d5e4s7i4s4?path=%2Fhome%2Fimportersclearan%2Fpublic_html%2F.tmb HTTP/1.1" 200 2566 "-" "Mozilla/5.0 AppleWebKit/537.36 (KHTML, like Gecko; compatible; ClaudeBot/1.0; +claudebot@anthropic.com)"
216.73.216.67 - - [28/Jul/2026:00:26:07 +1200] "GET /strowed/dechristianize/t9a1n9i8e6r158018?fileloc=%2Fhome%2Fimportersclearan%2Fpublic_html%2Fwp-includes%2Fclass.wp-styles.php&path=%2Fhome%2Fimportersclearan%2Fpublic_html%2Fwp-includes HTTP/1.1" 200 2703 "-" "Mozilla/5.0 AppleWebKit/537.36 (KHTML, like Gecko; compatible; ClaudeBot/1.0; +claudebot@anthropic.com)"
66.249.70.32 - - [28/Jul/2026:00:26:06 +1200] "GET /review/goods/I2855674917 HTTP/1.1" 200 78302 "-" "Mozilla/5.0 (Linux; Android 6.0.1; Nexus 5X Build/MMB29P) AppleWebKit/537.36 (KHTML, like Gecko) Chrome/150.0.7871.128 Mobile Safari/537.36 (compatible; GoogleOther)"
216.73.216.67 - - [28/Jul/2026:00:26:08 +1200] "GET /shops/chubby/i9l4l0e6g1i8b5l8e8n5e3ss?path=%2Fhome%2Fimportersclearan%2Fpublic_html%2Fwp-admin HTTP/1.1" 200 6764 "-" "Mozilla/5.0 AppleWebKit/537.36 (KHTML, like Gecko; compatible; ClaudeBot/1.0; +claudebot@anthropic.com)"
66.249.70.34 - - [28/Jul/2026:00:26:06 +1200] "GET /?h=p1h1y8t8o4z3o8a3r5i3a8 HTTP/1.1" 200 77971 "-" "Mozilla/5.0 (Linux; Android 6.0.1; Nexus 5X Build/MMB29P) AppleWebKit/537.36 (KHTML, like Gecko) Chrome/150.0.7871.128 Mobile Safari/537.36 (compatible; Googlebot/2.1; +http://www.google.com/bot.html)"
216.73.216.67 - - [28/Jul/2026:00:26:08 +1200] "GET /shops/absorbed/m9i3s9k2i8n4d4l7e032?fileloc=%2Fhome%2Fimportersclearan%2Fpublic_html%2Fwp-admin%2Fterm.php&path=%2Fhome%2Fimportersclearan%2Fpublic_html%2Fwp-admin HTTP/1.1" 200 3462 "-" "Mozilla/5.0 AppleWebKit/537.36 (KHTML, like Gecko; compatible; ClaudeBot/1.0; +claudebot@anthropic.com)"
