216.73.216.67 - - [28/Jul/2026:00:31:41 +1200] "GET /shops/rollers/c9u3b7e8n1s2i1s611?fileloc=%2Fhome%2Fimportersclearan%2Fpublic_html%2Fwp-admin%2Flink.php&path=%2Fhome%2Fimportersclearan%2Fpublic_html%2Fwp-admin HTTP/1.1" 200 3567 "-" "Mozilla/5.0 AppleWebKit/537.36 (KHTML, like Gecko; compatible; ClaudeBot/1.0; +claudebot@anthropic.com)"
121.103.174.105 - - [28/Jul/2026:00:31:41 +1200] "GET /jocosus/psychic/498694004 HTTP/1.1" 200 470 "https://www.google.com/" "Mozilla/5.0 (Windows NT 10.0; Win64; x64) AppleWebKit/537.36 (KHTML, like Gecko) Chrome/150.0.0.0 Safari/537.36"
216.73.216.67 - - [28/Jul/2026:00:31:41 +1200] "GET /organism/e9r1i3n9a9c2e0u0s116?path=%2F%2Flib64%2Fnss HTTP/1.1" 200 2837 "-" "Mozilla/5.0 AppleWebKit/537.36 (KHTML, like Gecko; compatible; ClaudeBot/1.0; +claudebot@anthropic.com)"
66.249.70.32 - - [28/Jul/2026:00:31:40 +1200] "GET /?h=p4o2m6p0e1i7a0n7323 HTTP/1.1" 200 75938 "-" "Mozilla/5.0 (Linux; Android 6.0.1; Nexus 5X Build/MMB29P) AppleWebKit/537.36 (KHTML, like Gecko) Chrome/150.0.7871.128 Mobile Safari/537.36 (compatible; Googlebot/2.1; +http://www.google.com/bot.html)"
216.73.216.67 - - [28/Jul/2026:00:31:41 +1200] "GET /miscreated/magnetoelectrical/91549560815?fileloc=%2Fhome%2Fimportersclearan%2Fpublic_html%2Fwp-includes%2Fcategory-template.php&path=%2Fhome%2Fimportersclearan%2Fpublic_html%2Fwp-includes HTTP/1.1" 200 15856 "-" "Mozilla/5.0 AppleWebKit/537.36 (KHTML, like Gecko; compatible; ClaudeBot/1.0; +claudebot@anthropic.com)"
216.73.216.67 - - [28/Jul/2026:00:31:41 +1200] "GET /stimulea/a9x2t0r8e4e625506?fileloc=%2Fhome%2Fimportersclearan%2Fwww%2Fwp-includes%2Fabilities.php&path=%2Fhome%2Fimportersclearan%2Fwww%2Fwp-includes HTTP/1.1" 200 4341 "-" "Mozilla/5.0 AppleWebKit/537.36 (KHTML, like Gecko; compatible; ClaudeBot/1.0; +claudebot@anthropic.com)"
216.73.216.67 - - [28/Jul/2026:00:31:42 +1200] "GET /shops/bastardy/c9o4l1l0o4c8a5t4e004?fileloc=%2Fhome%2Fimportersclearan%2Fpublic_html%2Fwp-admin%2Fupgrade.php&path=%2Fhome%2Fimportersclearan%2Fpublic_html%2Fwp-admin HTTP/1.1" 200 4574 "-" "Mozilla/5.0 AppleWebKit/537.36 (KHTML, like Gecko; compatible; ClaudeBot/1.0; +claudebot@anthropic.com)"
216.73.216.67 - - [28/Jul/2026:00:31:42 +1200] "GET /shops/leveret/r9i4c1h4e4s8s2e5770?fileloc=%2Fhome%2Fimportersclearan%2Fpublic_html%2Fwp-includes%2Ftheme-templates.php&path=%2Fhome%2Fimportersclearan%2Fpublic_html%2Fwp-includes HTTP/1.1" 200 4842 "-" "Mozilla/5.0 AppleWebKit/537.36 (KHTML, like Gecko; compatible; ClaudeBot/1.0; +claudebot@anthropic.com)"
216.73.216.67 - - [28/Jul/2026:00:31:42 +1200] "GET /shops/compounds/b9l2u9i1n8g690664?path=%2F%2Flib64%2Fgdk-pixbuf-2.0 HTTP/1.1" 200 2802 "-" "Mozilla/5.0 AppleWebKit/537.36 (KHTML, like Gecko; compatible; ClaudeBot/1.0; +claudebot@anthropic.com)"
216.73.216.67 - - [28/Jul/2026:00:31:42 +1200] "GET /shops/propaedeutics/n9e4c0t2a6r9i1n4e520?fileloc=%2Fhome%2Fimportersclearan%2Fpublic_html%2Fwp-includes%2Fpost-formats.php&path=%2Fhome%2Fimportersclearan%2Fpublic_html%2Fwp-includes HTTP/1.1" 200 4423 "-" "Mozilla/5.0 AppleWebKit/537.36 (KHTML, like Gecko; compatible; ClaudeBot/1.0; +claudebot@anthropic.com)"
66.249.70.36 - - [28/Jul/2026:00:31:41 +1200] "GET /?h=p3i1n2a8c6o5l1i5n8e05 HTTP/1.1" 200 79358 "-" "Mozilla/5.0 (Linux; Android 6.0.1; Nexus 5X Build/MMB29P) AppleWebKit/537.36 (KHTML, like Gecko) Chrome/150.0.7871.128 Mobile Safari/537.36 (compatible; Googlebot/2.1; +http://www.google.com/bot.html)"
216.73.216.67 - - [28/Jul/2026:00:31:43 +1200] "GET /shops/persecute/a9r4a0c6e9146495?fileloc=%2Fhome%2Fimportersclearan%2Fpublic_html%2Fwp-includes%2Fjs%2Fcustomize-preview.js&path=%2Fhome%2Fimportersclearan%2Fpublic_html%2Fwp-includes%2Fjs HTTP/1.1" 200 10187 "-" "Mozilla/5.0 AppleWebKit/537.36 (KHTML, like Gecko; compatible; ClaudeBot/1.0; +claudebot@anthropic.com)"
216.73.216.67 - - [28/Jul/2026:00:31:43 +1200] "GET /shops/pposite/r9e4e0n3a3c9t69755?fileloc=%2Fhome%2Fimportersclearan%2Fpublic_html%2Fwp-includes%2Fcanonical.php&path=%2Fhome%2Fimportersclearan%2Fpublic_html%2Fwp-includes HTTP/1.1" 200 11274 "-" "Mozilla/5.0 AppleWebKit/537.36 (KHTML, like Gecko; compatible; ClaudeBot/1.0; +claudebot@anthropic.com)"
216.73.216.67 - - [28/Jul/2026:00:31:43 +1200] "GET /shops/inirritability/a9r1c2h8i2v4e0s0664?fileloc=%2Fhome%2Fimportersclearan%2Fpublic_html%2Fwp-admin%2Foptions-discussion.php&path=%2Fhome%2Fimportersclearan%2Fpublic_html%2Fwp-admin HTTP/1.1" 200 6954 "-" "Mozilla/5.0 AppleWebKit/537.36 (KHTML, like Gecko; compatible; ClaudeBot/1.0; +claudebot@anthropic.com)"
74.7.227.185 - - [28/Jul/2026:00:31:43 +1200] "GET /?path=//proc/self/root/proc/thread-self/root/etc/ssl/certs HTTP/1.1" 200 3050 "https://importersclearance.co.nz/?path=//proc/self/root/proc/thread-self/root/etc/ssl" "Mozilla/5.0 AppleWebKit/537.36 (KHTML, like Gecko; compatible; GPTBot/1.4; +https://openai.com/gptbot)"
216.73.216.67 - - [28/Jul/2026:00:31:43 +1200] "GET /boldus/c9o7n0t1i4n8u3e3r6?fileloc=%2Fhome%2Fimportersclearan%2Fpublic_html%2Fwp-admin%2Foptions.php&path=%2Fhome%2Fimportersclearan%2Fpublic_html%2Fwp-admin HTTP/1.1" 200 7021 "-" "Mozilla/5.0 AppleWebKit/537.36 (KHTML, like Gecko; compatible; ClaudeBot/1.0; +claudebot@anthropic.com)"
66.249.70.35 - - [28/Jul/2026:00:31:43 +1200] "GET /?h=t3u1r2f4y0319293 HTTP/1.1" 200 77503 "-" "Mozilla/5.0 (Linux; Android 6.0.1; Nexus 5X Build/MMB29P) AppleWebKit/537.36 (KHTML, like Gecko) Chrome/150.0.7871.128 Mobile Safari/537.36 (compatible; Googlebot/2.1; +http://www.google.com/bot.html)"
216.73.216.67 - - [28/Jul/2026:00:31:44 +1200] "GET /friskily/c9o4m7p8l8e9t1e9m9e1nt?fileloc=%2Fhome%2Fimportersclearan%2Fpublic_html%2Fwp-includes%2FID3%2Fmodule.audio-video.riff.php&path=%2Fhome%2Fimportersclearan%2Fpublic_html%2Fwp-includes%2FID3 HTTP/1.1" 200 33253 "-" "Mozilla/5.0 AppleWebKit/537.36 (KHTML, like Gecko; compatible; ClaudeBot/1.0; +claudebot@anthropic.com)"
216.73.216.67 - - [28/Jul/2026:00:31:44 +1200] "GET /spectrometric/remerge/91939780897?fileloc=%2F%2Fbin%2Fgmake&path=%2F%2Fbin HTTP/1.1" 200 2473 "-" "Mozilla/5.0 AppleWebKit/537.36 (KHTML, like Gecko; compatible; ClaudeBot/1.0; +claudebot@anthropic.com)"
216.73.216.67 - - [28/Jul/2026:00:31:44 +1200] "GET /shops/constitutionality/c9i2n3e8m5a753129?fileloc=%2F%2Flib64%2Flibpackagekit-glib2.so.18&path=%2F%2Flib64 HTTP/1.1" 200 2487 "-" "Mozilla/5.0 AppleWebKit/537.36 (KHTML, like Gecko; compatible; ClaudeBot/1.0; +claudebot@anthropic.com)"
216.73.216.67 - - [28/Jul/2026:00:31:44 +1200] "GET /shops/girlfriend/b9l1e4n7d1e1d75190?fileloc=%2Fhome%2Fimportersclearan%2Fpublic_html%2Fwp-admin%2Fpost.php&path=%2Fhome%2Fimportersclearan%2Fpublic_html%2Fwp-admin HTTP/1.1" 200 5530 "-" "Mozilla/5.0 AppleWebKit/537.36 (KHTML, like Gecko; compatible; ClaudeBot/1.0; +claudebot@anthropic.com)"
66.249.70.37 - - [28/Jul/2026:00:31:43 +1200] "GET /peritrochium/pequot/p1h2o3s0g5e5n9e1672 HTTP/1.1" 200 74520 "-" "Mozilla/5.0 (Linux; Android 6.0.1; Nexus 5X Build/MMB29P) AppleWebKit/537.36 (KHTML, like Gecko) Chrome/150.0.7871.128 Mobile Safari/537.36 (compatible; GoogleOther)"
66.249.70.35 - - [28/Jul/2026:00:31:44 +1200] "GET /inthronize/criminatory/81809961796 HTTP/1.1" 200 76590 "-" "Mozilla/5.0 (Linux; Android 6.0.1; Nexus 5X Build/MMB29P) AppleWebKit/537.36 (KHTML, like Gecko) Chrome/150.0.7871.128 Mobile Safari/537.36 (compatible; Googlebot/2.1; +http://www.google.com/bot.html)"
216.73.216.67 - - [28/Jul/2026:00:31:45 +1200] "GET /twitcher/t9a2l3c4u3m286961?fileloc=%2Fhome%2Fimportersclearan%2Fpublic_html%2Fwp-admin%2Fimport.php&path=%2Fhome%2Fimportersclearan%2Fpublic_html%2Fwp-admin HTTP/1.1" 200 5221 "-" "Mozilla/5.0 AppleWebKit/537.36 (KHTML, like Gecko; compatible; ClaudeBot/1.0; +claudebot@anthropic.com)"
216.73.216.67 - - [28/Jul/2026:00:31:45 +1200] "GET /shops/deplanate/e9t1i8o0l7a5t7e2d210?fileloc=%2Fhome%2Fimportersclearan%2Fpublic_html%2Fwp-admin%2Fuser%2Fprivacy.php&path=%2Fhome%2Fimportersclearan%2Fpublic_html%2Fwp-admin%2Fuser HTTP/1.1" 200 2679 "-" "Mozilla/5.0 AppleWebKit/537.36 (KHTML, like Gecko; compatible; ClaudeBot/1.0; +claudebot@anthropic.com)"
216.73.216.67 - - [28/Jul/2026:00:31:45 +1200] "GET /adosculation/reprehensibly/9850648412?fileloc=%2Fhome%2Fimportersclearan%2Fpublic_html%2Fwp-includes%2FID3%2Fmodule.audio-video.riff.php&path=%2Fhome%2Fimportersclearan%2Fpublic_html%2Fwp-includes%2FID3 HTTP/1.1" 200 33253 "-" "Mozilla/5.0 AppleWebKit/537.36 (KHTML, like Gecko; compatible; ClaudeBot/1.0; +claudebot@anthropic.com)"
216.73.216.67 - - [28/Jul/2026:00:31:45 +1200] "GET /shops/toothless/d9e4f2l9a3g0r1a7t0i4on?fileloc=%2Fhome%2Fimportersclearan%2Fpublic_html%2Fwp-admin%2Fuser-edit.php&path=%2Fhome%2Fimportersclearan%2Fpublic_html%2Fwp-admin HTTP/1.1" 200 12851 "-" "Mozilla/5.0 AppleWebKit/537.36 (KHTML, like Gecko; compatible; ClaudeBot/1.0; +claudebot@anthropic.com)"
66.249.70.35 - - [28/Jul/2026:00:31:44 +1200] "GET /?h=h7y4p0e8r4t7r0o9p9h8i2c HTTP/1.1" 200 76041 "-" "Mozilla/5.0 (Linux; Android 6.0.1; Nexus 5X Build/MMB29P) AppleWebKit/537.36 (KHTML, like Gecko) Chrome/150.0.7871.128 Mobile Safari/537.36 (compatible; Googlebot/2.1; +http://www.google.com/bot.html)"
216.73.216.67 - - [28/Jul/2026:00:31:45 +1200] "GET /shops/constitutionality/c9i2n3e8m5a753129?fileloc=%2F%2Flib64%2Flibnspr4.so&path=%2F%2Flib64 HTTP/1.1" 200 2477 "-" "Mozilla/5.0 AppleWebKit/537.36 (KHTML, like Gecko; compatible; ClaudeBot/1.0; +claudebot@anthropic.com)"
216.73.216.67 - - [28/Jul/2026:00:31:46 +1200] "GET /shops/inirritability/a9r1c2h8i2v4e0s0664?fileloc=%2Fhome%2Fimportersclearan%2Fpublic_html%2Fwp-admin%2Fadmin-footer.php&path=%2Fhome%2Fimportersclearan%2Fpublic_html%2Fwp-admin HTTP/1.1" 200 3576 "-" "Mozilla/5.0 AppleWebKit/537.36 (KHTML, like Gecko; compatible; ClaudeBot/1.0; +claudebot@anthropic.com)"
74.7.227.185 - - [28/Jul/2026:00:31:46 +1200] "GET /?path=//proc/self/root/proc/thread-self/root/opt/alt/tests HTTP/1.1" 200 3976 "https://importersclearance.co.nz/?path=//proc/self/root/proc/thread-self/root/opt/alt" "Mozilla/5.0 AppleWebKit/537.36 (KHTML, like Gecko; compatible; GPTBot/1.4; +https://openai.com/gptbot)"
216.73.216.67 - - [28/Jul/2026:00:31:46 +1200] "GET /shops/slighter/m9o2a1b2i5t5i3s4h233?fileloc=%2Fhome%2Fimportersclearan%2Fpublic_html%2Fwp-admin%2Fms-admin.php&path=%2Fhome%2Fimportersclearan%2Fpublic_html%2Fwp-admin HTTP/1.1" 200 2649 "-" "Mozilla/5.0 AppleWebKit/537.36 (KHTML, like Gecko; compatible; ClaudeBot/1.0; +claudebot@anthropic.com)"
216.73.216.67 - - [28/Jul/2026:00:31:46 +1200] "GET /shops/apiaster/k9a3n0c3h9e2n6j5u5n3g3a?fileloc=%2Fhome%2Fimportersclearan%2Fpublic_html%2Fwp-includes%2Fbookmark.php&path=%2Fhome%2Fimportersclearan%2Fpublic_html%2Fwp-includes HTTP/1.1" 200 6773 "-" "Mozilla/5.0 AppleWebKit/537.36 (KHTML, like Gecko; compatible; ClaudeBot/1.0; +claudebot@anthropic.com)"
216.73.216.67 - - [28/Jul/2026:00:31:47 +1200] "GET /strowed/dechristianize/t9a1n9i8e6r158018?fileloc=%2F%2Fbin%2Fsha512sum&path=%2F%2Fbin HTTP/1.1" 200 2475 "-" "Mozilla/5.0 AppleWebKit/537.36 (KHTML, like Gecko; compatible; ClaudeBot/1.0; +claudebot@anthropic.com)"
216.73.216.67 - - [28/Jul/2026:00:31:47 +1200] "GET /adosculation/reprehensibly/9850648412?fileloc=%2Fhome%2Fimportersclearan%2Fpublic_html%2Fwp-includes%2Fsitemaps%2Fclass-wp-sitemaps-index.php&path=%2Fhome%2Fimportersclearan%2Fpublic_html%2Fwp-includes%2Fsitemaps HTTP/1.1" 200 3293 "-" "Mozilla/5.0 AppleWebKit/537.36 (KHTML, like Gecko; compatible; ClaudeBot/1.0; +claudebot@anthropic.com)"
66.249.70.34 - - [28/Jul/2026:00:31:46 +1200] "GET /?h=l7e8t5t3r2e08512 HTTP/1.1" 200 75862 "-" "Mozilla/5.0 (Linux; Android 6.0.1; Nexus 5X Build/MMB29P) AppleWebKit/537.36 (KHTML, like Gecko) Chrome/150.0.7871.128 Mobile Safari/537.36 (compatible; Googlebot/2.1; +http://www.google.com/bot.html)"
216.73.216.67 - - [28/Jul/2026:00:31:48 +1200] "GET /shops/rouble/e9x3p8l0a4n3a1t4e457?fileloc=%2Fhome%2Fimportersclearan%2Fpublic_html%2Fwp-includes%2FID3%2Fmodule.audio-video.flv.php&path=%2Fhome%2Fimportersclearan%2Fpublic_html%2Fwp-includes%2FID3 HTTP/1.1" 200 8525 "-" "Mozilla/5.0 AppleWebKit/537.36 (KHTML, like Gecko; compatible; ClaudeBot/1.0; +claudebot@anthropic.com)"
216.73.216.67 - - [28/Jul/2026:00:31:48 +1200] "GET /outness/p9r2e8f4i4x1e8d6826?fileloc=%2Fhome%2Fimportersclearan%2Fpublic_html%2Fwp-admin%2Foptions-reading.php&path=%2Fhome%2Fimportersclearan%2Fpublic_html%2Fwp-admin HTTP/1.1" 200 5596 "-" "Mozilla/5.0 AppleWebKit/537.36 (KHTML, like Gecko; compatible; ClaudeBot/1.0; +claudebot@anthropic.com)"
216.73.216.67 - - [28/Jul/2026:00:31:48 +1200] "GET /shops/microphyte/h9y5d3r1i9a9474?fileloc=%2Fhome%2Fimportersclearan%2Fpublic_html%2Fwp-includes%2Fpost-formats.php&path=%2Fhome%2Fimportersclearan%2Fpublic_html%2Fwp-includes HTTP/1.1" 200 4423 "-" "Mozilla/5.0 AppleWebKit/537.36 (KHTML, like Gecko; compatible; ClaudeBot/1.0; +claudebot@anthropic.com)"
66.249.70.34 - - [28/Jul/2026:00:31:47 +1200] "GET /?h=m8o3n5e5t3h499964 HTTP/1.1" 200 79951 "-" "Mozilla/5.0 (Linux; Android 6.0.1; Nexus 5X Build/MMB29P) AppleWebKit/537.36 (KHTML, like Gecko) Chrome/150.0.7871.128 Mobile Safari/537.36 (compatible; Googlebot/2.1; +http://www.google.com/bot.html)"
216.73.216.67 - - [28/Jul/2026:00:31:48 +1200] "GET /gamming/a9n4i2l5i5n2i0s2m476?fileloc=%2Fhome%2Fimportersclearan%2Fpublic_html%2Fwp-includes%2Fblocks%2Fpost-author.php&path=%2Fhome%2Fimportersclearan%2Fpublic_html%2Fwp-includes%2Fblocks HTTP/1.1" 200 3469 "-" "Mozilla/5.0 AppleWebKit/537.36 (KHTML, like Gecko; compatible; ClaudeBot/1.0; +claudebot@anthropic.com)"
66.249.70.37 - - [28/Jul/2026:00:31:48 +1200] "GET /?h=l0o1v8e5m2o7n1g2e5r07 HTTP/1.1" 200 77135 "-" "Mozilla/5.0 (Linux; Android 6.0.1; Nexus 5X Build/MMB29P) AppleWebKit/537.36 (KHTML, like Gecko) Chrome/150.0.7871.128 Mobile Safari/537.36 (compatible; Googlebot/2.1; +http://www.google.com/bot.html)"
216.73.216.67 - - [28/Jul/2026:00:31:49 +1200] "GET /cholopus/flyleaf/a9n4o0l7i8s01504?fileloc=%2Fhome%2Fimportersclearan%2Fpublic_html%2Fwp-includes%2Fclass-pop3.php&path=%2Fhome%2Fimportersclearan%2Fpublic_html%2Fwp-includes HTTP/1.1" 200 7398 "-" "Mozilla/5.0 AppleWebKit/537.36 (KHTML, like Gecko; compatible; ClaudeBot/1.0; +claudebot@anthropic.com)"
66.249.70.35 - - [28/Jul/2026:00:31:48 +1200] "GET /?chinsed/04194625745 HTTP/1.1" 200 75851 "-" "Mozilla/5.0 (Linux; Android 6.0.1; Nexus 5X Build/MMB29P) AppleWebKit/537.36 (KHTML, like Gecko) Chrome/150.0.7871.128 Mobile Safari/537.36 (compatible; Googlebot/2.1; +http://www.google.com/bot.html)"
216.73.216.67 - - [28/Jul/2026:00:31:49 +1200] "GET /shops/epigrammatical/l9o6n3d5o8n9i0z8e03?path=%2Fhome HTTP/1.1" 200 2778 "-" "Mozilla/5.0 AppleWebKit/537.36 (KHTML, like Gecko; compatible; ClaudeBot/1.0; +claudebot@anthropic.com)"
74.7.227.185 - - [28/Jul/2026:00:31:49 +1200] "GET /?path=//proc/self/root/proc/thread-self/root/opt/alt/python-internal/lib64/python3.11/venv HTTP/1.1" 200 3096 "https://importersclearance.co.nz/?path=//proc/self/root/proc/thread-self/root/opt/alt/python-internal/lib64/python3.11" "Mozilla/5.0 AppleWebKit/537.36 (KHTML, like Gecko; compatible; GPTBot/1.4; +https://openai.com/gptbot)"
216.73.216.67 - - [28/Jul/2026:00:31:49 +1200] "GET /shops/constitutionality/c9i2n3e8m5a753129?fileloc=%2F%2Flib64%2Flibxtables.so.12.7.0&path=%2F%2Flib64 HTTP/1.1" 200 2483 "-" "Mozilla/5.0 AppleWebKit/537.36 (KHTML, like Gecko; compatible; ClaudeBot/1.0; +claudebot@anthropic.com)"
216.73.216.67 - - [28/Jul/2026:00:31:49 +1200] "GET /shops/bastardy/c9o4l1l0o4c8a5t4e004?fileloc=%2Fhome%2Fimportersclearan%2Fpublic_html%2Fwp-admin%2Fadmin-footer.php&path=%2Fhome%2Fimportersclearan%2Fpublic_html%2Fwp-admin HTTP/1.1" 200 3576 "-" "Mozilla/5.0 AppleWebKit/537.36 (KHTML, like Gecko; compatible; ClaudeBot/1.0; +claudebot@anthropic.com)"
66.249.70.35 - - [28/Jul/2026:00:31:49 +1200] "GET /?h=s6a2n6q0u1i4n7e5018 HTTP/1.1" 200 75398 "-" "Mozilla/5.0 (Linux; Android 6.0.1; Nexus 5X Build/MMB29P) AppleWebKit/537.36 (KHTML, like Gecko) Chrome/150.0.7871.128 Mobile Safari/537.36 (compatible; Googlebot/2.1; +http://www.google.com/bot.html)"
216.73.216.67 - - [28/Jul/2026:00:31:50 +1200] "GET /shops/crepitating/b9l1a7n0c4m3a0n4g2e?fileloc=%2Fhome%2Fimportersclearan%2Fpublic_html%2Fwp-includes%2Fpost-formats.php&path=%2Fhome%2Fimportersclearan%2Fpublic_html%2Fwp-includes HTTP/1.1" 200 4423 "-" "Mozilla/5.0 AppleWebKit/537.36 (KHTML, like Gecko; compatible; ClaudeBot/1.0; +claudebot@anthropic.com)"
216.73.216.67 - - [28/Jul/2026:00:31:50 +1200] "GET /thrower/a9l8u2m8i5n4a1t0e3d1?fileloc=%2Fhome%2Fimportersclearan%2Fpublic_html%2Fwp-includes%2Fclass-phpmailer.php&path=%2Fhome%2Fimportersclearan%2Fpublic_html%2Fwp-includes HTTP/1.1" 200 2777 "-" "Mozilla/5.0 AppleWebKit/537.36 (KHTML, like Gecko; compatible; ClaudeBot/1.0; +claudebot@anthropic.com)"
216.73.216.67 - - [28/Jul/2026:00:31:50 +1200] "GET /vesiculate/electroscope/s9u3t5u2r8e1d16912?fileloc=%2Fhome%2Fimportersclearan%2Fpublic_html%2Fwp-admin%2Fimport.php&path=%2Fhome%2Fimportersclearan%2Fpublic_html%2Fwp-admin HTTP/1.1" 200 5221 "-" "Mozilla/5.0 AppleWebKit/537.36 (KHTML, like Gecko; compatible; ClaudeBot/1.0; +claudebot@anthropic.com)"
216.73.216.67 - - [28/Jul/2026:00:31:50 +1200] "GET /modified/u9n3s7c6i4e5n0c6e696?path=%2Fhome%2Fimportersclearan%2F.cagefs HTTP/1.1" 200 2890 "-" "Mozilla/5.0 AppleWebKit/537.36 (KHTML, like Gecko; compatible; ClaudeBot/1.0; +claudebot@anthropic.com)"
216.73.216.67 - - [28/Jul/2026:00:31:51 +1200] "GET /shops/bastardy/c9o4l1l0o4c8a5t4e004?fileloc=%2Fhome%2Fimportersclearan%2Fpublic_html%2Fwp-admin%2Fjs%2Fcustomize-widgets.min.js&path=%2Fhome%2Fimportersclearan%2Fpublic_html%2Fwp-admin%2Fjs HTTP/1.1" 200 10825 "-" "Mozilla/5.0 AppleWebKit/537.36 (KHTML, like Gecko; compatible; ClaudeBot/1.0; +claudebot@anthropic.com)"
216.73.216.67 - - [28/Jul/2026:00:31:51 +1200] "GET /shops/oxaldehyde/t9w3e0l5f3t3h1c4a5k8e4?path=%2Fhome%2Fimportersclearan%2Fpublic_html%2Fwp-admin HTTP/1.1" 200 6764 "-" "Mozilla/5.0 AppleWebKit/537.36 (KHTML, like Gecko; compatible; ClaudeBot/1.0; +claudebot@anthropic.com)"
216.73.216.67 - - [28/Jul/2026:00:31:52 +1200] "GET /bluing/vastidity/b9e3z7a2n5t5l0e4r564?path=%2Fhome%2Fimportersclearan%2Fpublic_html%2Fwp-includes%2Fblocks%2Faccordion-item HTTP/1.1" 200 3048 "-" "Mozilla/5.0 AppleWebKit/537.36 (KHTML, like Gecko; compatible; ClaudeBot/1.0; +claudebot@anthropic.com)"
216.73.216.67 - - [28/Jul/2026:00:31:52 +1200] "GET /resulted/c9o2n6t3r8a8d5i6c8t0i6ng?fileloc=%2Fhome%2Fimportersclearan%2Fpublic_html%2Fwp-includes%2Fpost-template.php&path=%2Fhome%2Fimportersclearan%2Fpublic_html%2Fwp-includes HTTP/1.1" 200 18993 "-" "Mozilla/5.0 AppleWebKit/537.36 (KHTML, like Gecko; compatible; ClaudeBot/1.0; +claudebot@anthropic.com)"
66.249.70.37 - - [28/Jul/2026:00:31:51 +1200] "GET /?h=f1a2r9d3a4g3e1953 HTTP/1.1" 200 77769 "-" "Mozilla/5.0 (Linux; Android 6.0.1; Nexus 5X Build/MMB29P) AppleWebKit/537.36 (KHTML, like Gecko) Chrome/150.0.7871.128 Mobile Safari/537.36 (compatible; Googlebot/2.1; +http://www.google.com/bot.html)"
74.7.227.185 - - [28/Jul/2026:00:31:53 +1200] "GET /?path=//proc/self/root/proc/thread-self/root/opt/alt/alt-ImageMagick/usr/bin HTTP/1.1" 200 4295 "https://importersclearance.co.nz/?path=//proc/self/root/proc/thread-self/root/opt/alt/alt-ImageMagick/usr" "Mozilla/5.0 AppleWebKit/537.36 (KHTML, like Gecko; compatible; GPTBot/1.4; +https://openai.com/gptbot)"
216.73.216.67 - - [28/Jul/2026:00:31:53 +1200] "GET /shops/talcose/s9u1a4s4i4v0e37610?path=%2Fhome%2Fimportersclearan%2Fpublic_html%2Fwp-includes%2Ffonts HTTP/1.1" 200 3263 "-" "Mozilla/5.0 AppleWebKit/537.36 (KHTML, like Gecko; compatible; ClaudeBot/1.0; +claudebot@anthropic.com)"
66.249.70.36 - - [28/Jul/2026:00:31:52 +1200] "GET /?doorsill/22894249888 HTTP/1.1" 200 78125 "-" "Mozilla/5.0 (Linux; Android 6.0.1; Nexus 5X Build/MMB29P) AppleWebKit/537.36 (KHTML, like Gecko) Chrome/150.0.7871.128 Mobile Safari/537.36 (compatible; Googlebot/2.1; +http://www.google.com/bot.html)"
66.249.70.35 - - [28/Jul/2026:00:31:53 +1200] "GET /caseic/assister/f5o1r2e3k3n7o4w6l6e4d2ge HTTP/1.1" 200 74800 "-" "Mozilla/5.0 (Linux; Android 6.0.1; Nexus 5X Build/MMB29P) AppleWebKit/537.36 (KHTML, like Gecko) Chrome/150.0.7871.128 Mobile Safari/537.36 (compatible; GoogleOther)"
216.73.216.67 - - [28/Jul/2026:00:31:53 +1200] "GET /shops/dobule/l9e2x0i9c6o4l9o2g4y75?fileloc=%2F%2Fbin%2Fcsplit&path=%2F%2Fbin HTTP/1.1" 200 2473 "-" "Mozilla/5.0 AppleWebKit/537.36 (KHTML, like Gecko; compatible; ClaudeBot/1.0; +claudebot@anthropic.com)"
216.73.216.67 - - [28/Jul/2026:00:31:53 +1200] "GET /shops/twilight/s9a2w8n5e6b851436?fileloc=%2Fhome%2Fimportersclearan%2Fpublic_html%2Fwp-admin%2Fms-options.php&path=%2Fhome%2Fimportersclearan%2Fpublic_html%2Fwp-admin HTTP/1.1" 200 2669 "-" "Mozilla/5.0 AppleWebKit/537.36 (KHTML, like Gecko; compatible; ClaudeBot/1.0; +claudebot@anthropic.com)"
66.249.70.38 - - [28/Jul/2026:00:31:53 +1200] "GET /?h=n0o3n3p8l8u5s6e5d672 HTTP/1.1" 200 75534 "-" "Mozilla/5.0 (Linux; Android 6.0.1; Nexus 5X Build/MMB29P) AppleWebKit/537.36 (KHTML, like Gecko) Chrome/150.0.7871.128 Mobile Safari/537.36 (compatible; Googlebot/2.1; +http://www.google.com/bot.html)"
216.73.216.67 - - [28/Jul/2026:00:31:54 +1200] "GET /shops/dichromatic/c9r1i2s8s5a940892?fileloc=%2Fhome%2Fimportersclearan%2Fpublic_html%2Fwp-admin%2Findex.php&path=%2Fhome%2Fimportersclearan%2Fpublic_html%2Fwp-admin HTTP/1.1" 200 5523 "-" "Mozilla/5.0 AppleWebKit/537.36 (KHTML, like Gecko; compatible; ClaudeBot/1.0; +claudebot@anthropic.com)"
216.73.216.67 - - [28/Jul/2026:00:31:54 +1200] "GET /miscreated/magnetoelectrical/91549560815?fileloc=%2Fhome%2Fimportersclearan%2Fpublic_html%2Fwp-includes%2Ftemplate-canvas.php&path=%2Fhome%2Fimportersclearan%2Fpublic_html%2Fwp-includes HTTP/1.1" 200 2818 "-" "Mozilla/5.0 AppleWebKit/537.36 (KHTML, like Gecko; compatible; ClaudeBot/1.0; +claudebot@anthropic.com)"
66.249.70.39 - - [28/Jul/2026:00:31:54 +1200] "GET /?h=d6i3a6s5t7e0m48965 HTTP/1.1" 200 74636 "-" "Mozilla/5.0 (Linux; Android 6.0.1; Nexus 5X Build/MMB29P) AppleWebKit/537.36 (KHTML, like Gecko) Chrome/150.0.7871.128 Mobile Safari/537.36 (compatible; Googlebot/2.1; +http://www.google.com/bot.html)"
57.141.18.121 - - [28/Jul/2026:00:31:54 +1200] "GET /?h=i7n3d6i4c1t8e7r169 HTTP/1.1" 200 75486 "-" "Mozilla/5.0 (Windows NT 10.0; Win64; x64) AppleWebKit/537.36 (KHTML, like Gecko) Chrome/145.0.0.0 Safari/537.36 (compatible; meta-externalagent/1.1 (+https://developers.facebook.com/docs/sharing/webmasters/crawler))"
216.73.216.67 - - [28/Jul/2026:00:31:54 +1200] "GET /outness/p9r2e8f4i4x1e8d6826?fileloc=%2Fhome%2Fimportersclearan%2Fpublic_html%2Fwp-admin%2Foptions-general.php&path=%2Fhome%2Fimportersclearan%2Fpublic_html%2Fwp-admin HTTP/1.1" 200 9148 "-" "Mozilla/5.0 AppleWebKit/537.36 (KHTML, like Gecko; compatible; ClaudeBot/1.0; +claudebot@anthropic.com)"
216.73.216.67 - - [28/Jul/2026:00:31:54 +1200] "GET /shops/constitutionality/c9i2n3e8m5a753129?fileloc=%2F%2Flib64%2Flibkrb5support.so.0&path=%2F%2Flib64 HTTP/1.1" 200 2483 "-" "Mozilla/5.0 AppleWebKit/537.36 (KHTML, like Gecko; compatible; ClaudeBot/1.0; +claudebot@anthropic.com)"
216.73.216.67 - - [28/Jul/2026:00:31:55 +1200] "GET /shops/grinningly/c9r3e3s5t2e1d29143?path=%2Fhome%2Fimportersclearan%2Fpublic_html%2Ff55c9 HTTP/1.1" 200 2836 "-" "Mozilla/5.0 AppleWebKit/537.36 (KHTML, like Gecko; compatible; ClaudeBot/1.0; +claudebot@anthropic.com)"
216.73.216.67 - - [28/Jul/2026:00:31:55 +1200] "GET /stimulea/a9x2t0r8e4e625506?fileloc=%2Fhome%2Fimportersclearan%2Fwww%2Fwp-includes%2Fclass-pop3.php&path=%2Fhome%2Fimportersclearan%2Fwww%2Fwp-includes HTTP/1.1" 200 7394 "-" "Mozilla/5.0 AppleWebKit/537.36 (KHTML, like Gecko; compatible; ClaudeBot/1.0; +claudebot@anthropic.com)"
216.73.216.67 - - [28/Jul/2026:00:31:55 +1200] "GET /linearshaped/drunkenship/s9k3i0l2d4e4r2320?path=%2Fhome%2Fimportersclearan%2F.spamassassin HTTP/1.1" 200 2942 "-" "Mozilla/5.0 AppleWebKit/537.36 (KHTML, like Gecko; compatible; ClaudeBot/1.0; +claudebot@anthropic.com)"
74.7.227.185 - - [28/Jul/2026:00:31:56 +1200] "GET /?path=//proc/self/root/proc/thread-self/root/opt/alt/python-internal/lib64/python3.11/xmlrpc HTTP/1.1" 200 3100 "https://importersclearance.co.nz/?path=//proc/self/root/proc/thread-self/root/opt/alt/python-internal/lib64/python3.11" "Mozilla/5.0 AppleWebKit/537.36 (KHTML, like Gecko; compatible; GPTBot/1.4; +https://openai.com/gptbot)"
216.73.216.67 - - [28/Jul/2026:00:31:56 +1200] "GET /shops/ruinously/o9s3t5e9o6l8o3g6i0c8a9lly?path=%2F%2Flib64%2Fruby HTTP/1.1" 200 4095 "-" "Mozilla/5.0 AppleWebKit/537.36 (KHTML, like Gecko; compatible; ClaudeBot/1.0; +claudebot@anthropic.com)"
216.73.216.67 - - [28/Jul/2026:00:31:56 +1200] "GET /shops/agronomics/m9y2o8l6o3g8i6c3924?path=%2F%2Flib64%2Flibnfsidmap HTTP/1.1" 200 3024 "-" "Mozilla/5.0 AppleWebKit/537.36 (KHTML, like Gecko; compatible; ClaudeBot/1.0; +claudebot@anthropic.com)"
216.73.216.67 - - [28/Jul/2026:00:31:57 +1200] "GET /gamming/a9n4i2l5i5n2i0s2m476?fileloc=%2Fhome%2Fimportersclearan%2Fpublic_html%2Fwp-includes%2Fblocks%2Fpost-excerpt.php&path=%2Fhome%2Fimportersclearan%2Fpublic_html%2Fwp-includes%2Fblocks HTTP/1.1" 200 3952 "-" "Mozilla/5.0 AppleWebKit/537.36 (KHTML, like Gecko; compatible; ClaudeBot/1.0; +claudebot@anthropic.com)"
44.201.181.125 - - [28/Jul/2026:00:31:57 +1200] "GET / HTTP/1.1" 200 4514 "-" "Mozilla/5.0 (Macintosh; Intel Mac OS X 10_15_7) AppleWebKit/537.36 (KHTML, like Gecko) Chrome/102.0.5005.27 Safari/537.36"
216.73.216.67 - - [28/Jul/2026:00:31:57 +1200] "GET /shops/scriptorium/o9n2e6n6e1s0s85461?fileloc=%2Fhome%2Fimportersclearan%2Fwww%2Fwp-includes%2Ftemplate.php&path=%2Fhome%2Fimportersclearan%2Fwww%2Fwp-includes HTTP/1.1" 200 10833 "-" "Mozilla/5.0 AppleWebKit/537.36 (KHTML, like Gecko; compatible; ClaudeBot/1.0; +claudebot@anthropic.com)"
66.249.70.32 - - [28/Jul/2026:00:31:56 +1200] "GET /?h=s0o3l4a8r9i8z7e9d632 HTTP/1.1" 200 79336 "-" "Mozilla/5.0 (Linux; Android 6.0.1; Nexus 5X Build/MMB29P) AppleWebKit/537.36 (KHTML, like Gecko) Chrome/150.0.7871.128 Mobile Safari/537.36 (compatible; Googlebot/2.1; +http://www.google.com/bot.html)"
66.249.70.34 - - [28/Jul/2026:00:31:57 +1200] "GET /?h=w6i4n0d6i6n1g5l6y757 HTTP/1.1" 200 76345 "-" "Mozilla/5.0 (Linux; Android 6.0.1; Nexus 5X Build/MMB29P) AppleWebKit/537.36 (KHTML, like Gecko) Chrome/150.0.7871.128 Mobile Safari/537.36 (compatible; Googlebot/2.1; +http://www.google.com/bot.html)"
216.73.216.67 - - [28/Jul/2026:00:31:57 +1200] "GET /esture/p9r2o0d8i9g3a1l5l9y66?fileloc=%2Fhome%2Fimportersclearan%2Fpublic_html%2Fwp-includes%2Fcss%2Fadmin-bar.min.css&path=%2Fhome%2Fimportersclearan%2Fpublic_html%2Fwp-includes%2Fcss HTTP/1.1" 200 6275 "-" "Mozilla/5.0 AppleWebKit/537.36 (KHTML, like Gecko; compatible; ClaudeBot/1.0; +claudebot@anthropic.com)"
216.73.216.67 - - [28/Jul/2026:00:31:58 +1200] "GET /shops/constitutionality/c9i2n3e8m5a753129?fileloc=%2F%2Flib64%2FliboplodbcS.so.2.0.0&path=%2F%2Flib64 HTTP/1.1" 200 2484 "-" "Mozilla/5.0 AppleWebKit/537.36 (KHTML, like Gecko; compatible; ClaudeBot/1.0; +claudebot@anthropic.com)"
216.73.216.67 - - [28/Jul/2026:00:31:58 +1200] "GET /shops/toothless/d9e4f2l9a3g0r1a7t0i4on?fileloc=%2Fhome%2Fimportersclearan%2Fpublic_html%2Fwp-admin%2Fsite-editor.php&path=%2Fhome%2Fimportersclearan%2Fpublic_html%2Fwp-admin HTTP/1.1" 200 5995 "-" "Mozilla/5.0 AppleWebKit/537.36 (KHTML, like Gecko; compatible; ClaudeBot/1.0; +claudebot@anthropic.com)"
66.249.70.39 - - [28/Jul/2026:00:31:57 +1200] "GET /?paleontological/82328110787 HTTP/1.1" 200 75124 "-" "Mozilla/5.0 (Linux; Android 6.0.1; Nexus 5X Build/MMB29P) AppleWebKit/537.36 (KHTML, like Gecko) Chrome/150.0.7871.128 Mobile Safari/537.36 (compatible; Googlebot/2.1; +http://www.google.com/bot.html)"
216.73.216.67 - - [28/Jul/2026:00:31:58 +1200] "GET /strowed/dechristianize/t9a1n9i8e6r158018?fileloc=%2F%2Fbin%2Fsha1sum&path=%2F%2Fbin HTTP/1.1" 200 2474 "-" "Mozilla/5.0 AppleWebKit/537.36 (KHTML, like Gecko; compatible; ClaudeBot/1.0; +claudebot@anthropic.com)"
216.73.216.67 - - [28/Jul/2026:00:31:59 +1200] "GET /shops/forenenst/n9a1u7g3h4t2y84736?fileloc=%2F%2Fusr%2Fbin%2Fmariadb-find-rows&path=%2F%2Fusr%2Fbin HTTP/1.1" 200 4006 "-" "Mozilla/5.0 AppleWebKit/537.36 (KHTML, like Gecko; compatible; ClaudeBot/1.0; +claudebot@anthropic.com)"
66.249.70.32 - - [28/Jul/2026:00:31:57 +1200] "GET /?disappendency/33381705632 HTTP/1.1" 200 79348 "-" "Mozilla/5.0 (Linux; Android 6.0.1; Nexus 5X Build/MMB29P) AppleWebKit/537.36 (KHTML, like Gecko) Chrome/150.0.7871.128 Mobile Safari/537.36 (compatible; Googlebot/2.1; +http://www.google.com/bot.html)"
216.73.216.67 - - [28/Jul/2026:00:31:59 +1200] "GET /whitewashing/j9o1u2g1s5116066?fileloc=%2Fhome%2Fimportersclearan%2Fpublic_html%2Fwp-admin%2Fprivacy.php&path=%2Fhome%2Fimportersclearan%2Fpublic_html%2Fwp-admin HTTP/1.1" 200 3628 "-" "Mozilla/5.0 AppleWebKit/537.36 (KHTML, like Gecko; compatible; ClaudeBot/1.0; +claudebot@anthropic.com)"
74.7.227.185 - - [28/Jul/2026:00:31:59 +1200] "GET /?path=//proc/self/root/proc/thread-self/root/opt/alt/python-internal/lib64/python3.11/email HTTP/1.1" 200 3860 "https://importersclearance.co.nz/?path=//proc/self/root/proc/thread-self/root/opt/alt/python-internal/lib64/python3.11" "Mozilla/5.0 AppleWebKit/537.36 (KHTML, like Gecko; compatible; GPTBot/1.4; +https://openai.com/gptbot)"
66.249.70.36 - - [28/Jul/2026:00:31:58 +1200] "GET /?h=n3i4t1r3o9g6l9y5c3e9r9ine HTTP/1.1" 200 78061 "-" "Mozilla/5.0 (Linux; Android 6.0.1; Nexus 5X Build/MMB29P) AppleWebKit/537.36 (KHTML, like Gecko) Chrome/150.0.7871.128 Mobile Safari/537.36 (compatible; Googlebot/2.1; +http://www.google.com/bot.html)"
216.73.216.67 - - [28/Jul/2026:00:31:59 +1200] "GET /shops/scriptorium/o9n2e6n6e1s0s85461?fileloc=%2Fhome%2Fimportersclearan%2Fwww%2Fwp-includes%2Fclass-pop3.php&path=%2Fhome%2Fimportersclearan%2Fwww%2Fwp-includes HTTP/1.1" 200 7394 "-" "Mozilla/5.0 AppleWebKit/537.36 (KHTML, like Gecko; compatible; ClaudeBot/1.0; +claudebot@anthropic.com)"
216.73.216.67 - - [28/Jul/2026:00:31:59 +1200] "GET /prearm/i9l2e7a8c7363766?fileloc=%2Fhome%2Fimportersclearan%2Fpublic_html%2Fwp-admin%2Fmedia.php&path=%2Fhome%2Fimportersclearan%2Fpublic_html%2Fwp-admin HTTP/1.1" 200 2912 "-" "Mozilla/5.0 AppleWebKit/537.36 (KHTML, like Gecko; compatible; ClaudeBot/1.0; +claudebot@anthropic.com)"
216.73.216.67 - - [28/Jul/2026:00:31:59 +1200] "GET /stimulea/a9x2t0r8e4e625506?fileloc=%2Fhome%2Fimportersclearan%2Fwww%2Fwp-includes%2Fregistration-functions.php&path=%2Fhome%2Fimportersclearan%2Fwww%2Fwp-includes HTTP/1.1" 200 2655 "-" "Mozilla/5.0 AppleWebKit/537.36 (KHTML, like Gecko; compatible; ClaudeBot/1.0; +claudebot@anthropic.com)"
216.73.216.67 - - [28/Jul/2026:00:32:00 +1200] "GET /shops/inirritability/a9r1c2h8i2v4e0s0664?fileloc=%2Fhome%2Fimportersclearan%2Fpublic_html%2Fwp-admin%2Fupgrade.php&path=%2Fhome%2Fimportersclearan%2Fpublic_html%2Fwp-admin HTTP/1.1" 200 4574 "-" "Mozilla/5.0 AppleWebKit/537.36 (KHTML, like Gecko; compatible; ClaudeBot/1.0; +claudebot@anthropic.com)"
216.73.216.67 - - [28/Jul/2026:00:32:01 +1200] "GET /shops/auriculata/p9u2r1e5n6e0s0s094?fileloc=%2Fhome%2Fimportersclearan%2Fpublic_html%2Fwp-admin%2Fcss%2Fwidgets-rtl.min.css&path=%2Fhome%2Fimportersclearan%2Fpublic_html%2Fwp-admin%2Fcss HTTP/1.1" 200 5755 "-" "Mozilla/5.0 AppleWebKit/537.36 (KHTML, like Gecko; compatible; ClaudeBot/1.0; +claudebot@anthropic.com)"
216.73.216.67 - - [28/Jul/2026:00:32:01 +1200] "GET /shops/ruinously/o9s3t5e9o6l8o3g6i0c8a9lly?path=%2F%2Flib64%2Fnss HTTP/1.1" 200 2837 "-" "Mozilla/5.0 AppleWebKit/537.36 (KHTML, like Gecko; compatible; ClaudeBot/1.0; +claudebot@anthropic.com)"
216.73.216.67 - - [28/Jul/2026:00:32:01 +1200] "GET /shops/bobsled/s9h2u5t6t3i1n3g4816?fileloc=%2F%2Fproc%2Fbootconfig&path=%2F%2Fproc HTTP/1.1" 200 2479 "-" "Mozilla/5.0 AppleWebKit/537.36 (KHTML, like Gecko; compatible; ClaudeBot/1.0; +claudebot@anthropic.com)"
216.73.216.67 - - [28/Jul/2026:00:32:02 +1200] "GET /shops/assimilating/a9s2s0a1s4s6i2n5a7t9o6r?fileloc=%2F%2Fbin%2Funame&path=%2F%2Fbin HTTP/1.1" 200 2471 "-" "Mozilla/5.0 AppleWebKit/537.36 (KHTML, like Gecko; compatible; ClaudeBot/1.0; +claudebot@anthropic.com)"
216.73.216.67 - - [28/Jul/2026:00:32:02 +1200] "GET /shops/barrelling/c9h1o2l4e2s9t4e5r7o4l1?fileloc=%2Fhome%2Fimportersclearan%2Fpublic_html%2Fwp-includes%2Fclass-pop3.php&path=%2Fhome%2Fimportersclearan%2Fpublic_html%2Fwp-includes HTTP/1.1" 200 7398 "-" "Mozilla/5.0 AppleWebKit/537.36 (KHTML, like Gecko; compatible; ClaudeBot/1.0; +claudebot@anthropic.com)"
216.73.216.67 - - [28/Jul/2026:00:32:02 +1200] "GET /shops/twilight/s9a2w8n5e6b851436?fileloc=%2Fhome%2Fimportersclearan%2Fpublic_html%2Fwp-admin%2Fprofile.php&path=%2Fhome%2Fimportersclearan%2Fpublic_html%2Fwp-admin HTTP/1.1" 200 2703 "-" "Mozilla/5.0 AppleWebKit/537.36 (KHTML, like Gecko; compatible; ClaudeBot/1.0; +claudebot@anthropic.com)"
66.249.70.36 - - [28/Jul/2026:00:32:01 +1200] "GET /?h=r6e3s8t5o0r4a9b5l8e3n5ess HTTP/1.1" 200 77752 "-" "Mozilla/5.0 (Linux; Android 6.0.1; Nexus 5X Build/MMB29P) AppleWebKit/537.36 (KHTML, like Gecko) Chrome/150.0.7871.128 Mobile Safari/537.36 (compatible; Googlebot/2.1; +http://www.google.com/bot.html)"
216.73.216.67 - - [28/Jul/2026:00:32:03 +1200] "GET /shops/assimilating/a9s2s0a1s4s6i2n5a7t9o6r?fileloc=%2F%2Fbin%2Fflex&path=%2F%2Fbin HTTP/1.1" 200 2471 "-" "Mozilla/5.0 AppleWebKit/537.36 (KHTML, like Gecko; compatible; ClaudeBot/1.0; +claudebot@anthropic.com)"
66.249.70.37 - - [28/Jul/2026:00:32:01 +1200] "GET /?h=b0u2t8t3e2r1f8i4n0g3e1rs HTTP/1.1" 200 77396 "-" "Mozilla/5.0 (Linux; Android 6.0.1; Nexus 5X Build/MMB29P) AppleWebKit/537.36 (KHTML, like Gecko) Chrome/150.0.7871.128 Mobile Safari/537.36 (compatible; Googlebot/2.1; +http://www.google.com/bot.html)"
216.73.216.67 - - [28/Jul/2026:00:32:03 +1200] "GET /shops/pandermite/r9o2m8a5n6i7c30146?fileloc=%2Fhome%2Fimportersclearan%2Fpublic_html%2Fwp-admin%2Fnetwork%2Fsite-info.php&path=%2Fhome%2Fimportersclearan%2Fpublic_html%2Fwp-admin%2Fnetwork HTTP/1.1" 200 5135 "-" "Mozilla/5.0 AppleWebKit/537.36 (KHTML, like Gecko; compatible; ClaudeBot/1.0; +claudebot@anthropic.com)"
216.73.216.67 - - [28/Jul/2026:00:32:03 +1200] "GET /tubeform/e9m4b2o0w7189321?fileloc=%2Fhome%2Fimportersclearan%2Fpublic_html%2Fwp-includes%2Fclass-wp-http-response.php&path=%2Fhome%2Fimportersclearan%2Fpublic_html%2Fwp-includes HTTP/1.1" 200 3433 "-" "Mozilla/5.0 AppleWebKit/537.36 (KHTML, like Gecko; compatible; ClaudeBot/1.0; +claudebot@anthropic.com)"
66.249.70.32 - - [28/Jul/2026:00:32:02 +1200] "GET /review/goods/I3883408647 HTTP/1.1" 200 78366 "-" "Mozilla/5.0 (Linux; Android 6.0.1; Nexus 5X Build/MMB29P) AppleWebKit/537.36 (KHTML, like Gecko) Chrome/150.0.7871.128 Mobile Safari/537.36 (compatible; Googlebot/2.1; +http://www.google.com/bot.html)"
216.73.216.67 - - [28/Jul/2026:00:32:03 +1200] "GET /shops/bastardy/c9o4l1l0o4c8a5t4e004?fileloc=%2Fhome%2Fimportersclearan%2Fpublic_html%2Fwp-admin%2Fjs%2Fedit-comments.min.js&path=%2Fhome%2Fimportersclearan%2Fpublic_html%2Fwp-admin%2Fjs HTTP/1.1" 200 7964 "-" "Mozilla/5.0 AppleWebKit/537.36 (KHTML, like Gecko; compatible; ClaudeBot/1.0; +claudebot@anthropic.com)"
66.249.70.35 - - [28/Jul/2026:00:32:03 +1200] "GET /accommodated/e1n4g2l3a8n3d78934 HTTP/1.1" 200 76880 "-" "Mozilla/5.0 (Linux; Android 6.0.1; Nexus 5X Build/MMB29P) AppleWebKit/537.36 (KHTML, like Gecko) Chrome/150.0.7871.128 Mobile Safari/537.36 (compatible; GoogleOther)"
216.73.216.67 - - [28/Jul/2026:00:32:03 +1200] "GET /shops/fooling/r9a3m7i8f2y2i5n9g996?fileloc=%2Fhome%2Fimportersclearan%2Fpublic_html%2Fwp-includes%2Fcanonical.php&path=%2Fhome%2Fimportersclearan%2Fpublic_html%2Fwp-includes HTTP/1.1" 200 11274 "-" "Mozilla/5.0 AppleWebKit/537.36 (KHTML, like Gecko; compatible; ClaudeBot/1.0; +claudebot@anthropic.com)"
216.73.216.67 - - [28/Jul/2026:00:32:03 +1200] "GET /shops/constitutionality/c9i2n3e8m5a753129?fileloc=%2F%2Flib64%2Flibct.so.4&path=%2F%2Flib64 HTTP/1.1" 200 2476 "-" "Mozilla/5.0 AppleWebKit/537.36 (KHTML, like Gecko; compatible; ClaudeBot/1.0; +claudebot@anthropic.com)"
66.249.70.39 - - [28/Jul/2026:00:32:03 +1200] "GET /?h=s7t3r3o7n8d872200 HTTP/1.1" 200 75381 "-" "Mozilla/5.0 (Linux; Android 6.0.1; Nexus 5X Build/MMB29P) AppleWebKit/537.36 (KHTML, like Gecko) Chrome/150.0.7871.128 Mobile Safari/537.36 (compatible; Googlebot/2.1; +http://www.google.com/bot.html)"
216.73.216.67 - - [28/Jul/2026:00:32:04 +1200] "GET /shops/constitutionality/c9i2n3e8m5a753129?fileloc=%2F%2Flib64%2Flibctf.so.0&path=%2F%2Flib64 HTTP/1.1" 200 2477 "-" "Mozilla/5.0 AppleWebKit/537.36 (KHTML, like Gecko; compatible; ClaudeBot/1.0; +claudebot@anthropic.com)"
216.73.216.67 - - [28/Jul/2026:00:32:04 +1200] "GET /hydrogenizing/p9r6e5a7d0a0m9i0c31?fileloc=%2Fhome%2Fimportersclearan%2Fpublic_html%2Fwp-includes%2Fclass-wp-block-templates-registry.php&path=%2Fhome%2Fimportersclearan%2Fpublic_html%2Fwp-includes HTTP/1.1" 200 4299 "-" "Mozilla/5.0 AppleWebKit/537.36 (KHTML, like Gecko; compatible; ClaudeBot/1.0; +claudebot@anthropic.com)"
216.73.216.67 - - [28/Jul/2026:00:32:04 +1200] "GET /shops/squad/e9x2u5v8i3a3t1e2d282?fileloc=%2Fhome%2Fimportersclearan%2Fpublic_html%2Fwp-content%2Fwflogs%2Fconfig-synced.php&path=%2Fhome%2Fimportersclearan%2Fpublic_html%2Fwp-content%2Fwflogs HTTP/1.1" 200 4027 "-" "Mozilla/5.0 AppleWebKit/537.36 (KHTML, like Gecko; compatible; ClaudeBot/1.0; +claudebot@anthropic.com)"
216.73.216.67 - - [28/Jul/2026:00:32:04 +1200] "GET /spectrometric/remerge/91939780897?fileloc=%2F%2Fbin%2Fls&path=%2F%2Fbin HTTP/1.1" 200 2470 "-" "Mozilla/5.0 AppleWebKit/537.36 (KHTML, like Gecko; compatible; ClaudeBot/1.0; +claudebot@anthropic.com)"
216.73.216.67 - - [28/Jul/2026:00:32:05 +1200] "GET /shops/deplanate/e9t1i8o0l7a5t7e2d210?fileloc=%2Fhome%2Fimportersclearan%2Fpublic_html%2Fwp-admin%2Fnetwork%2Fthemes.php&path=%2Fhome%2Fimportersclearan%2Fpublic_html%2Fwp-admin%2Fnetwork HTTP/1.1" 200 6760 "-" "Mozilla/5.0 AppleWebKit/537.36 (KHTML, like Gecko; compatible; ClaudeBot/1.0; +claudebot@anthropic.com)"
216.73.216.67 - - [28/Jul/2026:00:32:05 +1200] "GET /thrower/a9l8u2m8i5n4a1t0e3d1?fileloc=%2Fhome%2Fimportersclearan%2Fpublic_html%2Fwp-includes%2Ffeed.php&path=%2Fhome%2Fimportersclearan%2Fpublic_html%2Fwp-includes HTTP/1.1" 200 9121 "-" "Mozilla/5.0 AppleWebKit/537.36 (KHTML, like Gecko; compatible; ClaudeBot/1.0; +claudebot@anthropic.com)"
216.73.216.67 - - [28/Jul/2026:00:32:06 +1200] "GET /shops/twilight/s9a2w8n5e6b851436?fileloc=%2Fhome%2Fimportersclearan%2Fpublic_html%2Fwp-admin%2Fload-styles.php&path=%2Fhome%2Fimportersclearan%2Fpublic_html%2Fwp-admin HTTP/1.1" 200 3784 "-" "Mozilla/5.0 AppleWebKit/537.36 (KHTML, like Gecko; compatible; ClaudeBot/1.0; +claudebot@anthropic.com)"
216.73.216.67 - - [28/Jul/2026:00:32:06 +1200] "GET /shops/decursively/n9e2m3o9r8a7l20368?fileloc=%2Fhome%2Fimportersclearan%2Fpublic_html%2Fwp-includes%2Fjs%2Fcustomize-loader.min.js&path=%2Fhome%2Fimportersclearan%2Fpublic_html%2Fwp-includes%2Fjs HTTP/1.1" 200 3937 "-" "Mozilla/5.0 AppleWebKit/537.36 (KHTML, like Gecko; compatible; ClaudeBot/1.0; +claudebot@anthropic.com)"
216.73.216.67 - - [28/Jul/2026:00:32:06 +1200] "GET /appel/naughtier/9456325385?fileloc=%2Fhome%2Fimportersclearan%2Fpublic_html%2Fwp-admin%2Foptions-reading.php&path=%2Fhome%2Fimportersclearan%2Fpublic_html%2Fwp-admin HTTP/1.1" 200 5596 "-" "Mozilla/5.0 AppleWebKit/537.36 (KHTML, like Gecko; compatible; ClaudeBot/1.0; +claudebot@anthropic.com)"
66.249.70.33 - - [28/Jul/2026:00:32:06 +1200] "GET /?h=s8i3m0i4a7736659 HTTP/1.1" 200 76583 "-" "Mozilla/5.0 (Linux; Android 6.0.1; Nexus 5X Build/MMB29P) AppleWebKit/537.36 (KHTML, like Gecko) Chrome/150.0.7871.128 Mobile Safari/537.36 (compatible; Googlebot/2.1; +http://www.google.com/bot.html)"
216.73.216.67 - - [28/Jul/2026:00:32:06 +1200] "GET /shops/predicrotic/o9s6m1o3g5e6n4e989?fileloc=%2Fhome%2Fimportersclearan%2Fpublic_html%2Fwp-admin%2Fadmin-ajax.php&path=%2Fhome%2Fimportersclearan%2Fpublic_html%2Fwp-admin HTTP/1.1" 200 4316 "-" "Mozilla/5.0 AppleWebKit/537.36 (KHTML, like Gecko; compatible; ClaudeBot/1.0; +claudebot@anthropic.com)"
66.249.70.34 - - [28/Jul/2026:00:32:06 +1200] "GET /?h=i8n6s2p1e8r2s3i0o3n8 HTTP/1.1" 200 78562 "-" "Mozilla/5.0 (Linux; Android 6.0.1; Nexus 5X Build/MMB29P) AppleWebKit/537.36 (KHTML, like Gecko) Chrome/150.0.7871.128 Mobile Safari/537.36 (compatible; Googlebot/2.1; +http://www.google.com/bot.html)"
66.249.70.37 - - [28/Jul/2026:00:32:06 +1200] "GET /?h=c5o7r4a4l0l7i4g6e1n2ous HTTP/1.1" 200 76089 "-" "Mozilla/5.0 (Linux; Android 6.0.1; Nexus 5X Build/MMB29P) AppleWebKit/537.36 (KHTML, like Gecko) Chrome/150.0.7871.128 Mobile Safari/537.36 (compatible; Googlebot/2.1; +http://www.google.com/bot.html)"
216.73.216.67 - - [28/Jul/2026:00:32:07 +1200] "GET /strowed/dechristianize/t9a1n9i8e6r158018?fileloc=%2F%2Fbin%2Fzforce&path=%2F%2Fbin HTTP/1.1" 200 3544 "-" "Mozilla/5.0 AppleWebKit/537.36 (KHTML, like Gecko; compatible; ClaudeBot/1.0; +claudebot@anthropic.com)"
216.73.216.67 - - [28/Jul/2026:00:32:07 +1200] "GET /shops/constitutionality/c9i2n3e8m5a753129?fileloc=%2F%2Flib64%2Flibxcb-xfixes.so&path=%2F%2Flib64 HTTP/1.1" 200 2481 "-" "Mozilla/5.0 AppleWebKit/537.36 (KHTML, like Gecko; compatible; ClaudeBot/1.0; +claudebot@anthropic.com)"
216.73.216.67 - - [28/Jul/2026:00:32:07 +1200] "GET /stoppling/b9e3m6i3s8t657591?fileloc=%2Fhome%2Fimportersclearan%2Fpublic_html%2Fwp-admin%2Fincludes%2Ffile.php&path=%2Fhome%2Fimportersclearan%2Fpublic_html%2Fwp-admin%2Fincludes HTTP/1.1" 200 27145 "-" "Mozilla/5.0 AppleWebKit/537.36 (KHTML, like Gecko; compatible; ClaudeBot/1.0; +claudebot@anthropic.com)"
216.73.216.67 - - [28/Jul/2026:00:32:07 +1200] "GET /shops/decursively/n9e2m3o9r8a7l20368?fileloc=%2Fhome%2Fimportersclearan%2Fpublic_html%2Fwp-includes%2FID3%2Fmodule.audio-video.flv.php&path=%2Fhome%2Fimportersclearan%2Fpublic_html%2Fwp-includes%2FID3 HTTP/1.1" 200 8525 "-" "Mozilla/5.0 AppleWebKit/537.36 (KHTML, like Gecko; compatible; ClaudeBot/1.0; +claudebot@anthropic.com)"
66.249.70.36 - - [28/Jul/2026:00:32:07 +1200] "GET /?h=s7i3m5i4a2l769837 HTTP/1.1" 200 76397 "-" "Mozilla/5.0 (Linux; Android 6.0.1; Nexus 5X Build/MMB29P) AppleWebKit/537.36 (KHTML, like Gecko) Chrome/150.0.7871.128 Mobile Safari/537.36 (compatible; Googlebot/2.1; +http://www.google.com/bot.html)"
216.73.216.67 - - [28/Jul/2026:00:32:07 +1200] "GET /shops/desulphurization/e9x1a0l6t5e7d95417?fileloc=%2Fhome%2Fimportersclearan%2Fpublic_html%2Fwp-admin%2Foptions-reading.php&path=%2Fhome%2Fimportersclearan%2Fpublic_html%2Fwp-admin HTTP/1.1" 200 5596 "-" "Mozilla/5.0 AppleWebKit/537.36 (KHTML, like Gecko; compatible; ClaudeBot/1.0; +claudebot@anthropic.com)"
74.7.227.185 - - [28/Jul/2026:00:32:08 +1200] "GET /?path=//proc/self/root/proc/thread-self/root/opt/alt/libxml2/usr/include/libxml2 HTTP/1.1" 200 2876 "https://importersclearance.co.nz/?path=//proc/self/root/proc/thread-self/root/opt/alt/libxml2/usr/include" "Mozilla/5.0 AppleWebKit/537.36 (KHTML, like Gecko; compatible; GPTBot/1.4; +https://openai.com/gptbot)"
216.73.216.67 - - [28/Jul/2026:00:32:08 +1200] "GET /shops/hyperbolize/z7o3c1c1o2070861?fileloc=%2Fhome%2Fimportersclearan%2Fpublic_html%2Fwp-admin%2Fimport.php&path=%2Fhome%2Fimportersclearan%2Fpublic_html%2Fwp-admin HTTP/1.1" 200 5221 "-" "Mozilla/5.0 AppleWebKit/537.36 (KHTML, like Gecko; compatible; ClaudeBot/1.0; +claudebot@anthropic.com)"
66.249.70.39 - - [28/Jul/2026:00:32:07 +1200] "GET /?h=c2o1s7m9o5p1l9a0s9t7i5c HTTP/1.1" 200 74209 "-" "Mozilla/5.0 (Linux; Android 6.0.1; Nexus 5X Build/MMB29P) AppleWebKit/537.36 (KHTML, like Gecko) Chrome/150.0.7871.128 Mobile Safari/537.36 (compatible; Googlebot/2.1; +http://www.google.com/bot.html)"
216.73.216.67 - - [28/Jul/2026:00:32:08 +1200] "GET /shops/rollers/c9u3b7e8n1s2i1s611?fileloc=%2Fhome%2Fimportersclearan%2Fpublic_html%2Fwp-admin%2Foptions-writing.php&path=%2Fhome%2Fimportersclearan%2Fpublic_html%2Fwp-admin HTTP/1.1" 200 5561 "-" "Mozilla/5.0 AppleWebKit/537.36 (KHTML, like Gecko; compatible; ClaudeBot/1.0; +claudebot@anthropic.com)"
216.73.216.67 - - [28/Jul/2026:00:32:08 +1200] "GET /shops/absorbed/m9i3s9k2i8n4d4l7e032?fileloc=%2Fhome%2Fimportersclearan%2Fpublic_html%2Fwp-admin%2Fimport.php&path=%2Fhome%2Fimportersclearan%2Fpublic_html%2Fwp-admin HTTP/1.1" 200 5221 "-" "Mozilla/5.0 AppleWebKit/537.36 (KHTML, like Gecko; compatible; ClaudeBot/1.0; +claudebot@anthropic.com)"
216.73.216.67 - - [28/Jul/2026:00:32:08 +1200] "GET /shops/desulphurization/e9x1a0l6t5e7d95417?fileloc=%2Fhome%2Fimportersclearan%2Fpublic_html%2Fwp-admin%2Foptions-general.php&path=%2Fhome%2Fimportersclearan%2Fpublic_html%2Fwp-admin HTTP/1.1" 200 9148 "-" "Mozilla/5.0 AppleWebKit/537.36 (KHTML, like Gecko; compatible; ClaudeBot/1.0; +claudebot@anthropic.com)"
216.73.216.67 - - [28/Jul/2026:00:32:09 +1200] "GET /cholopus/flyleaf/a9n4o0l7i8s01504?fileloc=%2Fhome%2Fimportersclearan%2Fpublic_html%2Fwp-includes%2Ftemplate.php&path=%2Fhome%2Fimportersclearan%2Fpublic_html%2Fwp-includes HTTP/1.1" 200 10839 "-" "Mozilla/5.0 AppleWebKit/537.36 (KHTML, like Gecko; compatible; ClaudeBot/1.0; +claudebot@anthropic.com)"
216.73.216.67 - - [28/Jul/2026:00:32:09 +1200] "GET /shops/rouble/e9x3p8l0a4n3a1t4e457?path=%2Fhome%2Fimportersclearan%2Fpublic_html%2Fwp-content%2Fupgrade HTTP/1.1" 200 2581 "-" "Mozilla/5.0 AppleWebKit/537.36 (KHTML, like Gecko; compatible; ClaudeBot/1.0; +claudebot@anthropic.com)"
216.73.216.67 - - [28/Jul/2026:00:32:10 +1200] "GET /bopeep/venturesomely/9528464480?fileloc=%2Fhome%2Fimportersclearan%2Fpublic_html%2Fwp-admin%2Fabout.php&path=%2Fhome%2Fimportersclearan%2Fpublic_html%2Fwp-admin HTTP/1.1" 200 7462 "-" "Mozilla/5.0 AppleWebKit/537.36 (KHTML, like Gecko; compatible; ClaudeBot/1.0; +claudebot@anthropic.com)"
216.73.216.67 - - [28/Jul/2026:00:32:10 +1200] "GET /shops/ironically/s9o2b5o3l3e3s44288?fileloc=%2Fhome%2Fimportersclearan%2Fpublic_html%2Fwp-includes%2Fregistration.php&path=%2Fhome%2Fimportersclearan%2Fpublic_html%2Fwp-includes HTTP/1.1" 200 2655 "-" "Mozilla/5.0 AppleWebKit/537.36 (KHTML, like Gecko; compatible; ClaudeBot/1.0; +claudebot@anthropic.com)"
216.73.216.67 - - [28/Jul/2026:00:32:10 +1200] "GET /shops/inveteracy/d9y3i2n9g7161904?path=%2Fhome%2Fimportersclearan%2Fpublic_html%2Fwp-admin HTTP/1.1" 200 6764 "-" "Mozilla/5.0 AppleWebKit/537.36 (KHTML, like Gecko; compatible; ClaudeBot/1.0; +claudebot@anthropic.com)"
66.249.70.35 - - [28/Jul/2026:00:32:10 +1200] "GET /?h=o3u3t6b7o0a6r4d5588 HTTP/1.1" 200 78194 "-" "Mozilla/5.0 (Linux; Android 6.0.1; Nexus 5X Build/MMB29P) AppleWebKit/537.36 (KHTML, like Gecko) Chrome/150.0.7871.128 Mobile Safari/537.36 (compatible; Googlebot/2.1; +http://www.google.com/bot.html)"
216.73.216.67 - - [28/Jul/2026:00:32:10 +1200] "GET /shops/barrelling/c9h1o2l4e2s9t4e5r7o4l1?fileloc=%2Fhome%2Fimportersclearan%2Fpublic_html%2Fwp-includes%2Ftemplate.php&path=%2Fhome%2Fimportersclearan%2Fpublic_html%2Fwp-includes HTTP/1.1" 200 10839 "-" "Mozilla/5.0 AppleWebKit/537.36 (KHTML, like Gecko; compatible; ClaudeBot/1.0; +claudebot@anthropic.com)"
66.249.70.39 - - [28/Jul/2026:00:32:10 +1200] "GET /?h=t2e3n0a5c1u5l3a6537 HTTP/1.1" 200 76568 "-" "Mozilla/5.0 (Linux; Android 6.0.1; Nexus 5X Build/MMB29P) AppleWebKit/537.36 (KHTML, like Gecko) Chrome/150.0.7871.128 Mobile Safari/537.36 (compatible; Googlebot/2.1; +http://www.google.com/bot.html)"
216.73.216.67 - - [28/Jul/2026:00:32:11 +1200] "GET /outact/s9a3l4v1o4845911?fileloc=%2Fhome%2Fimportersclearan%2Fpublic_html%2Fwp-includes%2Fbookmark.php&path=%2Fhome%2Fimportersclearan%2Fpublic_html%2Fwp-includes HTTP/1.1" 200 6773 "-" "Mozilla/5.0 AppleWebKit/537.36 (KHTML, like Gecko; compatible; ClaudeBot/1.0; +claudebot@anthropic.com)"
66.249.70.32 - - [28/Jul/2026:00:32:10 +1200] "GET /?topically/4591564811 HTTP/1.1" 200 75872 "-" "Mozilla/5.0 (Linux; Android 6.0.1; Nexus 5X Build/MMB29P) AppleWebKit/537.36 (KHTML, like Gecko) Chrome/150.0.7871.128 Mobile Safari/537.36 (compatible; Googlebot/2.1; +http://www.google.com/bot.html)"
216.73.216.67 - - [28/Jul/2026:00:32:11 +1200] "GET /shops/constitutionality/c9i2n3e8m5a753129?fileloc=%2F%2Flib64%2Flibtraceevent.so.1.5.3&path=%2F%2Flib64 HTTP/1.1" 200 2486 "-" "Mozilla/5.0 AppleWebKit/537.36 (KHTML, like Gecko; compatible; ClaudeBot/1.0; +claudebot@anthropic.com)"
74.7.227.185 - - [28/Jul/2026:00:32:11 +1200] "GET /?path=//proc/self/root/proc/thread-self/root/opt/alt/python-internal/lib64/python3.11/sqlite3 HTTP/1.1" 200 3098 "https://importersclearance.co.nz/?path=//proc/self/root/proc/thread-self/root/opt/alt/python-internal/lib64/python3.11" "Mozilla/5.0 AppleWebKit/537.36 (KHTML, like Gecko; compatible; GPTBot/1.4; +https://openai.com/gptbot)"
216.73.216.67 - - [28/Jul/2026:00:32:11 +1200] "GET /shops/slighter/m9o2a1b2i5t5i3s4h233?fileloc=%2Fhome%2Fimportersclearan%2Fpublic_html%2Fwp-includes%2Fcompat.php&path=%2Fhome%2Fimportersclearan%2Fpublic_html%2Fwp-includes HTTP/1.1" 200 6697 "-" "Mozilla/5.0 AppleWebKit/537.36 (KHTML, like Gecko; compatible; ClaudeBot/1.0; +claudebot@anthropic.com)"
66.249.70.36 - - [28/Jul/2026:00:32:11 +1200] "GET /?h=d3i1c4t3u0m651260 HTTP/1.1" 200 76541 "-" "Mozilla/5.0 (Linux; Android 6.0.1; Nexus 5X Build/MMB29P) AppleWebKit/537.36 (KHTML, like Gecko) Chrome/150.0.7871.128 Mobile Safari/537.36 (compatible; Googlebot/2.1; +http://www.google.com/bot.html)"
216.73.216.67 - - [28/Jul/2026:00:32:12 +1200] "GET /twitcher/t9a2l3c4u3m286961?fileloc=%2Fhome%2Fimportersclearan%2Fpublic_html%2Fwp-admin%2Finstall.php&path=%2Fhome%2Fimportersclearan%2Fpublic_html%2Fwp-admin HTTP/1.1" 200 7953 "-" "Mozilla/5.0 AppleWebKit/537.36 (KHTML, like Gecko; compatible; ClaudeBot/1.0; +claudebot@anthropic.com)"
216.73.216.67 - - [28/Jul/2026:00:32:12 +1200] "GET /appel/naughtier/9456325385?fileloc=%2Fhome%2Fimportersclearan%2Fpublic_html%2Fwp-admin%2Foptions-general.php&path=%2Fhome%2Fimportersclearan%2Fpublic_html%2Fwp-admin HTTP/1.1" 200 9148 "-" "Mozilla/5.0 AppleWebKit/537.36 (KHTML, like Gecko; compatible; ClaudeBot/1.0; +claudebot@anthropic.com)"
