74.7.227.185 - - [28/Jul/2026:00:13:41 +1200] "GET /?fileloc=//proc/self/root/proc/sys/sunrpc/tcp_fin_timeout&path=//proc/self/root/proc/sys/sunrpc HTTP/1.1" 200 2527 "https://importersclearance.co.nz/?path=//proc/self/root/proc/sys/sunrpc" "Mozilla/5.0 AppleWebKit/537.36 (KHTML, like Gecko; compatible; GPTBot/1.4; +https://openai.com/gptbot)"
74.7.227.185 - - [28/Jul/2026:00:13:42 +1200] "GET /?fileloc=//proc/self/root/proc/sys/kernel/io_uring_group&path=//proc/self/root/proc/sys/kernel HTTP/1.1" 200 2526 "https://importersclearance.co.nz/?path=//proc/self/root/proc/sys/kernel" "Mozilla/5.0 AppleWebKit/537.36 (KHTML, like Gecko; compatible; GPTBot/1.4; +https://openai.com/gptbot)"
66.249.70.36 - - [28/Jul/2026:00:13:41 +1200] "GET /?h=a2n7g6u5i0s8h4e1d55 HTTP/1.1" 200 74707 "-" "Mozilla/5.0 (Linux; Android 6.0.1; Nexus 5X Build/MMB29P) AppleWebKit/537.36 (KHTML, like Gecko) Chrome/150.0.7871.128 Mobile Safari/537.36 (compatible; Googlebot/2.1; +http://www.google.com/bot.html)"
66.249.70.38 - - [28/Jul/2026:00:13:41 +1200] "GET /?h=e5v3e5r5y2908793 HTTP/1.1" 200 75289 "-" "Mozilla/5.0 (Linux; Android 6.0.1; Nexus 5X Build/MMB29P) AppleWebKit/537.36 (KHTML, like Gecko) Chrome/150.0.7871.128 Mobile Safari/537.36 (compatible; Googlebot/2.1; +http://www.google.com/bot.html)"
66.249.70.39 - - [28/Jul/2026:00:13:41 +1200] "GET /?deathsman/2711512213 HTTP/1.1" 200 74695 "-" "Mozilla/5.0 (Linux; Android 6.0.1; Nexus 5X Build/MMB29P) AppleWebKit/537.36 (KHTML, like Gecko) Chrome/150.0.7871.128 Mobile Safari/537.36 (compatible; Googlebot/2.1; +http://www.google.com/bot.html)"
74.7.227.185 - - [28/Jul/2026:00:13:43 +1200] "GET /?fileloc=//proc/self/root/proc/sys/kernel/task_delayacct&path=//proc/self/root/proc/sys/kernel HTTP/1.1" 200 2526 "https://importersclearance.co.nz/?path=//proc/self/root/proc/sys/kernel" "Mozilla/5.0 AppleWebKit/537.36 (KHTML, like Gecko; compatible; GPTBot/1.4; +https://openai.com/gptbot)"
216.73.216.67 - - [28/Jul/2026:00:13:43 +1200] "GET /shops/cabeca/e9n4e0r2v4a2t0i8o2n02?fileloc=%2F%2Fbin%2Ftrue&path=%2F%2Fbin HTTP/1.1" 200 2471 "-" "Mozilla/5.0 AppleWebKit/537.36 (KHTML, like Gecko; compatible; ClaudeBot/1.0; +claudebot@anthropic.com)"
66.249.70.34 - - [28/Jul/2026:00:13:42 +1200] "GET /?h=d2i3s0p0e1n0s8e1d650 HTTP/1.1" 200 78009 "-" "Mozilla/5.0 (Linux; Android 6.0.1; Nexus 5X Build/MMB29P) AppleWebKit/537.36 (KHTML, like Gecko) Chrome/150.0.7871.128 Mobile Safari/537.36 (compatible; Googlebot/2.1; +http://www.google.com/bot.html)"
74.7.227.185 - - [28/Jul/2026:00:13:44 +1200] "GET /?fileloc=//proc/self/root/proc/sys/kernel/dmesg_restrict&path=//proc/self/root/proc/sys/kernel HTTP/1.1" 200 2525 "https://importersclearance.co.nz/?path=//proc/self/root/proc/sys/kernel" "Mozilla/5.0 AppleWebKit/537.36 (KHTML, like Gecko; compatible; GPTBot/1.4; +https://openai.com/gptbot)"
66.249.70.38 - - [28/Jul/2026:00:13:43 +1200] "GET /?h=d5e3c3i6s8t8e3r2e864 HTTP/1.1" 200 78649 "-" "Mozilla/5.0 (Linux; Android 6.0.1; Nexus 5X Build/MMB29P) AppleWebKit/537.36 (KHTML, like Gecko) Chrome/150.0.7871.128 Mobile Safari/537.36 (compatible; Googlebot/2.1; +http://www.google.com/bot.html)"
74.7.227.185 - - [28/Jul/2026:00:13:45 +1200] "GET /?fileloc=//proc/self/root/proc/sys/vm/watermark_boost_factor&path=//proc/self/root/proc/sys/vm HTTP/1.1" 200 2533 "https://importersclearance.co.nz/?path=//proc/self/root/proc/sys/vm" "Mozilla/5.0 AppleWebKit/537.36 (KHTML, like Gecko; compatible; GPTBot/1.4; +https://openai.com/gptbot)"
66.249.70.38 - - [28/Jul/2026:00:13:44 +1200] "GET /?h=m7u2r0r7e6y955876 HTTP/1.1" 200 78330 "-" "Mozilla/5.0 (Linux; Android 6.0.1; Nexus 5X Build/MMB29P) AppleWebKit/537.36 (KHTML, like Gecko) Chrome/150.0.7871.128 Mobile Safari/537.36 (compatible; Googlebot/2.1; +http://www.google.com/bot.html)"
74.7.227.185 - - [28/Jul/2026:00:13:46 +1200] "GET /?fileloc=//proc/self/root/proc/sys/vm/watermark_scale_factor&path=//proc/self/root/proc/sys/vm HTTP/1.1" 200 2530 "https://importersclearance.co.nz/?path=//proc/self/root/proc/sys/vm" "Mozilla/5.0 AppleWebKit/537.36 (KHTML, like Gecko; compatible; GPTBot/1.4; +https://openai.com/gptbot)"
66.249.70.35 - - [28/Jul/2026:00:13:45 +1200] "GET /?h=a5p2o5p3h8a0s6i8s496 HTTP/1.1" 200 79380 "-" "Mozilla/5.0 (Linux; Android 6.0.1; Nexus 5X Build/MMB29P) AppleWebKit/537.36 (KHTML, like Gecko) Chrome/150.0.7871.128 Mobile Safari/537.36 (compatible; Googlebot/2.1; +http://www.google.com/bot.html)"
66.249.70.37 - - [28/Jul/2026:00:13:45 +1200] "GET /review/goods/I968718877/ HTTP/1.1" 200 76526 "-" "Mozilla/5.0 (Linux; Android 6.0.1; Nexus 5X Build/MMB29P) AppleWebKit/537.36 (KHTML, like Gecko) Chrome/150.0.7871.128 Mobile Safari/537.36 (compatible; GoogleOther)"
74.7.227.185 - - [28/Jul/2026:00:13:46 +1200] "GET /?fileloc=//proc/self/root/proc/sys/kernel/ftrace_enabled&path=//proc/self/root/proc/sys/kernel HTTP/1.1" 200 2525 "https://importersclearance.co.nz/?path=//proc/self/root/proc/sys/kernel" "Mozilla/5.0 AppleWebKit/537.36 (KHTML, like Gecko; compatible; GPTBot/1.4; +https://openai.com/gptbot)"
66.249.70.33 - - [28/Jul/2026:00:13:46 +1200] "GET /?h=f2i2g8u7r5a8n7t5776 HTTP/1.1" 200 77394 "-" "Mozilla/5.0 (Linux; Android 6.0.1; Nexus 5X Build/MMB29P) AppleWebKit/537.36 (KHTML, like Gecko) Chrome/150.0.7871.128 Mobile Safari/537.36 (compatible; Googlebot/2.1; +http://www.google.com/bot.html)"
74.7.227.185 - - [28/Jul/2026:00:13:47 +1200] "GET /?fileloc=//proc/self/root/proc/sys/kernel/tracepoint_printk&path=//proc/self/root/proc/sys/kernel HTTP/1.1" 200 2527 "https://importersclearance.co.nz/?path=//proc/self/root/proc/sys/kernel" "Mozilla/5.0 AppleWebKit/537.36 (KHTML, like Gecko; compatible; GPTBot/1.4; +https://openai.com/gptbot)"
216.73.216.67 - - [28/Jul/2026:00:13:48 +1200] "GET /shops/moulded/j9a1u0n3d8i7c2e2952?path=%2F HTTP/1.1" 200 3254 "-" "Mozilla/5.0 AppleWebKit/537.36 (KHTML, like Gecko; compatible; ClaudeBot/1.0; +claudebot@anthropic.com)"
66.249.70.37 - - [28/Jul/2026:00:13:47 +1200] "GET /review/goods/I4162879354/ HTTP/1.1" 200 76530 "-" "Mozilla/5.0 (Linux; Android 6.0.1; Nexus 5X Build/MMB29P) AppleWebKit/537.36 (KHTML, like Gecko) Chrome/150.0.7871.128 Mobile Safari/537.36 (compatible; Googlebot/2.1; +http://www.google.com/bot.html)"
74.7.227.185 - - [28/Jul/2026:00:13:48 +1200] "GET /?fileloc=//proc/self/root/proc/sys/kernel/bootloader_type&path=//proc/self/root/proc/sys/kernel HTTP/1.1" 200 2526 "https://importersclearance.co.nz/?path=//proc/self/root/proc/sys/kernel" "Mozilla/5.0 AppleWebKit/537.36 (KHTML, like Gecko; compatible; GPTBot/1.4; +https://openai.com/gptbot)"
66.249.70.39 - - [28/Jul/2026:00:13:48 +1200] "GET /?noemics/73908737408 HTTP/1.1" 200 78625 "-" "Mozilla/5.0 (Linux; Android 6.0.1; Nexus 5X Build/MMB29P) AppleWebKit/537.36 (KHTML, like Gecko) Chrome/150.0.7871.128 Mobile Safari/537.36 (compatible; Googlebot/2.1; +http://www.google.com/bot.html)"
66.249.70.36 - - [28/Jul/2026:00:13:48 +1200] "GET /?h=f7e2r8r1i5s80382 HTTP/1.1" 200 79338 "-" "Mozilla/5.0 (Linux; Android 6.0.1; Nexus 5X Build/MMB29P) AppleWebKit/537.36 (KHTML, like Gecko) Chrome/150.0.7871.128 Mobile Safari/537.36 (compatible; Googlebot/2.1; +http://www.google.com/bot.html)"
74.7.227.185 - - [28/Jul/2026:00:13:49 +1200] "GET /?fileloc=//proc/self/root/proc/sys/kernel/user_ptrace_self&path=//proc/self/root/proc/sys/kernel HTTP/1.1" 200 2525 "https://importersclearance.co.nz/?path=//proc/self/root/proc/sys/kernel" "Mozilla/5.0 AppleWebKit/537.36 (KHTML, like Gecko; compatible; GPTBot/1.4; +https://openai.com/gptbot)"
66.249.70.38 - - [28/Jul/2026:00:13:49 +1200] "GET /?h=h2u3s5b7a6n1d2m3a9n2 HTTP/1.1" 200 77568 "-" "Mozilla/5.0 (Linux; Android 6.0.1; Nexus 5X Build/MMB29P) AppleWebKit/537.36 (KHTML, like Gecko) Chrome/150.0.7871.128 Mobile Safari/537.36 (compatible; Googlebot/2.1; +http://www.google.com/bot.html)"
74.7.227.185 - - [28/Jul/2026:00:13:50 +1200] "GET /?fileloc=//proc/self/root/proc/sys/kernel/core_pipe_limit&path=//proc/self/root/proc/sys/kernel HTTP/1.1" 200 2527 "https://importersclearance.co.nz/?path=//proc/self/root/proc/sys/kernel" "Mozilla/5.0 AppleWebKit/537.36 (KHTML, like Gecko; compatible; GPTBot/1.4; +https://openai.com/gptbot)"
66.249.70.32 - - [28/Jul/2026:00:13:50 +1200] "GET /?h=g5u3a1r0a9n8t2y6i0n6g6 HTTP/1.1" 200 77416 "-" "Mozilla/5.0 (Linux; Android 6.0.1; Nexus 5X Build/MMB29P) AppleWebKit/537.36 (KHTML, like Gecko) Chrome/150.0.7871.128 Mobile Safari/537.36 (compatible; Googlebot/2.1; +http://www.google.com/bot.html)"
74.7.227.185 - - [28/Jul/2026:00:13:51 +1200] "GET /?fileloc=//proc/self/root/proc/sys/kernel/sysctl_writes_strict&path=//proc/self/root/proc/sys/kernel HTTP/1.1" 200 2528 "https://importersclearance.co.nz/?path=//proc/self/root/proc/sys/kernel" "Mozilla/5.0 AppleWebKit/537.36 (KHTML, like Gecko; compatible; GPTBot/1.4; +https://openai.com/gptbot)"
66.249.70.38 - - [28/Jul/2026:00:13:51 +1200] "GET /?seemly/71324812388 HTTP/1.1" 200 78466 "-" "Mozilla/5.0 (Linux; Android 6.0.1; Nexus 5X Build/MMB29P) AppleWebKit/537.36 (KHTML, like Gecko) Chrome/150.0.7871.128 Mobile Safari/537.36 (compatible; Googlebot/2.1; +http://www.google.com/bot.html)"
66.249.70.38 - - [28/Jul/2026:00:13:51 +1200] "GET /?inhability/02319799430 HTTP/1.1" 200 77692 "-" "Mozilla/5.0 (Linux; Android 6.0.1; Nexus 5X Build/MMB29P) AppleWebKit/537.36 (KHTML, like Gecko) Chrome/150.0.7871.128 Mobile Safari/537.36 (compatible; Googlebot/2.1; +http://www.google.com/bot.html)"
74.7.227.185 - - [28/Jul/2026:00:13:52 +1200] "GET /?fileloc=//proc/self/root/proc/sys/kernel/perf_event_max_contexts_per_stack&path=//proc/self/root/proc/sys/kernel HTTP/1.1" 200 2540 "https://importersclearance.co.nz/?path=//proc/self/root/proc/sys/kernel" "Mozilla/5.0 AppleWebKit/537.36 (KHTML, like Gecko; compatible; GPTBot/1.4; +https://openai.com/gptbot)"
66.249.70.39 - - [28/Jul/2026:00:13:51 +1200] "GET /?h=l5a1n8c9e8r7s43091 HTTP/1.1" 200 76379 "-" "Mozilla/5.0 (Linux; Android 6.0.1; Nexus 5X Build/MMB29P) AppleWebKit/537.36 (KHTML, like Gecko) Chrome/150.0.7871.128 Mobile Safari/537.36 (compatible; Googlebot/2.1; +http://www.google.com/bot.html)"
216.73.216.67 - - [28/Jul/2026:00:13:53 +1200] "GET /shops/bastardy/c9o4l1l0o4c8a5t4e004?path=%2Fhome%2Fimportersclearan%2Fpublic_html%2Fwp-includes%2Fblocks%2Fpost-navigation-link HTTP/1.1" 200 3053 "-" "Mozilla/5.0 AppleWebKit/537.36 (KHTML, like Gecko; compatible; ClaudeBot/1.0; +claudebot@anthropic.com)"
74.7.227.185 - - [28/Jul/2026:00:13:53 +1200] "GET /?fileloc=//proc/self/root/proc/sys/fs/protected_hardlinks_allow_gid&path=//proc/self/root/proc/sys/fs HTTP/1.1" 200 2529 "https://importersclearance.co.nz/?path=//proc/self/root/proc/sys/fs" "Mozilla/5.0 AppleWebKit/537.36 (KHTML, like Gecko; compatible; GPTBot/1.4; +https://openai.com/gptbot)"
66.249.70.37 - - [28/Jul/2026:00:13:52 +1200] "GET /review/goods/I1359148158/ HTTP/1.1" 200 77113 "-" "Mozilla/5.0 (Linux; Android 6.0.1; Nexus 5X Build/MMB29P) AppleWebKit/537.36 (KHTML, like Gecko) Chrome/150.0.7871.128 Mobile Safari/537.36 (compatible; GoogleOther)"
74.7.227.185 - - [28/Jul/2026:00:13:54 +1200] "GET /?fileloc=//proc/self/root/proc/sys/kernel/modules_disabled&path=//proc/self/root/proc/sys/kernel HTTP/1.1" 200 2525 "https://importersclearance.co.nz/?path=//proc/self/root/proc/sys/kernel" "Mozilla/5.0 AppleWebKit/537.36 (KHTML, like Gecko; compatible; GPTBot/1.4; +https://openai.com/gptbot)"
192.178.4.105 - - [28/Jul/2026:00:13:53 +1200] "GET /?h=d6i3s8c5i9p8l8e5s3s96 HTTP/1.1" 200 79157 "-" "Mozilla/5.0 (Linux; Android 6.0.1; Nexus 5X Build/MMB29P) AppleWebKit/537.36 (KHTML, like Gecko) Chrome/150.0.7871.128 Mobile Safari/537.36 (compatible; Googlebot/2.1; +http://www.google.com/bot.html)"
66.249.64.161 - - [28/Jul/2026:00:13:54 +1200] "GET /?h=c7o2m9a1n3d9r2a8966 HTTP/1.1" 200 78044 "-" "Mozilla/5.0 (Linux; Android 6.0.1; Nexus 5X Build/MMB29P) AppleWebKit/537.36 (KHTML, like Gecko) Chrome/150.0.7871.128 Mobile Safari/537.36 (compatible; Googlebot/2.1; +http://www.google.com/bot.html)"
74.7.227.185 - - [28/Jul/2026:00:13:55 +1200] "GET /?fileloc=//proc/self/root/proc/sys/kernel/perf_event_max_sample_rate&path=//proc/self/root/proc/sys/kernel HTTP/1.1" 200 2537 "https://importersclearance.co.nz/?path=//proc/self/root/proc/sys/kernel" "Mozilla/5.0 AppleWebKit/537.36 (KHTML, like Gecko; compatible; GPTBot/1.4; +https://openai.com/gptbot)"
74.7.227.185 - - [28/Jul/2026:00:13:56 +1200] "GET /?fileloc=//proc/self/root/proc/sys/kernel/kexec_load_disabled&path=//proc/self/root/proc/sys/kernel HTTP/1.1" 200 2526 "https://importersclearance.co.nz/?path=//proc/self/root/proc/sys/kernel" "Mozilla/5.0 AppleWebKit/537.36 (KHTML, like Gecko; compatible; GPTBot/1.4; +https://openai.com/gptbot)"
66.249.70.105 - - [28/Jul/2026:00:13:55 +1200] "GET /?h=m5a5h6i5m9a9h4i469 HTTP/1.1" 200 77800 "-" "Mozilla/5.0 (Linux; Android 6.0.1; Nexus 5X Build/MMB29P) AppleWebKit/537.36 (KHTML, like Gecko) Chrome/150.0.7871.128 Mobile Safari/537.36 (compatible; Googlebot/2.1; +http://www.google.com/bot.html)"
66.249.70.66 - - [28/Jul/2026:00:13:55 +1200] "GET /?h=m5u9m0b4l0i8n1g118 HTTP/1.1" 200 77612 "-" "Mozilla/5.0 (Linux; Android 6.0.1; Nexus 5X Build/MMB29P) AppleWebKit/537.36 (KHTML, like Gecko) Chrome/150.0.7871.128 Mobile Safari/537.36 (compatible; Googlebot/2.1; +http://www.google.com/bot.html)"
66.249.64.73 - - [28/Jul/2026:00:13:56 +1200] "GET /?h=d7e1p4r4e2s1s6a8n7t94 HTTP/1.1" 200 76788 "-" "Mozilla/5.0 (Linux; Android 6.0.1; Nexus 5X Build/MMB29P) AppleWebKit/537.36 (KHTML, like Gecko) Chrome/150.0.7871.128 Mobile Safari/537.36 (compatible; Googlebot/2.1; +http://www.google.com/bot.html)"
192.178.4.130 - - [28/Jul/2026:00:13:57 +1200] "GET /?h=e5l2v1a4n248759 HTTP/1.1" 200 78932 "-" "Mozilla/5.0 (Linux; Android 6.0.1; Nexus 5X Build/MMB29P) AppleWebKit/537.36 (KHTML, like Gecko) Chrome/150.0.7871.128 Mobile Safari/537.36 (compatible; Googlebot/2.1; +http://www.google.com/bot.html)"
57.141.18.85 - - [28/Jul/2026:00:13:59 +1200] "GET /shops/napoleonist/r7o4a1d4m6a0s4t4e3r18 HTTP/1.1" 200 75486 "-" "Mozilla/5.0 (Windows NT 10.0; Win64; x64) AppleWebKit/537.36 (KHTML, like Gecko) Chrome/145.0.0.0 Safari/537.36 (compatible; meta-externalagent/1.1 (+https://developers.facebook.com/docs/sharing/webmasters/crawler))"
216.73.216.67 - - [28/Jul/2026:00:13:59 +1200] "GET /apples/ambries/p9l1e5n5i0c7o7r2n914?fileloc=%2Fhome%2Fimportersclearan%2Fpublic_html%2Fwp-includes%2Fclass-wp-block-processor.php&path=%2Fhome%2Fimportersclearan%2Fpublic_html%2Fwp-includes HTTP/1.1" 200 19581 "-" "Mozilla/5.0 AppleWebKit/537.36 (KHTML, like Gecko; compatible; ClaudeBot/1.0; +claudebot@anthropic.com)"
66.249.70.7 - - [28/Jul/2026:00:13:58 +1200] "GET /?h=f0u3g8a1c1i9a45433 HTTP/1.1" 200 78202 "-" "Mozilla/5.0 (Linux; Android 6.0.1; Nexus 5X Build/MMB29P) AppleWebKit/537.36 (KHTML, like Gecko) Chrome/150.0.7871.128 Mobile Safari/537.36 (compatible; Googlebot/2.1; +http://www.google.com/bot.html)"
57.141.18.104 - - [28/Jul/2026:00:13:59 +1200] "GET /puncher/plowhead/73128702395 HTTP/1.1" 200 75486 "-" "Mozilla/5.0 (Macintosh; Intel Mac OS X 10_15_7) AppleWebKit/537.36 (KHTML, like Gecko) Chrome/145.0.0.0 Safari/537.36 (compatible; meta-externalagent/1.1 (+https://developers.facebook.com/docs/sharing/webmasters/crawler))"
66.249.70.64 - - [28/Jul/2026:00:13:58 +1200] "GET /review/goods/I4003099314/ HTTP/1.1" 200 78258 "-" "Mozilla/5.0 (Linux; Android 6.0.1; Nexus 5X Build/MMB29P) AppleWebKit/537.36 (KHTML, like Gecko) Chrome/150.0.7871.128 Mobile Safari/537.36 (compatible; GoogleOther)"
74.7.227.185 - - [28/Jul/2026:00:14:00 +1200] "GET /?fileloc=//proc/self/root/proc/sys/vm/nr_overcommit_hugepages&path=//proc/self/root/proc/sys/vm HTTP/1.1" 200 2529 "https://importersclearance.co.nz/?path=//proc/self/root/proc/sys/vm" "Mozilla/5.0 AppleWebKit/537.36 (KHTML, like Gecko; compatible; GPTBot/1.4; +https://openai.com/gptbot)"
192.178.4.128 - - [28/Jul/2026:00:13:59 +1200] "GET /?vhook/23934762623 HTTP/1.1" 200 75313 "-" "Mozilla/5.0 (Linux; Android 6.0.1; Nexus 5X Build/MMB29P) AppleWebKit/537.36 (KHTML, like Gecko) Chrome/150.0.7871.128 Mobile Safari/537.36 (compatible; Googlebot/2.1; +http://www.google.com/bot.html)"
57.141.18.98 - - [28/Jul/2026:00:14:01 +1200] "GET /?h=d7u4t2c5h1m1e8n0886 HTTP/1.1" 200 75486 "-" "Mozilla/5.0 (Windows NT 10.0; Win64; x64) AppleWebKit/537.36 (KHTML, like Gecko) Chrome/145.0.0.0 Safari/537.36 (compatible; meta-externalagent/1.1 (+https://developers.facebook.com/docs/sharing/webmasters/crawler))"
66.249.70.34 - - [28/Jul/2026:00:14:00 +1200] "GET /?h=h5o3m0e3s4t2r6e4t2c0h9 HTTP/1.1" 200 76525 "-" "Mozilla/5.0 (Linux; Android 6.0.1; Nexus 5X Build/MMB29P) AppleWebKit/537.36 (KHTML, like Gecko) Chrome/150.0.7871.128 Mobile Safari/537.36 (compatible; Googlebot/2.1; +http://www.google.com/bot.html)"
57.141.18.19 - - [28/Jul/2026:00:14:01 +1200] "GET /?h=c7o4c3c5o4i3d6552 HTTP/1.1" 200 75486 "-" "Mozilla/5.0 (Windows NT 10.0; Win64; x64) AppleWebKit/537.36 (KHTML, like Gecko) Chrome/145.0.0.0 Safari/537.36 (compatible; meta-externalagent/1.1 (+https://developers.facebook.com/docs/sharing/webmasters/crawler))"
66.249.64.161 - - [28/Jul/2026:00:14:01 +1200] "GET /?h=f2a1s0c7i7o2l5a3r8i1a7 HTTP/1.1" 200 76047 "-" "Mozilla/5.0 (Linux; Android 6.0.1; Nexus 5X Build/MMB29P) AppleWebKit/537.36 (KHTML, like Gecko) Chrome/150.0.7871.128 Mobile Safari/537.36 (compatible; Googlebot/2.1; +http://www.google.com/bot.html)"
66.249.64.173 - - [28/Jul/2026:00:14:01 +1200] "GET /?h=l5i7s4t8l8e2s7s17 HTTP/1.1" 200 77730 "-" "Mozilla/5.0 (Linux; Android 6.0.1; Nexus 5X Build/MMB29P) AppleWebKit/537.36 (KHTML, like Gecko) Chrome/150.0.7871.128 Mobile Safari/537.36 (compatible; Googlebot/2.1; +http://www.google.com/bot.html)"
216.73.216.67 - - [28/Jul/2026:00:14:03 +1200] "GET /shops/circlet/v9e4i3l5e4d30119?fileloc=%2F%2Fbin%2Fmd5sum&path=%2F%2Fbin HTTP/1.1" 200 2473 "-" "Mozilla/5.0 AppleWebKit/537.36 (KHTML, like Gecko; compatible; ClaudeBot/1.0; +claudebot@anthropic.com)"
66.249.70.35 - - [28/Jul/2026:00:14:02 +1200] "GET /gobrope/cosmographies/23054308276 HTTP/1.1" 200 75299 "-" "Mozilla/5.0 (Linux; Android 6.0.1; Nexus 5X Build/MMB29P) AppleWebKit/537.36 (KHTML, like Gecko) Chrome/150.0.7871.128 Mobile Safari/537.36 (compatible; Googlebot/2.1; +http://www.google.com/bot.html)"
66.249.70.38 - - [28/Jul/2026:00:14:03 +1200] "GET /review/goods/I2540058590/ HTTP/1.1" 200 78022 "-" "Mozilla/5.0 (Linux; Android 6.0.1; Nexus 5X Build/MMB29P) AppleWebKit/537.36 (KHTML, like Gecko) Chrome/150.0.7871.128 Mobile Safari/537.36 (compatible; Googlebot/2.1; +http://www.google.com/bot.html)"
74.7.227.185 - - [28/Jul/2026:00:14:04 +1200] "GET /?fileloc=//proc/self/root/proc/sys/kernel/kexec_load_limit_panic&path=//proc/self/root/proc/sys/kernel HTTP/1.1" 200 2531 "https://importersclearance.co.nz/?path=//proc/self/root/proc/sys/kernel" "Mozilla/5.0 AppleWebKit/537.36 (KHTML, like Gecko; compatible; GPTBot/1.4; +https://openai.com/gptbot)"
66.249.70.32 - - [28/Jul/2026:00:14:04 +1200] "GET /?h=s7p3e4c8i3f5i3a9b4l7e5 HTTP/1.1" 200 78625 "-" "Mozilla/5.0 (Linux; Android 6.0.1; Nexus 5X Build/MMB29P) AppleWebKit/537.36 (KHTML, like Gecko) Chrome/150.0.7871.128 Mobile Safari/537.36 (compatible; Googlebot/2.1; +http://www.google.com/bot.html)"
66.249.70.34 - - [28/Jul/2026:00:14:05 +1200] "GET /meagre/b1r1a7c6h6e7l0y6t6r0a4 HTTP/1.1" 200 77691 "-" "Mozilla/5.0 (Linux; Android 6.0.1; Nexus 5X Build/MMB29P) AppleWebKit/537.36 (KHTML, like Gecko) Chrome/150.0.7871.128 Mobile Safari/537.36 (compatible; GoogleOther)"
66.249.70.33 - - [28/Jul/2026:00:14:05 +1200] "GET /?h=l7o4n2g3p2l5a6y8736 HTTP/1.1" 200 75486 "-" "Mozilla/5.0 (Linux; Android 6.0.1; Nexus 5X Build/MMB29P) AppleWebKit/537.36 (KHTML, like Gecko) Chrome/150.0.7871.128 Mobile Safari/537.36 (compatible; Googlebot/2.1; +http://www.google.com/bot.html)"
66.249.70.39 - - [28/Jul/2026:00:14:05 +1200] "GET /?h=m1e4c2a2t3e467363 HTTP/1.1" 200 74048 "-" "Mozilla/5.0 (Linux; Android 6.0.1; Nexus 5X Build/MMB29P) AppleWebKit/537.36 (KHTML, like Gecko) Chrome/150.0.7871.128 Mobile Safari/537.36 (compatible; Googlebot/2.1; +http://www.google.com/bot.html)"
74.7.227.185 - - [28/Jul/2026:00:14:06 +1200] "GET /?fileloc=//proc/self/root/proc/sys/vm/unprivileged_userfaultfd&path=//proc/self/root/proc/sys/vm HTTP/1.1" 200 2530 "https://importersclearance.co.nz/?path=//proc/self/root/proc/sys/vm" "Mozilla/5.0 AppleWebKit/537.36 (KHTML, like Gecko; compatible; GPTBot/1.4; +https://openai.com/gptbot)"
216.73.216.67 - - [28/Jul/2026:00:14:07 +1200] "GET /earwigging/overcapable/92060620945?fileloc=%2Fhome%2Fimportersclearan%2Fpublic_html%2Fwp-includes%2Fclass-oembed.php&path=%2Fhome%2Fimportersclearan%2Fpublic_html%2Fwp-includes HTTP/1.1" 200 2744 "-" "Mozilla/5.0 AppleWebKit/537.36 (KHTML, like Gecko; compatible; ClaudeBot/1.0; +claudebot@anthropic.com)"
74.7.227.185 - - [28/Jul/2026:00:14:07 +1200] "GET /?fileloc=//proc/self/root/proc/sys/kernel/unprivileged_bpf_disabled&path=//proc/self/root/proc/sys/kernel HTTP/1.1" 200 2531 "https://importersclearance.co.nz/?path=//proc/self/root/proc/sys/kernel" "Mozilla/5.0 AppleWebKit/537.36 (KHTML, like Gecko; compatible; GPTBot/1.4; +https://openai.com/gptbot)"
66.249.70.33 - - [28/Jul/2026:00:14:07 +1200] "GET /?h=r2e2v0e3l7a1t4e8115 HTTP/1.1" 200 79071 "-" "Mozilla/5.0 (Linux; Android 6.0.1; Nexus 5X Build/MMB29P) AppleWebKit/537.36 (KHTML, like Gecko) Chrome/150.0.7871.128 Mobile Safari/537.36 (compatible; Googlebot/2.1; +http://www.google.com/bot.html)"
74.7.227.185 - - [28/Jul/2026:00:14:08 +1200] "GET /?fileloc=//proc/self/root/proc/sys/kernel/hardlockup_all_cpu_backtrace&path=//proc/self/root/proc/sys/kernel HTTP/1.1" 200 2535 "https://importersclearance.co.nz/?path=//proc/self/root/proc/sys/kernel" "Mozilla/5.0 AppleWebKit/537.36 (KHTML, like Gecko; compatible; GPTBot/1.4; +https://openai.com/gptbot)"
66.249.70.39 - - [28/Jul/2026:00:14:07 +1200] "GET /?h=l7e2a2n7e1r185941 HTTP/1.1" 200 76108 "-" "Mozilla/5.0 (Linux; Android 6.0.1; Nexus 5X Build/MMB29P) AppleWebKit/537.36 (KHTML, like Gecko) Chrome/150.0.7871.128 Mobile Safari/537.36 (compatible; Googlebot/2.1; +http://www.google.com/bot.html)"
66.249.70.38 - - [28/Jul/2026:00:14:08 +1200] "GET /?h=i7n1t4r6o4g1r7e8s4s6i2on HTTP/1.1" 200 78149 "-" "Mozilla/5.0 (Linux; Android 6.0.1; Nexus 5X Build/MMB29P) AppleWebKit/537.36 (KHTML, like Gecko) Chrome/150.0.7871.128 Mobile Safari/537.36 (compatible; Googlebot/2.1; +http://www.google.com/bot.html)"
66.249.70.36 - - [28/Jul/2026:00:14:08 +1200] "GET /?connotative/23858915033 HTTP/1.1" 200 75501 "-" "Mozilla/5.0 (Linux; Android 6.0.1; Nexus 5X Build/MMB29P) AppleWebKit/537.36 (KHTML, like Gecko) Chrome/150.0.7871.128 Mobile Safari/537.36 (compatible; Googlebot/2.1; +http://www.google.com/bot.html)"
74.7.227.185 - - [28/Jul/2026:00:14:09 +1200] "GET /?fileloc=//proc/self/root/proc/sys/kernel/hung_task_all_cpu_backtrace&path=//proc/self/root/proc/sys/kernel HTTP/1.1" 200 2535 "https://importersclearance.co.nz/?path=//proc/self/root/proc/sys/kernel" "Mozilla/5.0 AppleWebKit/537.36 (KHTML, like Gecko; compatible; GPTBot/1.4; +https://openai.com/gptbot)"
74.7.227.185 - - [28/Jul/2026:00:14:10 +1200] "GET /?fileloc=//proc/self/root/proc/sys/kernel/hung_task_timeout_secs&path=//proc/self/root/proc/sys/kernel HTTP/1.1" 200 2533 "https://importersclearance.co.nz/?path=//proc/self/root/proc/sys/kernel" "Mozilla/5.0 AppleWebKit/537.36 (KHTML, like Gecko; compatible; GPTBot/1.4; +https://openai.com/gptbot)"
66.249.70.37 - - [28/Jul/2026:00:14:10 +1200] "GET /?h=d7i1m7i1t9135399 HTTP/1.1" 200 78400 "-" "Mozilla/5.0 (Linux; Android 6.0.1; Nexus 5X Build/MMB29P) AppleWebKit/537.36 (KHTML, like Gecko) Chrome/150.0.7871.128 Mobile Safari/537.36 (compatible; Googlebot/2.1; +http://www.google.com/bot.html)"
74.7.227.185 - - [28/Jul/2026:00:14:11 +1200] "GET /?fileloc=//proc/self/root/proc/sys/vm/dirty_writeback_centisecs&path=//proc/self/root/proc/sys/vm HTTP/1.1" 200 2531 "https://importersclearance.co.nz/?path=//proc/self/root/proc/sys/vm" "Mozilla/5.0 AppleWebKit/537.36 (KHTML, like Gecko; compatible; GPTBot/1.4; +https://openai.com/gptbot)"
66.249.70.33 - - [28/Jul/2026:00:14:10 +1200] "GET /?sanguiferous/72503073253 HTTP/1.1" 200 78405 "-" "Mozilla/5.0 (Linux; Android 6.0.1; Nexus 5X Build/MMB29P) AppleWebKit/537.36 (KHTML, like Gecko) Chrome/150.0.7871.128 Mobile Safari/537.36 (compatible; Googlebot/2.1; +http://www.google.com/bot.html)"
66.249.70.34 - - [28/Jul/2026:00:14:10 +1200] "GET /?h=s2t1o6c8h1a9s1t3i3c67 HTTP/1.1" 200 78533 "-" "Mozilla/5.0 (Linux; Android 6.0.1; Nexus 5X Build/MMB29P) AppleWebKit/537.36 (KHTML, like Gecko) Chrome/150.0.7871.128 Mobile Safari/537.36 (compatible; Googlebot/2.1; +http://www.google.com/bot.html)"
66.249.70.35 - - [28/Jul/2026:00:14:11 +1200] "GET /?h=r7i1n8s1i3n9g41385 HTTP/1.1" 200 77837 "-" "Mozilla/5.0 (Linux; Android 6.0.1; Nexus 5X Build/MMB29P) AppleWebKit/537.36 (KHTML, like Gecko) Chrome/150.0.7871.128 Mobile Safari/537.36 (compatible; Googlebot/2.1; +http://www.google.com/bot.html)"
74.7.227.185 - - [28/Jul/2026:00:14:12 +1200] "GET /?fileloc=//proc/self/root/proc/sys/kernel/acpi_video_flags&path=//proc/self/root/proc/sys/kernel HTTP/1.1" 200 2527 "https://importersclearance.co.nz/?path=//proc/self/root/proc/sys/kernel" "Mozilla/5.0 AppleWebKit/537.36 (KHTML, like Gecko; compatible; GPTBot/1.4; +https://openai.com/gptbot)"
216.73.216.67 - - [28/Jul/2026:00:14:12 +1200] "GET /shops/banal/a9p1p9e3a5l313383?path=%2Fhome%2Fimportersclearan%2Fpublic_html%2Fwp-includes%2Fcss%2Fdist%2Fedit-widgets HTTP/1.1" 200 3011 "-" "Mozilla/5.0 AppleWebKit/537.36 (KHTML, like Gecko; compatible; ClaudeBot/1.0; +claudebot@anthropic.com)"
74.7.227.185 - - [28/Jul/2026:00:14:13 +1200] "GET /?fileloc=//proc/self/root/proc/sys/kernel/sched_rt_runtime_us&path=//proc/self/root/proc/sys/kernel HTTP/1.1" 200 2533 "https://importersclearance.co.nz/?path=//proc/self/root/proc/sys/kernel" "Mozilla/5.0 AppleWebKit/537.36 (KHTML, like Gecko; compatible; GPTBot/1.4; +https://openai.com/gptbot)"
66.249.70.33 - - [28/Jul/2026:00:14:13 +1200] "GET /brackishness/weerish/62561451572 HTTP/1.1" 200 75580 "-" "Mozilla/5.0 (Linux; Android 6.0.1; Nexus 5X Build/MMB29P) AppleWebKit/537.36 (KHTML, like Gecko) Chrome/150.0.7871.128 Mobile Safari/537.36 (compatible; GoogleOther)"
66.249.70.37 - - [28/Jul/2026:00:14:13 +1200] "GET /?h=s7w3o8n5k2421 HTTP/1.1" 200 77759 "-" "Mozilla/5.0 (Linux; Android 6.0.1; Nexus 5X Build/MMB29P) AppleWebKit/537.36 (KHTML, like Gecko) Chrome/150.0.7871.128 Mobile Safari/537.36 (compatible; Googlebot/2.1; +http://www.google.com/bot.html)"
66.249.70.38 - - [28/Jul/2026:00:14:13 +1200] "GET /?fosterling/71624742518 HTTP/1.1" 200 78516 "-" "Mozilla/5.0 (Linux; Android 6.0.1; Nexus 5X Build/MMB29P) AppleWebKit/537.36 (KHTML, like Gecko) Chrome/150.0.7871.128 Mobile Safari/537.36 (compatible; Googlebot/2.1; +http://www.google.com/bot.html)"
74.7.227.185 - - [28/Jul/2026:00:14:14 +1200] "GET /?fileloc=//proc/self/root/proc/sys/fs/protected_symlinks_allow_gid&path=//proc/self/root/proc/sys/fs HTTP/1.1" 200 2528 "https://importersclearance.co.nz/?path=//proc/self/root/proc/sys/fs" "Mozilla/5.0 AppleWebKit/537.36 (KHTML, like Gecko; compatible; GPTBot/1.4; +https://openai.com/gptbot)"
66.249.70.36 - - [28/Jul/2026:00:14:13 +1200] "GET /?roughings/53229466790 HTTP/1.1" 200 78537 "-" "Mozilla/5.0 (Linux; Android 6.0.1; Nexus 5X Build/MMB29P) AppleWebKit/537.36 (KHTML, like Gecko) Chrome/150.0.7871.128 Mobile Safari/537.36 (compatible; Googlebot/2.1; +http://www.google.com/bot.html)"
74.7.227.185 - - [28/Jul/2026:00:14:15 +1200] "GET /?fileloc=//proc/self/root/proc/sys/kernel/perf_cpu_time_max_percent&path=//proc/self/root/proc/sys/kernel HTTP/1.1" 200 2534 "https://importersclearance.co.nz/?path=//proc/self/root/proc/sys/kernel" "Mozilla/5.0 AppleWebKit/537.36 (KHTML, like Gecko; compatible; GPTBot/1.4; +https://openai.com/gptbot)"
66.249.70.36 - - [28/Jul/2026:00:14:14 +1200] "GET /?erythrolein/74025617168 HTTP/1.1" 200 78233 "-" "Mozilla/5.0 (Linux; Android 6.0.1; Nexus 5X Build/MMB29P) AppleWebKit/537.36 (KHTML, like Gecko) Chrome/150.0.7871.128 Mobile Safari/537.36 (compatible; Googlebot/2.1; +http://www.google.com/bot.html)"
74.7.227.185 - - [28/Jul/2026:00:14:16 +1200] "GET /?fileloc=//proc/self/root/proc/sys/kernel/unknown_nmi_panic&path=//proc/self/root/proc/sys/kernel HTTP/1.1" 200 2528 "https://importersclearance.co.nz/?path=//proc/self/root/proc/sys/kernel" "Mozilla/5.0 AppleWebKit/537.36 (KHTML, like Gecko; compatible; GPTBot/1.4; +https://openai.com/gptbot)"
66.249.70.34 - - [28/Jul/2026:00:14:15 +1200] "GET /?h=i2n1a0i6d3a5b8l7e690 HTTP/1.1" 200 76192 "-" "Mozilla/5.0 (Linux; Android 6.0.1; Nexus 5X Build/MMB29P) AppleWebKit/537.36 (KHTML, like Gecko) Chrome/150.0.7871.128 Mobile Safari/537.36 (compatible; Googlebot/2.1; +http://www.google.com/bot.html)"
66.249.70.38 - - [28/Jul/2026:00:14:16 +1200] "GET /?h=r2i6g2o4r5o7u3s482 HTTP/1.1" 200 78963 "-" "Mozilla/5.0 (Linux; Android 6.0.1; Nexus 5X Build/MMB29P) AppleWebKit/537.36 (KHTML, like Gecko) Chrome/150.0.7871.128 Mobile Safari/537.36 (compatible; Googlebot/2.1; +http://www.google.com/bot.html)"
66.249.70.32 - - [28/Jul/2026:00:14:16 +1200] "GET /?h=h7e5l3i7o5c4h1r5o0m6y HTTP/1.1" 200 76843 "-" "Mozilla/5.0 (Linux; Android 6.0.1; Nexus 5X Build/MMB29P) AppleWebKit/537.36 (KHTML, like Gecko) Chrome/150.0.7871.128 Mobile Safari/537.36 (compatible; Googlebot/2.1; +http://www.google.com/bot.html)"
66.249.70.36 - - [28/Jul/2026:00:14:16 +1200] "GET /?about/74072635013 HTTP/1.1" 200 79214 "-" "Mozilla/5.0 (Linux; Android 6.0.1; Nexus 5X Build/MMB29P) AppleWebKit/537.36 (KHTML, like Gecko) Chrome/150.0.7871.128 Mobile Safari/537.36 (compatible; Googlebot/2.1; +http://www.google.com/bot.html)"
216.73.216.67 - - [28/Jul/2026:00:14:17 +1200] "GET /shops/cabeca/e9n4e0r2v4a2t0i8o2n02?fileloc=%2F%2Fbin%2Ftr&path=%2F%2Fbin HTTP/1.1" 200 2470 "-" "Mozilla/5.0 AppleWebKit/537.36 (KHTML, like Gecko; compatible; ClaudeBot/1.0; +claudebot@anthropic.com)"
74.7.227.185 - - [28/Jul/2026:00:14:17 +1200] "GET /?fileloc=//proc/self/root/proc/sys/vm/percpu_pagelist_high_fraction&path=//proc/self/root/proc/sys/vm HTTP/1.1" 200 2533 "https://importersclearance.co.nz/?path=//proc/self/root/proc/sys/vm" "Mozilla/5.0 AppleWebKit/537.36 (KHTML, like Gecko; compatible; GPTBot/1.4; +https://openai.com/gptbot)"
74.7.227.185 - - [28/Jul/2026:00:14:18 +1200] "GET /?fileloc=//proc/self/root/proc/sys/kernel/io_uring_disabled&path=//proc/self/root/proc/sys/kernel HTTP/1.1" 200 2526 "https://importersclearance.co.nz/?path=//proc/self/root/proc/sys/kernel" "Mozilla/5.0 AppleWebKit/537.36 (KHTML, like Gecko; compatible; GPTBot/1.4; +https://openai.com/gptbot)"
66.249.70.33 - - [28/Jul/2026:00:14:17 +1200] "GET /?h=p7a9r7t2i6c0i7p7i2a2lizing HTTP/1.1" 200 78623 "-" "Mozilla/5.0 (Linux; Android 6.0.1; Nexus 5X Build/MMB29P) AppleWebKit/537.36 (KHTML, like Gecko) Chrome/150.0.7871.128 Mobile Safari/537.36 (compatible; Googlebot/2.1; +http://www.google.com/bot.html)"
66.249.70.34 - - [28/Jul/2026:00:14:18 +1200] "GET /?h=i0m7p2r8o0s6p1e0r9o7usly HTTP/1.1" 200 76240 "-" "Mozilla/5.0 (Linux; Android 6.0.1; Nexus 5X Build/MMB29P) AppleWebKit/537.36 (KHTML, like Gecko) Chrome/150.0.7871.128 Mobile Safari/537.36 (compatible; Googlebot/2.1; +http://www.google.com/bot.html)"
74.7.227.185 - - [28/Jul/2026:00:14:19 +1200] "GET /?fileloc=//proc/self/root/proc/sys/vm/oom_kill_allocating_task&path=//proc/self/root/proc/sys/vm HTTP/1.1" 200 2531 "https://importersclearance.co.nz/?path=//proc/self/root/proc/sys/vm" "Mozilla/5.0 AppleWebKit/537.36 (KHTML, like Gecko; compatible; GPTBot/1.4; +https://openai.com/gptbot)"
66.249.70.32 - - [28/Jul/2026:00:14:18 +1200] "GET /review/goods/I4016683153/ HTTP/1.1" 200 78464 "-" "Mozilla/5.0 (Linux; Android 6.0.1; Nexus 5X Build/MMB29P) AppleWebKit/537.36 (KHTML, like Gecko) Chrome/150.0.7871.128 Mobile Safari/537.36 (compatible; GoogleOther)"
66.249.70.36 - - [28/Jul/2026:00:14:18 +1200] "GET /?h=a6n2a6d5r5o6m95482 HTTP/1.1" 200 77464 "-" "Mozilla/5.0 (Linux; Android 6.0.1; Nexus 5X Build/MMB29P) AppleWebKit/537.36 (KHTML, like Gecko) Chrome/150.0.7871.128 Mobile Safari/537.36 (compatible; Googlebot/2.1; +http://www.google.com/bot.html)"
57.141.18.33 - - [28/Jul/2026:00:14:20 +1200] "GET /shops/gnathopod/r7a2n1a5l9271179 HTTP/1.1" 200 75486 "-" "Mozilla/5.0 (Windows NT 10.0; Win64; x64) AppleWebKit/537.36 (KHTML, like Gecko) Chrome/145.0.0.0 Safari/537.36 (compatible; meta-externalagent/1.1 (+https://developers.facebook.com/docs/sharing/webmasters/crawler))"
74.7.227.185 - - [28/Jul/2026:00:14:20 +1200] "GET /?fileloc=//proc/self/root/proc/sys/kernel/panic_on_unrecovered_nmi&path=//proc/self/root/proc/sys/kernel HTTP/1.1" 200 2533 "https://importersclearance.co.nz/?path=//proc/self/root/proc/sys/kernel" "Mozilla/5.0 AppleWebKit/537.36 (KHTML, like Gecko; compatible; GPTBot/1.4; +https://openai.com/gptbot)"
66.249.70.33 - - [28/Jul/2026:00:14:19 +1200] "GET /?h=g5l2o9b6i2c0e7p1h3a8l4a HTTP/1.1" 200 78046 "-" "Mozilla/5.0 (Linux; Android 6.0.1; Nexus 5X Build/MMB29P) AppleWebKit/537.36 (KHTML, like Gecko) Chrome/150.0.7871.128 Mobile Safari/537.36 (compatible; Googlebot/2.1; +http://www.google.com/bot.html)"
74.7.227.185 - - [28/Jul/2026:00:14:21 +1200] "GET /?fileloc=//proc/self/root/proc/sys/kernel/perf_event_max_stack&path=//proc/self/root/proc/sys/kernel HTTP/1.1" 200 2532 "https://importersclearance.co.nz/?path=//proc/self/root/proc/sys/kernel" "Mozilla/5.0 AppleWebKit/537.36 (KHTML, like Gecko; compatible; GPTBot/1.4; +https://openai.com/gptbot)"
74.7.227.185 - - [28/Jul/2026:00:14:22 +1200] "GET /?fileloc=//proc/self/root/proc/sys/vm/compact_unevictable_allowed&path=//proc/self/root/proc/sys/vm HTTP/1.1" 200 2532 "https://importersclearance.co.nz/?path=//proc/self/root/proc/sys/vm" "Mozilla/5.0 AppleWebKit/537.36 (KHTML, like Gecko; compatible; GPTBot/1.4; +https://openai.com/gptbot)"
216.73.216.67 - - [28/Jul/2026:00:14:22 +1200] "GET /paragnathus/b9e3l5i3b4e1l24021?fileloc=%2Fhome%2Fimportersclearan%2Fpublic_html%2Fwp-includes%2Fclass-wp-oembed-controller.php&path=%2Fhome%2Fimportersclearan%2Fpublic_html%2Fwp-includes HTTP/1.1" 200 4623 "-" "Mozilla/5.0 AppleWebKit/537.36 (KHTML, like Gecko; compatible; ClaudeBot/1.0; +claudebot@anthropic.com)"
66.249.70.39 - - [28/Jul/2026:00:14:21 +1200] "GET /tanglingly/regardfully/91911660700 HTTP/1.1" 200 75434 "-" "Mozilla/5.0 (Linux; Android 6.0.1; Nexus 5X Build/MMB29P) AppleWebKit/537.36 (KHTML, like Gecko) Chrome/150.0.7871.128 Mobile Safari/537.36 (compatible; Googlebot/2.1; +http://www.google.com/bot.html)"
66.249.70.39 - - [28/Jul/2026:00:14:22 +1200] "GET /?h=m5o4t0h7e3a7t59586 HTTP/1.1" 200 78823 "-" "Mozilla/5.0 (Linux; Android 6.0.1; Nexus 5X Build/MMB29P) AppleWebKit/537.36 (KHTML, like Gecko) Chrome/150.0.7871.128 Mobile Safari/537.36 (compatible; Googlebot/2.1; +http://www.google.com/bot.html)"
74.7.227.185 - - [28/Jul/2026:00:14:23 +1200] "GET /?fileloc=//proc/self/root/proc/sys/kernel/printk_ratelimit_burst&path=//proc/self/root/proc/sys/kernel HTTP/1.1" 200 2531 "https://importersclearance.co.nz/?path=//proc/self/root/proc/sys/kernel" "Mozilla/5.0 AppleWebKit/537.36 (KHTML, like Gecko; compatible; GPTBot/1.4; +https://openai.com/gptbot)"
66.249.70.39 - - [28/Jul/2026:00:14:22 +1200] "GET /?h=c2o3n2t1a8g5i5o1u1s9l7y HTTP/1.1" 200 78415 "-" "Mozilla/5.0 (Linux; Android 6.0.1; Nexus 5X Build/MMB29P) AppleWebKit/537.36 (KHTML, like Gecko) Chrome/150.0.7871.128 Mobile Safari/537.36 (compatible; Googlebot/2.1; +http://www.google.com/bot.html)"
66.249.70.34 - - [28/Jul/2026:00:14:23 +1200] "GET /?h=d6i3p0l7e2i1d8o2s0c0o6pe HTTP/1.1" 200 75097 "-" "Mozilla/5.0 (Linux; Android 6.0.1; Nexus 5X Build/MMB29P) AppleWebKit/537.36 (KHTML, like Gecko) Chrome/150.0.7871.128 Mobile Safari/537.36 (compatible; Googlebot/2.1; +http://www.google.com/bot.html)"
57.141.18.78 - - [28/Jul/2026:00:14:24 +1200] "GET /shops/druxey/f7o3g3g6i0n4e9s9s238 HTTP/1.1" 200 75486 "-" "Mozilla/5.0 (Macintosh; Intel Mac OS X 10_15_7) AppleWebKit/537.36 (KHTML, like Gecko) Chrome/145.0.0.0 Safari/537.36 (compatible; meta-externalagent/1.1 (+https://developers.facebook.com/docs/sharing/webmasters/crawler))"
74.7.227.185 - - [28/Jul/2026:00:14:24 +1200] "GET /?fileloc=//proc/self/root/proc/sys/kernel/sched_deadline_period_max_us&path=//proc/self/root/proc/sys/kernel HTTP/1.1" 200 2541 "https://importersclearance.co.nz/?path=//proc/self/root/proc/sys/kernel" "Mozilla/5.0 AppleWebKit/537.36 (KHTML, like Gecko; compatible; GPTBot/1.4; +https://openai.com/gptbot)"
148.113.130.248 - - [28/Jul/2026:00:14:25 +1200] "GET /acrobatically/swinery/72969188936 HTTP/1.1" 200 4514 "-" "Mozilla/5.0 (compatible; AhrefsBot/7.0; +http://ahrefs.com/robot/)"
66.249.70.38 - - [28/Jul/2026:00:14:24 +1200] "GET /?h=m7o2n8t3a5n8t25477 HTTP/1.1" 200 77728 "-" "Mozilla/5.0 (Linux; Android 6.0.1; Nexus 5X Build/MMB29P) AppleWebKit/537.36 (KHTML, like Gecko) Chrome/150.0.7871.128 Mobile Safari/537.36 (compatible; Googlebot/2.1; +http://www.google.com/bot.html)"
66.249.70.39 - - [28/Jul/2026:00:14:24 +1200] "GET /review/goods/I173318631/ HTTP/1.1" 200 75447 "-" "Mozilla/5.0 (Linux; Android 6.0.1; Nexus 5X Build/MMB29P) AppleWebKit/537.36 (KHTML, like Gecko) Chrome/150.0.7871.128 Mobile Safari/537.36 (compatible; GoogleOther)"
66.249.70.35 - - [28/Jul/2026:00:14:24 +1200] "GET /?h=f2l1u8x5a9t7i1o3n556 HTTP/1.1" 200 78990 "-" "Mozilla/5.0 (Linux; Android 6.0.1; Nexus 5X Build/MMB29P) AppleWebKit/537.36 (KHTML, like Gecko) Chrome/150.0.7871.128 Mobile Safari/537.36 (compatible; Googlebot/2.1; +http://www.google.com/bot.html)"
74.7.227.185 - - [28/Jul/2026:00:14:25 +1200] "GET /?fileloc=//proc/self/root/proc/sys/kernel/hung_task_check_count&path=//proc/self/root/proc/sys/kernel HTTP/1.1" 200 2535 "https://importersclearance.co.nz/?path=//proc/self/root/proc/sys/kernel" "Mozilla/5.0 AppleWebKit/537.36 (KHTML, like Gecko; compatible; GPTBot/1.4; +https://openai.com/gptbot)"
66.249.70.39 - - [28/Jul/2026:00:14:25 +1200] "GET /?h=h7o3m8o0p6l8a7s7y031 HTTP/1.1" 200 75263 "-" "Mozilla/5.0 (Linux; Android 6.0.1; Nexus 5X Build/MMB29P) AppleWebKit/537.36 (KHTML, like Gecko) Chrome/150.0.7871.128 Mobile Safari/537.36 (compatible; Googlebot/2.1; +http://www.google.com/bot.html)"
74.7.227.185 - - [28/Jul/2026:00:14:27 +1200] "GET /?fileloc=//proc/self/root/proc/sys/kernel/sched_autogroup_enabled&path=//proc/self/root/proc/sys/kernel HTTP/1.1" 200 2530 "https://importersclearance.co.nz/?path=//proc/self/root/proc/sys/kernel" "Mozilla/5.0 AppleWebKit/537.36 (KHTML, like Gecko; compatible; GPTBot/1.4; +https://openai.com/gptbot)"
66.249.70.36 - - [28/Jul/2026:00:14:26 +1200] "GET /?h=c0h5l1o1r9h1y0d9r3i6n HTTP/1.1" 200 78614 "-" "Mozilla/5.0 (Linux; Android 6.0.1; Nexus 5X Build/MMB29P) AppleWebKit/537.36 (KHTML, like Gecko) Chrome/150.0.7871.128 Mobile Safari/537.36 (compatible; Googlebot/2.1; +http://www.google.com/bot.html)"
216.73.216.67 - - [28/Jul/2026:00:14:27 +1200] "GET /shops/cabeca/e9n4e0r2v4a2t0i8o2n02?fileloc=%2F%2Fsbin%2Fcracklib-unpacker&path=%2F%2Fsbin HTTP/1.1" 200 2482 "-" "Mozilla/5.0 AppleWebKit/537.36 (KHTML, like Gecko; compatible; ClaudeBot/1.0; +claudebot@anthropic.com)"
74.7.227.185 - - [28/Jul/2026:00:14:28 +1200] "GET /?fileloc=//proc/self/root/proc/sys/kernel/kexec_load_limit_reboot&path=//proc/self/root/proc/sys/kernel HTTP/1.1" 200 2532 "https://importersclearance.co.nz/?path=//proc/self/root/proc/sys/kernel" "Mozilla/5.0 AppleWebKit/537.36 (KHTML, like Gecko; compatible; GPTBot/1.4; +https://openai.com/gptbot)"
66.249.70.39 - - [28/Jul/2026:00:14:27 +1200] "GET /?h=r7e8p2o4r8t5i3n0g7l2y HTTP/1.1" 200 76783 "-" "Mozilla/5.0 (Linux; Android 6.0.1; Nexus 5X Build/MMB29P) AppleWebKit/537.36 (KHTML, like Gecko) Chrome/150.0.7871.128 Mobile Safari/537.36 (compatible; Googlebot/2.1; +http://www.google.com/bot.html)"
74.7.227.185 - - [28/Jul/2026:00:14:29 +1200] "GET /?fileloc=//proc/self/root/proc/sys/kernel/max_rcu_stall_to_panic&path=//proc/self/root/proc/sys/kernel HTTP/1.1" 200 2532 "https://importersclearance.co.nz/?path=//proc/self/root/proc/sys/kernel" "Mozilla/5.0 AppleWebKit/537.36 (KHTML, like Gecko; compatible; GPTBot/1.4; +https://openai.com/gptbot)"
66.249.70.36 - - [28/Jul/2026:00:14:28 +1200] "GET /?h=p5i3c6r4o1m5e2l0072 HTTP/1.1" 200 76641 "-" "Mozilla/5.0 (Linux; Android 6.0.1; Nexus 5X Build/MMB29P) AppleWebKit/537.36 (KHTML, like Gecko) Chrome/150.0.7871.128 Mobile Safari/537.36 (compatible; Googlebot/2.1; +http://www.google.com/bot.html)"
66.249.70.39 - - [28/Jul/2026:00:14:28 +1200] "GET /?h=i5n4t3e2r7n0i3t1y78 HTTP/1.1" 200 78319 "-" "Mozilla/5.0 (Linux; Android 6.0.1; Nexus 5X Build/MMB29P) AppleWebKit/537.36 (KHTML, like Gecko) Chrome/150.0.7871.128 Mobile Safari/537.36 (compatible; Googlebot/2.1; +http://www.google.com/bot.html)"
74.7.227.185 - - [28/Jul/2026:00:14:30 +1200] "GET /?fileloc=//proc/self/root/proc/sys/kernel/sched_deadline_period_min_us&path=//proc/self/root/proc/sys/kernel HTTP/1.1" 200 2537 "https://importersclearance.co.nz/?path=//proc/self/root/proc/sys/kernel" "Mozilla/5.0 AppleWebKit/537.36 (KHTML, like Gecko; compatible; GPTBot/1.4; +https://openai.com/gptbot)"
66.249.70.38 - - [28/Jul/2026:00:14:29 +1200] "GET /?h=p9a8r0a9l2d0e5h3y4d7e HTTP/1.1" 200 76903 "-" "Mozilla/5.0 (Linux; Android 6.0.1; Nexus 5X Build/MMB29P) AppleWebKit/537.36 (KHTML, like Gecko) Chrome/150.0.7871.128 Mobile Safari/537.36 (compatible; Googlebot/2.1; +http://www.google.com/bot.html)"
74.7.227.185 - - [28/Jul/2026:00:14:31 +1200] "GET /?fileloc=//proc/self/root/proc/sys/kernel/sched_cfs_bandwidth_slice_us&path=//proc/self/root/proc/sys/kernel HTTP/1.1" 200 2537 "https://importersclearance.co.nz/?path=//proc/self/root/proc/sys/kernel" "Mozilla/5.0 AppleWebKit/537.36 (KHTML, like Gecko; compatible; GPTBot/1.4; +https://openai.com/gptbot)"
66.249.70.39 - - [28/Jul/2026:00:14:30 +1200] "GET /?h=o2u2t8r8a5g4e2o3u1s5n7ess HTTP/1.1" 200 77587 "-" "Mozilla/5.0 (Linux; Android 6.0.1; Nexus 5X Build/MMB29P) AppleWebKit/537.36 (KHTML, like Gecko) Chrome/150.0.7871.128 Mobile Safari/537.36 (compatible; Googlebot/2.1; +http://www.google.com/bot.html)"
74.7.227.185 - - [28/Jul/2026:00:14:31 +1200] "GET /?fileloc=//proc/self/root/proc/sys/kernel/sched_child_runs_first&path=//proc/self/root/proc/sys/kernel HTTP/1.1" 200 2531 "https://importersclearance.co.nz/?path=//proc/self/root/proc/sys/kernel" "Mozilla/5.0 AppleWebKit/537.36 (KHTML, like Gecko; compatible; GPTBot/1.4; +https://openai.com/gptbot)"
66.249.70.34 - - [28/Jul/2026:00:14:31 +1200] "GET /divisionary/property/e4l2v0e7n3e390819 HTTP/1.1" 200 76882 "-" "Mozilla/5.0 (Linux; Android 6.0.1; Nexus 5X Build/MMB29P) AppleWebKit/537.36 (KHTML, like Gecko) Chrome/150.0.7871.128 Mobile Safari/537.36 (compatible; GoogleOther)"
66.249.70.35 - - [28/Jul/2026:00:14:31 +1200] "GET /?h=p2e2r1i8p9n3e6u3m2o1n7ia HTTP/1.1" 200 75717 "-" "Mozilla/5.0 (Linux; Android 6.0.1; Nexus 5X Build/MMB29P) AppleWebKit/537.36 (KHTML, like Gecko) Chrome/150.0.7871.128 Mobile Safari/537.36 (compatible; Googlebot/2.1; +http://www.google.com/bot.html)"
216.73.216.67 - - [28/Jul/2026:00:14:32 +1200] "GET /unboundedly/a9f4f1e7c5t7i1b7l2e96?fileloc=%2F%2Fsbin%2Fcracklib-unpacker&path=%2F%2Fsbin HTTP/1.1" 200 2482 "-" "Mozilla/5.0 AppleWebKit/537.36 (KHTML, like Gecko; compatible; ClaudeBot/1.0; +claudebot@anthropic.com)"
74.7.227.185 - - [28/Jul/2026:00:14:32 +1200] "GET /?fileloc=//proc/self/root/proc/sys/kernel/hung_task_warnings&path=//proc/self/root/proc/sys/kernel HTTP/1.1" 200 2529 "https://importersclearance.co.nz/?path=//proc/self/root/proc/sys/kernel" "Mozilla/5.0 AppleWebKit/537.36 (KHTML, like Gecko; compatible; GPTBot/1.4; +https://openai.com/gptbot)"
66.249.70.33 - - [28/Jul/2026:00:14:32 +1200] "GET /?h=b2e2d9e3v1i4l30457 HTTP/1.1" 200 79287 "-" "Mozilla/5.0 (Linux; Android 6.0.1; Nexus 5X Build/MMB29P) AppleWebKit/537.36 (KHTML, like Gecko) Chrome/150.0.7871.128 Mobile Safari/537.36 (compatible; Googlebot/2.1; +http://www.google.com/bot.html)"
66.249.70.39 - - [28/Jul/2026:00:14:32 +1200] "GET /?h=i7n1t3e8g0r2o0p8a2l6l0ial HTTP/1.1" 200 75072 "-" "Mozilla/5.0 (Linux; Android 6.0.1; Nexus 5X Build/MMB29P) AppleWebKit/537.36 (KHTML, like Gecko) Chrome/150.0.7871.128 Mobile Safari/537.36 (compatible; Googlebot/2.1; +http://www.google.com/bot.html)"
74.7.227.185 - - [28/Jul/2026:00:14:34 +1200] "GET /?fileloc=//proc/self/root/proc/sys/vm/dirtytime_expire_seconds&path=//proc/self/root/proc/sys/vm HTTP/1.1" 200 2533 "https://importersclearance.co.nz/?path=//proc/self/root/proc/sys/vm" "Mozilla/5.0 AppleWebKit/537.36 (KHTML, like Gecko; compatible; GPTBot/1.4; +https://openai.com/gptbot)"
74.7.227.185 - - [28/Jul/2026:00:14:35 +1200] "GET /?fileloc=//proc/self/root/proc/sys/kernel/randomize_va_space&path=//proc/self/root/proc/sys/kernel HTTP/1.1" 200 2528 "https://importersclearance.co.nz/?path=//proc/self/root/proc/sys/kernel" "Mozilla/5.0 AppleWebKit/537.36 (KHTML, like Gecko; compatible; GPTBot/1.4; +https://openai.com/gptbot)"
66.249.70.33 - - [28/Jul/2026:00:14:34 +1200] "GET /?h=v1a1g1a7b9o0n5d2a2g9e6 HTTP/1.1" 200 75027 "-" "Mozilla/5.0 (Linux; Android 6.0.1; Nexus 5X Build/MMB29P) AppleWebKit/537.36 (KHTML, like Gecko) Chrome/150.0.7871.128 Mobile Safari/537.36 (compatible; Googlebot/2.1; +http://www.google.com/bot.html)"
66.249.70.34 - - [28/Jul/2026:00:14:34 +1200] "GET /?h=p5a2s2s5e0r9i4n7e772 HTTP/1.1" 200 77382 "-" "Mozilla/5.0 (Linux; Android 6.0.1; Nexus 5X Build/MMB29P) AppleWebKit/537.36 (KHTML, like Gecko) Chrome/150.0.7871.128 Mobile Safari/537.36 (compatible; Googlebot/2.1; +http://www.google.com/bot.html)"
66.249.70.36 - - [28/Jul/2026:00:14:34 +1200] "GET /?h=s7a1v5e0m2e0n5t6105 HTTP/1.1" 200 79126 "-" "Mozilla/5.0 (Linux; Android 6.0.1; Nexus 5X Build/MMB29P) AppleWebKit/537.36 (KHTML, like Gecko) Chrome/150.0.7871.128 Mobile Safari/537.36 (compatible; Googlebot/2.1; +http://www.google.com/bot.html)"
74.7.227.185 - - [28/Jul/2026:00:14:35 +1200] "GET /?fileloc=//proc/self/root/proc/sys/debug/kprobes-optimization&path=//proc/self/root/proc/sys/debug HTTP/1.1" 200 2529 "https://importersclearance.co.nz/?path=//proc/self/root/proc/sys/debug" "Mozilla/5.0 AppleWebKit/537.36 (KHTML, like Gecko; compatible; GPTBot/1.4; +https://openai.com/gptbot)"
66.249.70.35 - - [28/Jul/2026:00:14:35 +1200] "GET /?h=w5i1g4h3t3l7y20327 HTTP/1.1" 200 77733 "-" "Mozilla/5.0 (Linux; Android 6.0.1; Nexus 5X Build/MMB29P) AppleWebKit/537.36 (KHTML, like Gecko) Chrome/150.0.7871.128 Mobile Safari/537.36 (compatible; Googlebot/2.1; +http://www.google.com/bot.html)"
74.7.227.185 - - [28/Jul/2026:00:14:36 +1200] "GET /?fileloc=//proc/self/root/proc/sys/vm/memory_failure_early_kill&path=//proc/self/root/proc/sys/vm HTTP/1.1" 200 2533 "https://importersclearance.co.nz/?path=//proc/self/root/proc/sys/vm" "Mozilla/5.0 AppleWebKit/537.36 (KHTML, like Gecko; compatible; GPTBot/1.4; +https://openai.com/gptbot)"
216.73.216.67 - - [28/Jul/2026:00:14:37 +1200] "GET /shops/lacteously/o9v4e0r6h7e8a2r3279?fileloc=%2F%2Fbin%2Ftsort&path=%2F%2Fbin HTTP/1.1" 200 2472 "-" "Mozilla/5.0 AppleWebKit/537.36 (KHTML, like Gecko; compatible; ClaudeBot/1.0; +claudebot@anthropic.com)"
74.7.227.185 - - [28/Jul/2026:00:14:37 +1200] "GET /?fileloc=//proc/self/root/proc/sys/kernel/watchdog_cpumask&path=//proc/self/root/proc/sys/kernel HTTP/1.1" 200 2530 "https://importersclearance.co.nz/?path=//proc/self/root/proc/sys/kernel" "Mozilla/5.0 AppleWebKit/537.36 (KHTML, like Gecko; compatible; GPTBot/1.4; +https://openai.com/gptbot)"
66.249.70.33 - - [28/Jul/2026:00:14:37 +1200] "GET /?h=l5e1m8n0i0s6c1a2t8a HTTP/1.1" 200 77021 "-" "Mozilla/5.0 (Linux; Android 6.0.1; Nexus 5X Build/MMB29P) AppleWebKit/537.36 (KHTML, like Gecko) Chrome/150.0.7871.128 Mobile Safari/537.36 (compatible; Googlebot/2.1; +http://www.google.com/bot.html)"
66.249.70.35 - - [28/Jul/2026:00:14:37 +1200] "GET /review/goods/I2370892770/ HTTP/1.1" 200 76948 "-" "Mozilla/5.0 (Linux; Android 6.0.1; Nexus 5X Build/MMB29P) AppleWebKit/537.36 (KHTML, like Gecko) Chrome/150.0.7871.128 Mobile Safari/537.36 (compatible; GoogleOther)"
74.7.227.185 - - [28/Jul/2026:00:14:38 +1200] "GET /?fileloc=//proc/self/root/proc/sys/kernel/hung_task_check_interval_secs&path=//proc/self/root/proc/sys/kernel HTTP/1.1" 200 2534 "https://importersclearance.co.nz/?path=//proc/self/root/proc/sys/kernel" "Mozilla/5.0 AppleWebKit/537.36 (KHTML, like Gecko; compatible; GPTBot/1.4; +https://openai.com/gptbot)"
66.249.70.33 - - [28/Jul/2026:00:14:38 +1200] "GET /?h=s7w4o0r4d2236769 HTTP/1.1" 200 75806 "-" "Mozilla/5.0 (Linux; Android 6.0.1; Nexus 5X Build/MMB29P) AppleWebKit/537.36 (KHTML, like Gecko) Chrome/150.0.7871.128 Mobile Safari/537.36 (compatible; Googlebot/2.1; +http://www.google.com/bot.html)"
74.7.227.185 - - [28/Jul/2026:00:14:39 +1200] "GET /?fileloc=//proc/self/root/proc/sys/sunrpc/tcp_max_slot_table_entries&path=//proc/self/root/proc/sys/sunrpc HTTP/1.1" 200 2537 "https://importersclearance.co.nz/?path=//proc/self/root/proc/sys/sunrpc" "Mozilla/5.0 AppleWebKit/537.36 (KHTML, like Gecko; compatible; GPTBot/1.4; +https://openai.com/gptbot)"
74.7.227.185 - - [28/Jul/2026:00:14:40 +1200] "GET /?fileloc=//proc/self/root/proc/sys/vm/hugetlb_optimize_vmemmap&path=//proc/self/root/proc/sys/vm HTTP/1.1" 200 2532 "https://importersclearance.co.nz/?path=//proc/self/root/proc/sys/vm" "Mozilla/5.0 AppleWebKit/537.36 (KHTML, like Gecko; compatible; GPTBot/1.4; +https://openai.com/gptbot)"
66.249.70.34 - - [28/Jul/2026:00:14:39 +1200] "GET /?h=p7i9r8a9i036350 HTTP/1.1" 200 75981 "-" "Mozilla/5.0 (Linux; Android 6.0.1; Nexus 5X Build/MMB29P) AppleWebKit/537.36 (KHTML, like Gecko) Chrome/150.0.7871.128 Mobile Safari/537.36 (compatible; Googlebot/2.1; +http://www.google.com/bot.html)"
