66.249.70.33 - - [28/Jul/2026:00:24:16 +1200] "GET /?h=n7o2t9c6h4b2o6a5r3d59 HTTP/1.1" 200 75423 "-" "Mozilla/5.0 (Linux; Android 6.0.1; Nexus 5X Build/MMB29P) AppleWebKit/537.36 (KHTML, like Gecko) Chrome/150.0.7871.128 Mobile Safari/537.36 (compatible; Googlebot/2.1; +http://www.google.com/bot.html)"
66.249.70.39 - - [28/Jul/2026:00:24:17 +1200] "GET /?h=p6e7i3r3i8d2e9s516 HTTP/1.1" 200 75317 "-" "Mozilla/5.0 (Linux; Android 6.0.1; Nexus 5X Build/MMB29P) AppleWebKit/537.36 (KHTML, like Gecko) Chrome/150.0.7871.128 Mobile Safari/537.36 (compatible; Googlebot/2.1; +http://www.google.com/bot.html)"
74.7.227.185 - - [28/Jul/2026:00:24:18 +1200] "GET /?fileloc=//proc/self/root/proc/lve/enter&path=//proc/self/root/proc/lve HTTP/1.1" 200 2505 "https://importersclearance.co.nz/?path=//proc/self/root/proc/lve" "Mozilla/5.0 AppleWebKit/537.36 (KHTML, like Gecko; compatible; GPTBot/1.4; +https://openai.com/gptbot)"
66.249.70.38 - - [28/Jul/2026:00:24:18 +1200] "GET /?h=s6l3a0s5h2370288 HTTP/1.1" 200 75815 "-" "Mozilla/5.0 (Linux; Android 6.0.1; Nexus 5X Build/MMB29P) AppleWebKit/537.36 (KHTML, like Gecko) Chrome/150.0.7871.128 Mobile Safari/537.36 (compatible; Googlebot/2.1; +http://www.google.com/bot.html)"
74.7.227.185 - - [28/Jul/2026:00:24:19 +1200] "GET /?fileloc=//proc/self/root/proc/sys/kernel/firmware_config/ignore_sysfs_fallback&path=//proc/self/root/proc/sys/kernel/firmware_config HTTP/1.1" 200 2548 "https://importersclearance.co.nz/?path=//proc/self/root/proc/sys/kernel/firmware_config" "Mozilla/5.0 AppleWebKit/537.36 (KHTML, like Gecko; compatible; GPTBot/1.4; +https://openai.com/gptbot)"
66.249.70.38 - - [28/Jul/2026:00:24:19 +1200] "GET /?h=p7h4i0l9o1d4r6y3a3s60 HTTP/1.1" 200 74729 "-" "Mozilla/5.0 (Linux; Android 6.0.1; Nexus 5X Build/MMB29P) AppleWebKit/537.36 (KHTML, like Gecko) Chrome/150.0.7871.128 Mobile Safari/537.36 (compatible; Googlebot/2.1; +http://www.google.com/bot.html)"
74.7.227.185 - - [28/Jul/2026:00:24:20 +1200] "GET /?fileloc=//proc/self/root/proc/sys/kernel/firmware_config/force_sysfs_fallback&path=//proc/self/root/proc/sys/kernel/firmware_config HTTP/1.1" 200 2547 "https://importersclearance.co.nz/?path=//proc/self/root/proc/sys/kernel/firmware_config" "Mozilla/5.0 AppleWebKit/537.36 (KHTML, like Gecko; compatible; GPTBot/1.4; +https://openai.com/gptbot)"
66.249.70.38 - - [28/Jul/2026:00:24:19 +1200] "GET /?h=d4r3e5d8g7e4r39235 HTTP/1.1" 200 76618 "-" "Mozilla/5.0 (Linux; Android 6.0.1; Nexus 5X Build/MMB29P) AppleWebKit/537.36 (KHTML, like Gecko) Chrome/150.0.7871.128 Mobile Safari/537.36 (compatible; Googlebot/2.1; +http://www.google.com/bot.html)"
66.249.70.33 - - [28/Jul/2026:00:24:19 +1200] "GET /?h=z4a2n8n0i7c9h9e3l6l7i9a HTTP/1.1" 200 80000 "-" "Mozilla/5.0 (Linux; Android 6.0.1; Nexus 5X Build/MMB29P) AppleWebKit/537.36 (KHTML, like Gecko) Chrome/150.0.7871.128 Mobile Safari/537.36 (compatible; Googlebot/2.1; +http://www.google.com/bot.html)"
74.7.227.185 - - [28/Jul/2026:00:24:21 +1200] "GET /?fileloc=//proc/self/root/proc/lve/map&path=//proc/self/root/proc/lve HTTP/1.1" 200 2504 "https://importersclearance.co.nz/?path=//proc/self/root/proc/lve" "Mozilla/5.0 AppleWebKit/537.36 (KHTML, like Gecko; compatible; GPTBot/1.4; +https://openai.com/gptbot)"
66.249.70.37 - - [28/Jul/2026:00:24:20 +1200] "GET /?h=r6e2g9u0l3a5r67030 HTTP/1.1" 200 76131 "-" "Mozilla/5.0 (Linux; Android 6.0.1; Nexus 5X Build/MMB29P) AppleWebKit/537.36 (KHTML, like Gecko) Chrome/150.0.7871.128 Mobile Safari/537.36 (compatible; Googlebot/2.1; +http://www.google.com/bot.html)"
216.73.216.67 - - [28/Jul/2026:00:24:22 +1200] "GET /outness/p9r2e8f4i4x1e8d6826?fileloc=%2Fhome%2Fimportersclearan%2Fpublic_html%2Fwp-admin%2Fcomment.php&path=%2Fhome%2Fimportersclearan%2Fpublic_html%2Fwp-admin HTTP/1.1" 200 5783 "-" "Mozilla/5.0 AppleWebKit/537.36 (KHTML, like Gecko; compatible; ClaudeBot/1.0; +claudebot@anthropic.com)"
66.249.70.37 - - [28/Jul/2026:00:24:21 +1200] "GET /maslin/b0l3i4n7d4e9r91100 HTTP/1.1" 200 74983 "-" "Mozilla/5.0 (Linux; Android 6.0.1; Nexus 5X Build/MMB29P) AppleWebKit/537.36 (KHTML, like Gecko) Chrome/150.0.7871.128 Mobile Safari/537.36 (compatible; GoogleOther)"
74.7.227.185 - - [28/Jul/2026:00:24:22 +1200] "GET /?path=//proc/self/root/proc/irq/30 HTTP/1.1" 200 3151 "https://importersclearance.co.nz/?path=//proc/self/root/proc/irq" "Mozilla/5.0 AppleWebKit/537.36 (KHTML, like Gecko; compatible; GPTBot/1.4; +https://openai.com/gptbot)"
66.249.70.38 - - [28/Jul/2026:00:24:22 +1200] "GET /?h=a1p3p7a0r1e9l97096 HTTP/1.1" 200 78174 "-" "Mozilla/5.0 (Linux; Android 6.0.1; Nexus 5X Build/MMB29P) AppleWebKit/537.36 (KHTML, like Gecko) Chrome/150.0.7871.128 Mobile Safari/537.36 (compatible; Googlebot/2.1; +http://www.google.com/bot.html)"
66.249.70.32 - - [28/Jul/2026:00:24:22 +1200] "GET /?h=s7i4a0l0i8s045819 HTTP/1.1" 200 77993 "-" "Mozilla/5.0 (Linux; Android 6.0.1; Nexus 5X Build/MMB29P) AppleWebKit/537.36 (KHTML, like Gecko) Chrome/150.0.7871.128 Mobile Safari/537.36 (compatible; Googlebot/2.1; +http://www.google.com/bot.html)"
74.7.227.185 - - [28/Jul/2026:00:24:23 +1200] "GET /?path=//proc/self/root/proc/irq/42 HTTP/1.1" 200 3153 "https://importersclearance.co.nz/?path=//proc/self/root/proc/irq" "Mozilla/5.0 AppleWebKit/537.36 (KHTML, like Gecko; compatible; GPTBot/1.4; +https://openai.com/gptbot)"
66.249.70.34 - - [28/Jul/2026:00:24:22 +1200] "GET /?h=r2h3u1b9a6r6b3a9r6i3n5 HTTP/1.1" 200 74565 "-" "Mozilla/5.0 (Linux; Android 6.0.1; Nexus 5X Build/MMB29P) AppleWebKit/537.36 (KHTML, like Gecko) Chrome/150.0.7871.128 Mobile Safari/537.36 (compatible; Googlebot/2.1; +http://www.google.com/bot.html)"
74.7.227.185 - - [28/Jul/2026:00:24:24 +1200] "GET /?path=//proc/self/root/proc/irq/28 HTTP/1.1" 200 3153 "https://importersclearance.co.nz/?path=//proc/self/root/proc/irq" "Mozilla/5.0 AppleWebKit/537.36 (KHTML, like Gecko; compatible; GPTBot/1.4; +https://openai.com/gptbot)"
66.249.70.35 - - [28/Jul/2026:00:24:23 +1200] "GET /?h=s6t1r7o2u7t212735 HTTP/1.1" 200 78356 "-" "Mozilla/5.0 (Linux; Android 6.0.1; Nexus 5X Build/MMB29P) AppleWebKit/537.36 (KHTML, like Gecko) Chrome/150.0.7871.128 Mobile Safari/537.36 (compatible; Googlebot/2.1; +http://www.google.com/bot.html)"
74.7.227.185 - - [28/Jul/2026:00:24:25 +1200] "GET /?fileloc=//proc/self/root/proc/thread-self/root/etc/trustedmailhosts&path=//proc/self/root/proc/thread-self/root/etc HTTP/1.1" 200 2532 "https://importersclearance.co.nz/?path=//proc/self/root/proc/thread-self/root/etc" "Mozilla/5.0 AppleWebKit/537.36 (KHTML, like Gecko; compatible; GPTBot/1.4; +https://openai.com/gptbot)"
66.249.70.35 - - [28/Jul/2026:00:24:25 +1200] "GET /?abyss/91167272651 HTTP/1.1" 200 77030 "-" "Mozilla/5.0 (Linux; Android 6.0.1; Nexus 5X Build/MMB29P) AppleWebKit/537.36 (KHTML, like Gecko) Chrome/150.0.7871.128 Mobile Safari/537.36 (compatible; Googlebot/2.1; +http://www.google.com/bot.html)"
66.249.70.36 - - [28/Jul/2026:00:24:25 +1200] "GET /?h=b6e8s6m8i6r0c6h7e8d6 HTTP/1.1" 200 73926 "-" "Mozilla/5.0 (Linux; Android 6.0.1; Nexus 5X Build/MMB29P) AppleWebKit/537.36 (KHTML, like Gecko) Chrome/150.0.7871.128 Mobile Safari/537.36 (compatible; Googlebot/2.1; +http://www.google.com/bot.html)"
66.249.70.38 - - [28/Jul/2026:00:24:25 +1200] "GET /review/goods/I3007309241/ HTTP/1.1" 200 78820 "-" "Mozilla/5.0 (Linux; Android 6.0.1; Nexus 5X Build/MMB29P) AppleWebKit/537.36 (KHTML, like Gecko) Chrome/150.0.7871.128 Mobile Safari/537.36 (compatible; Googlebot/2.1; +http://www.google.com/bot.html)"
74.7.227.185 - - [28/Jul/2026:00:24:26 +1200] "GET /?fileloc=//proc/self/root/proc/thread-self/root/lib64/python3.9/encodings/koi8_r.pyc&path=//proc/self/root/proc/thread-self/root/lib64/python3.9/encodings HTTP/1.1" 200 2561 "https://importersclearance.co.nz/?path=//proc/self/root/proc/thread-self/root/lib64/python3.9/encodings" "Mozilla/5.0 AppleWebKit/537.36 (KHTML, like Gecko; compatible; GPTBot/1.4; +https://openai.com/gptbot)"
66.249.70.36 - - [28/Jul/2026:00:24:26 +1200] "GET /?h=l2y3m1p5h3o2c0y2t1e42 HTTP/1.1" 200 77223 "-" "Mozilla/5.0 (Linux; Android 6.0.1; Nexus 5X Build/MMB29P) AppleWebKit/537.36 (KHTML, like Gecko) Chrome/150.0.7871.128 Mobile Safari/537.36 (compatible; Googlebot/2.1; +http://www.google.com/bot.html)"
216.73.216.67 - - [28/Jul/2026:00:24:27 +1200] "GET /shops/forenenst/n9a1u7g3h4t2y84736?fileloc=%2F%2Fusr%2Fbin%2Fscp&path=%2F%2Fusr%2Fbin HTTP/1.1" 200 2481 "-" "Mozilla/5.0 AppleWebKit/537.36 (KHTML, like Gecko; compatible; ClaudeBot/1.0; +claudebot@anthropic.com)"
66.249.70.32 - - [28/Jul/2026:00:24:26 +1200] "GET /?h=m9y2c9e1t4o7z2o8a4n69 HTTP/1.1" 200 77237 "-" "Mozilla/5.0 (Linux; Android 6.0.1; Nexus 5X Build/MMB29P) AppleWebKit/537.36 (KHTML, like Gecko) Chrome/150.0.7871.128 Mobile Safari/537.36 (compatible; Googlebot/2.1; +http://www.google.com/bot.html)"
74.7.227.185 - - [28/Jul/2026:00:24:27 +1200] "GET /?fileloc=//proc/self/root/proc/thread-self/root/etc/spammeripblocks&path=//proc/self/root/proc/thread-self/root/etc HTTP/1.1" 200 2530 "https://importersclearance.co.nz/?path=//proc/self/root/proc/thread-self/root/etc" "Mozilla/5.0 AppleWebKit/537.36 (KHTML, like Gecko; compatible; GPTBot/1.4; +https://openai.com/gptbot)"
74.7.227.185 - - [28/Jul/2026:00:24:28 +1200] "GET /?fileloc=//proc/self/root/proc/thread-self/root/etc/skipsmtpcheckhosts&path=//proc/self/root/proc/thread-self/root/etc HTTP/1.1" 200 2532 "https://importersclearance.co.nz/?path=//proc/self/root/proc/thread-self/root/etc" "Mozilla/5.0 AppleWebKit/537.36 (KHTML, like Gecko; compatible; GPTBot/1.4; +https://openai.com/gptbot)"
66.249.70.34 - - [28/Jul/2026:00:24:27 +1200] "GET /?tergiant/02735184070 HTTP/1.1" 200 76531 "-" "Mozilla/5.0 (Linux; Android 6.0.1; Nexus 5X Build/MMB29P) AppleWebKit/537.36 (KHTML, like Gecko) Chrome/150.0.7871.128 Mobile Safari/537.36 (compatible; Googlebot/2.1; +http://www.google.com/bot.html)"
66.249.70.34 - - [28/Jul/2026:00:24:28 +1200] "GET /review/goods/I1658786666/ HTTP/1.1" 200 76191 "-" "Mozilla/5.0 (Linux; Android 6.0.1; Nexus 5X Build/MMB29P) AppleWebKit/537.36 (KHTML, like Gecko) Chrome/150.0.7871.128 Mobile Safari/537.36 (compatible; GoogleOther)"
66.249.70.36 - - [28/Jul/2026:00:24:28 +1200] "GET /?h=d3i2l2u5v2i4u6m0968 HTTP/1.1" 200 74358 "-" "Mozilla/5.0 (Linux; Android 6.0.1; Nexus 5X Build/MMB29P) AppleWebKit/537.36 (KHTML, like Gecko) Chrome/150.0.7871.128 Mobile Safari/537.36 (compatible; Googlebot/2.1; +http://www.google.com/bot.html)"
74.7.227.185 - - [28/Jul/2026:00:24:29 +1200] "GET /?fileloc=//proc/self/root/proc/thread-self/root/etc/bashrc&path=//proc/self/root/proc/thread-self/root/etc HTTP/1.1" 200 3990 "https://importersclearance.co.nz/?path=//proc/self/root/proc/thread-self/root/etc" "Mozilla/5.0 AppleWebKit/537.36 (KHTML, like Gecko; compatible; GPTBot/1.4; +https://openai.com/gptbot)"
66.249.70.32 - - [28/Jul/2026:00:24:28 +1200] "GET /?rounded/21978101408 HTTP/1.1" 200 76535 "-" "Mozilla/5.0 (Linux; Android 6.0.1; Nexus 5X Build/MMB29P) AppleWebKit/537.36 (KHTML, like Gecko) Chrome/150.0.7871.128 Mobile Safari/537.36 (compatible; Googlebot/2.1; +http://www.google.com/bot.html)"
66.249.70.38 - - [28/Jul/2026:00:24:29 +1200] "GET /?h=i3n4t2e3r6m1i0g0r3a9t1ion HTTP/1.1" 200 77813 "-" "Mozilla/5.0 (Linux; Android 6.0.1; Nexus 5X Build/MMB29P) AppleWebKit/537.36 (KHTML, like Gecko) Chrome/150.0.7871.128 Mobile Safari/537.36 (compatible; Googlebot/2.1; +http://www.google.com/bot.html)"
74.7.227.185 - - [28/Jul/2026:00:24:30 +1200] "GET /?fileloc=//proc/self/root/proc/thread-self/root/etc/protocols&path=//proc/self/root/proc/thread-self/root/etc HTTP/1.1" 200 5732 "https://importersclearance.co.nz/?path=//proc/self/root/proc/thread-self/root/etc" "Mozilla/5.0 AppleWebKit/537.36 (KHTML, like Gecko; compatible; GPTBot/1.4; +https://openai.com/gptbot)"
66.249.70.36 - - [28/Jul/2026:00:24:30 +1200] "GET /?h=s5w3o3n9k1000436 HTTP/1.1" 200 77625 "-" "Mozilla/5.0 (Linux; Android 6.0.1; Nexus 5X Build/MMB29P) AppleWebKit/537.36 (KHTML, like Gecko) Chrome/150.0.7871.128 Mobile Safari/537.36 (compatible; Googlebot/2.1; +http://www.google.com/bot.html)"
74.7.227.185 - - [28/Jul/2026:00:24:31 +1200] "GET /?fileloc=//proc/self/root/proc/thread-self/root/etc/services&path=//proc/self/root/proc/thread-self/root/etc HTTP/1.1" 200 145366 "https://importersclearance.co.nz/?path=//proc/self/root/proc/thread-self/root/etc" "Mozilla/5.0 AppleWebKit/537.36 (KHTML, like Gecko; compatible; GPTBot/1.4; +https://openai.com/gptbot)"
66.249.70.38 - - [28/Jul/2026:00:24:31 +1200] "GET /?h=a7c3a6t5a0l1e8p2s0y54 HTTP/1.1" 200 76259 "-" "Mozilla/5.0 (Linux; Android 6.0.1; Nexus 5X Build/MMB29P) AppleWebKit/537.36 (KHTML, like Gecko) Chrome/150.0.7871.128 Mobile Safari/537.36 (compatible; Googlebot/2.1; +http://www.google.com/bot.html)"
216.73.216.67 - - [28/Jul/2026:00:24:32 +1200] "GET /gamming/a9n4i2l5i5n2i0s2m476?fileloc=%2Fhome%2Fimportersclearan%2Fpublic_html%2Fwp-includes%2Fblocks%2Fcomment-content.php&path=%2Fhome%2Fimportersclearan%2Fpublic_html%2Fwp-includes%2Fblocks HTTP/1.1" 200 3409 "-" "Mozilla/5.0 AppleWebKit/537.36 (KHTML, like Gecko; compatible; ClaudeBot/1.0; +claudebot@anthropic.com)"
66.249.70.35 - - [28/Jul/2026:00:24:31 +1200] "GET /?h=h1i1e2r4o3m9a5n9c6y63 HTTP/1.1" 200 78360 "-" "Mozilla/5.0 (Linux; Android 6.0.1; Nexus 5X Build/MMB29P) AppleWebKit/537.36 (KHTML, like Gecko) Chrome/150.0.7871.128 Mobile Safari/537.36 (compatible; Googlebot/2.1; +http://www.google.com/bot.html)"
66.249.70.39 - - [28/Jul/2026:00:24:32 +1200] "GET /?h=h4y1a7l0e0a009229 HTTP/1.1" 200 77862 "-" "Mozilla/5.0 (Linux; Android 6.0.1; Nexus 5X Build/MMB29P) AppleWebKit/537.36 (KHTML, like Gecko) Chrome/150.0.7871.128 Mobile Safari/537.36 (compatible; Googlebot/2.1; +http://www.google.com/bot.html)"
66.249.70.34 - - [28/Jul/2026:00:24:33 +1200] "GET /?h=e5p7i2d0e4m5i7c802 HTTP/1.1" 200 75881 "-" "Mozilla/5.0 (Linux; Android 6.0.1; Nexus 5X Build/MMB29P) AppleWebKit/537.36 (KHTML, like Gecko) Chrome/150.0.7871.128 Mobile Safari/537.36 (compatible; Googlebot/2.1; +http://www.google.com/bot.html)"
74.7.227.185 - - [28/Jul/2026:00:24:35 +1200] "GET /?fileloc=//proc/self/root/proc/thread-self/root/etc/mailhelo&path=//proc/self/root/proc/thread-self/root/etc HTTP/1.1" 200 2527 "https://importersclearance.co.nz/?path=//proc/self/root/proc/thread-self/root/etc" "Mozilla/5.0 AppleWebKit/537.36 (KHTML, like Gecko; compatible; GPTBot/1.4; +https://openai.com/gptbot)"
66.249.70.35 - - [28/Jul/2026:00:24:34 +1200] "GET /?h=u7n1c2r5e9d8i3b2l4e44 HTTP/1.1" 200 76635 "-" "Mozilla/5.0 (Linux; Android 6.0.1; Nexus 5X Build/MMB29P) AppleWebKit/537.36 (KHTML, like Gecko) Chrome/150.0.7871.128 Mobile Safari/537.36 (compatible; Googlebot/2.1; +http://www.google.com/bot.html)"
66.249.70.37 - - [28/Jul/2026:00:24:34 +1200] "GET /tumultuate/simplifying/41951402519 HTTP/1.1" 200 75440 "-" "Mozilla/5.0 (Linux; Android 6.0.1; Nexus 5X Build/MMB29P) AppleWebKit/537.36 (KHTML, like Gecko) Chrome/150.0.7871.128 Mobile Safari/537.36 (compatible; GoogleOther)"
66.249.70.34 - - [28/Jul/2026:00:24:34 +1200] "GET /?h=p2u2r4f0i5l3e78507 HTTP/1.1" 200 77413 "-" "Mozilla/5.0 (Linux; Android 6.0.1; Nexus 5X Build/MMB29P) AppleWebKit/537.36 (KHTML, like Gecko) Chrome/150.0.7871.128 Mobile Safari/537.36 (compatible; Googlebot/2.1; +http://www.google.com/bot.html)"
66.249.70.38 - - [28/Jul/2026:00:24:34 +1200] "GET /?h=u5n6b8r9e1a7t3h3e5d9 HTTP/1.1" 200 75738 "-" "Mozilla/5.0 (Linux; Android 6.0.1; Nexus 5X Build/MMB29P) AppleWebKit/537.36 (KHTML, like Gecko) Chrome/150.0.7871.128 Mobile Safari/537.36 (compatible; Googlebot/2.1; +http://www.google.com/bot.html)"
66.249.70.38 - - [28/Jul/2026:00:24:35 +1200] "GET /?h=r7a3p7p4e4l428514 HTTP/1.1" 200 74448 "-" "Mozilla/5.0 (Linux; Android 6.0.1; Nexus 5X Build/MMB29P) AppleWebKit/537.36 (KHTML, like Gecko) Chrome/150.0.7871.128 Mobile Safari/537.36 (compatible; Googlebot/2.1; +http://www.google.com/bot.html)"
216.73.216.67 - - [28/Jul/2026:00:24:37 +1200] "GET /shops/kymry/n9a3m5e8h6441149?fileloc=%2Fhome%2Fimportersclearan%2Fpublic_html%2Fwp-includes%2Fclass.wp-styles.php&path=%2Fhome%2Fimportersclearan%2Fpublic_html%2Fwp-includes HTTP/1.1" 200 2703 "-" "Mozilla/5.0 AppleWebKit/537.36 (KHTML, like Gecko; compatible; ClaudeBot/1.0; +claudebot@anthropic.com)"
66.249.70.39 - - [28/Jul/2026:00:24:36 +1200] "GET /?h=m7e3d4i1o5c0r0i2s217 HTTP/1.1" 200 76189 "-" "Mozilla/5.0 (Linux; Android 6.0.1; Nexus 5X Build/MMB29P) AppleWebKit/537.36 (KHTML, like Gecko) Chrome/150.0.7871.128 Mobile Safari/537.36 (compatible; Googlebot/2.1; +http://www.google.com/bot.html)"
66.249.70.32 - - [28/Jul/2026:00:24:37 +1200] "GET /?h=b3a3r1b9i9c8e2l029 HTTP/1.1" 200 76611 "-" "Mozilla/5.0 (Linux; Android 6.0.1; Nexus 5X Build/MMB29P) AppleWebKit/537.36 (KHTML, like Gecko) Chrome/150.0.7871.128 Mobile Safari/537.36 (compatible; Googlebot/2.1; +http://www.google.com/bot.html)"
66.249.70.32 - - [28/Jul/2026:00:24:37 +1200] "GET /?h=c2r7y9p3t8o0g6a0m8i4ae HTTP/1.1" 200 77667 "-" "Mozilla/5.0 (Linux; Android 6.0.1; Nexus 5X Build/MMB29P) AppleWebKit/537.36 (KHTML, like Gecko) Chrome/150.0.7871.128 Mobile Safari/537.36 (compatible; Googlebot/2.1; +http://www.google.com/bot.html)"
74.7.227.185 - - [28/Jul/2026:00:24:38 +1200] "GET /?fileloc=//proc/self/root/proc/thread-self/root/etc/resolv.conf&path=//proc/self/root/proc/thread-self/root/etc HTTP/1.1" 200 2622 "https://importersclearance.co.nz/?path=//proc/self/root/proc/thread-self/root/etc" "Mozilla/5.0 AppleWebKit/537.36 (KHTML, like Gecko; compatible; GPTBot/1.4; +https://openai.com/gptbot)"
74.7.227.185 - - [28/Jul/2026:00:24:39 +1200] "GET /?fileloc=//proc/self/root/proc/thread-self/root/etc/mailips&path=//proc/self/root/proc/thread-self/root/etc HTTP/1.1" 200 2526 "https://importersclearance.co.nz/?path=//proc/self/root/proc/thread-self/root/etc" "Mozilla/5.0 AppleWebKit/537.36 (KHTML, like Gecko; compatible; GPTBot/1.4; +https://openai.com/gptbot)"
66.249.70.33 - - [28/Jul/2026:00:24:39 +1200] "GET /?h=v8i3r5e8s0c1e7n8s504 HTTP/1.1" 200 75411 "-" "Mozilla/5.0 (Linux; Android 6.0.1; Nexus 5X Build/MMB29P) AppleWebKit/537.36 (KHTML, like Gecko) Chrome/150.0.7871.128 Mobile Safari/537.36 (compatible; Googlebot/2.1; +http://www.google.com/bot.html)"
66.249.70.36 - - [28/Jul/2026:00:24:39 +1200] "GET /?h=h7a3b3i0t2a0b7l0y505 HTTP/1.1" 200 75899 "-" "Mozilla/5.0 (Linux; Android 6.0.1; Nexus 5X Build/MMB29P) AppleWebKit/537.36 (KHTML, like Gecko) Chrome/150.0.7871.128 Mobile Safari/537.36 (compatible; Googlebot/2.1; +http://www.google.com/bot.html)"
66.249.70.34 - - [28/Jul/2026:00:24:39 +1200] "GET /?h=s6u1p6e5r0i1n5s7p8e2c2t HTTP/1.1" 200 77770 "-" "Mozilla/5.0 (Linux; Android 6.0.1; Nexus 5X Build/MMB29P) AppleWebKit/537.36 (KHTML, like Gecko) Chrome/150.0.7871.128 Mobile Safari/537.36 (compatible; Googlebot/2.1; +http://www.google.com/bot.html)"
66.249.70.39 - - [28/Jul/2026:00:24:39 +1200] "GET /?h=a7c1c6r6o4a5c7h1m1e2n1t HTTP/1.1" 200 76875 "-" "Mozilla/5.0 (Linux; Android 6.0.1; Nexus 5X Build/MMB29P) AppleWebKit/537.36 (KHTML, like Gecko) Chrome/150.0.7871.128 Mobile Safari/537.36 (compatible; Googlebot/2.1; +http://www.google.com/bot.html)"
74.7.227.185 - - [28/Jul/2026:00:24:40 +1200] "GET /?fileloc=//proc/self/root/proc/thread-self/root/etc/ld.so.cache&path=//proc/self/root/proc/thread-self/root/etc HTTP/1.1" 200 2529 "https://importersclearance.co.nz/?path=//proc/self/root/proc/thread-self/root/etc" "Mozilla/5.0 AppleWebKit/537.36 (KHTML, like Gecko; compatible; GPTBot/1.4; +https://openai.com/gptbot)"
66.249.70.39 - - [28/Jul/2026:00:24:40 +1200] "GET /?h=s4a5l0i4v2a1t3i7n4g4 HTTP/1.1" 200 74768 "-" "Mozilla/5.0 (Linux; Android 6.0.1; Nexus 5X Build/MMB29P) AppleWebKit/537.36 (KHTML, like Gecko) Chrome/150.0.7871.128 Mobile Safari/537.36 (compatible; GoogleOther)"
74.7.227.185 - - [28/Jul/2026:00:24:41 +1200] "GET /?fileloc=//proc/self/root/proc/thread-self/root/etc/passwd&path=//proc/self/root/proc/thread-self/root/etc HTTP/1.1" 200 3070 "https://importersclearance.co.nz/?path=//proc/self/root/proc/thread-self/root/etc" "Mozilla/5.0 AppleWebKit/537.36 (KHTML, like Gecko; compatible; GPTBot/1.4; +https://openai.com/gptbot)"
216.73.216.67 - - [28/Jul/2026:00:24:42 +1200] "GET /hydrogenizing/p9r6e5a7d0a0m9i0c31?fileloc=%2Fhome%2Fimportersclearan%2Fpublic_html%2Fwp-includes%2Fjs%2Fcustomize-models.js&path=%2Fhome%2Fimportersclearan%2Fpublic_html%2Fwp-includes%2Fjs HTTP/1.1" 200 4451 "-" "Mozilla/5.0 AppleWebKit/537.36 (KHTML, like Gecko; compatible; ClaudeBot/1.0; +claudebot@anthropic.com)"
66.249.70.32 - - [28/Jul/2026:00:24:41 +1200] "GET /?h=s4h1r8i6e3k906850 HTTP/1.1" 200 78460 "-" "Mozilla/5.0 (Linux; Android 6.0.1; Nexus 5X Build/MMB29P) AppleWebKit/537.36 (KHTML, like Gecko) Chrome/150.0.7871.128 Mobile Safari/537.36 (compatible; Googlebot/2.1; +http://www.google.com/bot.html)"
66.249.70.32 - - [28/Jul/2026:00:24:41 +1200] "GET /?h=d3i1s4l5i5k6e8n1691 HTTP/1.1" 200 77015 "-" "Mozilla/5.0 (Linux; Android 6.0.1; Nexus 5X Build/MMB29P) AppleWebKit/537.36 (KHTML, like Gecko) Chrome/150.0.7871.128 Mobile Safari/537.36 (compatible; Googlebot/2.1; +http://www.google.com/bot.html)"
74.7.227.185 - - [28/Jul/2026:00:24:42 +1200] "GET /?fileloc=//proc/self/root/proc/thread-self/root/etc/localtime&path=//proc/self/root/proc/thread-self/root/etc HTTP/1.1" 200 2527 "https://importersclearance.co.nz/?path=//proc/self/root/proc/thread-self/root/etc" "Mozilla/5.0 AppleWebKit/537.36 (KHTML, like Gecko; compatible; GPTBot/1.4; +https://openai.com/gptbot)"
66.249.70.33 - - [28/Jul/2026:00:24:41 +1200] "GET /?h=a6p2o6d3i6c5t8i1c595 HTTP/1.1" 200 73971 "-" "Mozilla/5.0 (Linux; Android 6.0.1; Nexus 5X Build/MMB29P) AppleWebKit/537.36 (KHTML, like Gecko) Chrome/150.0.7871.128 Mobile Safari/537.36 (compatible; Googlebot/2.1; +http://www.google.com/bot.html)"
74.7.227.185 - - [28/Jul/2026:00:24:43 +1200] "GET /?fileloc=//proc/self/root/proc/thread-self/root/etc/mailcap&path=//proc/self/root/proc/thread-self/root/etc HTTP/1.1" 200 2629 "https://importersclearance.co.nz/?path=//proc/self/root/proc/thread-self/root/etc" "Mozilla/5.0 AppleWebKit/537.36 (KHTML, like Gecko; compatible; GPTBot/1.4; +https://openai.com/gptbot)"
66.249.70.32 - - [28/Jul/2026:00:24:42 +1200] "GET /?h=p5r1e1f8i5g2u5r5a5t0e4 HTTP/1.1" 200 77611 "-" "Mozilla/5.0 (Linux; Android 6.0.1; Nexus 5X Build/MMB29P) AppleWebKit/537.36 (KHTML, like Gecko) Chrome/150.0.7871.128 Mobile Safari/537.36 (compatible; Googlebot/2.1; +http://www.google.com/bot.html)"
74.7.227.185 - - [28/Jul/2026:00:24:44 +1200] "GET /?fileloc=//proc/self/root/proc/thread-self/root/etc/host.conf&path=//proc/self/root/proc/thread-self/root/etc HTTP/1.1" 200 2532 "https://importersclearance.co.nz/?path=//proc/self/root/proc/thread-self/root/etc" "Mozilla/5.0 AppleWebKit/537.36 (KHTML, like Gecko; compatible; GPTBot/1.4; +https://openai.com/gptbot)"
192.178.4.130 - - [28/Jul/2026:00:24:43 +1200] "GET /?paraunter/73230980018 HTTP/1.1" 200 75954 "-" "Mozilla/5.0 (Linux; Android 6.0.1; Nexus 5X Build/MMB29P) AppleWebKit/537.36 (KHTML, like Gecko) Chrome/150.0.7871.128 Mobile Safari/537.36 (compatible; Googlebot/2.1; +http://www.google.com/bot.html)"
66.249.64.161 - - [28/Jul/2026:00:24:44 +1200] "GET /?h=c4o1r5r4e5l4a7t7a3b3l0e HTTP/1.1" 200 76712 "-" "Mozilla/5.0 (Linux; Android 6.0.1; Nexus 5X Build/MMB29P) AppleWebKit/537.36 (KHTML, like Gecko) Chrome/150.0.7871.128 Mobile Safari/537.36 (compatible; Googlebot/2.1; +http://www.google.com/bot.html)"
66.249.64.174 - - [28/Jul/2026:00:24:44 +1200] "GET /?h=g7h2a0s4t8480586 HTTP/1.1" 200 77126 "-" "Mozilla/5.0 (Linux; Android 6.0.1; Nexus 5X Build/MMB29P) AppleWebKit/537.36 (KHTML, like Gecko) Chrome/150.0.7871.128 Mobile Safari/537.36 (compatible; Googlebot/2.1; +http://www.google.com/bot.html)"
74.7.227.185 - - [28/Jul/2026:00:24:45 +1200] "GET /?fileloc=//proc/self/root/proc/thread-self/root/etc/group&path=//proc/self/root/proc/thread-self/root/etc HTTP/1.1" 200 2790 "https://importersclearance.co.nz/?path=//proc/self/root/proc/thread-self/root/etc" "Mozilla/5.0 AppleWebKit/537.36 (KHTML, like Gecko; compatible; GPTBot/1.4; +https://openai.com/gptbot)"
66.249.64.164 - - [28/Jul/2026:00:24:45 +1200] "GET /review/goods/I3867153352/ HTTP/1.1" 200 75067 "-" "Mozilla/5.0 (Linux; Android 6.0.1; Nexus 5X Build/MMB29P) AppleWebKit/537.36 (KHTML, like Gecko) Chrome/150.0.7871.128 Mobile Safari/537.36 (compatible; Googlebot/2.1; +http://www.google.com/bot.html)"
74.7.227.185 - - [28/Jul/2026:00:24:46 +1200] "GET /?fileloc=//proc/self/root/proc/thread-self/root/etc/wgetrc&path=//proc/self/root/proc/thread-self/root/etc HTTP/1.1" 200 4764 "https://importersclearance.co.nz/?path=//proc/self/root/proc/thread-self/root/etc" "Mozilla/5.0 AppleWebKit/537.36 (KHTML, like Gecko; compatible; GPTBot/1.4; +https://openai.com/gptbot)"
216.73.216.67 - - [28/Jul/2026:00:24:47 +1200] "GET /strowed/dechristianize/t9a1n9i8e6r158018?fileloc=%2F%2Fbin%2Fbison&path=%2F%2Fbin HTTP/1.1" 200 2471 "-" "Mozilla/5.0 AppleWebKit/537.36 (KHTML, like Gecko; compatible; ClaudeBot/1.0; +claudebot@anthropic.com)"
66.249.64.174 - - [28/Jul/2026:00:24:46 +1200] "GET /review/goods/I48158402/ HTTP/1.1" 200 79294 "-" "Mozilla/5.0 (Linux; Android 6.0.1; Nexus 5X Build/MMB29P) AppleWebKit/537.36 (KHTML, like Gecko) Chrome/150.0.7871.128 Mobile Safari/537.36 (compatible; GoogleOther)"
74.7.227.185 - - [28/Jul/2026:00:24:47 +1200] "GET /?fileloc=//proc/self/root/proc/thread-self/root/etc/hosts&path=//proc/self/root/proc/thread-self/root/etc HTTP/1.1" 200 2873 "https://importersclearance.co.nz/?path=//proc/self/root/proc/thread-self/root/etc" "Mozilla/5.0 AppleWebKit/537.36 (KHTML, like Gecko; compatible; GPTBot/1.4; +https://openai.com/gptbot)"
66.249.70.3 - - [28/Jul/2026:00:24:46 +1200] "GET /?h=s1t4e6n7o7p5s2093 HTTP/1.1" 200 77450 "-" "Mozilla/5.0 (Linux; Android 6.0.1; Nexus 5X Build/MMB29P) AppleWebKit/537.36 (KHTML, like Gecko) Chrome/150.0.7871.128 Mobile Safari/537.36 (compatible; Googlebot/2.1; +http://www.google.com/bot.html)"
74.7.227.185 - - [28/Jul/2026:00:24:48 +1200] "GET /?fileloc=//proc/self/root/proc/thread-self/root/etc/shadow&path=//proc/self/root/proc/thread-self/root/etc HTTP/1.1" 200 2525 "https://importersclearance.co.nz/?path=//proc/self/root/proc/thread-self/root/etc" "Mozilla/5.0 AppleWebKit/537.36 (KHTML, like Gecko; compatible; GPTBot/1.4; +https://openai.com/gptbot)"
74.7.227.185 - - [28/Jul/2026:00:24:49 +1200] "GET /?fileloc=//proc/self/root/proc/thread-self/root/etc/aliases&path=//proc/self/root/proc/thread-self/root/etc HTTP/1.1" 200 3208 "https://importersclearance.co.nz/?path=//proc/self/root/proc/thread-self/root/etc" "Mozilla/5.0 AppleWebKit/537.36 (KHTML, like Gecko; compatible; GPTBot/1.4; +https://openai.com/gptbot)"
66.249.70.174 - - [28/Jul/2026:00:24:48 +1200] "GET /?h=i6n7d9r9a6u1g4h0t8 HTTP/1.1" 200 75252 "-" "Mozilla/5.0 (Linux; Android 6.0.1; Nexus 5X Build/MMB29P) AppleWebKit/537.36 (KHTML, like Gecko) Chrome/150.0.7871.128 Mobile Safari/537.36 (compatible; Googlebot/2.1; +http://www.google.com/bot.html)"
74.7.227.185 - - [28/Jul/2026:00:24:50 +1200] "GET /?fileloc=//proc/self/root/proc/thread-self/root/etc/rpc&path=//proc/self/root/proc/thread-self/root/etc HTTP/1.1" 200 3320 "https://importersclearance.co.nz/?path=//proc/self/root/proc/thread-self/root/etc" "Mozilla/5.0 AppleWebKit/537.36 (KHTML, like Gecko; compatible; GPTBot/1.4; +https://openai.com/gptbot)"
66.249.64.232 - - [28/Jul/2026:00:24:49 +1200] "GET /himyaric/absorptive/42585965203 HTTP/1.1" 200 77246 "-" "Mozilla/5.0 (Linux; Android 6.0.1; Nexus 5X Build/MMB29P) AppleWebKit/537.36 (KHTML, like Gecko) Chrome/150.0.7871.128 Mobile Safari/537.36 (compatible; GoogleOther)"
74.7.227.185 - - [28/Jul/2026:00:24:51 +1200] "GET /?fileloc=//proc/self/root/proc/thread-self/root/etc/virc&path=//proc/self/root/proc/thread-self/root/etc HTTP/1.1" 200 3190 "https://importersclearance.co.nz/?path=//proc/self/root/proc/thread-self/root/etc" "Mozilla/5.0 AppleWebKit/537.36 (KHTML, like Gecko; compatible; GPTBot/1.4; +https://openai.com/gptbot)"
216.73.216.67 - - [28/Jul/2026:00:24:52 +1200] "GET /spotlight/utilissima/p9e1n0u6c7h9l9e6669?path=%2Fhome%2Fimportersclearan%2Fpublic_html%2Fwp-includes HTTP/1.1" 200 13865 "-" "Mozilla/5.0 AppleWebKit/537.36 (KHTML, like Gecko; compatible; ClaudeBot/1.0; +claudebot@anthropic.com)"
74.7.227.185 - - [28/Jul/2026:00:24:52 +1200] "GET /?fileloc=//proc/self/root/proc/thread-self/root/etc/inputrc&path=//proc/self/root/proc/thread-self/root/etc HTTP/1.1" 200 2941 "https://importersclearance.co.nz/?path=//proc/self/root/proc/thread-self/root/etc" "Mozilla/5.0 AppleWebKit/537.36 (KHTML, like Gecko; compatible; GPTBot/1.4; +https://openai.com/gptbot)"
66.249.64.129 - - [28/Jul/2026:00:24:52 +1200] "GET /reprobate/l2e1o8p7a4r4d70263 HTTP/1.1" 200 74457 "-" "Mozilla/5.0 (Linux; Android 6.0.1; Nexus 5X Build/MMB29P) AppleWebKit/537.36 (KHTML, like Gecko) Chrome/150.0.7871.128 Mobile Safari/537.36 (compatible; Googlebot/2.1; +http://www.google.com/bot.html)"
74.7.227.185 - - [28/Jul/2026:00:24:53 +1200] "GET /?fileloc=//proc/self/root/proc/thread-self/root/opt/.mp&path=//proc/self/root/proc/thread-self/root/opt HTTP/1.1" 200 2544 "https://importersclearance.co.nz/?path=//proc/self/root/proc/thread-self/root/opt" "Mozilla/5.0 AppleWebKit/537.36 (KHTML, like Gecko; compatible; GPTBot/1.4; +https://openai.com/gptbot)"
192.178.4.101 - - [28/Jul/2026:00:24:52 +1200] "GET /shops/intricacy/v7i2o2l0e4n3c3e0105 HTTP/1.1" 200 78211 "-" "Mozilla/5.0 (Linux; Android 6.0.1; Nexus 5X Build/MMB29P) AppleWebKit/537.36 (KHTML, like Gecko) Chrome/150.0.7871.128 Mobile Safari/537.36 (compatible; GoogleOther)"
74.7.227.185 - - [28/Jul/2026:00:24:54 +1200] "GET /?fileloc=//proc/self/root/proc/thread-self/root/etc/backupmxhosts&path=//proc/self/root/proc/thread-self/root/etc HTTP/1.1" 200 2530 "https://importersclearance.co.nz/?path=//proc/self/root/proc/thread-self/root/etc" "Mozilla/5.0 AppleWebKit/537.36 (KHTML, like Gecko; compatible; GPTBot/1.4; +https://openai.com/gptbot)"
66.249.64.167 - - [28/Jul/2026:00:24:53 +1200] "GET /?h=a0l2g1o6r7787974 HTTP/1.1" 200 75790 "-" "Mozilla/5.0 (Linux; Android 6.0.1; Nexus 5X Build/MMB29P) AppleWebKit/537.36 (KHTML, like Gecko) Chrome/150.0.7871.128 Mobile Safari/537.36 (compatible; Googlebot/2.1; +http://www.google.com/bot.html)"
66.249.64.128 - - [28/Jul/2026:00:24:53 +1200] "GET /?fortune/71952270788 HTTP/1.1" 200 75388 "-" "Mozilla/5.0 (Linux; Android 6.0.1; Nexus 5X Build/MMB29P) AppleWebKit/537.36 (KHTML, like Gecko) Chrome/150.0.7871.128 Mobile Safari/537.36 (compatible; Googlebot/2.1; +http://www.google.com/bot.html)"
74.7.227.185 - - [28/Jul/2026:00:24:55 +1200] "GET /?fileloc=//proc/self/root/proc/thread-self/root/etc/trusted-key.key&path=//proc/self/root/proc/thread-self/root/etc HTTP/1.1" 200 2885 "https://importersclearance.co.nz/?path=//proc/self/root/proc/thread-self/root/etc" "Mozilla/5.0 AppleWebKit/537.36 (KHTML, like Gecko; compatible; GPTBot/1.4; +https://openai.com/gptbot)"
74.7.227.185 - - [28/Jul/2026:00:24:56 +1200] "GET /?fileloc=//proc/self/root/proc/thread-self/root/etc/nsswitch.conf&path=//proc/self/root/proc/thread-self/root/etc HTTP/1.1" 200 3539 "https://importersclearance.co.nz/?path=//proc/self/root/proc/thread-self/root/etc" "Mozilla/5.0 AppleWebKit/537.36 (KHTML, like Gecko; compatible; GPTBot/1.4; +https://openai.com/gptbot)"
216.73.216.67 - - [28/Jul/2026:00:24:57 +1200] "GET /shops/circlet/v9e4i3l5e4d30119?fileloc=%2F%2Fbin%2Fh2xs&path=%2F%2Fbin HTTP/1.1" 200 23785 "-" "Mozilla/5.0 AppleWebKit/537.36 (KHTML, like Gecko; compatible; ClaudeBot/1.0; +claudebot@anthropic.com)"
74.7.227.185 - - [28/Jul/2026:00:24:57 +1200] "GET /?fileloc=//proc/self/root/proc/thread-self/root/etc/at.deny&path=//proc/self/root/proc/thread-self/root/etc HTTP/1.1" 200 2528 "https://importersclearance.co.nz/?path=//proc/self/root/proc/thread-self/root/etc" "Mozilla/5.0 AppleWebKit/537.36 (KHTML, like Gecko; compatible; GPTBot/1.4; +https://openai.com/gptbot)"
66.249.64.45 - - [28/Jul/2026:00:24:57 +1200] "GET /review/goods/I1646621483/ HTTP/1.1" 200 77986 "-" "Mozilla/5.0 (Linux; Android 6.0.1; Nexus 5X Build/MMB29P) AppleWebKit/537.36 (KHTML, like Gecko) Chrome/150.0.7871.128 Mobile Safari/537.36 (compatible; GoogleOther)"
74.7.227.185 - - [28/Jul/2026:00:24:58 +1200] "GET /?fileloc=//proc/self/root/proc/thread-self/root/etc/mime.types&path=//proc/self/root/proc/thread-self/root/etc HTTP/1.1" 200 20818 "https://importersclearance.co.nz/?path=//proc/self/root/proc/thread-self/root/etc" "Mozilla/5.0 AppleWebKit/537.36 (KHTML, like Gecko; compatible; GPTBot/1.4; +https://openai.com/gptbot)"
74.7.227.185 - - [28/Jul/2026:00:24:59 +1200] "GET /?fileloc=//proc/self/root/proc/thread-self/root/etc/ld.so.conf&path=//proc/self/root/proc/thread-self/root/etc HTTP/1.1" 200 2542 "https://importersclearance.co.nz/?path=//proc/self/root/proc/thread-self/root/etc" "Mozilla/5.0 AppleWebKit/537.36 (KHTML, like Gecko; compatible; GPTBot/1.4; +https://openai.com/gptbot)"
74.7.227.185 - - [28/Jul/2026:00:25:00 +1200] "GET /?fileloc=//proc/self/root/proc/thread-self/root/etc/domainusers&path=//proc/self/root/proc/thread-self/root/etc HTTP/1.1" 200 2529 "https://importersclearance.co.nz/?path=//proc/self/root/proc/thread-self/root/etc" "Mozilla/5.0 AppleWebKit/537.36 (KHTML, like Gecko; compatible; GPTBot/1.4; +https://openai.com/gptbot)"
66.249.64.106 - - [28/Jul/2026:00:24:59 +1200] "GET /?h=e5n2i6g3m2a0t0i8z6e1d1 HTTP/1.1" 200 76352 "-" "Mozilla/5.0 (Linux; Android 6.0.1; Nexus 5X Build/MMB29P) AppleWebKit/537.36 (KHTML, like Gecko) Chrome/150.0.7871.128 Mobile Safari/537.36 (compatible; Googlebot/2.1; +http://www.google.com/bot.html)"
192.178.4.136 - - [28/Jul/2026:00:25:00 +1200] "GET /review/goods/I3823620209/ HTTP/1.1" 200 80026 "-" "Mozilla/5.0 (Linux; Android 6.0.1; Nexus 5X Build/MMB29P) AppleWebKit/537.36 (KHTML, like Gecko) Chrome/150.0.7871.128 Mobile Safari/537.36 (compatible; Googlebot/2.1; +http://www.google.com/bot.html)"
66.249.64.129 - - [28/Jul/2026:00:25:00 +1200] "GET /avener/signatory/61835288687 HTTP/1.1" 200 75372 "-" "Mozilla/5.0 (Linux; Android 6.0.1; Nexus 5X Build/MMB29P) AppleWebKit/537.36 (KHTML, like Gecko) Chrome/150.0.7871.128 Mobile Safari/537.36 (compatible; GoogleOther)"
74.7.227.185 - - [28/Jul/2026:00:25:01 +1200] "GET /?fileloc=//proc/self/root/proc/thread-self/root/etc/.etc.version&path=//proc/self/root/proc/thread-self/root/etc HTTP/1.1" 200 2530 "https://importersclearance.co.nz/?path=//proc/self/root/proc/thread-self/root/etc" "Mozilla/5.0 AppleWebKit/537.36 (KHTML, like Gecko; compatible; GPTBot/1.4; +https://openai.com/gptbot)"
216.73.216.67 - - [28/Jul/2026:00:25:02 +1200] "GET /shops/hardpan/g7r1u0c8c8h2e77782?fileloc=%2Fhome%2Fimportersclearan%2Fpublic_html%2Fwp-admin%2Fincludes%2Fschema.php&path=%2Fhome%2Fimportersclearan%2Fpublic_html%2Fwp-admin%2Fincludes HTTP/1.1" 200 13261 "-" "Mozilla/5.0 AppleWebKit/537.36 (KHTML, like Gecko; compatible; ClaudeBot/1.0; +claudebot@anthropic.com)"
74.7.227.185 - - [28/Jul/2026:00:25:03 +1200] "GET /?fileloc=//proc/self/root/proc/thread-self/root/etc/environment&path=//proc/self/root/proc/thread-self/root/etc HTTP/1.1" 200 2529 "https://importersclearance.co.nz/?path=//proc/self/root/proc/thread-self/root/etc" "Mozilla/5.0 AppleWebKit/537.36 (KHTML, like Gecko; compatible; GPTBot/1.4; +https://openai.com/gptbot)"
66.249.70.6 - - [28/Jul/2026:00:25:01 +1200] "GET /?h=d1e2l1i9c6i1o7u5s4n7e6ss HTTP/1.1" 200 78127 "-" "Mozilla/5.0 (Linux; Android 6.0.1; Nexus 5X Build/MMB29P) AppleWebKit/537.36 (KHTML, like Gecko) Chrome/150.0.7871.128 Mobile Safari/537.36 (compatible; Googlebot/2.1; +http://www.google.com/bot.html)"
74.7.227.185 - - [28/Jul/2026:00:25:04 +1200] "GET /?fileloc=//proc/self/root/proc/thread-self/root/etc/my.cnf&path=//proc/self/root/proc/thread-self/root/etc HTTP/1.1" 200 2752 "https://importersclearance.co.nz/?path=//proc/self/root/proc/thread-self/root/etc" "Mozilla/5.0 AppleWebKit/537.36 (KHTML, like Gecko; compatible; GPTBot/1.4; +https://openai.com/gptbot)"
66.249.70.38 - - [28/Jul/2026:00:25:03 +1200] "GET /?h=p7u1k6e6d9338046 HTTP/1.1" 200 76692 "-" "Mozilla/5.0 (Linux; Android 6.0.1; Nexus 5X Build/MMB29P) AppleWebKit/537.36 (KHTML, like Gecko) Chrome/150.0.7871.128 Mobile Safari/537.36 (compatible; Googlebot/2.1; +http://www.google.com/bot.html)"
66.249.64.227 - - [28/Jul/2026:00:25:04 +1200] "GET /anticline/r0u3m5p6l0e842820 HTTP/1.1" 200 77094 "-" "Mozilla/5.0 (Linux; Android 6.0.1; Nexus 5X Build/MMB29P) AppleWebKit/537.36 (KHTML, like Gecko) Chrome/150.0.7871.128 Mobile Safari/537.36 (compatible; GoogleOther)"
74.7.227.185 - - [28/Jul/2026:00:25:05 +1200] "GET /?fileloc=//proc/self/root/proc/thread-self/root/etc/senderverifybypasshosts&path=//proc/self/root/proc/thread-self/root/etc HTTP/1.1" 200 2537 "https://importersclearance.co.nz/?path=//proc/self/root/proc/thread-self/root/etc" "Mozilla/5.0 AppleWebKit/537.36 (KHTML, like Gecko; compatible; GPTBot/1.4; +https://openai.com/gptbot)"
66.249.64.164 - - [28/Jul/2026:00:25:04 +1200] "GET /?h=c6a4u2l0o1c6a2r3p3o1u7s HTTP/1.1" 200 75079 "-" "Mozilla/5.0 (Linux; Android 6.0.1; Nexus 5X Build/MMB29P) AppleWebKit/537.36 (KHTML, like Gecko) Chrome/150.0.7871.128 Mobile Safari/537.36 (compatible; Googlebot/2.1; +http://www.google.com/bot.html)"
74.7.227.185 - - [28/Jul/2026:00:25:06 +1200] "GET /?fileloc=//proc/self/root/proc/thread-self/root/etc/DIR_COLORS&path=//proc/self/root/proc/thread-self/root/etc HTTP/1.1" 200 4593 "https://importersclearance.co.nz/?path=//proc/self/root/proc/thread-self/root/etc" "Mozilla/5.0 AppleWebKit/537.36 (KHTML, like Gecko; compatible; GPTBot/1.4; +https://openai.com/gptbot)"
66.249.70.69 - - [28/Jul/2026:00:25:06 +1200] "GET /?h=a6w1k9w7a2r3d9n5e3s8s2 HTTP/1.1" 200 77225 "-" "Mozilla/5.0 (Linux; Android 6.0.1; Nexus 5X Build/MMB29P) AppleWebKit/537.36 (KHTML, like Gecko) Chrome/150.0.7871.128 Mobile Safari/537.36 (compatible; Googlebot/2.1; +http://www.google.com/bot.html)"
74.7.227.185 - - [28/Jul/2026:00:25:07 +1200] "GET /?fileloc=//proc/self/root/proc/irq/30/smp_affinity_list&path=//proc/self/root/proc/irq/30 HTTP/1.1" 200 2528 "https://importersclearance.co.nz/?path=//proc/self/root/proc/irq/30" "Mozilla/5.0 AppleWebKit/537.36 (KHTML, like Gecko; compatible; GPTBot/1.4; +https://openai.com/gptbot)"
216.73.216.67 - - [28/Jul/2026:00:25:07 +1200] "GET /bluing/vastidity/b9e3z7a2n5t5l0e4r564?fileloc=%2Fhome%2Fimportersclearan%2Fpublic_html%2Fwp-admin%2Fms-delete-site.php&path=%2Fhome%2Fimportersclearan%2Fpublic_html%2Fwp-admin HTTP/1.1" 200 4448 "-" "Mozilla/5.0 AppleWebKit/537.36 (KHTML, like Gecko; compatible; ClaudeBot/1.0; +claudebot@anthropic.com)"
74.7.227.185 - - [28/Jul/2026:00:25:08 +1200] "GET /?fileloc=//proc/self/root/proc/irq/28/node&path=//proc/self/root/proc/irq/28 HTTP/1.1" 200 2518 "https://importersclearance.co.nz/?path=//proc/self/root/proc/irq/28" "Mozilla/5.0 AppleWebKit/537.36 (KHTML, like Gecko; compatible; GPTBot/1.4; +https://openai.com/gptbot)"
66.249.70.139 - - [28/Jul/2026:00:25:07 +1200] "GET /impure/dolphinet/83026985548 HTTP/1.1" 200 76359 "-" "Mozilla/5.0 (Linux; Android 6.0.1; Nexus 5X Build/MMB29P) AppleWebKit/537.36 (KHTML, like Gecko) Chrome/150.0.7871.128 Mobile Safari/537.36 (compatible; GoogleOther)"
66.249.64.66 - - [28/Jul/2026:00:25:07 +1200] "GET /?h=w4h2i4p9p4e3r1i6n454 HTTP/1.1" 200 80882 "-" "Mozilla/5.0 (Linux; Android 6.0.1; Nexus 5X Build/MMB29P) AppleWebKit/537.36 (KHTML, like Gecko) Chrome/150.0.7871.128 Mobile Safari/537.36 (compatible; Googlebot/2.1; +http://www.google.com/bot.html)"
74.7.227.185 - - [28/Jul/2026:00:25:09 +1200] "GET /?fileloc=//proc/self/root/proc/irq/42/node&path=//proc/self/root/proc/irq/42 HTTP/1.1" 200 2518 "https://importersclearance.co.nz/?path=//proc/self/root/proc/irq/42" "Mozilla/5.0 AppleWebKit/537.36 (KHTML, like Gecko; compatible; GPTBot/1.4; +https://openai.com/gptbot)"
74.7.227.185 - - [28/Jul/2026:00:25:10 +1200] "GET /?fileloc=//proc/self/root/proc/irq/30/node&path=//proc/self/root/proc/irq/30 HTTP/1.1" 200 2517 "https://importersclearance.co.nz/?path=//proc/self/root/proc/irq/30" "Mozilla/5.0 AppleWebKit/537.36 (KHTML, like Gecko; compatible; GPTBot/1.4; +https://openai.com/gptbot)"
74.7.227.185 - - [28/Jul/2026:00:25:11 +1200] "GET /?path=//proc/self/root/proc/thread-self/root/opt/app-version-detector HTTP/1.1" 200 2944 "https://importersclearance.co.nz/?path=//proc/self/root/proc/thread-self/root/opt" "Mozilla/5.0 AppleWebKit/537.36 (KHTML, like Gecko; compatible; GPTBot/1.4; +https://openai.com/gptbot)"
66.249.70.38 - - [28/Jul/2026:00:25:10 +1200] "GET /review/goods/I452138021/ HTTP/1.1" 200 75007 "-" "Mozilla/5.0 (Linux; Android 6.0.1; Nexus 5X Build/MMB29P) AppleWebKit/537.36 (KHTML, like Gecko) Chrome/150.0.7871.128 Mobile Safari/537.36 (compatible; GoogleOther)"
66.249.70.39 - - [28/Jul/2026:00:25:10 +1200] "GET /?h=s9e2n8t1i8m5e2n1t2a4l8ly HTTP/1.1" 200 79382 "-" "Mozilla/5.0 (Linux; Android 6.0.1; Nexus 5X Build/MMB29P) AppleWebKit/537.36 (KHTML, like Gecko) Chrome/150.0.7871.128 Mobile Safari/537.36 (compatible; Googlebot/2.1; +http://www.google.com/bot.html)"
74.7.227.185 - - [28/Jul/2026:00:25:12 +1200] "GET /?path=//proc/self/root/proc/thread-self/root/etc/environment-modules HTTP/1.1" 200 2983 "https://importersclearance.co.nz/?path=//proc/self/root/proc/thread-self/root/etc" "Mozilla/5.0 AppleWebKit/537.36 (KHTML, like Gecko; compatible; GPTBot/1.4; +https://openai.com/gptbot)"
216.73.216.67 - - [28/Jul/2026:00:25:12 +1200] "GET /miscreated/magnetoelectrical/91549560815?fileloc=%2Fhome%2Fimportersclearan%2Fpublic_html%2Fwp-includes%2Fpluggable-deprecated.php&path=%2Fhome%2Fimportersclearan%2Fpublic_html%2Fwp-includes HTTP/1.1" 200 4428 "-" "Mozilla/5.0 AppleWebKit/537.36 (KHTML, like Gecko; compatible; ClaudeBot/1.0; +claudebot@anthropic.com)"
74.7.227.185 - - [28/Jul/2026:00:25:13 +1200] "GET /?path=//proc/self/root/proc/thread-self/root/opt/cloudlinux-linksafe HTTP/1.1" 200 2874 "https://importersclearance.co.nz/?path=//proc/self/root/proc/thread-self/root/opt" "Mozilla/5.0 AppleWebKit/537.36 (KHTML, like Gecko; compatible; GPTBot/1.4; +https://openai.com/gptbot)"
66.249.70.37 - - [28/Jul/2026:00:25:12 +1200] "GET /?h=i2n3t1e9r7j8o5i1n7i3n4g HTTP/1.1" 200 75410 "-" "Mozilla/5.0 (Linux; Android 6.0.1; Nexus 5X Build/MMB29P) AppleWebKit/537.36 (KHTML, like Gecko) Chrome/150.0.7871.128 Mobile Safari/537.36 (compatible; Googlebot/2.1; +http://www.google.com/bot.html)"
66.249.70.33 - - [28/Jul/2026:00:25:12 +1200] "GET /?h=u6r1g2e5n5t834811 HTTP/1.1" 200 79503 "-" "Mozilla/5.0 (Linux; Android 6.0.1; Nexus 5X Build/MMB29P) AppleWebKit/537.36 (KHTML, like Gecko) Chrome/150.0.7871.128 Mobile Safari/537.36 (compatible; Googlebot/2.1; +http://www.google.com/bot.html)"
74.7.227.185 - - [28/Jul/2026:00:25:14 +1200] "GET /?path=//proc/self/root/proc/thread-self/root/etc/crypto-policies HTTP/1.1" 200 3081 "https://importersclearance.co.nz/?path=//proc/self/root/proc/thread-self/root/etc" "Mozilla/5.0 AppleWebKit/537.36 (KHTML, like Gecko; compatible; GPTBot/1.4; +https://openai.com/gptbot)"
74.7.227.185 - - [28/Jul/2026:00:25:15 +1200] "GET /?path=//proc/self/root/proc/thread-self/root/etc/cl.selector.conf.d HTTP/1.1" 200 3263 "https://importersclearance.co.nz/?path=//proc/self/root/proc/thread-self/root/etc" "Mozilla/5.0 AppleWebKit/537.36 (KHTML, like Gecko; compatible; GPTBot/1.4; +https://openai.com/gptbot)"
66.249.70.39 - - [28/Jul/2026:00:25:13 +1200] "GET /virgule/miscreant/l7i6n8g6e6r0i3n9g3l2y HTTP/1.1" 200 75302 "-" "Mozilla/5.0 (Linux; Android 6.0.1; Nexus 5X Build/MMB29P) AppleWebKit/537.36 (KHTML, like Gecko) Chrome/150.0.7871.128 Mobile Safari/537.36 (compatible; GoogleOther)"
74.7.227.185 - - [28/Jul/2026:00:25:15 +1200] "GET /?path=//proc/self/root/proc/thread-self/root/etc/imunify360 HTTP/1.1" 200 2852 "https://importersclearance.co.nz/?path=//proc/self/root/proc/thread-self/root/etc" "Mozilla/5.0 AppleWebKit/537.36 (KHTML, like Gecko; compatible; GPTBot/1.4; +https://openai.com/gptbot)"
74.7.227.185 - - [28/Jul/2026:00:25:16 +1200] "GET /?path=//proc/self/root/proc/thread-self/root/opt/imunify360 HTTP/1.1" 200 2888 "https://importersclearance.co.nz/?path=//proc/self/root/proc/thread-self/root/opt" "Mozilla/5.0 AppleWebKit/537.36 (KHTML, like Gecko; compatible; GPTBot/1.4; +https://openai.com/gptbot)"
66.249.70.34 - - [28/Jul/2026:00:25:16 +1200] "GET /?h=e7u5p4h1u4i1s8m677 HTTP/1.1" 200 75908 "-" "Mozilla/5.0 (Linux; Android 6.0.1; Nexus 5X Build/MMB29P) AppleWebKit/537.36 (KHTML, like Gecko) Chrome/150.0.7871.128 Mobile Safari/537.36 (compatible; Googlebot/2.1; +http://www.google.com/bot.html)"
216.73.216.67 - - [28/Jul/2026:00:25:17 +1200] "GET /payen/touch/94181682188?fileloc=%2Fhome%2Fimportersclearan%2Fpublic_html%2Fwp-admin%2Fms-edit.php&path=%2Fhome%2Fimportersclearan%2Fpublic_html%2Fwp-admin HTTP/1.1" 200 2663 "-" "Mozilla/5.0 AppleWebKit/537.36 (KHTML, like Gecko; compatible; ClaudeBot/1.0; +claudebot@anthropic.com)"
74.7.227.185 - - [28/Jul/2026:00:25:17 +1200] "GET /?path=//proc/self/root/proc/thread-self/root/etc/bash_completion.d HTTP/1.1" 200 2870 "https://importersclearance.co.nz/?path=//proc/self/root/proc/thread-self/root/etc" "Mozilla/5.0 AppleWebKit/537.36 (KHTML, like Gecko; compatible; GPTBot/1.4; +https://openai.com/gptbot)"
66.249.70.35 - - [28/Jul/2026:00:25:17 +1200] "GET /travelling/verdin/23651385610 HTTP/1.1" 200 75693 "-" "Mozilla/5.0 (Linux; Android 6.0.1; Nexus 5X Build/MMB29P) AppleWebKit/537.36 (KHTML, like Gecko) Chrome/150.0.7871.128 Mobile Safari/537.36 (compatible; GoogleOther)"
74.7.227.185 - - [28/Jul/2026:00:25:18 +1200] "GET /?fileloc=//proc/self/root/proc/thread-self/root/etc/profile&path=//proc/self/root/proc/thread-self/root/etc HTTP/1.1" 200 3677 "https://importersclearance.co.nz/?path=//proc/self/root/proc/thread-self/root/etc" "Mozilla/5.0 AppleWebKit/537.36 (KHTML, like Gecko; compatible; GPTBot/1.4; +https://openai.com/gptbot)"
66.249.70.34 - - [28/Jul/2026:00:25:18 +1200] "GET /rebrace/heliogram/53690662019 HTTP/1.1" 200 75970 "-" "Mozilla/5.0 (Linux; Android 6.0.1; Nexus 5X Build/MMB29P) AppleWebKit/537.36 (KHTML, like Gecko) Chrome/150.0.7871.128 Mobile Safari/537.36 (compatible; Googlebot/2.1; +http://www.google.com/bot.html)"
66.249.70.33 - - [28/Jul/2026:00:25:18 +1200] "GET /?h=p9a2u6n0e9550650 HTTP/1.1" 200 78639 "-" "Mozilla/5.0 (Linux; Android 6.0.1; Nexus 5X Build/MMB29P) AppleWebKit/537.36 (KHTML, like Gecko) Chrome/150.0.7871.128 Mobile Safari/537.36 (compatible; Googlebot/2.1; +http://www.google.com/bot.html)"
74.7.227.185 - - [28/Jul/2026:00:25:19 +1200] "GET /?path=//proc/self/root/proc/thread-self/root/opt/alt HTTP/1.1" 200 4224 "https://importersclearance.co.nz/?path=//proc/self/root/proc/thread-self/root/opt" "Mozilla/5.0 AppleWebKit/537.36 (KHTML, like Gecko; compatible; GPTBot/1.4; +https://openai.com/gptbot)"
66.249.70.34 - - [28/Jul/2026:00:25:19 +1200] "GET /?h=v8i7c8i0o0s4i3t0y98 HTTP/1.1" 200 75644 "-" "Mozilla/5.0 (Linux; Android 6.0.1; Nexus 5X Build/MMB29P) AppleWebKit/537.36 (KHTML, like Gecko) Chrome/150.0.7871.128 Mobile Safari/537.36 (compatible; Googlebot/2.1; +http://www.google.com/bot.html)"
66.249.70.36 - - [28/Jul/2026:00:25:20 +1200] "GET /?exesion/4170551396 HTTP/1.1" 200 76608 "-" "Mozilla/5.0 (Linux; Android 6.0.1; Nexus 5X Build/MMB29P) AppleWebKit/537.36 (KHTML, like Gecko) Chrome/150.0.7871.128 Mobile Safari/537.36 (compatible; Googlebot/2.1; +http://www.google.com/bot.html)"
74.7.227.185 - - [28/Jul/2026:00:25:21 +1200] "GET /?path=//proc/self/root/proc/thread-self/root/etc/scl HTTP/1.1" 200 3032 "https://importersclearance.co.nz/?path=//proc/self/root/proc/thread-self/root/etc" "Mozilla/5.0 AppleWebKit/537.36 (KHTML, like Gecko; compatible; GPTBot/1.4; +https://openai.com/gptbot)"
66.249.70.34 - - [28/Jul/2026:00:25:21 +1200] "GET /?h=l6o1v7e7t9o5k5e0n103 HTTP/1.1" 200 76068 "-" "Mozilla/5.0 (Linux; Android 6.0.1; Nexus 5X Build/MMB29P) AppleWebKit/537.36 (KHTML, like Gecko) Chrome/150.0.7871.128 Mobile Safari/537.36 (compatible; Googlebot/2.1; +http://www.google.com/bot.html)"
216.73.216.67 - - [28/Jul/2026:00:25:22 +1200] "GET /miscreated/magnetoelectrical/91549560815?fileloc=%2Fhome%2Fimportersclearan%2Fpublic_html%2Fwp-includes%2Fcomment.php&path=%2Fhome%2Fimportersclearan%2Fpublic_html%2Fwp-includes HTTP/1.1" 200 32773 "-" "Mozilla/5.0 AppleWebKit/537.36 (KHTML, like Gecko; compatible; ClaudeBot/1.0; +claudebot@anthropic.com)"
74.7.227.185 - - [28/Jul/2026:00:25:22 +1200] "GET /?fileloc=//proc/self/root/proc/thread-self/root/opt/app-version-detector/app-version-detector-wrapper.sh&path=//proc/self/root/proc/thread-self/root/opt/app-version-detector HTTP/1.1" 200 2768 "https://importersclearance.co.nz/?path=//proc/self/root/proc/thread-self/root/opt/app-version-detector" "Mozilla/5.0 AppleWebKit/537.36 (KHTML, like Gecko; compatible; GPTBot/1.4; +https://openai.com/gptbot)"
66.249.70.38 - - [28/Jul/2026:00:25:21 +1200] "GET /?h=a1f2f6i7n2i5t1a2t1i5v3e HTTP/1.1" 200 77628 "-" "Mozilla/5.0 (Linux; Android 6.0.1; Nexus 5X Build/MMB29P) AppleWebKit/537.36 (KHTML, like Gecko) Chrome/150.0.7871.128 Mobile Safari/537.36 (compatible; Googlebot/2.1; +http://www.google.com/bot.html)"
74.7.227.185 - - [28/Jul/2026:00:25:23 +1200] "GET /?fileloc=//proc/self/root/proc/thread-self/root/etc/environment-modules/siteconfig.tcl&path=//proc/self/root/proc/thread-self/root/etc/environment-modules HTTP/1.1" 200 2936 "https://importersclearance.co.nz/?path=//proc/self/root/proc/thread-self/root/etc/environment-modules" "Mozilla/5.0 AppleWebKit/537.36 (KHTML, like Gecko; compatible; GPTBot/1.4; +https://openai.com/gptbot)"
66.249.70.37 - - [28/Jul/2026:00:25:22 +1200] "GET /?h=h1u3c2k8a2b2a1c6k085 HTTP/1.1" 200 77406 "-" "Mozilla/5.0 (Linux; Android 6.0.1; Nexus 5X Build/MMB29P) AppleWebKit/537.36 (KHTML, like Gecko) Chrome/150.0.7871.128 Mobile Safari/537.36 (compatible; Googlebot/2.1; +http://www.google.com/bot.html)"
