66.249.70.33 - - [27/Jul/2026:02:06:27 +1200] "GET /scutiped/basin/73977929900 HTTP/1.1" 200 74953 "-" "Mozilla/5.0 (Linux; Android 6.0.1; Nexus 5X Build/MMB29P) AppleWebKit/537.36 (KHTML, like Gecko) Chrome/150.0.7871.128 Mobile Safari/537.36 (compatible; GoogleOther)"
216.73.217.152 - - [27/Jul/2026:02:06:30 +1200] "GET /shops/scolopax/r7i3f1l2e1r818398 HTTP/1.1" 404 20 "-" "Mozilla/5.0 AppleWebKit/537.36 (KHTML, like Gecko; compatible; ClaudeBot/1.0; +claudebot@anthropic.com)"
66.249.70.32 - - [27/Jul/2026:02:06:31 +1200] "GET /?h=c3e1l5t1i0c5i5s3m488 HTTP/1.1" 200 74594 "-" "Mozilla/5.0 (Linux; Android 6.0.1; Nexus 5X Build/MMB29P) AppleWebKit/537.36 (KHTML, like Gecko) Chrome/150.0.7871.128 Mobile Safari/537.36 (compatible; GoogleOther)"
216.73.217.152 - - [27/Jul/2026:02:06:33 +1200] "GET /shops/firearm/r7a1m1u1l5o8u8s431 HTTP/1.1" 404 20 "-" "Mozilla/5.0 AppleWebKit/537.36 (KHTML, like Gecko; compatible; ClaudeBot/1.0; +claudebot@anthropic.com)"
66.249.70.32 - - [27/Jul/2026:02:06:32 +1200] "GET /?h=w1o2o8d5y9447760 HTTP/1.1" 200 76110 "-" "Mozilla/5.0 (Linux; Android 6.0.1; Nexus 5X Build/MMB29P) AppleWebKit/537.36 (KHTML, like Gecko) Chrome/150.0.7871.128 Mobile Safari/537.36 (compatible; Googlebot/2.1; +http://www.google.com/bot.html)"
216.73.217.152 - - [27/Jul/2026:02:06:36 +1200] "GET /?h=s7l2a5t3c3h78687 HTTP/1.1" 200 6851 "-" "Mozilla/5.0 AppleWebKit/537.36 (KHTML, like Gecko; compatible; ClaudeBot/1.0; +claudebot@anthropic.com)"
66.249.70.37 - - [27/Jul/2026:02:06:35 +1200] "GET /?h=d6e2d2u7i0t11388 HTTP/1.1" 200 75286 "-" "Mozilla/5.0 (Linux; Android 6.0.1; Nexus 5X Build/MMB29P) AppleWebKit/537.36 (KHTML, like Gecko) Chrome/150.0.7871.128 Mobile Safari/537.36 (compatible; GoogleOther)"
66.249.70.37 - - [27/Jul/2026:02:06:36 +1200] "GET /?h=m1o1o3n8s8h8i0n8e3r0 HTTP/1.1" 200 76484 "-" "Mozilla/5.0 (Linux; Android 6.0.1; Nexus 5X Build/MMB29P) AppleWebKit/537.36 (KHTML, like Gecko) Chrome/150.0.7871.128 Mobile Safari/537.36 (compatible; Googlebot/2.1; +http://www.google.com/bot.html)"
216.73.217.152 - - [27/Jul/2026:02:06:39 +1200] "GET /shops/duncify/s7u2r4r7o3u7n5d2s8o6und HTTP/1.1" 404 20 "-" "Mozilla/5.0 AppleWebKit/537.36 (KHTML, like Gecko; compatible; ClaudeBot/1.0; +claudebot@anthropic.com)"
66.249.70.37 - - [27/Jul/2026:02:06:39 +1200] "GET /review/goods/I1197684026/ HTTP/1.1" 200 78050 "-" "Mozilla/5.0 (Linux; Android 6.0.1; Nexus 5X Build/MMB29P) AppleWebKit/537.36 (KHTML, like Gecko) Chrome/150.0.7871.128 Mobile Safari/537.36 (compatible; GoogleOther)"
66.249.70.38 - - [27/Jul/2026:02:06:43 +1200] "GET /review/goods/I777426670/ HTTP/1.1" 200 76382 "-" "Mozilla/5.0 (Linux; Android 6.0.1; Nexus 5X Build/MMB29P) AppleWebKit/537.36 (KHTML, like Gecko) Chrome/150.0.7871.128 Mobile Safari/537.36 (compatible; GoogleOther)"
66.249.70.32 - - [27/Jul/2026:02:06:43 +1200] "GET /?h=t2e4t1a3r7t1o6h9e9d6r7ism HTTP/1.1" 200 75198 "-" "Mozilla/5.0 (Linux; Android 6.0.1; Nexus 5X Build/MMB29P) AppleWebKit/537.36 (KHTML, like Gecko) Chrome/150.0.7871.128 Mobile Safari/537.36 (compatible; Googlebot/2.1; +http://www.google.com/bot.html)"
216.73.217.152 - - [27/Jul/2026:02:06:45 +1200] "GET /?h=d7o3n8s0h2i4p49310 HTTP/1.1" 200 6851 "-" "Mozilla/5.0 AppleWebKit/537.36 (KHTML, like Gecko; compatible; ClaudeBot/1.0; +claudebot@anthropic.com)"
66.249.70.33 - - [27/Jul/2026:02:06:46 +1200] "GET /?h=r3a1d1i9a8t2e24415 HTTP/1.1" 200 74977 "-" "Mozilla/5.0 (Linux; Android 6.0.1; Nexus 5X Build/MMB29P) AppleWebKit/537.36 (KHTML, like Gecko) Chrome/150.0.7871.128 Mobile Safari/537.36 (compatible; Googlebot/2.1; +http://www.google.com/bot.html)"
216.73.217.152 - - [27/Jul/2026:02:06:48 +1200] "GET /shops/heterophagi/b7u4r2r0o2w3e1d8210 HTTP/1.1" 404 20 "-" "Mozilla/5.0 AppleWebKit/537.36 (KHTML, like Gecko; compatible; ClaudeBot/1.0; +claudebot@anthropic.com)"
66.249.70.38 - - [27/Jul/2026:02:06:47 +1200] "GET /?h=s2o3t6t9e0r8y59790 HTTP/1.1" 200 74439 "-" "Mozilla/5.0 (Linux; Android 6.0.1; Nexus 5X Build/MMB29P) AppleWebKit/537.36 (KHTML, like Gecko) Chrome/150.0.7871.128 Mobile Safari/537.36 (compatible; GoogleOther)"
216.73.217.152 - - [27/Jul/2026:02:06:51 +1200] "GET /?h=r7o3t8a1c2i4s4m4319 HTTP/1.1" 200 6851 "-" "Mozilla/5.0 AppleWebKit/537.36 (KHTML, like Gecko; compatible; ClaudeBot/1.0; +claudebot@anthropic.com)"
66.249.70.33 - - [27/Jul/2026:02:06:51 +1200] "GET /shops/blurry/i8n3c0i3t6e6d53797 HTTP/1.1" 200 75701 "-" "Mozilla/5.0 (Linux; Android 6.0.1; Nexus 5X Build/MMB29P) AppleWebKit/537.36 (KHTML, like Gecko) Chrome/150.0.7871.128 Mobile Safari/537.36 (compatible; GoogleOther)"
216.73.217.152 - - [27/Jul/2026:02:06:54 +1200] "GET /?h=c7o2n2f6e5r5r4a6l105 HTTP/1.1" 200 6851 "-" "Mozilla/5.0 AppleWebKit/537.36 (KHTML, like Gecko; compatible; ClaudeBot/1.0; +claudebot@anthropic.com)"
66.249.70.36 - - [27/Jul/2026:02:06:55 +1200] "GET /?h=a5l3l5w7o8r1k58359 HTTP/1.1" 200 77671 "-" "Mozilla/5.0 (Linux; Android 6.0.1; Nexus 5X Build/MMB29P) AppleWebKit/537.36 (KHTML, like Gecko) Chrome/150.0.7871.128 Mobile Safari/537.36 (compatible; Googlebot/2.1; +http://www.google.com/bot.html)"
66.249.70.33 - - [27/Jul/2026:02:06:55 +1200] "GET /?h=p5a3c9k7e3r8a31001 HTTP/1.1" 200 75086 "-" "Mozilla/5.0 (Linux; Android 6.0.1; Nexus 5X Build/MMB29P) AppleWebKit/537.36 (KHTML, like Gecko) Chrome/150.0.7871.128 Mobile Safari/537.36 (compatible; Googlebot/2.1; +http://www.google.com/bot.html)"
66.249.70.37 - - [27/Jul/2026:02:06:55 +1200] "GET /upstay/pursiness/749385826 HTTP/1.1" 200 75102 "-" "Mozilla/5.0 (Linux; Android 6.0.1; Nexus 5X Build/MMB29P) AppleWebKit/537.36 (KHTML, like Gecko) Chrome/150.0.7871.128 Mobile Safari/537.36 (compatible; GoogleOther)"
66.249.70.35 - - [27/Jul/2026:02:06:55 +1200] "GET /?h=p3r2e3e3x2p4e2c3t1a9tion HTTP/1.1" 200 75035 "-" "Mozilla/5.0 (Linux; Android 6.0.1; Nexus 5X Build/MMB29P) AppleWebKit/537.36 (KHTML, like Gecko) Chrome/150.0.7871.128 Mobile Safari/537.36 (compatible; Googlebot/2.1; +http://www.google.com/bot.html)"
216.73.217.152 - - [27/Jul/2026:02:06:57 +1200] "GET /?h=s7u1p7e3r8f3e3t1e079 HTTP/1.1" 200 6851 "-" "Mozilla/5.0 AppleWebKit/537.36 (KHTML, like Gecko; compatible; ClaudeBot/1.0; +claudebot@anthropic.com)"
216.73.217.152 - - [27/Jul/2026:02:07:00 +1200] "GET /shops/residentiary/s7o1n4s5h4i4p95585 HTTP/1.1" 404 20 "-" "Mozilla/5.0 AppleWebKit/537.36 (KHTML, like Gecko; compatible; ClaudeBot/1.0; +claudebot@anthropic.com)"
66.249.70.36 - - [27/Jul/2026:02:06:59 +1200] "GET /?h=w6o2m8a3n4l4i1k9e363 HTTP/1.1" 200 73923 "-" "Mozilla/5.0 (Linux; Android 6.0.1; Nexus 5X Build/MMB29P) AppleWebKit/537.36 (KHTML, like Gecko) Chrome/150.0.7871.128 Mobile Safari/537.36 (compatible; GoogleOther)"
223.165.64.9 - - [27/Jul/2026:02:07:04 +1200] "POST /wp-cron.php?doing_wp_cron=1785074824.0069060325622558593750 HTTP/1.1" 200 20 "-" "WordPress/6.9.4; https://importersclearance.co.nz"
216.73.217.152 - - [27/Jul/2026:02:07:03 +1200] "GET /?h=p7r3i2v5a9c1y59534 HTTP/1.1" 200 6851 "-" "Mozilla/5.0 AppleWebKit/537.36 (KHTML, like Gecko; compatible; ClaudeBot/1.0; +claudebot@anthropic.com)"
66.249.70.37 - - [27/Jul/2026:02:07:03 +1200] "GET /?gumshoe/04287174215 HTTP/1.1" 200 74183 "-" "Mozilla/5.0 (Linux; Android 6.0.1; Nexus 5X Build/MMB29P) AppleWebKit/537.36 (KHTML, like Gecko) Chrome/150.0.7871.128 Mobile Safari/537.36 (compatible; GoogleOther)"
216.73.217.152 - - [27/Jul/2026:02:07:06 +1200] "GET /genethliacs/x7y7l5o1c8o4p8i7n8e3 HTTP/1.1" 404 20 "-" "Mozilla/5.0 AppleWebKit/537.36 (KHTML, like Gecko; compatible; ClaudeBot/1.0; +claudebot@anthropic.com)"
66.249.70.35 - - [27/Jul/2026:02:07:07 +1200] "GET /?h=s2y2s1t9e4m3a6t2i0c5a1lly HTTP/1.1" 200 76297 "-" "Mozilla/5.0 (Linux; Android 6.0.1; Nexus 5X Build/MMB29P) AppleWebKit/537.36 (KHTML, like Gecko) Chrome/150.0.7871.128 Mobile Safari/537.36 (compatible; GoogleOther)"
66.249.70.33 - - [27/Jul/2026:02:07:07 +1200] "GET /?h=r1e3a1n5i5m1a3t8i9o1n1 HTTP/1.1" 200 76062 "-" "Mozilla/5.0 (Linux; Android 6.0.1; Nexus 5X Build/MMB29P) AppleWebKit/537.36 (KHTML, like Gecko) Chrome/150.0.7871.128 Mobile Safari/537.36 (compatible; Googlebot/2.1; +http://www.google.com/bot.html)"
216.73.217.152 - - [27/Jul/2026:02:07:09 +1200] "GET /shops/highjack/d7i2s9g3u5s2t5i3n8g7l0y HTTP/1.1" 404 20 "-" "Mozilla/5.0 AppleWebKit/537.36 (KHTML, like Gecko; compatible; ClaudeBot/1.0; +claudebot@anthropic.com)"
216.73.217.152 - - [27/Jul/2026:02:07:12 +1200] "GET /?h=m7a2l8l3e7u3s03691 HTTP/1.1" 200 6851 "-" "Mozilla/5.0 AppleWebKit/537.36 (KHTML, like Gecko; compatible; ClaudeBot/1.0; +claudebot@anthropic.com)"
66.249.70.38 - - [27/Jul/2026:02:07:11 +1200] "GET /spectroscopy/r4a2d4i7o6s0c7o1p7i5c1 HTTP/1.1" 403 75381 "-" "Mozilla/5.0 (Linux; Android 6.0.1; Nexus 5X Build/MMB29P) AppleWebKit/537.36 (KHTML, like Gecko) Chrome/150.0.7871.128 Mobile Safari/537.36 (compatible; GoogleOther)"
66.249.70.32 - - [27/Jul/2026:02:07:14 +1200] "GET /rigorousness/conglutin/t9i3n4s5e2l6l0y0128 HTTP/1.1" 200 74323 "-" "Mozilla/5.0 (Linux; Android 6.0.1; Nexus 5X Build/MMB29P) AppleWebKit/537.36 (KHTML, like Gecko) Chrome/150.0.7871.128 Mobile Safari/537.36 (compatible; Googlebot/2.1; +http://www.google.com/bot.html)"
216.73.217.152 - - [27/Jul/2026:02:07:15 +1200] "GET /?h=g7l3a1d5i3a7t0u8r2e89 HTTP/1.1" 200 6851 "-" "Mozilla/5.0 AppleWebKit/537.36 (KHTML, like Gecko; compatible; ClaudeBot/1.0; +claudebot@anthropic.com)"
66.249.70.38 - - [27/Jul/2026:02:07:14 +1200] "GET /shops/taring/r3o2s8e4t1662646 HTTP/1.1" 200 75661 "-" "Mozilla/5.0 (Linux; Android 6.0.1; Nexus 5X Build/MMB29P) AppleWebKit/537.36 (KHTML, like Gecko) Chrome/150.0.7871.128 Mobile Safari/537.36 (compatible; GoogleOther)"
216.73.217.152 - - [27/Jul/2026:02:07:18 +1200] "GET /?h=u7p1w2a7r3d0s81104 HTTP/1.1" 200 6851 "-" "Mozilla/5.0 AppleWebKit/537.36 (KHTML, like Gecko; compatible; ClaudeBot/1.0; +claudebot@anthropic.com)"
66.249.70.39 - - [27/Jul/2026:02:07:18 +1200] "GET /?h=p3o3l3y4a8c3i9d2804 HTTP/1.1" 200 77484 "-" "Mozilla/5.0 (Linux; Android 6.0.1; Nexus 5X Build/MMB29P) AppleWebKit/537.36 (KHTML, like Gecko) Chrome/150.0.7871.128 Mobile Safari/537.36 (compatible; GoogleOther)"
216.73.217.152 - - [27/Jul/2026:02:07:23 +1200] "GET /shops/siphonophore/f7r1o0t2h2i6e4s4t733 HTTP/1.1" 404 20 "-" "Mozilla/5.0 AppleWebKit/537.36 (KHTML, like Gecko; compatible; ClaudeBot/1.0; +claudebot@anthropic.com)"
66.249.70.39 - - [27/Jul/2026:02:07:22 +1200] "GET /?h=c8r1o0t3a7l1i4d2a6e60 HTTP/1.1" 200 74907 "-" "Mozilla/5.0 (Linux; Android 6.0.1; Nexus 5X Build/MMB29P) AppleWebKit/537.36 (KHTML, like Gecko) Chrome/150.0.7871.128 Mobile Safari/537.36 (compatible; GoogleOther)"
216.73.217.152 - - [27/Jul/2026:02:07:25 +1200] "GET /?h=c7e9p1h9a0l5o2t6e4s HTTP/1.1" 200 6851 "-" "Mozilla/5.0 AppleWebKit/537.36 (KHTML, like Gecko; compatible; ClaudeBot/1.0; +claudebot@anthropic.com)"
66.249.70.39 - - [27/Jul/2026:02:07:26 +1200] "GET /ustulate/utopianism/33528616550 HTTP/1.1" 200 75909 "-" "Mozilla/5.0 (Linux; Android 6.0.1; Nexus 5X Build/MMB29P) AppleWebKit/537.36 (KHTML, like Gecko) Chrome/150.0.7871.128 Mobile Safari/537.36 (compatible; GoogleOther)"
216.73.217.152 - - [27/Jul/2026:02:07:31 +1200] "GET /shops/incondensibility/j7a3c4i8n5t0h17673 HTTP/1.1" 404 20 "-" "Mozilla/5.0 AppleWebKit/537.36 (KHTML, like Gecko; compatible; ClaudeBot/1.0; +claudebot@anthropic.com)"
66.249.70.33 - - [27/Jul/2026:02:07:30 +1200] "GET /?h=t5o3g2e6d5252571 HTTP/1.1" 200 78117 "-" "Mozilla/5.0 (Linux; Android 6.0.1; Nexus 5X Build/MMB29P) AppleWebKit/537.36 (KHTML, like Gecko) Chrome/150.0.7871.128 Mobile Safari/537.36 (compatible; GoogleOther)"
216.73.217.152 - - [27/Jul/2026:02:07:34 +1200] "GET /shops/perpetualty/h7a1i2r3b9r6e3a2d0t3h9 HTTP/1.1" 404 20 "-" "Mozilla/5.0 AppleWebKit/537.36 (KHTML, like Gecko; compatible; ClaudeBot/1.0; +claudebot@anthropic.com)"
66.249.70.38 - - [27/Jul/2026:02:07:34 +1200] "GET /equation/coadjutorship/c1o1n3g0e2n5i3a5l023 HTTP/1.1" 200 75140 "-" "Mozilla/5.0 (Linux; Android 6.0.1; Nexus 5X Build/MMB29P) AppleWebKit/537.36 (KHTML, like Gecko) Chrome/150.0.7871.128 Mobile Safari/537.36 (compatible; GoogleOther)"
216.73.217.152 - - [27/Jul/2026:02:07:37 +1200] "GET /?h=s7p3o1t8l2e4s0s3l3y10 HTTP/1.1" 200 6851 "-" "Mozilla/5.0 AppleWebKit/537.36 (KHTML, like Gecko; compatible; ClaudeBot/1.0; +claudebot@anthropic.com)"
66.249.70.39 - - [27/Jul/2026:02:07:38 +1200] "GET /esexual/shriner/g7a3u9z7i4n6e9s0s727 HTTP/1.1" 200 76343 "-" "Mozilla/5.0 (Linux; Android 6.0.1; Nexus 5X Build/MMB29P) AppleWebKit/537.36 (KHTML, like Gecko) Chrome/150.0.7871.128 Mobile Safari/537.36 (compatible; GoogleOther)"
216.73.217.152 - - [27/Jul/2026:02:07:40 +1200] "GET /?h=d7e3f4l1a1t1i0o8n3a2r2y HTTP/1.1" 200 6851 "-" "Mozilla/5.0 AppleWebKit/537.36 (KHTML, like Gecko; compatible; ClaudeBot/1.0; +claudebot@anthropic.com)"
66.249.70.33 - - [27/Jul/2026:02:07:41 +1200] "GET /trochisk/auklet/51190396454 HTTP/1.1" 200 76479 "-" "Mozilla/5.0 (Linux; Android 6.0.1; Nexus 5X Build/MMB29P) AppleWebKit/537.36 (KHTML, like Gecko) Chrome/150.0.7871.128 Mobile Safari/537.36 (compatible; Googlebot/2.1; +http://www.google.com/bot.html)"
216.73.217.152 - - [27/Jul/2026:02:07:43 +1200] "GET /shops/eventuation/p7r1o0p2i4n2y5l1134 HTTP/1.1" 404 20 "-" "Mozilla/5.0 AppleWebKit/537.36 (KHTML, like Gecko; compatible; ClaudeBot/1.0; +claudebot@anthropic.com)"
66.249.70.38 - - [27/Jul/2026:02:07:42 +1200] "GET /determinability/unconvenient/l4i2b5e8l5l7e1e5828 HTTP/1.1" 200 75328 "-" "Mozilla/5.0 (Linux; Android 6.0.1; Nexus 5X Build/MMB29P) AppleWebKit/537.36 (KHTML, like Gecko) Chrome/150.0.7871.128 Mobile Safari/537.36 (compatible; GoogleOther)"
216.73.217.152 - - [27/Jul/2026:02:07:46 +1200] "GET /shops/stintedness/n7u2t6r8i3m9e3n3t214 HTTP/1.1" 404 20 "-" "Mozilla/5.0 AppleWebKit/537.36 (KHTML, like Gecko; compatible; ClaudeBot/1.0; +claudebot@anthropic.com)"
66.249.70.34 - - [27/Jul/2026:02:07:46 +1200] "GET /?h=d9i1f0f4u6s1e6d2l4y32 HTTP/1.1" 200 74155 "-" "Mozilla/5.0 (Linux; Android 6.0.1; Nexus 5X Build/MMB29P) AppleWebKit/537.36 (KHTML, like Gecko) Chrome/150.0.7871.128 Mobile Safari/537.36 (compatible; Googlebot/2.1; +http://www.google.com/bot.html)"
66.249.70.35 - - [27/Jul/2026:02:07:47 +1200] "GET /?h=f6i4l2i4b5u3s3t1e6r7ism HTTP/1.1" 200 75264 "-" "Mozilla/5.0 (Linux; Android 6.0.1; Nexus 5X Build/MMB29P) AppleWebKit/537.36 (KHTML, like Gecko) Chrome/150.0.7871.128 Mobile Safari/537.36 (compatible; GoogleOther)"
216.73.217.152 - - [27/Jul/2026:02:07:49 +1200] "GET /?h=n7i1c0k4i1n7g69711 HTTP/1.1" 200 6851 "-" "Mozilla/5.0 AppleWebKit/537.36 (KHTML, like Gecko; compatible; ClaudeBot/1.0; +claudebot@anthropic.com)"
66.249.70.35 - - [27/Jul/2026:02:07:50 +1200] "GET /?h=c9o3m9m6e6r1c4i9a1l47 HTTP/1.1" 200 75617 "-" "Mozilla/5.0 (Linux; Android 6.0.1; Nexus 5X Build/MMB29P) AppleWebKit/537.36 (KHTML, like Gecko) Chrome/150.0.7871.128 Mobile Safari/537.36 (compatible; Googlebot/2.1; +http://www.google.com/bot.html)"
216.73.217.152 - - [27/Jul/2026:02:07:52 +1200] "GET /?h=t7h1o5m6o9m9y8s4354 HTTP/1.1" 200 6851 "-" "Mozilla/5.0 AppleWebKit/537.36 (KHTML, like Gecko; compatible; ClaudeBot/1.0; +claudebot@anthropic.com)"
66.249.70.38 - - [27/Jul/2026:02:07:51 +1200] "GET /?h=b6o9a9t7e0d18913 HTTP/1.1" 200 76064 "-" "Mozilla/5.0 (Linux; Android 6.0.1; Nexus 5X Build/MMB29P) AppleWebKit/537.36 (KHTML, like Gecko) Chrome/150.0.7871.128 Mobile Safari/537.36 (compatible; GoogleOther)"
216.73.217.152 - - [27/Jul/2026:02:07:55 +1200] "GET /?h=c7h3a4s0t6e9n1e4s1s84 HTTP/1.1" 200 6851 "-" "Mozilla/5.0 AppleWebKit/537.36 (KHTML, like Gecko; compatible; ClaudeBot/1.0; +claudebot@anthropic.com)"
66.249.70.37 - - [27/Jul/2026:02:07:55 +1200] "GET /?h=b0u2n7g0o6539012 HTTP/1.1" 200 74118 "-" "Mozilla/5.0 (Linux; Android 6.0.1; Nexus 5X Build/MMB29P) AppleWebKit/537.36 (KHTML, like Gecko) Chrome/150.0.7871.128 Mobile Safari/537.36 (compatible; GoogleOther)"
216.73.217.152 - - [27/Jul/2026:02:07:58 +1200] "GET /?h=h7e3x6a1p5o4d6o6u2s45 HTTP/1.1" 200 6851 "-" "Mozilla/5.0 AppleWebKit/537.36 (KHTML, like Gecko; compatible; ClaudeBot/1.0; +claudebot@anthropic.com)"
66.249.70.35 - - [27/Jul/2026:02:07:59 +1200] "GET /?h=a9r6c6t2o2m5y2s935 HTTP/1.1" 200 76130 "-" "Mozilla/5.0 (Linux; Android 6.0.1; Nexus 5X Build/MMB29P) AppleWebKit/537.36 (KHTML, like Gecko) Chrome/150.0.7871.128 Mobile Safari/537.36 (compatible; Googlebot/2.1; +http://www.google.com/bot.html)"
66.249.70.39 - - [27/Jul/2026:02:08:00 +1200] "GET /?h=h7a2w9i2n6g731876 HTTP/1.1" 200 74261 "-" "Mozilla/5.0 (Linux; Android 6.0.1; Nexus 5X Build/MMB29P) AppleWebKit/537.36 (KHTML, like Gecko) Chrome/150.0.7871.128 Mobile Safari/537.36 (compatible; GoogleOther)"
216.73.217.152 - - [27/Jul/2026:02:08:01 +1200] "GET /?h=d7i3n9n5e1r8t1i0m3e61 HTTP/1.1" 200 6851 "-" "Mozilla/5.0 AppleWebKit/537.36 (KHTML, like Gecko; compatible; ClaudeBot/1.0; +claudebot@anthropic.com)"
223.165.64.9 - - [27/Jul/2026:02:08:05 +1200] "POST /wp-cron.php?doing_wp_cron=1785074885.6027169227600097656250 HTTP/1.1" 200 20 "-" "WordPress/6.9.4; https://importersclearance.co.nz"
216.73.217.152 - - [27/Jul/2026:02:08:04 +1200] "GET /?h=h7e3m1i6p1t8e8r4a0n50 HTTP/1.1" 200 6851 "-" "Mozilla/5.0 AppleWebKit/537.36 (KHTML, like Gecko; compatible; ClaudeBot/1.0; +claudebot@anthropic.com)"
66.249.70.32 - - [27/Jul/2026:02:08:04 +1200] "GET /review/goods/I533281359/ HTTP/1.1" 200 78017 "-" "Mozilla/5.0 (Linux; Android 6.0.1; Nexus 5X Build/MMB29P) AppleWebKit/537.36 (KHTML, like Gecko) Chrome/150.0.7871.128 Mobile Safari/537.36 (compatible; GoogleOther)"
216.73.217.152 - - [27/Jul/2026:02:08:07 +1200] "GET /shops/celtiberian/h7i1g4h9l4y141524 HTTP/1.1" 404 20 "-" "Mozilla/5.0 AppleWebKit/537.36 (KHTML, like Gecko; compatible; ClaudeBot/1.0; +claudebot@anthropic.com)"
66.249.70.37 - - [27/Jul/2026:02:08:08 +1200] "GET /?h=g9l1e6d3i2t3s8c3h3i7a7 HTTP/1.1" 200 76092 "-" "Mozilla/5.0 (Linux; Android 6.0.1; Nexus 5X Build/MMB29P) AppleWebKit/537.36 (KHTML, like Gecko) Chrome/150.0.7871.128 Mobile Safari/537.36 (compatible; Googlebot/2.1; +http://www.google.com/bot.html)"
66.249.70.33 - - [27/Jul/2026:02:08:08 +1200] "GET /uncomplaining/seemlily/32946211601 HTTP/1.1" 200 75121 "-" "Mozilla/5.0 (Linux; Android 6.0.1; Nexus 5X Build/MMB29P) AppleWebKit/537.36 (KHTML, like Gecko) Chrome/150.0.7871.128 Mobile Safari/537.36 (compatible; GoogleOther)"
216.73.217.152 - - [27/Jul/2026:02:08:10 +1200] "GET /?h=f7i3b5r5i9l6l9a9t0e6d5 HTTP/1.1" 200 6851 "-" "Mozilla/5.0 AppleWebKit/537.36 (KHTML, like Gecko; compatible; ClaudeBot/1.0; +claudebot@anthropic.com)"
66.249.70.32 - - [27/Jul/2026:02:08:10 +1200] "GET /leveling/piastre/72157167292 HTTP/1.1" 200 76689 "-" "Mozilla/5.0 (Linux; Android 6.0.1; Nexus 5X Build/MMB29P) AppleWebKit/537.36 (KHTML, like Gecko) Chrome/150.0.7871.128 Mobile Safari/537.36 (compatible; Googlebot/2.1; +http://www.google.com/bot.html)"
216.73.217.152 - - [27/Jul/2026:02:08:13 +1200] "GET /?h=p7a3r0a8l5o8g2i7s0m36 HTTP/1.1" 200 6851 "-" "Mozilla/5.0 AppleWebKit/537.36 (KHTML, like Gecko; compatible; ClaudeBot/1.0; +claudebot@anthropic.com)"
66.249.70.33 - - [27/Jul/2026:02:08:12 +1200] "GET /?h=c9o9c6u3s5w1o7o7d62 HTTP/1.1" 200 75981 "-" "Mozilla/5.0 (Linux; Android 6.0.1; Nexus 5X Build/MMB29P) AppleWebKit/537.36 (KHTML, like Gecko) Chrome/150.0.7871.128 Mobile Safari/537.36 (compatible; Googlebot/2.1; +http://www.google.com/bot.html)"
66.249.70.38 - - [27/Jul/2026:02:08:12 +1200] "GET /?h=d7a3h0l1i4n788575 HTTP/1.1" 200 76049 "-" "Mozilla/5.0 (Linux; Android 6.0.1; Nexus 5X Build/MMB29P) AppleWebKit/537.36 (KHTML, like Gecko) Chrome/150.0.7871.128 Mobile Safari/537.36 (compatible; GoogleOther)"
216.73.217.152 - - [27/Jul/2026:02:08:16 +1200] "GET /?h=r7u3s7s0e9t2y23655 HTTP/1.1" 200 6851 "-" "Mozilla/5.0 AppleWebKit/537.36 (KHTML, like Gecko; compatible; ClaudeBot/1.0; +claudebot@anthropic.com)"
66.249.70.33 - - [27/Jul/2026:02:08:15 +1200] "GET /?h=i9n4c0u7r8v0e32283 HTTP/1.1" 200 76671 "-" "Mozilla/5.0 (Linux; Android 6.0.1; Nexus 5X Build/MMB29P) AppleWebKit/537.36 (KHTML, like Gecko) Chrome/150.0.7871.128 Mobile Safari/537.36 (compatible; Googlebot/2.1; +http://www.google.com/bot.html)"
66.249.70.38 - - [27/Jul/2026:02:08:16 +1200] "GET /review/goods/I1433842704/ HTTP/1.1" 200 76781 "-" "Mozilla/5.0 (Linux; Android 6.0.1; Nexus 5X Build/MMB29P) AppleWebKit/537.36 (KHTML, like Gecko) Chrome/150.0.7871.128 Mobile Safari/537.36 (compatible; GoogleOther)"
216.73.217.152 - - [27/Jul/2026:02:08:22 +1200] "GET /shops/wichita/t7r1a3c8k4i4n9g444 HTTP/1.1" 404 20 "-" "Mozilla/5.0 AppleWebKit/537.36 (KHTML, like Gecko; compatible; ClaudeBot/1.0; +claudebot@anthropic.com)"
66.249.70.38 - - [27/Jul/2026:02:08:21 +1200] "GET /incomposedly/ependymis/83515686761 HTTP/1.1" 200 76775 "-" "Mozilla/5.0 (Linux; Android 6.0.1; Nexus 5X Build/MMB29P) AppleWebKit/537.36 (KHTML, like Gecko) Chrome/150.0.7871.128 Mobile Safari/537.36 (compatible; GoogleOther)"
216.73.217.152 - - [27/Jul/2026:02:08:25 +1200] "GET /?h=d7i3s1t4o9r1t1e9r501 HTTP/1.1" 200 6851 "-" "Mozilla/5.0 AppleWebKit/537.36 (KHTML, like Gecko; compatible; ClaudeBot/1.0; +claudebot@anthropic.com)"
66.249.70.33 - - [27/Jul/2026:02:08:25 +1200] "GET /?h=a9e4r8a7t9e4d1784 HTTP/1.1" 200 74558 "-" "Mozilla/5.0 (Linux; Android 6.0.1; Nexus 5X Build/MMB29P) AppleWebKit/537.36 (KHTML, like Gecko) Chrome/150.0.7871.128 Mobile Safari/537.36 (compatible; Googlebot/2.1; +http://www.google.com/bot.html)"
66.249.70.33 - - [27/Jul/2026:02:08:26 +1200] "GET /?h=b3i2s3m2i1l4l6a8h950 HTTP/1.1" 200 74455 "-" "Mozilla/5.0 (Linux; Android 6.0.1; Nexus 5X Build/MMB29P) AppleWebKit/537.36 (KHTML, like Gecko) Chrome/150.0.7871.128 Mobile Safari/537.36 (compatible; GoogleOther)"
216.73.217.152 - - [27/Jul/2026:02:08:28 +1200] "GET /shops/brewhouse/a7r1a9i3o8s4t3e0g8i4a4 HTTP/1.1" 404 20 "-" "Mozilla/5.0 AppleWebKit/537.36 (KHTML, like Gecko; compatible; ClaudeBot/1.0; +claudebot@anthropic.com)"
216.73.217.152 - - [27/Jul/2026:02:08:31 +1200] "GET /?h=i7n2f4r9a2m7a3r4g4i7n4al HTTP/1.1" 200 6851 "-" "Mozilla/5.0 AppleWebKit/537.36 (KHTML, like Gecko; compatible; ClaudeBot/1.0; +claudebot@anthropic.com)"
66.249.70.39 - - [27/Jul/2026:02:08:29 +1200] "GET /?h=d9e2t6o7n9a2t9e9d24 HTTP/1.1" 200 74441 "-" "Mozilla/5.0 (Linux; Android 6.0.1; Nexus 5X Build/MMB29P) AppleWebKit/537.36 (KHTML, like Gecko) Chrome/150.0.7871.128 Mobile Safari/537.36 (compatible; Googlebot/2.1; +http://www.google.com/bot.html)"
66.249.70.37 - - [27/Jul/2026:02:08:30 +1200] "GET /?h=a5r1t8e9r0i4o3s5c5l4e8rotic HTTP/1.1" 200 76738 "-" "Mozilla/5.0 (Linux; Android 6.0.1; Nexus 5X Build/MMB29P) AppleWebKit/537.36 (KHTML, like Gecko) Chrome/150.0.7871.128 Mobile Safari/537.36 (compatible; GoogleOther)"
216.73.217.152 - - [27/Jul/2026:02:08:34 +1200] "GET /?h=h7a2l0f6l0i0g9h6t490 HTTP/1.1" 200 6851 "-" "Mozilla/5.0 AppleWebKit/537.36 (KHTML, like Gecko; compatible; ClaudeBot/1.0; +claudebot@anthropic.com)"
66.249.70.33 - - [27/Jul/2026:02:08:33 +1200] "GET /?h=m9e8r0e1t6r1i9c0i0o9us HTTP/1.1" 200 76457 "-" "Mozilla/5.0 (Linux; Android 6.0.1; Nexus 5X Build/MMB29P) AppleWebKit/537.36 (KHTML, like Gecko) Chrome/150.0.7871.128 Mobile Safari/537.36 (compatible; Googlebot/2.1; +http://www.google.com/bot.html)"
66.249.70.33 - - [27/Jul/2026:02:08:35 +1200] "GET /?h=c3o2c8k1a6n3d4y8173 HTTP/1.1" 200 74464 "-" "Mozilla/5.0 (Linux; Android 6.0.1; Nexus 5X Build/MMB29P) AppleWebKit/537.36 (KHTML, like Gecko) Chrome/150.0.7871.128 Mobile Safari/537.36 (compatible; GoogleOther)"
216.73.217.152 - - [27/Jul/2026:02:08:37 +1200] "GET /?h=w7h3i3p3p4l8e3t8r8e0e9 HTTP/1.1" 200 6851 "-" "Mozilla/5.0 AppleWebKit/537.36 (KHTML, like Gecko; compatible; ClaudeBot/1.0; +claudebot@anthropic.com)"
66.249.70.39 - - [27/Jul/2026:02:08:36 +1200] "GET /?h=f9i4b1r1i3l9l0o3s7e97 HTTP/1.1" 200 74889 "-" "Mozilla/5.0 (Linux; Android 6.0.1; Nexus 5X Build/MMB29P) AppleWebKit/537.36 (KHTML, like Gecko) Chrome/150.0.7871.128 Mobile Safari/537.36 (compatible; Googlebot/2.1; +http://www.google.com/bot.html)"
216.73.217.152 - - [27/Jul/2026:02:08:40 +1200] "GET /?h=i7n3v0e6n9t3i5b8l6e9ness HTTP/1.1" 200 6851 "-" "Mozilla/5.0 AppleWebKit/537.36 (KHTML, like Gecko; compatible; ClaudeBot/1.0; +claudebot@anthropic.com)"
66.249.70.36 - - [27/Jul/2026:02:08:40 +1200] "GET /sweeter/choragi/s6h7e6i8l934447 HTTP/1.1" 200 75106 "-" "Mozilla/5.0 (Linux; Android 6.0.1; Nexus 5X Build/MMB29P) AppleWebKit/537.36 (KHTML, like Gecko) Chrome/150.0.7871.128 Mobile Safari/537.36 (compatible; GoogleOther)"
66.249.70.35 - - [27/Jul/2026:02:08:41 +1200] "GET /?h=h9a3s4t0i1e8s7t134 HTTP/1.1" 200 75509 "-" "Mozilla/5.0 (Linux; Android 6.0.1; Nexus 5X Build/MMB29P) AppleWebKit/537.36 (KHTML, like Gecko) Chrome/150.0.7871.128 Mobile Safari/537.36 (compatible; Googlebot/2.1; +http://www.google.com/bot.html)"
216.73.217.152 - - [27/Jul/2026:02:08:43 +1200] "GET /shops/diastasis/c7y1c8l6o4r7h4i9s068 HTTP/1.1" 404 20 "-" "Mozilla/5.0 AppleWebKit/537.36 (KHTML, like Gecko; compatible; ClaudeBot/1.0; +claudebot@anthropic.com)"
66.249.70.34 - - [27/Jul/2026:02:08:42 +1200] "GET /kosmos/caramelize/2835070619 HTTP/1.1" 200 76352 "-" "Mozilla/5.0 (Linux; Android 6.0.1; Nexus 5X Build/MMB29P) AppleWebKit/537.36 (KHTML, like Gecko) Chrome/150.0.7871.128 Mobile Safari/537.36 (compatible; Googlebot/2.1; +http://www.google.com/bot.html)"
216.73.217.152 - - [27/Jul/2026:02:08:46 +1200] "GET /shops/ghostology/p7r5i5m5i8p7a9r4o5u2s HTTP/1.1" 404 20 "-" "Mozilla/5.0 AppleWebKit/537.36 (KHTML, like Gecko; compatible; ClaudeBot/1.0; +claudebot@anthropic.com)"
66.249.70.38 - - [27/Jul/2026:02:08:44 +1200] "GET /?h=p1r2o7p6i7t1i0o5u0s5ly HTTP/1.1" 200 77326 "-" "Mozilla/5.0 (Linux; Android 6.0.1; Nexus 5X Build/MMB29P) AppleWebKit/537.36 (KHTML, like Gecko) Chrome/150.0.7871.128 Mobile Safari/537.36 (compatible; GoogleOther)"
216.73.217.152 - - [27/Jul/2026:02:08:49 +1200] "GET /?h=p7i9n0n0a9t7i9f0i7d1 HTTP/1.1" 200 6851 "-" "Mozilla/5.0 AppleWebKit/537.36 (KHTML, like Gecko; compatible; ClaudeBot/1.0; +claudebot@anthropic.com)"
66.249.70.36 - - [27/Jul/2026:02:08:49 +1200] "GET /?h=c7r1o7s5s2l8i8n1k707 HTTP/1.1" 200 75967 "-" "Mozilla/5.0 (Linux; Android 6.0.1; Nexus 5X Build/MMB29P) AppleWebKit/537.36 (KHTML, like Gecko) Chrome/150.0.7871.128 Mobile Safari/537.36 (compatible; GoogleOther)"
216.73.217.152 - - [27/Jul/2026:02:08:52 +1200] "GET /eumetopias/c7y2t4o9t5a7x1i6s513 HTTP/1.1" 404 20 "-" "Mozilla/5.0 AppleWebKit/537.36 (KHTML, like Gecko; compatible; ClaudeBot/1.0; +claudebot@anthropic.com)"
66.249.70.37 - - [27/Jul/2026:02:08:50 +1200] "GET /?h=r9e3c0u5m8b329850 HTTP/1.1" 200 75242 "-" "Mozilla/5.0 (Linux; Android 6.0.1; Nexus 5X Build/MMB29P) AppleWebKit/537.36 (KHTML, like Gecko) Chrome/150.0.7871.128 Mobile Safari/537.36 (compatible; Googlebot/2.1; +http://www.google.com/bot.html)"
216.73.217.152 - - [27/Jul/2026:02:08:55 +1200] "GET /shops/realty/l7u3m4i9n2a8r0y2700 HTTP/1.1" 404 20 "-" "Mozilla/5.0 AppleWebKit/537.36 (KHTML, like Gecko; compatible; ClaudeBot/1.0; +claudebot@anthropic.com)"
66.249.70.38 - - [27/Jul/2026:02:08:54 +1200] "GET /?h=p6o3r8t6u8g9u7e6s6e98 HTTP/1.1" 200 78780 "-" "Mozilla/5.0 (Linux; Android 6.0.1; Nexus 5X Build/MMB29P) AppleWebKit/537.36 (KHTML, like Gecko) Chrome/150.0.7871.128 Mobile Safari/537.36 (compatible; GoogleOther)"
69.171.231.7 - - [27/Jul/2026:02:08:58 +1200] "GET /robots.txt HTTP/1.1" 206 89 "-" "facebookexternalhit/1.1 (+http://www.facebook.com/externalhit_uatext.php)"
216.73.217.152 - - [27/Jul/2026:02:08:58 +1200] "GET /?h=m7o3v8i7n9g8n9e8s5s25 HTTP/1.1" 200 6851 "-" "Mozilla/5.0 AppleWebKit/537.36 (KHTML, like Gecko; compatible; ClaudeBot/1.0; +claudebot@anthropic.com)"
69.171.231.2 - - [27/Jul/2026:02:08:59 +1200] "GET /robots.txt HTTP/1.1" 206 89 "-" "facebookexternalhit/1.1 (+http://www.facebook.com/externalhit_uatext.php)"
66.249.70.34 - - [27/Jul/2026:02:08:59 +1200] "GET /?h=b9u1s4t6a5m4e2n6t4e05 HTTP/1.1" 200 75482 "-" "Mozilla/5.0 (Linux; Android 6.0.1; Nexus 5X Build/MMB29P) AppleWebKit/537.36 (KHTML, like Gecko) Chrome/150.0.7871.128 Mobile Safari/537.36 (compatible; GoogleOther)"
216.73.217.152 - - [27/Jul/2026:02:09:01 +1200] "GET /florikin/u7s3i0t5a6t3i6s1s3i4m3um HTTP/1.1" 404 20 "-" "Mozilla/5.0 AppleWebKit/537.36 (KHTML, like Gecko; compatible; ClaudeBot/1.0; +claudebot@anthropic.com)"
223.165.64.9 - - [27/Jul/2026:02:09:05 +1200] "POST /wp-cron.php?doing_wp_cron=1785074945.4187240600585937500000 HTTP/1.1" 200 20 "-" "WordPress/6.9.4; https://importersclearance.co.nz"
216.73.217.152 - - [27/Jul/2026:02:09:04 +1200] "GET /shops/emmarble/m7e3t9e5o3r0o2g2r4a7p6hy HTTP/1.1" 404 20 "-" "Mozilla/5.0 AppleWebKit/537.36 (KHTML, like Gecko; compatible; ClaudeBot/1.0; +claudebot@anthropic.com)"
66.249.70.32 - - [27/Jul/2026:02:09:04 +1200] "GET /?h=d5e1l5i0r1i5o6u2s22 HTTP/1.1" 200 77737 "-" "Mozilla/5.0 (Linux; Android 6.0.1; Nexus 5X Build/MMB29P) AppleWebKit/537.36 (KHTML, like Gecko) Chrome/150.0.7871.128 Mobile Safari/537.36 (compatible; Googlebot/2.1; +http://www.google.com/bot.html)"
66.249.70.33 - - [27/Jul/2026:02:09:04 +1200] "GET /?h=i7n3f4r9i7n0g8i3n8g64 HTTP/1.1" 200 77399 "-" "Mozilla/5.0 (Linux; Android 6.0.1; Nexus 5X Build/MMB29P) AppleWebKit/537.36 (KHTML, like Gecko) Chrome/150.0.7871.128 Mobile Safari/537.36 (compatible; GoogleOther)"
216.73.217.152 - - [27/Jul/2026:02:09:07 +1200] "GET /drowth/d7o3u3b6t4i5n1g8l7y18 HTTP/1.1" 404 20 "-" "Mozilla/5.0 AppleWebKit/537.36 (KHTML, like Gecko; compatible; ClaudeBot/1.0; +claudebot@anthropic.com)"
66.249.70.37 - - [27/Jul/2026:02:09:09 +1200] "GET /review/goods/I423196948/ HTTP/1.1" 200 76239 "-" "Mozilla/5.0 (Linux; Android 6.0.1; Nexus 5X Build/MMB29P) AppleWebKit/537.36 (KHTML, like Gecko) Chrome/150.0.7871.128 Mobile Safari/537.36 (compatible; Googlebot/2.1; +http://www.google.com/bot.html)"
66.249.70.38 - - [27/Jul/2026:02:09:09 +1200] "GET /oxanilic/e9x2c6i8s4i5n0g7036 HTTP/1.1" 200 74765 "-" "Mozilla/5.0 (Linux; Android 6.0.1; Nexus 5X Build/MMB29P) AppleWebKit/537.36 (KHTML, like Gecko) Chrome/150.0.7871.128 Mobile Safari/537.36 (compatible; GoogleOther)"
216.73.217.152 - - [27/Jul/2026:02:09:11 +1200] "GET /enfranchiser/g7e2p8o5u9n8d1208 HTTP/1.1" 404 20 "-" "Mozilla/5.0 AppleWebKit/537.36 (KHTML, like Gecko; compatible; ClaudeBot/1.0; +claudebot@anthropic.com)"
216.73.217.152 - - [27/Jul/2026:02:09:14 +1200] "GET /shops/pearlins/o7p2e1n5h4e1a9r3t7h96 HTTP/1.1" 404 20 "-" "Mozilla/5.0 AppleWebKit/537.36 (KHTML, like Gecko; compatible; ClaudeBot/1.0; +claudebot@anthropic.com)"
66.249.70.32 - - [27/Jul/2026:02:09:14 +1200] "GET /review/goods/I481993480 HTTP/1.1" 200 73612 "-" "Mozilla/5.0 (Linux; Android 6.0.1; Nexus 5X Build/MMB29P) AppleWebKit/537.36 (KHTML, like Gecko) Chrome/150.0.7871.128 Mobile Safari/537.36 (compatible; GoogleOther)"
216.73.217.152 - - [27/Jul/2026:02:09:17 +1200] "GET /shops/sensitometer/b7u5f9f9e8r2e1d940 HTTP/1.1" 404 20 "-" "Mozilla/5.0 AppleWebKit/537.36 (KHTML, like Gecko; compatible; ClaudeBot/1.0; +claudebot@anthropic.com)"
66.249.70.38 - - [27/Jul/2026:02:09:18 +1200] "GET /?h=b9a4g2u2e6t835509 HTTP/1.1" 200 74777 "-" "Mozilla/5.0 (Linux; Android 6.0.1; Nexus 5X Build/MMB29P) AppleWebKit/537.36 (KHTML, like Gecko) Chrome/150.0.7871.128 Mobile Safari/537.36 (compatible; Googlebot/2.1; +http://www.google.com/bot.html)"
216.73.217.152 - - [27/Jul/2026:02:09:20 +1200] "GET /?h=o7p2a4l9e9s2c9e3n4t15 HTTP/1.1" 200 6851 "-" "Mozilla/5.0 AppleWebKit/537.36 (KHTML, like Gecko; compatible; ClaudeBot/1.0; +claudebot@anthropic.com)"
66.249.70.37 - - [27/Jul/2026:02:09:19 +1200] "GET /?excurse/62986818224 HTTP/1.1" 200 74370 "-" "Mozilla/5.0 (Linux; Android 6.0.1; Nexus 5X Build/MMB29P) AppleWebKit/537.36 (KHTML, like Gecko) Chrome/150.0.7871.128 Mobile Safari/537.36 (compatible; GoogleOther)"
66.249.70.38 - - [27/Jul/2026:02:09:21 +1200] "GET /?h=c9r3y0o8s8c0o0p9e759 HTTP/1.1" 200 75261 "-" "Mozilla/5.0 (Linux; Android 6.0.1; Nexus 5X Build/MMB29P) AppleWebKit/537.36 (KHTML, like Gecko) Chrome/150.0.7871.128 Mobile Safari/537.36 (compatible; Googlebot/2.1; +http://www.google.com/bot.html)"
216.73.217.152 - - [27/Jul/2026:02:09:23 +1200] "GET /shops/calycanthus/o7v1a9l9l1y761556 HTTP/1.1" 404 20 "-" "Mozilla/5.0 AppleWebKit/537.36 (KHTML, like Gecko; compatible; ClaudeBot/1.0; +claudebot@anthropic.com)"
66.249.70.32 - - [27/Jul/2026:02:09:21 +1200] "GET /?h=a7i1d1m2a3j2o6r7302 HTTP/1.1" 200 76384 "-" "Mozilla/5.0 (Linux; Android 6.0.1; Nexus 5X Build/MMB29P) AppleWebKit/537.36 (KHTML, like Gecko) Chrome/150.0.7871.128 Mobile Safari/537.36 (compatible; Googlebot/2.1; +http://www.google.com/bot.html)"
66.249.70.32 - - [27/Jul/2026:02:09:23 +1200] "GET /review/goods/I4061417933/ HTTP/1.1" 200 78419 "-" "Mozilla/5.0 (Linux; Android 6.0.1; Nexus 5X Build/MMB29P) AppleWebKit/537.36 (KHTML, like Gecko) Chrome/150.0.7871.128 Mobile Safari/537.36 (compatible; GoogleOther)"
216.73.217.152 - - [27/Jul/2026:02:09:26 +1200] "GET /shops/stuped/d7i2s8a4n0i2m2a6t3e3d5 HTTP/1.1" 404 20 "-" "Mozilla/5.0 AppleWebKit/537.36 (KHTML, like Gecko; compatible; ClaudeBot/1.0; +claudebot@anthropic.com)"
66.249.70.37 - - [27/Jul/2026:02:09:26 +1200] "GET /?h=s9u3d3o4r3i4f2i5c652 HTTP/1.1" 200 75074 "-" "Mozilla/5.0 (Linux; Android 6.0.1; Nexus 5X Build/MMB29P) AppleWebKit/537.36 (KHTML, like Gecko) Chrome/150.0.7871.128 Mobile Safari/537.36 (compatible; Googlebot/2.1; +http://www.google.com/bot.html)"
216.73.217.152 - - [27/Jul/2026:02:09:29 +1200] "GET /shops/nonindulgent/m7i2s2o7t2h1e0i5s0m46 HTTP/1.1" 404 20 "-" "Mozilla/5.0 AppleWebKit/537.36 (KHTML, like Gecko; compatible; ClaudeBot/1.0; +claudebot@anthropic.com)"
66.249.70.38 - - [27/Jul/2026:02:09:28 +1200] "GET /patera/h8e2p9a6t5o0c7e2l9e67 HTTP/1.1" 200 74451 "-" "Mozilla/5.0 (Linux; Android 6.0.1; Nexus 5X Build/MMB29P) AppleWebKit/537.36 (KHTML, like Gecko) Chrome/150.0.7871.128 Mobile Safari/537.36 (compatible; GoogleOther)"
216.73.217.152 - - [27/Jul/2026:02:09:32 +1200] "GET /shops/accidentalism/h7o3m9e8t7o7w8n6035 HTTP/1.1" 404 20 "-" "Mozilla/5.0 AppleWebKit/537.36 (KHTML, like Gecko; compatible; ClaudeBot/1.0; +claudebot@anthropic.com)"
66.249.70.32 - - [27/Jul/2026:02:09:33 +1200] "GET /?h=d3r1a1g4g8l6e5t4a4i1l6 HTTP/1.1" 200 75713 "-" "Mozilla/5.0 (Linux; Android 6.0.1; Nexus 5X Build/MMB29P) AppleWebKit/537.36 (KHTML, like Gecko) Chrome/150.0.7871.128 Mobile Safari/537.36 (compatible; GoogleOther)"
216.73.217.152 - - [27/Jul/2026:02:09:35 +1200] "GET /shops/flowk/z7e4b0r2i5n2e65683 HTTP/1.1" 404 20 "-" "Mozilla/5.0 AppleWebKit/537.36 (KHTML, like Gecko; compatible; ClaudeBot/1.0; +claudebot@anthropic.com)"
66.249.70.34 - - [27/Jul/2026:02:09:35 +1200] "GET /?h=c9h3a3r8t8o4g1r1a0p7h0ic HTTP/1.1" 200 76680 "-" "Mozilla/5.0 (Linux; Android 6.0.1; Nexus 5X Build/MMB29P) AppleWebKit/537.36 (KHTML, like Gecko) Chrome/150.0.7871.128 Mobile Safari/537.36 (compatible; Googlebot/2.1; +http://www.google.com/bot.html)"
216.73.217.152 - - [27/Jul/2026:02:09:38 +1200] "GET /shops/pursing/c7i6r0c2u2s4e6s138 HTTP/1.1" 404 20 "-" "Mozilla/5.0 AppleWebKit/537.36 (KHTML, like Gecko; compatible; ClaudeBot/1.0; +claudebot@anthropic.com)"
66.249.70.39 - - [27/Jul/2026:02:09:37 +1200] "GET /?h=a1s1t7a9t3i8c3a2l8l0y1 HTTP/1.1" 200 76411 "-" "Mozilla/5.0 (Linux; Android 6.0.1; Nexus 5X Build/MMB29P) AppleWebKit/537.36 (KHTML, like Gecko) Chrome/150.0.7871.128 Mobile Safari/537.36 (compatible; GoogleOther)"
66.249.70.32 - - [27/Jul/2026:02:09:38 +1200] "GET /?h=c3h7e9e0s3y88384 HTTP/1.1" 200 76344 "-" "Mozilla/5.0 (Linux; Android 6.0.1; Nexus 5X Build/MMB29P) AppleWebKit/537.36 (KHTML, like Gecko) Chrome/150.0.7871.128 Mobile Safari/537.36 (compatible; Googlebot/2.1; +http://www.google.com/bot.html)"
216.73.217.152 - - [27/Jul/2026:02:09:41 +1200] "GET /shops/parallelize/l7e2v1e9l9l8i0n2g460 HTTP/1.1" 404 20 "-" "Mozilla/5.0 AppleWebKit/537.36 (KHTML, like Gecko; compatible; ClaudeBot/1.0; +claudebot@anthropic.com)"
66.249.70.37 - - [27/Jul/2026:02:09:40 +1200] "GET /?h=d9i3t7t3a5n7d2e3r757 HTTP/1.1" 200 75264 "-" "Mozilla/5.0 (Linux; Android 6.0.1; Nexus 5X Build/MMB29P) AppleWebKit/537.36 (KHTML, like Gecko) Chrome/150.0.7871.128 Mobile Safari/537.36 (compatible; Googlebot/2.1; +http://www.google.com/bot.html)"
66.249.70.32 - - [27/Jul/2026:02:09:42 +1200] "GET /review/goods/I1778914001/ HTTP/1.1" 200 78465 "-" "Mozilla/5.0 (Linux; Android 6.0.1; Nexus 5X Build/MMB29P) AppleWebKit/537.36 (KHTML, like Gecko) Chrome/150.0.7871.128 Mobile Safari/537.36 (compatible; GoogleOther)"
216.73.217.152 - - [27/Jul/2026:02:09:44 +1200] "GET /twoedged/moschatus/73055089849 HTTP/1.1" 404 20 "-" "Mozilla/5.0 AppleWebKit/537.36 (KHTML, like Gecko; compatible; ClaudeBot/1.0; +claudebot@anthropic.com)"
66.249.70.36 - - [27/Jul/2026:02:09:44 +1200] "GET /?h=e9p3i2s3p3o7r3e9503 HTTP/1.1" 200 75348 "-" "Mozilla/5.0 (Linux; Android 6.0.1; Nexus 5X Build/MMB29P) AppleWebKit/537.36 (KHTML, like Gecko) Chrome/150.0.7871.128 Mobile Safari/537.36 (compatible; Googlebot/2.1; +http://www.google.com/bot.html)"
216.73.217.152 - - [27/Jul/2026:02:09:47 +1200] "GET /?h=o7c4c0i9p8i7t3a4l992 HTTP/1.1" 200 6851 "-" "Mozilla/5.0 AppleWebKit/537.36 (KHTML, like Gecko; compatible; ClaudeBot/1.0; +claudebot@anthropic.com)"
66.249.70.37 - - [27/Jul/2026:02:09:47 +1200] "GET /camelopard/bogsucker/v6r9a3i0s1e7m7b5l5a7nce HTTP/1.1" 200 74902 "-" "Mozilla/5.0 (Linux; Android 6.0.1; Nexus 5X Build/MMB29P) AppleWebKit/537.36 (KHTML, like Gecko) Chrome/150.0.7871.128 Mobile Safari/537.36 (compatible; GoogleOther)"
74.248.139.103 - - [27/Jul/2026:02:09:50 +1200] "GET /wp-content/plugins/hellopress/wp_filemanager.php HTTP/1.1" 404 5750 "-" "-"
74.248.139.103 - - [27/Jul/2026:02:09:51 +1200] "GET /this_is_a_new_hello_world.php HTTP/1.1" 404 5750 "-" "-"
216.73.217.152 - - [27/Jul/2026:02:09:50 +1200] "GET /?h=o7r1d2a0i9n9m4e3n4t44 HTTP/1.1" 200 6851 "-" "Mozilla/5.0 AppleWebKit/537.36 (KHTML, like Gecko; compatible; ClaudeBot/1.0; +claudebot@anthropic.com)"
66.249.70.33 - - [27/Jul/2026:02:09:48 +1200] "GET /?h=t3e3l0e2g6r8a5m7403 HTTP/1.1" 200 75730 "-" "Mozilla/5.0 (Linux; Android 6.0.1; Nexus 5X Build/MMB29P) AppleWebKit/537.36 (KHTML, like Gecko) Chrome/150.0.7871.128 Mobile Safari/537.36 (compatible; Googlebot/2.1; +http://www.google.com/bot.html)"
66.249.70.35 - - [27/Jul/2026:02:09:48 +1200] "GET /?h=h9y3d1r6a5r0g6y4r6i7s2m HTTP/1.1" 200 74608 "-" "Mozilla/5.0 (Linux; Android 6.0.1; Nexus 5X Build/MMB29P) AppleWebKit/537.36 (KHTML, like Gecko) Chrome/150.0.7871.128 Mobile Safari/537.36 (compatible; Googlebot/2.1; +http://www.google.com/bot.html)"
74.248.139.103 - - [27/Jul/2026:02:09:51 +1200] "GET /images.php HTTP/1.1" 404 5750 "-" "-"
74.248.139.103 - - [27/Jul/2026:02:09:52 +1200] "GET /bootstrap.php HTTP/1.1" 404 5750 "-" "-"
74.248.139.103 - - [27/Jul/2026:02:09:53 +1200] "GET /fpwch.php HTTP/1.1" 404 5750 "-" "-"
74.248.139.103 - - [27/Jul/2026:02:09:53 +1200] "GET /hypo.php HTTP/1.1" 404 5750 "-" "-"
216.73.217.152 - - [27/Jul/2026:02:09:53 +1200] "GET /shops/chianti/n7i6t2r9o7m2e9t0e6r0 HTTP/1.1" 404 20 "-" "Mozilla/5.0 AppleWebKit/537.36 (KHTML, like Gecko; compatible; ClaudeBot/1.0; +claudebot@anthropic.com)"
74.248.139.103 - - [27/Jul/2026:02:09:54 +1200] "GET /kir.php HTTP/1.1" 404 5750 "-" "-"
66.249.70.35 - - [27/Jul/2026:02:09:52 +1200] "GET /review/goods/I816201907/ HTTP/1.1" 200 75744 "-" "Mozilla/5.0 (Linux; Android 6.0.1; Nexus 5X Build/MMB29P) AppleWebKit/537.36 (KHTML, like Gecko) Chrome/150.0.7871.128 Mobile Safari/537.36 (compatible; GoogleOther)"
74.248.139.103 - - [27/Jul/2026:02:09:54 +1200] "GET /blacks.php HTTP/1.1" 404 5750 "-" "-"
66.249.70.32 - - [27/Jul/2026:02:09:52 +1200] "GET /?muricate/93683709256 HTTP/1.1" 200 76021 "-" "Mozilla/5.0 (Linux; Android 6.0.1; Nexus 5X Build/MMB29P) AppleWebKit/537.36 (KHTML, like Gecko) Chrome/150.0.7871.128 Mobile Safari/537.36 (compatible; Googlebot/2.1; +http://www.google.com/bot.html)"
74.248.139.103 - - [27/Jul/2026:02:09:55 +1200] "GET /cap.php HTTP/1.1" 404 5750 "-" "-"
74.248.139.103 - - [27/Jul/2026:02:09:56 +1200] "GET /ccc.php HTTP/1.1" 404 5750 "-" "-"
74.248.139.103 - - [27/Jul/2026:02:09:56 +1200] "GET /wp-5jbk59g.php HTTP/1.1" 404 5750 "-" "-"
74.248.139.103 - - [27/Jul/2026:02:09:57 +1200] "GET /123.php HTTP/1.1" 404 5750 "-" "-"
216.73.217.152 - - [27/Jul/2026:02:09:56 +1200] "GET /shops/affluency/v7e3r2g9e4d413480 HTTP/1.1" 404 20 "-" "Mozilla/5.0 AppleWebKit/537.36 (KHTML, like Gecko; compatible; ClaudeBot/1.0; +claudebot@anthropic.com)"
74.248.139.103 - - [27/Jul/2026:02:09:57 +1200] "GET /reviall.php HTTP/1.1" 404 5750 "-" "-"
74.248.139.103 - - [27/Jul/2026:02:09:58 +1200] "GET /cmd.php HTTP/1.1" 404 5750 "-" "-"
74.248.139.103 - - [27/Jul/2026:02:09:59 +1200] "GET /common.php HTTP/1.1" 404 5750 "-" "-"
66.249.70.34 - - [27/Jul/2026:02:09:56 +1200] "GET /review/goods/I4049319389/ HTTP/1.1" 200 76334 "-" "Mozilla/5.0 (Linux; Android 6.0.1; Nexus 5X Build/MMB29P) AppleWebKit/537.36 (KHTML, like Gecko) Chrome/150.0.7871.128 Mobile Safari/537.36 (compatible; GoogleOther)"
66.249.70.39 - - [27/Jul/2026:02:09:56 +1200] "GET /?h=t9r2a7v5e5r0s6e6d187 HTTP/1.1" 200 75566 "-" "Mozilla/5.0 (Linux; Android 6.0.1; Nexus 5X Build/MMB29P) AppleWebKit/537.36 (KHTML, like Gecko) Chrome/150.0.7871.128 Mobile Safari/537.36 (compatible; Googlebot/2.1; +http://www.google.com/bot.html)"
74.248.139.103 - - [27/Jul/2026:02:09:59 +1200] "GET /zoomab.php HTTP/1.1" 404 5750 "-" "-"
223.165.64.9 - - [27/Jul/2026:02:10:00 +1200] "POST /wp-cron.php?doing_wp_cron=1785075000.2301549911499023437500 HTTP/1.1" 200 20 "-" "WordPress/6.9.4; https://importersclearance.co.nz"
216.73.217.152 - - [27/Jul/2026:02:09:59 +1200] "GET /shops/misbecoming/o7u2t6p4r5i8z3e5998 HTTP/1.1" 404 20 "-" "Mozilla/5.0 AppleWebKit/537.36 (KHTML, like Gecko; compatible; ClaudeBot/1.0; +claudebot@anthropic.com)"
74.248.139.103 - - [27/Jul/2026:02:10:00 +1200] "GET /zewuaq.php HTTP/1.1" 404 5750 "-" "-"
74.248.139.103 - - [27/Jul/2026:02:10:01 +1200] "GET /bootstrap.php HTTP/1.1" 404 5750 "-" "-"
74.248.139.103 - - [27/Jul/2026:02:10:01 +1200] "GET /shell.php HTTP/1.1" 404 5750 "-" "-"
74.248.139.103 - - [27/Jul/2026:02:10:02 +1200] "GET /vdgrbPKxpkw.php HTTP/1.1" 404 5750 "-" "-"
74.248.139.103 - - [27/Jul/2026:02:10:03 +1200] "GET /ms-edit.php HTTP/1.1" 404 5750 "-" "-"
223.165.64.9 - - [27/Jul/2026:02:10:03 +1200] "POST /wp-cron.php?doing_wp_cron=1785075003.2546560764312744140625 HTTP/1.1" 200 20 "-" "WordPress/6.9.4; https://importersclearance.co.nz"
216.73.217.152 - - [27/Jul/2026:02:10:02 +1200] "GET /?h=o7u5t7o6f1d5a7t1e50 HTTP/1.1" 200 6851 "-" "Mozilla/5.0 AppleWebKit/537.36 (KHTML, like Gecko; compatible; ClaudeBot/1.0; +claudebot@anthropic.com)"
74.248.139.103 - - [27/Jul/2026:02:10:03 +1200] "GET /swm.php HTTP/1.1" 404 5750 "-" "-"
74.248.139.103 - - [27/Jul/2026:02:10:04 +1200] "GET /2x.php HTTP/1.1" 404 5750 "-" "-"
66.249.70.39 - - [27/Jul/2026:02:10:01 +1200] "GET /hightension/u0p2s3t0a8y702700 HTTP/1.1" 200 74216 "-" "Mozilla/5.0 (Linux; Android 6.0.1; Nexus 5X Build/MMB29P) AppleWebKit/537.36 (KHTML, like Gecko) Chrome/150.0.7871.128 Mobile Safari/537.36 (compatible; GoogleOther)"
74.248.139.103 - - [27/Jul/2026:02:10:04 +1200] "GET /9WOLF.php HTTP/1.1" 404 5750 "-" "-"
74.248.139.103 - - [27/Jul/2026:02:10:05 +1200] "GET /as.php HTTP/1.1" 404 5750 "-" "-"
74.248.139.103 - - [27/Jul/2026:02:10:05 +1200] "GET /window.php HTTP/1.1" 404 5750 "-" "-"
216.73.217.152 - - [27/Jul/2026:02:10:05 +1200] "GET /?h=r7o3o7m2i6l5y19346 HTTP/1.1" 200 6851 "-" "Mozilla/5.0 AppleWebKit/537.36 (KHTML, like Gecko; compatible; ClaudeBot/1.0; +claudebot@anthropic.com)"
74.248.139.103 - - [27/Jul/2026:02:10:06 +1200] "GET /lazqstrk.php HTTP/1.1" 404 5750 "-" "-"
74.248.139.103 - - [27/Jul/2026:02:10:07 +1200] "GET /sx.php HTTP/1.1" 404 5750 "-" "-"
74.248.139.103 - - [27/Jul/2026:02:10:07 +1200] "GET /php.php HTTP/1.1" 404 5750 "-" "-"
74.248.139.103 - - [27/Jul/2026:02:10:08 +1200] "GET /666.php HTTP/1.1" 404 5750 "-" "-"
74.248.139.103 - - [27/Jul/2026:02:10:09 +1200] "GET /white.php HTTP/1.1" 404 5750 "-" "-"
66.249.70.32 - - [27/Jul/2026:02:10:06 +1200] "GET /?h=m9u3t5i5n4o8u4s3l1y02 HTTP/1.1" 200 76025 "-" "Mozilla/5.0 (Linux; Android 6.0.1; Nexus 5X Build/MMB29P) AppleWebKit/537.36 (KHTML, like Gecko) Chrome/150.0.7871.128 Mobile Safari/537.36 (compatible; GoogleOther)"
216.73.217.152 - - [27/Jul/2026:02:10:08 +1200] "GET /?h=i7n3n2o7v1a5t1e9d362 HTTP/1.1" 200 6851 "-" "Mozilla/5.0 AppleWebKit/537.36 (KHTML, like Gecko; compatible; ClaudeBot/1.0; +claudebot@anthropic.com)"
74.248.139.103 - - [27/Jul/2026:02:10:09 +1200] "GET /class-t.api.php HTTP/1.1" 404 5750 "-" "-"
74.248.139.103 - - [27/Jul/2026:02:10:10 +1200] "GET /esp.php HTTP/1.1" 404 5750 "-" "-"
66.249.70.35 - - [27/Jul/2026:02:10:07 +1200] "GET /demanded/traitorously/41162022298 HTTP/1.1" 200 76132 "-" "Mozilla/5.0 (Linux; Android 6.0.1; Nexus 5X Build/MMB29P) AppleWebKit/537.36 (KHTML, like Gecko) Chrome/150.0.7871.128 Mobile Safari/537.36 (compatible; Googlebot/2.1; +http://www.google.com/bot.html)"
74.248.139.103 - - [27/Jul/2026:02:10:10 +1200] "GET /class-wp-image.php HTTP/1.1" 404 5750 "-" "-"
74.248.139.103 - - [27/Jul/2026:02:10:11 +1200] "GET /class-wp-logo-new.php HTTP/1.1" 404 5750 "-" "-"
216.73.217.152 - - [27/Jul/2026:02:10:11 +1200] "GET /shops/allow/j7e6d5d4i2n6g0639 HTTP/1.1" 404 20 "-" "Mozilla/5.0 AppleWebKit/537.36 (KHTML, like Gecko; compatible; ClaudeBot/1.0; +claudebot@anthropic.com)"
66.249.70.34 - - [27/Jul/2026:02:10:11 +1200] "GET /?h=m9i3a5s5m5350093 HTTP/1.1" 200 75413 "-" "Mozilla/5.0 (Linux; Android 6.0.1; Nexus 5X Build/MMB29P) AppleWebKit/537.36 (KHTML, like Gecko) Chrome/150.0.7871.128 Mobile Safari/537.36 (compatible; GoogleOther)"
66.249.70.33 - - [27/Jul/2026:02:10:11 +1200] "GET /?h=s9h2a3b6b0i7e4s3t160 HTTP/1.1" 200 75381 "-" "Mozilla/5.0 (Linux; Android 6.0.1; Nexus 5X Build/MMB29P) AppleWebKit/537.36 (KHTML, like Gecko) Chrome/150.0.7871.128 Mobile Safari/537.36 (compatible; Googlebot/2.1; +http://www.google.com/bot.html)"
216.73.217.152 - - [27/Jul/2026:02:10:14 +1200] "GET /?h=n7o3s1t2o7c165224 HTTP/1.1" 200 6851 "-" "Mozilla/5.0 AppleWebKit/537.36 (KHTML, like Gecko; compatible; ClaudeBot/1.0; +claudebot@anthropic.com)"
66.249.70.37 - - [27/Jul/2026:02:10:15 +1200] "GET /?h=q9u3a0i1l4703973 HTTP/1.1" 200 74986 "-" "Mozilla/5.0 (Linux; Android 6.0.1; Nexus 5X Build/MMB29P) AppleWebKit/537.36 (KHTML, like Gecko) Chrome/150.0.7871.128 Mobile Safari/537.36 (compatible; Googlebot/2.1; +http://www.google.com/bot.html)"
216.73.217.152 - - [27/Jul/2026:02:10:17 +1200] "GET /exhalence/catechumenate/73984245839 HTTP/1.1" 404 20 "-" "Mozilla/5.0 AppleWebKit/537.36 (KHTML, like Gecko; compatible; ClaudeBot/1.0; +claudebot@anthropic.com)"
66.249.70.37 - - [27/Jul/2026:02:10:16 +1200] "GET /review/goods/I43000369/ HTTP/1.1" 200 76228 "-" "Mozilla/5.0 (Linux; Android 6.0.1; Nexus 5X Build/MMB29P) AppleWebKit/537.36 (KHTML, like Gecko) Chrome/150.0.7871.128 Mobile Safari/537.36 (compatible; GoogleOther)"
216.73.217.152 - - [27/Jul/2026:02:10:20 +1200] "GET /?h=m7e2l6a9n3t8h4o7291 HTTP/1.1" 200 6851 "-" "Mozilla/5.0 AppleWebKit/537.36 (KHTML, like Gecko; compatible; ClaudeBot/1.0; +claudebot@anthropic.com)"
66.249.70.37 - - [27/Jul/2026:02:10:20 +1200] "GET /review/goods/I3197791966/ HTTP/1.1" 200 75584 "-" "Mozilla/5.0 (Linux; Android 6.0.1; Nexus 5X Build/MMB29P) AppleWebKit/537.36 (KHTML, like Gecko) Chrome/150.0.7871.128 Mobile Safari/537.36 (compatible; GoogleOther)"
216.73.217.152 - - [27/Jul/2026:02:10:23 +1200] "GET /shops/tacky/u7p2e2n7d3317145 HTTP/1.1" 404 20 "-" "Mozilla/5.0 AppleWebKit/537.36 (KHTML, like Gecko; compatible; ClaudeBot/1.0; +claudebot@anthropic.com)"
66.249.70.38 - - [27/Jul/2026:02:10:23 +1200] "GET /?h=n9i2m9m7e6d09817 HTTP/1.1" 200 75727 "-" "Mozilla/5.0 (Linux; Android 6.0.1; Nexus 5X Build/MMB29P) AppleWebKit/537.36 (KHTML, like Gecko) Chrome/150.0.7871.128 Mobile Safari/537.36 (compatible; Googlebot/2.1; +http://www.google.com/bot.html)"
216.73.217.152 - - [27/Jul/2026:02:10:26 +1200] "GET /proselytize/s7a3d8d0u0c6e1e9643 HTTP/1.1" 404 20 "-" "Mozilla/5.0 AppleWebKit/537.36 (KHTML, like Gecko; compatible; ClaudeBot/1.0; +claudebot@anthropic.com)"
66.249.70.39 - - [27/Jul/2026:02:10:25 +1200] "GET /oxyria/hydrocauli/o8s1m4i5a0828056 HTTP/1.1" 200 75527 "-" "Mozilla/5.0 (Linux; Android 6.0.1; Nexus 5X Build/MMB29P) AppleWebKit/537.36 (KHTML, like Gecko) Chrome/150.0.7871.128 Mobile Safari/537.36 (compatible; GoogleOther)"
216.73.217.152 - - [27/Jul/2026:02:10:29 +1200] "GET /shops/biscotin/s7p3l3e0e0n3w7o7r9t06 HTTP/1.1" 404 20 "-" "Mozilla/5.0 AppleWebKit/537.36 (KHTML, like Gecko; compatible; ClaudeBot/1.0; +claudebot@anthropic.com)"
66.249.70.34 - - [27/Jul/2026:02:10:29 +1200] "GET /review/goods/I272616872/ HTTP/1.1" 200 74506 "-" "Mozilla/5.0 (Linux; Android 6.0.1; Nexus 5X Build/MMB29P) AppleWebKit/537.36 (KHTML, like Gecko) Chrome/150.0.7871.128 Mobile Safari/537.36 (compatible; GoogleOther)"
216.73.217.152 - - [27/Jul/2026:02:10:32 +1200] "GET /shops/ingratefully/c7e6p7h5a2l6o7t8o9my HTTP/1.1" 404 20 "-" "Mozilla/5.0 AppleWebKit/537.36 (KHTML, like Gecko; compatible; ClaudeBot/1.0; +claudebot@anthropic.com)"
66.249.70.38 - - [27/Jul/2026:02:10:33 +1200] "GET /audible/condignity/i6m2p0e9r5i6l7282 HTTP/1.1" 200 77905 "-" "Mozilla/5.0 (Linux; Android 6.0.1; Nexus 5X Build/MMB29P) AppleWebKit/537.36 (KHTML, like Gecko) Chrome/150.0.7871.128 Mobile Safari/537.36 (compatible; GoogleOther)"
216.73.217.152 - - [27/Jul/2026:02:10:37 +1200] "GET /chinch/league/7328376706 HTTP/1.1" 404 20 "-" "Mozilla/5.0 AppleWebKit/537.36 (KHTML, like Gecko; compatible; ClaudeBot/1.0; +claudebot@anthropic.com)"
66.249.70.37 - - [27/Jul/2026:02:10:38 +1200] "GET /?h=c4r1e0d6u9l9o6u4s770 HTTP/1.1" 200 74969 "-" "Mozilla/5.0 (Linux; Android 6.0.1; Nexus 5X Build/MMB29P) AppleWebKit/537.36 (KHTML, like Gecko) Chrome/150.0.7871.128 Mobile Safari/537.36 (compatible; GoogleOther)"
