161.118.238.173 - - [27/Jul/2026:00:53:12 +1200] "GET /wp-admin/edit.php HTTP/1.1" 503 7310 "https://importersclearance.co.nz/wp-login.php" "Mozilla/5.0 (Windows NT 11.0; Win64; x64; rv:119.0) Gecko/20100101 Firefox/119.0"
161.118.238.173 - - [27/Jul/2026:00:53:13 +1200] "GET /wp-admin/plugins.php HTTP/1.1" 503 7310 "https://importersclearance.co.nz/wp-login.php" "Mozilla/5.0 (Windows NT 11.0; Win64; x64; rv:119.0) Gecko/20100101 Firefox/119.0"
66.249.70.39 - - [27/Jul/2026:00:53:12 +1200] "GET /?h=a6c2i4c2u7l8i6t7e203 HTTP/1.1" 200 75379 "-" "Mozilla/5.0 (Linux; Android 6.0.1; Nexus 5X Build/MMB29P) AppleWebKit/537.36 (KHTML, like Gecko) Chrome/150.0.7871.128 Mobile Safari/537.36 (compatible; GoogleOther)"
161.118.238.173 - - [27/Jul/2026:00:53:14 +1200] "POST /wp-login.php HTTP/1.1" 503 7124 "https://importersclearance.co.nz/wp-login.php" "Mozilla/5.0 (Windows NT 10.0; Win64; x64; rv:118.0) Gecko/20100101 Firefox/118.0"
161.118.238.173 - - [27/Jul/2026:00:53:15 +1200] "GET /wp-admin/index.php HTTP/1.1" 503 7311 "https://importersclearance.co.nz/wp-login.php" "Mozilla/5.0 (Macintosh; Intel Mac OS X 13_6_1) AppleWebKit/537.36 (KHTML, like Gecko) Chrome/119.0.0.0 Safari/537.36"
216.73.217.152 - - [27/Jul/2026:00:53:15 +1200] "GET /visitant/p7r2i9z8i2n9g5803 HTTP/1.1" 404 20 "-" "Mozilla/5.0 AppleWebKit/537.36 (KHTML, like Gecko; compatible; ClaudeBot/1.0; +claudebot@anthropic.com)"
161.118.238.173 - - [27/Jul/2026:00:53:16 +1200] "GET /wp-admin/profile.php HTTP/1.1" 503 7310 "https://importersclearance.co.nz/wp-login.php" "Mozilla/5.0 (Macintosh; Intel Mac OS X 13_6_1) AppleWebKit/537.36 (KHTML, like Gecko) Chrome/119.0.0.0 Safari/537.36"
161.118.238.173 - - [27/Jul/2026:00:53:17 +1200] "GET /wp-admin/edit.php HTTP/1.1" 503 7310 "https://importersclearance.co.nz/wp-login.php" "Mozilla/5.0 (Macintosh; Intel Mac OS X 13_6_1) AppleWebKit/537.36 (KHTML, like Gecko) Chrome/119.0.0.0 Safari/537.36"
66.249.70.39 - - [27/Jul/2026:00:53:15 +1200] "GET /shapeliness/t6r2a9n1s0e0l2e9m0e4n4t HTTP/1.1" 200 76385 "-" "Mozilla/5.0 (Linux; Android 6.0.1; Nexus 5X Build/MMB29P) AppleWebKit/537.36 (KHTML, like Gecko) Chrome/150.0.7871.128 Mobile Safari/537.36 (compatible; GoogleOther)"
161.118.238.173 - - [27/Jul/2026:00:53:18 +1200] "GET /wp-admin/plugins.php HTTP/1.1" 503 7310 "https://importersclearance.co.nz/wp-login.php" "Mozilla/5.0 (Macintosh; Intel Mac OS X 13_6_1) AppleWebKit/537.36 (KHTML, like Gecko) Chrome/119.0.0.0 Safari/537.36"
161.118.238.173 - - [27/Jul/2026:00:53:18 +1200] "POST /wp-login.php HTTP/1.1" 503 7123 "https://importersclearance.co.nz/wp-login.php" "Mozilla/5.0 (X11; Ubuntu; Linux x86_64) AppleWebKit/537.36 (KHTML, like Gecko) Chrome/118.0.0.0 Safari/537.36"
216.73.217.152 - - [27/Jul/2026:00:53:18 +1200] "GET /cretensis/volatility/s7h2a1b8r6a0c2k8019 HTTP/1.1" 404 20 "-" "Mozilla/5.0 AppleWebKit/537.36 (KHTML, like Gecko; compatible; ClaudeBot/1.0; +claudebot@anthropic.com)"
66.249.70.38 - - [27/Jul/2026:00:53:17 +1200] "GET /?h=l5a3m7e4n3t405627 HTTP/1.1" 200 76161 "-" "Mozilla/5.0 (Linux; Android 6.0.1; Nexus 5X Build/MMB29P) AppleWebKit/537.36 (KHTML, like Gecko) Chrome/150.0.7871.128 Mobile Safari/537.36 (compatible; Googlebot/2.1; +http://www.google.com/bot.html)"
161.118.238.173 - - [27/Jul/2026:00:53:19 +1200] "GET /wp-admin/index.php HTTP/1.1" 503 7310 "https://importersclearance.co.nz/wp-login.php" "Mozilla/5.0 (X11; Linux x86_64) AppleWebKit/537.36 (KHTML, like Gecko) Chrome/120.0.0.0 Safari/537.36"
161.118.238.173 - - [27/Jul/2026:00:53:20 +1200] "GET /wp-admin/profile.php HTTP/1.1" 503 7310 "https://importersclearance.co.nz/wp-login.php" "Mozilla/5.0 (X11; Linux x86_64) AppleWebKit/537.36 (KHTML, like Gecko) Chrome/120.0.0.0 Safari/537.36"
66.249.70.38 - - [27/Jul/2026:00:53:20 +1200] "GET /stratums/ribanded/01634480393 HTTP/1.1" 200 77290 "-" "Mozilla/5.0 (Linux; Android 6.0.1; Nexus 5X Build/MMB29P) AppleWebKit/537.36 (KHTML, like Gecko) Chrome/150.0.7871.128 Mobile Safari/537.36 (compatible; GoogleOther)"
161.118.238.173 - - [27/Jul/2026:00:53:21 +1200] "GET /wp-admin/edit.php HTTP/1.1" 503 7310 "https://importersclearance.co.nz/wp-login.php" "Mozilla/5.0 (X11; Linux x86_64) AppleWebKit/537.36 (KHTML, like Gecko) Chrome/120.0.0.0 Safari/537.36"
223.165.64.9 - - [27/Jul/2026:00:53:21 +1200] "POST /?wordfence_syncAttackData=1785070401.2922 HTTP/1.1" 200 20 "-" "WordPress/6.9.4; https://importersclearance.co.nz"
216.73.217.152 - - [27/Jul/2026:00:53:21 +1200] "GET /evonymus/u7n2i2v3a6r1i4a3n8t53 HTTP/1.1" 404 20 "-" "Mozilla/5.0 AppleWebKit/537.36 (KHTML, like Gecko; compatible; ClaudeBot/1.0; +claudebot@anthropic.com)"
161.118.238.173 - - [27/Jul/2026:00:53:22 +1200] "GET /wp-admin/plugins.php HTTP/1.1" 503 7310 "https://importersclearance.co.nz/wp-login.php" "Mozilla/5.0 (X11; Linux x86_64) AppleWebKit/537.36 (KHTML, like Gecko) Chrome/120.0.0.0 Safari/537.36"
161.118.238.173 - - [27/Jul/2026:00:53:23 +1200] "POST /wp-login.php HTTP/1.1" 503 7123 "https://importersclearance.co.nz/wp-login.php" "Mozilla/5.0 (Macintosh; Intel Mac OS X 13_6_1; rv:121.0) Gecko/20100101 Firefox/121.0"
161.118.238.173 - - [27/Jul/2026:00:53:24 +1200] "GET /wp-admin/index.php HTTP/1.1" 503 7310 "https://importersclearance.co.nz/wp-login.php" "Mozilla/5.0 (X11; Ubuntu; Linux x86_64) AppleWebKit/537.36 (KHTML, like Gecko) Chrome/118.0.0.0 Safari/537.36"
161.118.238.173 - - [27/Jul/2026:00:53:24 +1200] "GET /wp-admin/profile.php HTTP/1.1" 503 7310 "https://importersclearance.co.nz/wp-login.php" "Mozilla/5.0 (X11; Ubuntu; Linux x86_64) AppleWebKit/537.36 (KHTML, like Gecko) Chrome/118.0.0.0 Safari/537.36"
216.73.217.152 - - [27/Jul/2026:00:53:24 +1200] "GET /?h=s7t4o0r4m3b4e9a9t280 HTTP/1.1" 200 6851 "-" "Mozilla/5.0 AppleWebKit/537.36 (KHTML, like Gecko; compatible; ClaudeBot/1.0; +claudebot@anthropic.com)"
66.249.70.39 - - [27/Jul/2026:00:53:24 +1200] "GET /?h=e7l2i1s1o2n062437 HTTP/1.1" 200 79486 "-" "Mozilla/5.0 (Linux; Android 6.0.1; Nexus 5X Build/MMB29P) AppleWebKit/537.36 (KHTML, like Gecko) Chrome/150.0.7871.128 Mobile Safari/537.36 (compatible; GoogleOther)"
161.118.238.173 - - [27/Jul/2026:00:53:26 +1200] "GET /wp-admin/edit.php HTTP/1.1" 503 7309 "https://importersclearance.co.nz/wp-login.php" "Mozilla/5.0 (X11; Ubuntu; Linux x86_64) AppleWebKit/537.36 (KHTML, like Gecko) Chrome/118.0.0.0 Safari/537.36"
161.118.238.173 - - [27/Jul/2026:00:53:26 +1200] "GET /wp-admin/plugins.php HTTP/1.1" 503 7309 "https://importersclearance.co.nz/wp-login.php" "Mozilla/5.0 (X11; Ubuntu; Linux x86_64) AppleWebKit/537.36 (KHTML, like Gecko) Chrome/118.0.0.0 Safari/537.36"
161.118.238.173 - - [27/Jul/2026:00:53:27 +1200] "POST /wp-login.php HTTP/1.1" 503 7123 "https://importersclearance.co.nz/wp-login.php" "Mozilla/5.0 (Macintosh; Intel Mac OS X 13_6_1) AppleWebKit/605.1.15 (KHTML, like Gecko) Version/17.2 Safari/605.1.15"
161.118.238.173 - - [27/Jul/2026:00:53:28 +1200] "GET /wp-admin/index.php HTTP/1.1" 503 7310 "https://importersclearance.co.nz/wp-login.php" "Mozilla/5.0 (X11; Linux x86_64) AppleWebKit/537.36 (KHTML, like Gecko) Chrome/119.0.0.0 Safari/537.36"
216.73.217.152 - - [27/Jul/2026:00:53:28 +1200] "GET /shops/indurance/m7a4t2r2o3n0l6i2k2e8 HTTP/1.1" 404 20 "-" "Mozilla/5.0 AppleWebKit/537.36 (KHTML, like Gecko; compatible; ClaudeBot/1.0; +claudebot@anthropic.com)"
161.118.238.173 - - [27/Jul/2026:00:53:29 +1200] "GET /wp-admin/profile.php HTTP/1.1" 503 7310 "https://importersclearance.co.nz/wp-login.php" "Mozilla/5.0 (X11; Linux x86_64) AppleWebKit/537.36 (KHTML, like Gecko) Chrome/119.0.0.0 Safari/537.36"
161.118.238.173 - - [27/Jul/2026:00:53:29 +1200] "GET /wp-admin/edit.php HTTP/1.1" 503 7310 "https://importersclearance.co.nz/wp-login.php" "Mozilla/5.0 (X11; Linux x86_64) AppleWebKit/537.36 (KHTML, like Gecko) Chrome/119.0.0.0 Safari/537.36"
66.249.70.32 - - [27/Jul/2026:00:53:28 +1200] "GET /review/goods/I2255051125 HTTP/1.1" 200 76694 "-" "Mozilla/5.0 (Linux; Android 6.0.1; Nexus 5X Build/MMB29P) AppleWebKit/537.36 (KHTML, like Gecko) Chrome/150.0.7871.128 Mobile Safari/537.36 (compatible; GoogleOther)"
161.118.238.173 - - [27/Jul/2026:00:53:30 +1200] "GET /wp-admin/plugins.php HTTP/1.1" 503 7310 "https://importersclearance.co.nz/wp-login.php" "Mozilla/5.0 (X11; Linux x86_64) AppleWebKit/537.36 (KHTML, like Gecko) Chrome/119.0.0.0 Safari/537.36"
161.118.238.173 - - [27/Jul/2026:00:53:31 +1200] "POST /wp-login.php HTTP/1.1" 503 7123 "https://importersclearance.co.nz/wp-login.php" "Mozilla/5.0 (Macintosh; Intel Mac OS X 13_6_1; rv:121.0) Gecko/20100101 Firefox/121.0"
223.165.64.9 - - [27/Jul/2026:00:53:31 +1200] "POST /?wordfence_syncAttackData=1785070411.7144 HTTP/1.1" 200 20 "-" "WordPress/6.9.4; https://importersclearance.co.nz"
216.73.217.152 - - [27/Jul/2026:00:53:30 +1200] "GET /shops/aristarch/b7o3n7a8s2u4s67544 HTTP/1.1" 404 20 "-" "Mozilla/5.0 AppleWebKit/537.36 (KHTML, like Gecko; compatible; ClaudeBot/1.0; +claudebot@anthropic.com)"
223.165.64.9 - - [27/Jul/2026:00:53:32 +1200] "POST /?wordfence_syncAttackData=1785070412.3855 HTTP/1.1" 200 6851 "-" "WordPress/6.9.4; https://importersclearance.co.nz"
161.118.238.173 - - [27/Jul/2026:00:53:32 +1200] "GET /wp-admin/index.php HTTP/1.1" 503 7311 "https://importersclearance.co.nz/wp-login.php" "Mozilla/5.0 (Macintosh; Intel Mac OS X 13_6_1; rv:119.0) Gecko/20100101 Firefox/119.0"
161.118.238.173 - - [27/Jul/2026:00:53:33 +1200] "GET /wp-admin/profile.php HTTP/1.1" 503 7311 "https://importersclearance.co.nz/wp-login.php" "Mozilla/5.0 (Macintosh; Intel Mac OS X 13_6_1; rv:119.0) Gecko/20100101 Firefox/119.0"
66.249.70.33 - - [27/Jul/2026:00:53:31 +1200] "GET /?h=r6e1c4t7a8n1g5u2l5a1r7ness HTTP/1.1" 200 74673 "-" "Mozilla/5.0 (Linux; Android 6.0.1; Nexus 5X Build/MMB29P) AppleWebKit/537.36 (KHTML, like Gecko) Chrome/150.0.7871.128 Mobile Safari/537.36 (compatible; GoogleOther)"
161.118.238.173 - - [27/Jul/2026:00:53:34 +1200] "GET /wp-admin/edit.php HTTP/1.1" 503 7310 "https://importersclearance.co.nz/wp-login.php" "Mozilla/5.0 (Macintosh; Intel Mac OS X 13_6_1; rv:119.0) Gecko/20100101 Firefox/119.0"
161.118.238.173 - - [27/Jul/2026:00:53:35 +1200] "GET /wp-admin/plugins.php HTTP/1.1" 503 7310 "https://importersclearance.co.nz/wp-login.php" "Mozilla/5.0 (Macintosh; Intel Mac OS X 13_6_1; rv:119.0) Gecko/20100101 Firefox/119.0"
161.118.238.173 - - [27/Jul/2026:00:53:36 +1200] "POST /wp-login.php HTTP/1.1" 503 7123 "https://importersclearance.co.nz/wp-login.php" "Mozilla/5.0 (Macintosh; Intel Mac OS X 10_15_7) AppleWebKit/605.1.15 (KHTML, like Gecko) Version/17.1 Safari/605.1.15"
216.73.217.152 - - [27/Jul/2026:00:53:35 +1200] "GET /shops/impounding/d7i9v9u8l3g9a0t7e9r5 HTTP/1.1" 404 20 "-" "Mozilla/5.0 AppleWebKit/537.36 (KHTML, like Gecko; compatible; ClaudeBot/1.0; +claudebot@anthropic.com)"
161.118.238.173 - - [27/Jul/2026:00:53:36 +1200] "GET /wp-admin/index.php HTTP/1.1" 503 7310 "https://importersclearance.co.nz/wp-login.php" "Mozilla/5.0 (Macintosh; Intel Mac OS X 10_15_7; rv:118.0) Gecko/20100101 Firefox/118.0"
66.249.70.37 - - [27/Jul/2026:00:53:35 +1200] "GET /recourseful/anomouran/2453205044 HTTP/1.1" 200 74718 "-" "Mozilla/5.0 (Linux; Android 6.0.1; Nexus 5X Build/MMB29P) AppleWebKit/537.36 (KHTML, like Gecko) Chrome/150.0.7871.128 Mobile Safari/537.36 (compatible; GoogleOther)"
161.118.238.173 - - [27/Jul/2026:00:53:37 +1200] "GET /wp-admin/profile.php HTTP/1.1" 503 7310 "https://importersclearance.co.nz/wp-login.php" "Mozilla/5.0 (Macintosh; Intel Mac OS X 10_15_7; rv:118.0) Gecko/20100101 Firefox/118.0"
161.118.238.173 - - [27/Jul/2026:00:53:38 +1200] "GET /wp-admin/edit.php HTTP/1.1" 503 7310 "https://importersclearance.co.nz/wp-login.php" "Mozilla/5.0 (Macintosh; Intel Mac OS X 10_15_7; rv:118.0) Gecko/20100101 Firefox/118.0"
216.73.217.152 - - [27/Jul/2026:00:53:38 +1200] "GET /?h=c7u8r2f1e8w6147 HTTP/1.1" 200 6851 "-" "Mozilla/5.0 AppleWebKit/537.36 (KHTML, like Gecko; compatible; ClaudeBot/1.0; +claudebot@anthropic.com)"
161.118.238.173 - - [27/Jul/2026:00:53:39 +1200] "GET /wp-admin/plugins.php HTTP/1.1" 503 7310 "https://importersclearance.co.nz/wp-login.php" "Mozilla/5.0 (Macintosh; Intel Mac OS X 10_15_7; rv:118.0) Gecko/20100101 Firefox/118.0"
161.118.238.173 - - [27/Jul/2026:00:53:40 +1200] "POST /wp-login.php HTTP/1.1" 503 7123 "https://importersclearance.co.nz/wp-login.php" "Mozilla/5.0 (Macintosh; Intel Mac OS X 10_15_7; rv:119.0) Gecko/20100101 Firefox/119.0"
161.118.238.173 - - [27/Jul/2026:00:53:40 +1200] "GET /wp-admin/index.php HTTP/1.1" 503 7310 "https://importersclearance.co.nz/wp-login.php" "Mozilla/5.0 (Macintosh; Intel Mac OS X 10_15_7; rv:120.0) Gecko/20100101 Firefox/120.0"
223.165.64.9 - - [27/Jul/2026:00:53:41 +1200] "POST /?wordfence_syncAttackData=1785070421.3905 HTTP/1.1" 200 20 "-" "WordPress/6.9.4; https://importersclearance.co.nz"
161.118.238.173 - - [27/Jul/2026:00:53:41 +1200] "GET /wp-admin/profile.php HTTP/1.1" 503 7310 "https://importersclearance.co.nz/wp-login.php" "Mozilla/5.0 (Macintosh; Intel Mac OS X 10_15_7; rv:120.0) Gecko/20100101 Firefox/120.0"
66.249.70.39 - - [27/Jul/2026:00:53:39 +1200] "GET /?h=s8e3n9i5o8r9i2z8e351 HTTP/1.1" 200 76750 "-" "Mozilla/5.0 (Linux; Android 6.0.1; Nexus 5X Build/MMB29P) AppleWebKit/537.36 (KHTML, like Gecko) Chrome/150.0.7871.128 Mobile Safari/537.36 (compatible; GoogleOther)"
216.73.217.152 - - [27/Jul/2026:00:53:41 +1200] "GET /shops/palavered/r7a2b2b4i3n3i2c0a3l4l6y HTTP/1.1" 404 20 "-" "Mozilla/5.0 AppleWebKit/537.36 (KHTML, like Gecko; compatible; ClaudeBot/1.0; +claudebot@anthropic.com)"
223.165.64.9 - - [27/Jul/2026:00:53:41 +1200] "POST /?wordfence_syncAttackData=1785070421.862 HTTP/1.1" 200 6851 "-" "WordPress/6.9.4; https://importersclearance.co.nz"
161.118.238.173 - - [27/Jul/2026:00:53:42 +1200] "GET /wp-admin/edit.php HTTP/1.1" 503 7310 "https://importersclearance.co.nz/wp-login.php" "Mozilla/5.0 (Macintosh; Intel Mac OS X 10_15_7; rv:120.0) Gecko/20100101 Firefox/120.0"
66.249.70.32 - - [27/Jul/2026:00:53:41 +1200] "GET /?h=y5a1w6w6e3e5d48218 HTTP/1.1" 200 75109 "-" "Mozilla/5.0 (Linux; Android 6.0.1; Nexus 5X Build/MMB29P) AppleWebKit/537.36 (KHTML, like Gecko) Chrome/150.0.7871.128 Mobile Safari/537.36 (compatible; Googlebot/2.1; +http://www.google.com/bot.html)"
161.118.238.173 - - [27/Jul/2026:00:53:43 +1200] "GET /wp-admin/plugins.php HTTP/1.1" 503 7309 "https://importersclearance.co.nz/wp-login.php" "Mozilla/5.0 (Macintosh; Intel Mac OS X 10_15_7; rv:120.0) Gecko/20100101 Firefox/120.0"
161.118.238.173 - - [27/Jul/2026:00:53:44 +1200] "POST /wp-login.php HTTP/1.1" 503 7123 "https://importersclearance.co.nz/wp-login.php" "Mozilla/5.0 (Macintosh; Intel Mac OS X 13_6_1) AppleWebKit/605.1.15 (KHTML, like Gecko) Version/16.6 Safari/605.1.15"
216.73.217.152 - - [27/Jul/2026:00:53:44 +1200] "GET /shops/tessellar/r7e4l0a8x6a9b4l3e322 HTTP/1.1" 404 20 "-" "Mozilla/5.0 AppleWebKit/537.36 (KHTML, like Gecko; compatible; ClaudeBot/1.0; +claudebot@anthropic.com)"
66.249.70.39 - - [27/Jul/2026:00:53:43 +1200] "GET /?h=w5a4y2m7e6n2t95481 HTTP/1.1" 200 76392 "-" "Mozilla/5.0 (Linux; Android 6.0.1; Nexus 5X Build/MMB29P) AppleWebKit/537.36 (KHTML, like Gecko) Chrome/150.0.7871.128 Mobile Safari/537.36 (compatible; GoogleOther)"
161.118.238.173 - - [27/Jul/2026:00:53:45 +1200] "GET /wp-admin/index.php HTTP/1.1" 503 7310 "https://importersclearance.co.nz/wp-login.php" "Mozilla/5.0 (Macintosh; Intel Mac OS X 13_6_1) AppleWebKit/537.36 (KHTML, like Gecko) Chrome/120.0.0.0 Safari/537.36"
161.118.238.173 - - [27/Jul/2026:00:53:45 +1200] "GET /wp-admin/profile.php HTTP/1.1" 503 7310 "https://importersclearance.co.nz/wp-login.php" "Mozilla/5.0 (Macintosh; Intel Mac OS X 13_6_1) AppleWebKit/537.36 (KHTML, like Gecko) Chrome/120.0.0.0 Safari/537.36"
161.118.238.173 - - [27/Jul/2026:00:53:46 +1200] "GET /wp-admin/edit.php HTTP/1.1" 503 7310 "https://importersclearance.co.nz/wp-login.php" "Mozilla/5.0 (Macintosh; Intel Mac OS X 13_6_1) AppleWebKit/537.36 (KHTML, like Gecko) Chrome/120.0.0.0 Safari/537.36"
216.73.217.152 - - [27/Jul/2026:00:53:47 +1200] "GET /?h=t7i3m4b0e0r831380 HTTP/1.1" 200 6851 "-" "Mozilla/5.0 AppleWebKit/537.36 (KHTML, like Gecko; compatible; ClaudeBot/1.0; +claudebot@anthropic.com)"
161.118.238.173 - - [27/Jul/2026:00:53:47 +1200] "GET /wp-admin/plugins.php HTTP/1.1" 503 7309 "https://importersclearance.co.nz/wp-login.php" "Mozilla/5.0 (Macintosh; Intel Mac OS X 13_6_1) AppleWebKit/537.36 (KHTML, like Gecko) Chrome/120.0.0.0 Safari/537.36"
161.118.238.173 - - [27/Jul/2026:00:53:48 +1200] "POST /wp-login.php HTTP/1.1" 503 7123 "https://importersclearance.co.nz/wp-login.php" "Mozilla/5.0 (X11; Linux x86_64) AppleWebKit/537.36 (KHTML, like Gecko) Chrome/119.0.0.0 Safari/537.36"
66.249.70.34 - - [27/Jul/2026:00:53:47 +1200] "GET /?h=f9a3u2l7e6827870 HTTP/1.1" 200 74796 "-" "Mozilla/5.0 (Linux; Android 6.0.1; Nexus 5X Build/MMB29P) AppleWebKit/537.36 (KHTML, like Gecko) Chrome/150.0.7871.128 Mobile Safari/537.36 (compatible; GoogleOther)"
161.118.238.173 - - [27/Jul/2026:00:53:49 +1200] "GET /wp-admin/index.php HTTP/1.1" 503 7310 "https://importersclearance.co.nz/wp-login.php" "Mozilla/5.0 (X11; Ubuntu; Linux x86_64) AppleWebKit/537.36 (KHTML, like Gecko) Chrome/121.0.0.0 Safari/537.36"
161.118.238.173 - - [27/Jul/2026:00:53:49 +1200] "GET /wp-admin/profile.php HTTP/1.1" 503 7310 "https://importersclearance.co.nz/wp-login.php" "Mozilla/5.0 (X11; Ubuntu; Linux x86_64) AppleWebKit/537.36 (KHTML, like Gecko) Chrome/121.0.0.0 Safari/537.36"
66.249.70.37 - - [27/Jul/2026:00:53:48 +1200] "GET /accidents/arcubus/1529890136 HTTP/1.1" 200 75615 "-" "Mozilla/5.0 (Linux; Android 6.0.1; Nexus 5X Build/MMB29P) AppleWebKit/537.36 (KHTML, like Gecko) Chrome/150.0.7871.128 Mobile Safari/537.36 (compatible; Googlebot/2.1; +http://www.google.com/bot.html)"
216.73.217.152 - - [27/Jul/2026:00:53:50 +1200] "GET /tectibranchia/colophonite/p7r2e6c2i6p0i1t7a7t4e4ly HTTP/1.1" 404 20 "-" "Mozilla/5.0 AppleWebKit/537.36 (KHTML, like Gecko; compatible; ClaudeBot/1.0; +claudebot@anthropic.com)"
223.165.64.9 - - [27/Jul/2026:00:53:51 +1200] "POST /?wordfence_syncAttackData=1785070431.0901 HTTP/1.1" 200 20 "-" "WordPress/6.9.4; https://importersclearance.co.nz"
161.118.238.173 - - [27/Jul/2026:00:53:50 +1200] "GET /wp-admin/edit.php HTTP/1.1" 503 7310 "https://importersclearance.co.nz/wp-login.php" "Mozilla/5.0 (X11; Ubuntu; Linux x86_64) AppleWebKit/537.36 (KHTML, like Gecko) Chrome/121.0.0.0 Safari/537.36"
66.249.70.34 - - [27/Jul/2026:00:53:50 +1200] "GET /?h=g5i2n5g6l0y9m5u3s984 HTTP/1.1" 200 77250 "-" "Mozilla/5.0 (Linux; Android 6.0.1; Nexus 5X Build/MMB29P) AppleWebKit/537.36 (KHTML, like Gecko) Chrome/150.0.7871.128 Mobile Safari/537.36 (compatible; Googlebot/2.1; +http://www.google.com/bot.html)"
161.118.238.173 - - [27/Jul/2026:00:53:52 +1200] "GET /wp-admin/plugins.php HTTP/1.1" 503 7310 "https://importersclearance.co.nz/wp-login.php" "Mozilla/5.0 (X11; Ubuntu; Linux x86_64) AppleWebKit/537.36 (KHTML, like Gecko) Chrome/121.0.0.0 Safari/537.36"
66.249.70.37 - - [27/Jul/2026:00:53:51 +1200] "GET /?h=s1p3r9a9t4931721 HTTP/1.1" 200 75447 "-" "Mozilla/5.0 (Linux; Android 6.0.1; Nexus 5X Build/MMB29P) AppleWebKit/537.36 (KHTML, like Gecko) Chrome/150.0.7871.128 Mobile Safari/537.36 (compatible; GoogleOther)"
161.118.238.173 - - [27/Jul/2026:00:53:53 +1200] "POST /wp-login.php HTTP/1.1" 503 7123 "https://importersclearance.co.nz/wp-login.php" "Mozilla/5.0 (X11; Ubuntu; Linux x86_64) AppleWebKit/537.36 (KHTML, like Gecko) Chrome/119.0.0.0 Safari/537.36"
223.165.64.9 - - [27/Jul/2026:00:53:53 +1200] "POST /wp-cron.php?doing_wp_cron=1785070433.8764140605926513671875 HTTP/1.1" 200 20 "-" "WordPress/6.9.4; https://importersclearance.co.nz"
216.73.217.152 - - [27/Jul/2026:00:53:53 +1200] "GET /shops/tidying/s7p5a9r4e2f7u2l6n0e0ss HTTP/1.1" 404 20 "-" "Mozilla/5.0 AppleWebKit/537.36 (KHTML, like Gecko; compatible; ClaudeBot/1.0; +claudebot@anthropic.com)"
161.118.238.173 - - [27/Jul/2026:00:53:53 +1200] "GET /wp-admin/index.php HTTP/1.1" 503 7310 "https://importersclearance.co.nz/wp-login.php" "Mozilla/5.0 (Windows NT 10.0; Win64; x64) AppleWebKit/537.36 (KHTML, like Gecko) Chrome/118.0.0.0 Safari/537.36"
161.118.238.173 - - [27/Jul/2026:00:53:54 +1200] "GET /wp-admin/profile.php HTTP/1.1" 503 7310 "https://importersclearance.co.nz/wp-login.php" "Mozilla/5.0 (Windows NT 10.0; Win64; x64) AppleWebKit/537.36 (KHTML, like Gecko) Chrome/118.0.0.0 Safari/537.36"
161.118.238.173 - - [27/Jul/2026:00:53:55 +1200] "GET /wp-admin/edit.php HTTP/1.1" 503 7310 "https://importersclearance.co.nz/wp-login.php" "Mozilla/5.0 (Windows NT 10.0; Win64; x64) AppleWebKit/537.36 (KHTML, like Gecko) Chrome/118.0.0.0 Safari/537.36"
161.118.238.173 - - [27/Jul/2026:00:53:56 +1200] "GET /wp-admin/plugins.php HTTP/1.1" 503 7310 "https://importersclearance.co.nz/wp-login.php" "Mozilla/5.0 (Windows NT 10.0; Win64; x64) AppleWebKit/537.36 (KHTML, like Gecko) Chrome/118.0.0.0 Safari/537.36"
161.118.238.173 - - [27/Jul/2026:00:53:56 +1200] "POST /wp-login.php HTTP/1.1" 503 7123 "https://importersclearance.co.nz/wp-login.php" "Mozilla/5.0 (X11; Ubuntu; Linux x86_64) AppleWebKit/537.36 (KHTML, like Gecko) Chrome/118.0.0.0 Safari/537.36"
216.73.217.152 - - [27/Jul/2026:00:53:56 +1200] "GET /substantive/b7o3t0r6y8c6h1i6u5m43 HTTP/1.1" 404 20 "-" "Mozilla/5.0 AppleWebKit/537.36 (KHTML, like Gecko; compatible; ClaudeBot/1.0; +claudebot@anthropic.com)"
66.249.70.33 - - [27/Jul/2026:00:53:55 +1200] "GET /shops/camus/b6y1s1p2e0l5l41643 HTTP/1.1" 200 75604 "-" "Mozilla/5.0 (Linux; Android 6.0.1; Nexus 5X Build/MMB29P) AppleWebKit/537.36 (KHTML, like Gecko) Chrome/150.0.7871.128 Mobile Safari/537.36 (compatible; GoogleOther)"
161.118.238.173 - - [27/Jul/2026:00:53:57 +1200] "GET /wp-admin/index.php HTTP/1.1" 503 7310 "https://importersclearance.co.nz/wp-login.php" "Mozilla/5.0 (Macintosh; Intel Mac OS X 10_15_7) AppleWebKit/537.36 (KHTML, like Gecko) Chrome/119.0.0.0 Safari/537.36"
161.118.238.173 - - [27/Jul/2026:00:53:58 +1200] "GET /wp-admin/profile.php HTTP/1.1" 503 7310 "https://importersclearance.co.nz/wp-login.php" "Mozilla/5.0 (Macintosh; Intel Mac OS X 10_15_7) AppleWebKit/537.36 (KHTML, like Gecko) Chrome/119.0.0.0 Safari/537.36"
161.118.238.173 - - [27/Jul/2026:00:53:58 +1200] "GET /wp-admin/edit.php HTTP/1.1" 503 7310 "https://importersclearance.co.nz/wp-login.php" "Mozilla/5.0 (Macintosh; Intel Mac OS X 10_15_7) AppleWebKit/537.36 (KHTML, like Gecko) Chrome/119.0.0.0 Safari/537.36"
216.73.217.152 - - [27/Jul/2026:00:53:59 +1200] "GET /?h=d7v2e8r7g7a0r72477 HTTP/1.1" 200 6851 "-" "Mozilla/5.0 AppleWebKit/537.36 (KHTML, like Gecko; compatible; ClaudeBot/1.0; +claudebot@anthropic.com)"
223.165.64.9 - - [27/Jul/2026:00:54:00 +1200] "POST /?wordfence_syncAttackData=1785070440.1512 HTTP/1.1" 200 20 "-" "WordPress/6.9.4; https://importersclearance.co.nz"
161.118.238.173 - - [27/Jul/2026:00:53:59 +1200] "GET /wp-admin/plugins.php HTTP/1.1" 503 7310 "https://importersclearance.co.nz/wp-login.php" "Mozilla/5.0 (Macintosh; Intel Mac OS X 10_15_7) AppleWebKit/537.36 (KHTML, like Gecko) Chrome/119.0.0.0 Safari/537.36"
161.118.238.173 - - [27/Jul/2026:00:54:01 +1200] "POST /wp-login.php HTTP/1.1" 503 7123 "https://importersclearance.co.nz/wp-login.php" "Mozilla/5.0 (Macintosh; Intel Mac OS X 10_15_7) AppleWebKit/605.1.15 (KHTML, like Gecko) Version/16.6 Safari/605.1.15"
66.249.70.33 - - [27/Jul/2026:00:53:58 +1200] "GET /?h=d5e1n4o6u0n0c4e7079 HTTP/1.1" 200 76784 "-" "Mozilla/5.0 (Linux; Android 6.0.1; Nexus 5X Build/MMB29P) AppleWebKit/537.36 (KHTML, like Gecko) Chrome/150.0.7871.128 Mobile Safari/537.36 (compatible; GoogleOther)"
161.118.238.173 - - [27/Jul/2026:00:54:02 +1200] "GET /wp-admin/index.php HTTP/1.1" 503 7310 "https://importersclearance.co.nz/wp-login.php" "Mozilla/5.0 (Macintosh; Intel Mac OS X 10_15_7) AppleWebKit/537.36 (KHTML, like Gecko) Chrome/121.0.0.0 Safari/537.36"
223.165.64.9 - - [27/Jul/2026:00:54:03 +1200] "POST /wp-cron.php?doing_wp_cron=1785070443.1012289524078369140625 HTTP/1.1" 200 20 "-" "WordPress/6.9.4; https://importersclearance.co.nz"
216.73.217.152 - - [27/Jul/2026:00:54:02 +1200] "GET /shops/upholder/d7i1t7h3e2i2s4t8i2c75 HTTP/1.1" 404 20 "-" "Mozilla/5.0 AppleWebKit/537.36 (KHTML, like Gecko; compatible; ClaudeBot/1.0; +claudebot@anthropic.com)"
161.118.238.173 - - [27/Jul/2026:00:54:02 +1200] "GET /wp-admin/profile.php HTTP/1.1" 503 7310 "https://importersclearance.co.nz/wp-login.php" "Mozilla/5.0 (Macintosh; Intel Mac OS X 10_15_7) AppleWebKit/537.36 (KHTML, like Gecko) Chrome/121.0.0.0 Safari/537.36"
161.118.238.173 - - [27/Jul/2026:00:54:03 +1200] "GET /wp-admin/edit.php HTTP/1.1" 503 7310 "https://importersclearance.co.nz/wp-login.php" "Mozilla/5.0 (Macintosh; Intel Mac OS X 10_15_7) AppleWebKit/537.36 (KHTML, like Gecko) Chrome/121.0.0.0 Safari/537.36"
161.118.238.173 - - [27/Jul/2026:00:54:04 +1200] "GET /wp-admin/plugins.php HTTP/1.1" 503 7311 "https://importersclearance.co.nz/wp-login.php" "Mozilla/5.0 (Macintosh; Intel Mac OS X 10_15_7) AppleWebKit/537.36 (KHTML, like Gecko) Chrome/121.0.0.0 Safari/537.36"
161.118.238.173 - - [27/Jul/2026:00:54:04 +1200] "POST /wp-login.php HTTP/1.1" 503 7124 "https://importersclearance.co.nz/wp-login.php" "Mozilla/5.0 (Macintosh; Intel Mac OS X 10_15_7) AppleWebKit/605.1.15 (KHTML, like Gecko) Version/17.1 Safari/605.1.15"
66.249.70.32 - - [27/Jul/2026:00:54:03 +1200] "GET /?h=z2o1o7p4a5t5h6o7l6o6g6y HTTP/1.1" 200 74380 "-" "Mozilla/5.0 (Linux; Android 6.0.1; Nexus 5X Build/MMB29P) AppleWebKit/537.36 (KHTML, like Gecko) Chrome/150.0.7871.128 Mobile Safari/537.36 (compatible; GoogleOther)"
161.118.238.173 - - [27/Jul/2026:00:54:05 +1200] "GET /wp-admin/index.php HTTP/1.1" 503 7310 "https://importersclearance.co.nz/wp-login.php" "Mozilla/5.0 (Macintosh; Intel Mac OS X 13_6_1) AppleWebKit/537.36 (KHTML, like Gecko) Chrome/119.0.0.0 Safari/537.36"
216.73.217.152 - - [27/Jul/2026:00:54:05 +1200] "GET /?h=p7i4n7n3i2p7e2d137 HTTP/1.1" 200 6851 "-" "Mozilla/5.0 AppleWebKit/537.36 (KHTML, like Gecko; compatible; ClaudeBot/1.0; +claudebot@anthropic.com)"
161.118.238.173 - - [27/Jul/2026:00:54:05 +1200] "GET /wp-admin/profile.php HTTP/1.1" 503 7310 "https://importersclearance.co.nz/wp-login.php" "Mozilla/5.0 (Macintosh; Intel Mac OS X 13_6_1) AppleWebKit/537.36 (KHTML, like Gecko) Chrome/119.0.0.0 Safari/537.36"
66.249.70.39 - - [27/Jul/2026:00:54:04 +1200] "GET /?h=h5i2n4d8s0i3g0h8t166 HTTP/1.1" 200 75302 "-" "Mozilla/5.0 (Linux; Android 6.0.1; Nexus 5X Build/MMB29P) AppleWebKit/537.36 (KHTML, like Gecko) Chrome/150.0.7871.128 Mobile Safari/537.36 (compatible; Googlebot/2.1; +http://www.google.com/bot.html)"
161.118.238.173 - - [27/Jul/2026:00:54:06 +1200] "GET /wp-admin/edit.php HTTP/1.1" 503 7310 "https://importersclearance.co.nz/wp-login.php" "Mozilla/5.0 (Macintosh; Intel Mac OS X 13_6_1) AppleWebKit/537.36 (KHTML, like Gecko) Chrome/119.0.0.0 Safari/537.36"
161.118.238.173 - - [27/Jul/2026:00:54:07 +1200] "GET /wp-admin/plugins.php HTTP/1.1" 503 7310 "https://importersclearance.co.nz/wp-login.php" "Mozilla/5.0 (Macintosh; Intel Mac OS X 13_6_1) AppleWebKit/537.36 (KHTML, like Gecko) Chrome/119.0.0.0 Safari/537.36"
161.118.238.173 - - [27/Jul/2026:00:54:07 +1200] "POST /wp-login.php HTTP/1.1" 503 7123 "https://importersclearance.co.nz/wp-login.php" "Mozilla/5.0 (X11; Linux x86_64) AppleWebKit/537.36 (KHTML, like Gecko) Chrome/121.0.0.0 Safari/537.36"
66.249.70.39 - - [27/Jul/2026:00:54:06 +1200] "GET /?h=b7i9o4g3e9n2e4t5i0c4 HTTP/1.1" 200 75847 "-" "Mozilla/5.0 (Linux; Android 6.0.1; Nexus 5X Build/MMB29P) AppleWebKit/537.36 (KHTML, like Gecko) Chrome/150.0.7871.128 Mobile Safari/537.36 (compatible; Googlebot/2.1; +http://www.google.com/bot.html)"
216.73.217.152 - - [27/Jul/2026:00:54:08 +1200] "GET /shops/ceylonese/c7r3i8b2b0l0e3d1312 HTTP/1.1" 404 20 "-" "Mozilla/5.0 AppleWebKit/537.36 (KHTML, like Gecko; compatible; ClaudeBot/1.0; +claudebot@anthropic.com)"
66.249.70.33 - - [27/Jul/2026:00:54:07 +1200] "GET /?h=c6h5a0r9a4d6e4487 HTTP/1.1" 200 76576 "-" "Mozilla/5.0 (Linux; Android 6.0.1; Nexus 5X Build/MMB29P) AppleWebKit/537.36 (KHTML, like Gecko) Chrome/150.0.7871.128 Mobile Safari/537.36 (compatible; GoogleOther)"
223.165.64.9 - - [27/Jul/2026:00:54:09 +1200] "POST /?wordfence_syncAttackData=1785070449.1942 HTTP/1.1" 200 20 "-" "WordPress/6.9.4; https://importersclearance.co.nz"
161.118.238.173 - - [27/Jul/2026:00:54:08 +1200] "GET /wp-admin/index.php HTTP/1.1" 503 7310 "https://importersclearance.co.nz/wp-login.php" "Mozilla/5.0 (X11; Ubuntu; Linux x86_64) AppleWebKit/537.36 (KHTML, like Gecko) Chrome/121.0.0.0 Safari/537.36"
161.118.238.173 - - [27/Jul/2026:00:54:10 +1200] "GET /wp-admin/profile.php HTTP/1.1" 503 7310 "https://importersclearance.co.nz/wp-login.php" "Mozilla/5.0 (X11; Ubuntu; Linux x86_64) AppleWebKit/537.36 (KHTML, like Gecko) Chrome/121.0.0.0 Safari/537.36"
161.118.238.173 - - [27/Jul/2026:00:54:10 +1200] "GET /wp-admin/edit.php HTTP/1.1" 503 7310 "https://importersclearance.co.nz/wp-login.php" "Mozilla/5.0 (X11; Ubuntu; Linux x86_64) AppleWebKit/537.36 (KHTML, like Gecko) Chrome/121.0.0.0 Safari/537.36"
216.73.217.152 - - [27/Jul/2026:00:54:11 +1200] "GET /quarterfoil/biocellate/72329114494 HTTP/1.1" 404 20 "-" "Mozilla/5.0 AppleWebKit/537.36 (KHTML, like Gecko; compatible; ClaudeBot/1.0; +claudebot@anthropic.com)"
161.118.238.173 - - [27/Jul/2026:00:54:11 +1200] "GET /wp-admin/plugins.php HTTP/1.1" 503 7310 "https://importersclearance.co.nz/wp-login.php" "Mozilla/5.0 (X11; Ubuntu; Linux x86_64) AppleWebKit/537.36 (KHTML, like Gecko) Chrome/121.0.0.0 Safari/537.36"
66.249.70.32 - - [27/Jul/2026:00:54:10 +1200] "GET /?h=i5n4c2u5b9i0t8u7r7e3 HTTP/1.1" 200 76401 "-" "Mozilla/5.0 (Linux; Android 6.0.1; Nexus 5X Build/MMB29P) AppleWebKit/537.36 (KHTML, like Gecko) Chrome/150.0.7871.128 Mobile Safari/537.36 (compatible; Googlebot/2.1; +http://www.google.com/bot.html)"
161.118.238.173 - - [27/Jul/2026:00:54:12 +1200] "POST /wp-login.php HTTP/1.1" 503 7123 "https://importersclearance.co.nz/wp-login.php" "Mozilla/5.0 (Windows NT 11.0; Win64; x64) AppleWebKit/537.36 (KHTML, like Gecko) Chrome/118.0.0.0 Safari/537.36"
66.249.70.39 - - [27/Jul/2026:00:54:11 +1200] "GET /?h=g7r4i2n3g3o841464 HTTP/1.1" 200 77906 "-" "Mozilla/5.0 (Linux; Android 6.0.1; Nexus 5X Build/MMB29P) AppleWebKit/537.36 (KHTML, like Gecko) Chrome/150.0.7871.128 Mobile Safari/537.36 (compatible; GoogleOther)"
161.118.238.173 - - [27/Jul/2026:00:54:13 +1200] "GET /wp-admin/index.php HTTP/1.1" 503 7310 "https://importersclearance.co.nz/wp-login.php" "Mozilla/5.0 (Windows NT 10.0; Win64; x64) AppleWebKit/537.36 (KHTML, like Gecko) Chrome/120.0.0.0 Safari/537.36"
161.118.238.173 - - [27/Jul/2026:00:54:14 +1200] "GET /wp-admin/profile.php HTTP/1.1" 503 7311 "https://importersclearance.co.nz/wp-login.php" "Mozilla/5.0 (Windows NT 10.0; Win64; x64) AppleWebKit/537.36 (KHTML, like Gecko) Chrome/120.0.0.0 Safari/537.36"
216.73.217.152 - - [27/Jul/2026:00:54:14 +1200] "GET /?h=a7c2c7i2p9i3e1n7t795 HTTP/1.1" 200 6851 "-" "Mozilla/5.0 AppleWebKit/537.36 (KHTML, like Gecko; compatible; ClaudeBot/1.0; +claudebot@anthropic.com)"
161.118.238.173 - - [27/Jul/2026:00:54:15 +1200] "GET /wp-admin/edit.php HTTP/1.1" 503 7311 "https://importersclearance.co.nz/wp-login.php" "Mozilla/5.0 (Windows NT 10.0; Win64; x64) AppleWebKit/537.36 (KHTML, like Gecko) Chrome/120.0.0.0 Safari/537.36"
161.118.238.173 - - [27/Jul/2026:00:54:15 +1200] "GET /wp-admin/plugins.php HTTP/1.1" 503 7310 "https://importersclearance.co.nz/wp-login.php" "Mozilla/5.0 (Windows NT 10.0; Win64; x64) AppleWebKit/537.36 (KHTML, like Gecko) Chrome/120.0.0.0 Safari/537.36"
161.118.238.173 - - [27/Jul/2026:00:54:16 +1200] "POST /wp-login.php HTTP/1.1" 503 7123 "https://importersclearance.co.nz/wp-login.php" "Mozilla/5.0 (Macintosh; Intel Mac OS X 13_6_1) AppleWebKit/605.1.15 (KHTML, like Gecko) Version/17.0 Safari/605.1.15"
161.118.238.173 - - [27/Jul/2026:00:54:17 +1200] "GET /wp-admin/index.php HTTP/1.1" 503 7310 "https://importersclearance.co.nz/wp-login.php" "Mozilla/5.0 (Macintosh; Intel Mac OS X 10_15_7; rv:120.0) Gecko/20100101 Firefox/120.0"
66.249.70.32 - - [27/Jul/2026:00:54:15 +1200] "GET /?h=o9v3e3a6l5t4y15148 HTTP/1.1" 200 75389 "-" "Mozilla/5.0 (Linux; Android 6.0.1; Nexus 5X Build/MMB29P) AppleWebKit/537.36 (KHTML, like Gecko) Chrome/150.0.7871.128 Mobile Safari/537.36 (compatible; GoogleOther)"
216.73.217.152 - - [27/Jul/2026:00:54:17 +1200] "GET /?h=t7o2u1z4e3442209 HTTP/1.1" 200 6851 "-" "Mozilla/5.0 AppleWebKit/537.36 (KHTML, like Gecko; compatible; ClaudeBot/1.0; +claudebot@anthropic.com)"
223.165.64.9 - - [27/Jul/2026:00:54:18 +1200] "POST /?wordfence_syncAttackData=1785070458.3365 HTTP/1.1" 200 20 "-" "WordPress/6.9.4; https://importersclearance.co.nz"
161.118.238.173 - - [27/Jul/2026:00:54:18 +1200] "GET /wp-admin/profile.php HTTP/1.1" 503 7310 "https://importersclearance.co.nz/wp-login.php" "Mozilla/5.0 (Macintosh; Intel Mac OS X 10_15_7; rv:120.0) Gecko/20100101 Firefox/120.0"
161.118.238.173 - - [27/Jul/2026:00:54:19 +1200] "GET /wp-admin/edit.php HTTP/1.1" 503 7310 "https://importersclearance.co.nz/wp-login.php" "Mozilla/5.0 (Macintosh; Intel Mac OS X 10_15_7; rv:120.0) Gecko/20100101 Firefox/120.0"
161.118.238.173 - - [27/Jul/2026:00:54:20 +1200] "GET /wp-admin/plugins.php HTTP/1.1" 503 7311 "https://importersclearance.co.nz/wp-login.php" "Mozilla/5.0 (Macintosh; Intel Mac OS X 10_15_7; rv:120.0) Gecko/20100101 Firefox/120.0"
216.73.217.152 - - [27/Jul/2026:00:54:20 +1200] "GET /?h=g7o2o6d7h4e2a9r3t5e3d2 HTTP/1.1" 200 6851 "-" "Mozilla/5.0 AppleWebKit/537.36 (KHTML, like Gecko; compatible; ClaudeBot/1.0; +claudebot@anthropic.com)"
66.249.70.37 - - [27/Jul/2026:00:54:19 +1200] "GET /?h=a7l4b1u7g4i4n2e0s189 HTTP/1.1" 200 74952 "-" "Mozilla/5.0 (Linux; Android 6.0.1; Nexus 5X Build/MMB29P) AppleWebKit/537.36 (KHTML, like Gecko) Chrome/150.0.7871.128 Mobile Safari/537.36 (compatible; GoogleOther)"
161.118.238.173 - - [27/Jul/2026:00:54:21 +1200] "POST /wp-login.php HTTP/1.1" 503 7124 "https://importersclearance.co.nz/wp-login.php" "Mozilla/5.0 (Macintosh; Intel Mac OS X 13_6_1; rv:121.0) Gecko/20100101 Firefox/121.0"
161.118.238.173 - - [27/Jul/2026:00:54:22 +1200] "GET /wp-admin/index.php HTTP/1.1" 503 7310 "https://importersclearance.co.nz/wp-login.php" "Mozilla/5.0 (Windows NT 10.0; Win64; x64) AppleWebKit/537.36 (KHTML, like Gecko) Chrome/118.0.0.0 Safari/537.36"
161.118.238.173 - - [27/Jul/2026:00:54:23 +1200] "GET /wp-admin/profile.php HTTP/1.1" 503 7310 "https://importersclearance.co.nz/wp-login.php" "Mozilla/5.0 (Windows NT 10.0; Win64; x64) AppleWebKit/537.36 (KHTML, like Gecko) Chrome/118.0.0.0 Safari/537.36"
216.73.217.152 - - [27/Jul/2026:00:54:23 +1200] "GET /?h=e7l2l2w0i8f6e60915 HTTP/1.1" 200 6851 "-" "Mozilla/5.0 AppleWebKit/537.36 (KHTML, like Gecko; compatible; ClaudeBot/1.0; +claudebot@anthropic.com)"
161.118.238.173 - - [27/Jul/2026:00:54:23 +1200] "GET /wp-admin/edit.php HTTP/1.1" 503 7309 "https://importersclearance.co.nz/wp-login.php" "Mozilla/5.0 (Windows NT 10.0; Win64; x64) AppleWebKit/537.36 (KHTML, like Gecko) Chrome/118.0.0.0 Safari/537.36"
161.118.238.173 - - [27/Jul/2026:00:54:24 +1200] "GET /wp-admin/plugins.php HTTP/1.1" 503 7310 "https://importersclearance.co.nz/wp-login.php" "Mozilla/5.0 (Windows NT 10.0; Win64; x64) AppleWebKit/537.36 (KHTML, like Gecko) Chrome/118.0.0.0 Safari/537.36"
66.249.70.37 - - [27/Jul/2026:00:54:23 +1200] "GET /?h=e2n3d9u9r5e3d10945 HTTP/1.1" 200 74522 "-" "Mozilla/5.0 (Linux; Android 6.0.1; Nexus 5X Build/MMB29P) AppleWebKit/537.36 (KHTML, like Gecko) Chrome/150.0.7871.128 Mobile Safari/537.36 (compatible; GoogleOther)"
161.118.238.173 - - [27/Jul/2026:00:54:25 +1200] "POST /wp-login.php HTTP/1.1" 503 7123 "https://importersclearance.co.nz/wp-login.php" "Mozilla/5.0 (Macintosh; Intel Mac OS X 13_6_1) AppleWebKit/537.36 (KHTML, like Gecko) Chrome/120.0.0.0 Safari/537.36"
161.118.238.173 - - [27/Jul/2026:00:54:26 +1200] "GET /wp-admin/index.php HTTP/1.1" 503 7310 "https://importersclearance.co.nz/wp-login.php" "Mozilla/5.0 (X11; Linux x86_64) AppleWebKit/537.36 (KHTML, like Gecko) Chrome/119.0.0.0 Safari/537.36"
66.249.70.38 - - [27/Jul/2026:00:54:24 +1200] "GET /?h=i5l1l4u8s9i2v3e7l0y83 HTTP/1.1" 200 77610 "-" "Mozilla/5.0 (Linux; Android 6.0.1; Nexus 5X Build/MMB29P) AppleWebKit/537.36 (KHTML, like Gecko) Chrome/150.0.7871.128 Mobile Safari/537.36 (compatible; Googlebot/2.1; +http://www.google.com/bot.html)"
216.73.217.152 - - [27/Jul/2026:00:54:26 +1200] "GET /?h=h7e7a1r2e4r82154 HTTP/1.1" 200 6851 "-" "Mozilla/5.0 AppleWebKit/537.36 (KHTML, like Gecko; compatible; ClaudeBot/1.0; +claudebot@anthropic.com)"
161.118.238.173 - - [27/Jul/2026:00:54:26 +1200] "GET /wp-admin/profile.php HTTP/1.1" 503 7310 "https://importersclearance.co.nz/wp-login.php" "Mozilla/5.0 (X11; Linux x86_64) AppleWebKit/537.36 (KHTML, like Gecko) Chrome/119.0.0.0 Safari/537.36"
161.118.238.173 - - [27/Jul/2026:00:54:27 +1200] "GET /wp-admin/edit.php HTTP/1.1" 503 7310 "https://importersclearance.co.nz/wp-login.php" "Mozilla/5.0 (X11; Linux x86_64) AppleWebKit/537.36 (KHTML, like Gecko) Chrome/119.0.0.0 Safari/537.36"
223.165.64.9 - - [27/Jul/2026:00:54:28 +1200] "POST /?wordfence_syncAttackData=1785070468.4455 HTTP/1.1" 200 20 "-" "WordPress/6.9.4; https://importersclearance.co.nz"
161.118.238.173 - - [27/Jul/2026:00:54:28 +1200] "GET /wp-admin/plugins.php HTTP/1.1" 503 7310 "https://importersclearance.co.nz/wp-login.php" "Mozilla/5.0 (X11; Linux x86_64) AppleWebKit/537.36 (KHTML, like Gecko) Chrome/119.0.0.0 Safari/537.36"
66.249.70.37 - - [27/Jul/2026:00:54:27 +1200] "GET /henotic/distractful/r3e4l2u5c1t4a6n6c1e81 HTTP/1.1" 200 76030 "-" "Mozilla/5.0 (Linux; Android 6.0.1; Nexus 5X Build/MMB29P) AppleWebKit/537.36 (KHTML, like Gecko) Chrome/150.0.7871.128 Mobile Safari/537.36 (compatible; GoogleOther)"
161.118.238.173 - - [27/Jul/2026:00:54:29 +1200] "POST /wp-login.php HTTP/1.1" 503 7123 "https://importersclearance.co.nz/wp-login.php" "Mozilla/5.0 (Windows NT 10.0; Win64; x64) AppleWebKit/537.36 (KHTML, like Gecko) Chrome/121.0.0.0 Safari/537.36"
161.118.238.173 - - [27/Jul/2026:00:54:30 +1200] "GET /wp-admin/index.php HTTP/1.1" 503 7310 "https://importersclearance.co.nz/wp-login.php" "Mozilla/5.0 (Windows NT 10.0; Win64; x64) AppleWebKit/537.36 (KHTML, like Gecko) Chrome/120.0.0.0 Safari/537.36"
223.165.64.9 - - [27/Jul/2026:00:54:31 +1200] "POST /wp-cron.php?doing_wp_cron=1785070471.2866499423980712890625 HTTP/1.1" 200 20 "-" "WordPress/6.9.4; https://importersclearance.co.nz"
216.73.217.152 - - [27/Jul/2026:00:54:30 +1200] "GET /?h=l7o3w0e4d5217660 HTTP/1.1" 200 6851 "-" "Mozilla/5.0 AppleWebKit/537.36 (KHTML, like Gecko; compatible; ClaudeBot/1.0; +claudebot@anthropic.com)"
161.118.238.173 - - [27/Jul/2026:00:54:30 +1200] "GET /wp-admin/profile.php HTTP/1.1" 503 7311 "https://importersclearance.co.nz/wp-login.php" "Mozilla/5.0 (Windows NT 10.0; Win64; x64) AppleWebKit/537.36 (KHTML, like Gecko) Chrome/120.0.0.0 Safari/537.36"
161.118.238.173 - - [27/Jul/2026:00:54:32 +1200] "GET /wp-admin/edit.php HTTP/1.1" 503 7310 "https://importersclearance.co.nz/wp-login.php" "Mozilla/5.0 (Windows NT 10.0; Win64; x64) AppleWebKit/537.36 (KHTML, like Gecko) Chrome/120.0.0.0 Safari/537.36"
66.249.70.39 - - [27/Jul/2026:00:54:31 +1200] "GET /southeastwardly/turnstile/d6r5i7v1e7l0e6d738 HTTP/1.1" 200 76229 "-" "Mozilla/5.0 (Linux; Android 6.0.1; Nexus 5X Build/MMB29P) AppleWebKit/537.36 (KHTML, like Gecko) Chrome/150.0.7871.128 Mobile Safari/537.36 (compatible; Googlebot/2.1; +http://www.google.com/bot.html)"
161.118.238.173 - - [27/Jul/2026:00:54:33 +1200] "GET /wp-admin/plugins.php HTTP/1.1" 503 7311 "https://importersclearance.co.nz/wp-login.php" "Mozilla/5.0 (Windows NT 10.0; Win64; x64) AppleWebKit/537.36 (KHTML, like Gecko) Chrome/120.0.0.0 Safari/537.36"
216.73.217.152 - - [27/Jul/2026:00:54:32 +1200] "GET /?h=f7a2c8t7i1o1n92171 HTTP/1.1" 200 6851 "-" "Mozilla/5.0 AppleWebKit/537.36 (KHTML, like Gecko; compatible; ClaudeBot/1.0; +claudebot@anthropic.com)"
66.249.70.32 - - [27/Jul/2026:00:54:31 +1200] "GET /?h=o7s7m0i0t7e30712 HTTP/1.1" 200 74794 "-" "Mozilla/5.0 (Linux; Android 6.0.1; Nexus 5X Build/MMB29P) AppleWebKit/537.36 (KHTML, like Gecko) Chrome/150.0.7871.128 Mobile Safari/537.36 (compatible; GoogleOther)"
161.118.238.173 - - [27/Jul/2026:00:54:33 +1200] "POST /wp-login.php HTTP/1.1" 503 7123 "https://importersclearance.co.nz/wp-login.php" "Mozilla/5.0 (Macintosh; Intel Mac OS X 10_15_7; rv:121.0) Gecko/20100101 Firefox/121.0"
161.118.238.173 - - [27/Jul/2026:00:54:34 +1200] "GET /wp-admin/index.php HTTP/1.1" 503 7309 "https://importersclearance.co.nz/wp-login.php" "Mozilla/5.0 (Macintosh; Intel Mac OS X 10_15_7) AppleWebKit/605.1.15 (KHTML, like Gecko) Version/17.2 Safari/605.1.15"
161.118.238.173 - - [27/Jul/2026:00:54:35 +1200] "GET /wp-admin/profile.php HTTP/1.1" 503 7310 "https://importersclearance.co.nz/wp-login.php" "Mozilla/5.0 (Macintosh; Intel Mac OS X 10_15_7) AppleWebKit/605.1.15 (KHTML, like Gecko) Version/17.2 Safari/605.1.15"
161.118.238.173 - - [27/Jul/2026:00:54:35 +1200] "GET /wp-admin/edit.php HTTP/1.1" 503 7310 "https://importersclearance.co.nz/wp-login.php" "Mozilla/5.0 (Macintosh; Intel Mac OS X 10_15_7) AppleWebKit/605.1.15 (KHTML, like Gecko) Version/17.2 Safari/605.1.15"
216.73.217.152 - - [27/Jul/2026:00:54:35 +1200] "GET /?h=d7a2r9k5n5e2s9s4081 HTTP/1.1" 200 6851 "-" "Mozilla/5.0 AppleWebKit/537.36 (KHTML, like Gecko; compatible; ClaudeBot/1.0; +claudebot@anthropic.com)"
161.118.238.173 - - [27/Jul/2026:00:54:36 +1200] "GET /wp-admin/plugins.php HTTP/1.1" 503 7310 "https://importersclearance.co.nz/wp-login.php" "Mozilla/5.0 (Macintosh; Intel Mac OS X 10_15_7) AppleWebKit/605.1.15 (KHTML, like Gecko) Version/17.2 Safari/605.1.15"
66.249.70.34 - - [27/Jul/2026:00:54:35 +1200] "GET /underdrain/m2i1n5u3t8i7a9e1188 HTTP/1.1" 200 75729 "-" "Mozilla/5.0 (Linux; Android 6.0.1; Nexus 5X Build/MMB29P) AppleWebKit/537.36 (KHTML, like Gecko) Chrome/150.0.7871.128 Mobile Safari/537.36 (compatible; GoogleOther)"
161.118.238.173 - - [27/Jul/2026:00:54:37 +1200] "POST /wp-login.php HTTP/1.1" 503 7124 "https://importersclearance.co.nz/wp-login.php" "Mozilla/5.0 (Macintosh; Intel Mac OS X 10_15_7) AppleWebKit/537.36 (KHTML, like Gecko) Chrome/121.0.0.0 Safari/537.36"
223.165.64.9 - - [27/Jul/2026:00:54:39 +1200] "POST /?wordfence_syncAttackData=1785070479.2925 HTTP/1.1" 200 20 "-" "WordPress/6.9.4; https://importersclearance.co.nz"
66.249.70.34 - - [27/Jul/2026:00:54:38 +1200] "GET /?parashah/52220670380 HTTP/1.1" 200 76417 "-" "Mozilla/5.0 (Linux; Android 6.0.1; Nexus 5X Build/MMB29P) AppleWebKit/537.36 (KHTML, like Gecko) Chrome/150.0.7871.128 Mobile Safari/537.36 (compatible; Googlebot/2.1; +http://www.google.com/bot.html)"
216.73.217.152 - - [27/Jul/2026:00:54:38 +1200] "GET /?h=b7r3a8m9b3l3e3d7066 HTTP/1.1" 200 6851 "-" "Mozilla/5.0 AppleWebKit/537.36 (KHTML, like Gecko; compatible; ClaudeBot/1.0; +claudebot@anthropic.com)"
223.165.64.9 - - [27/Jul/2026:00:54:39 +1200] "POST /?wordfence_syncAttackData=1785070479.4809 HTTP/1.1" 200 6851 "-" "WordPress/6.9.4; https://importersclearance.co.nz"
161.118.238.173 - - [27/Jul/2026:00:54:39 +1200] "GET /wp-admin/index.php HTTP/1.1" 503 7309 "https://importersclearance.co.nz/wp-login.php" "Mozilla/5.0 (Windows NT 10.0; Win64; x64) AppleWebKit/537.36 (KHTML, like Gecko) Chrome/120.0.0.0 Safari/537.36"
161.118.238.173 - - [27/Jul/2026:00:54:40 +1200] "GET /wp-admin/profile.php HTTP/1.1" 503 7309 "https://importersclearance.co.nz/wp-login.php" "Mozilla/5.0 (Windows NT 10.0; Win64; x64) AppleWebKit/537.36 (KHTML, like Gecko) Chrome/120.0.0.0 Safari/537.36"
161.118.238.173 - - [27/Jul/2026:00:54:41 +1200] "GET /wp-admin/edit.php HTTP/1.1" 503 7309 "https://importersclearance.co.nz/wp-login.php" "Mozilla/5.0 (Windows NT 10.0; Win64; x64) AppleWebKit/537.36 (KHTML, like Gecko) Chrome/120.0.0.0 Safari/537.36"
216.73.217.152 - - [27/Jul/2026:00:54:41 +1200] "GET /?h=j7a3c6a7l3707816 HTTP/1.1" 200 6851 "-" "Mozilla/5.0 AppleWebKit/537.36 (KHTML, like Gecko; compatible; ClaudeBot/1.0; +claudebot@anthropic.com)"
161.118.238.173 - - [27/Jul/2026:00:54:42 +1200] "GET /wp-admin/plugins.php HTTP/1.1" 503 7309 "https://importersclearance.co.nz/wp-login.php" "Mozilla/5.0 (Windows NT 10.0; Win64; x64) AppleWebKit/537.36 (KHTML, like Gecko) Chrome/120.0.0.0 Safari/537.36"
66.249.70.37 - - [27/Jul/2026:00:54:41 +1200] "GET /?h=w7a1b4b2l5y971455 HTTP/1.1" 200 75767 "-" "Mozilla/5.0 (Linux; Android 6.0.1; Nexus 5X Build/MMB29P) AppleWebKit/537.36 (KHTML, like Gecko) Chrome/150.0.7871.128 Mobile Safari/537.36 (compatible; GoogleOther)"
161.118.238.173 - - [27/Jul/2026:00:54:43 +1200] "POST /wp-login.php HTTP/1.1" 503 7123 "https://importersclearance.co.nz/wp-login.php" "Mozilla/5.0 (Windows NT 11.0; Win64; x64; rv:119.0) Gecko/20100101 Firefox/119.0"
161.118.238.173 - - [27/Jul/2026:00:54:43 +1200] "GET /wp-admin/index.php HTTP/1.1" 503 7309 "https://importersclearance.co.nz/wp-login.php" "Mozilla/5.0 (Windows NT 11.0; Win64; x64) AppleWebKit/537.36 (KHTML, like Gecko) Chrome/121.0.0.0 Safari/537.36"
161.118.238.173 - - [27/Jul/2026:00:54:44 +1200] "GET /wp-admin/profile.php HTTP/1.1" 302 20 "https://importersclearance.co.nz/wp-login.php" "Mozilla/5.0 (Windows NT 11.0; Win64; x64) AppleWebKit/537.36 (KHTML, like Gecko) Chrome/121.0.0.0 Safari/537.36"
161.118.238.173 - - [27/Jul/2026:00:54:45 +1200] "GET /wp-login.php?redirect_to=https%3A%2F%2Fimportersclearance.co.nz%2Fwp-admin%2Fprofile.php&reauth=1 HTTP/1.1" 200 2704 "https://importersclearance.co.nz/wp-login.php" "Mozilla/5.0 (Windows NT 11.0; Win64; x64) AppleWebKit/537.36 (KHTML, like Gecko) Chrome/121.0.0.0 Safari/537.36"
161.118.238.173 - - [27/Jul/2026:00:54:45 +1200] "POST /wp-login.php HTTP/1.1" 503 7309 "https://importersclearance.co.nz/wp-login.php" "Mozilla/5.0 (Macintosh; Intel Mac OS X 10_15_7; rv:120.0) Gecko/20100101 Firefox/120.0"
161.118.238.173 - - [27/Jul/2026:00:54:46 +1200] "GET /wp-admin/index.php HTTP/1.1" 503 7309 "https://importersclearance.co.nz/wp-login.php" "Mozilla/5.0 (Macintosh; Intel Mac OS X 10_15_7) AppleWebKit/537.36 (KHTML, like Gecko) Chrome/119.0.0.0 Safari/537.36"
66.249.70.33 - - [27/Jul/2026:00:54:45 +1200] "GET /?h=m5i9s7q1u3o6t1a4t6i7on HTTP/1.1" 200 77268 "-" "Mozilla/5.0 (Linux; Android 6.0.1; Nexus 5X Build/MMB29P) AppleWebKit/537.36 (KHTML, like Gecko) Chrome/150.0.7871.128 Mobile Safari/537.36 (compatible; GoogleOther)"
161.118.238.173 - - [27/Jul/2026:00:54:47 +1200] "GET /wp-admin/profile.php HTTP/1.1" 503 7310 "https://importersclearance.co.nz/wp-login.php" "Mozilla/5.0 (Macintosh; Intel Mac OS X 10_15_7) AppleWebKit/537.36 (KHTML, like Gecko) Chrome/119.0.0.0 Safari/537.36"
161.118.238.173 - - [27/Jul/2026:00:54:48 +1200] "GET /wp-admin/edit.php HTTP/1.1" 503 7309 "https://importersclearance.co.nz/wp-login.php" "Mozilla/5.0 (Macintosh; Intel Mac OS X 10_15_7) AppleWebKit/537.36 (KHTML, like Gecko) Chrome/119.0.0.0 Safari/537.36"
223.165.64.9 - - [27/Jul/2026:00:54:49 +1200] "POST /?wordfence_syncAttackData=1785070489.2003 HTTP/1.1" 200 20 "-" "WordPress/6.9.4; https://importersclearance.co.nz"
223.165.64.9 - - [27/Jul/2026:00:54:49 +1200] "POST /?wordfence_syncAttackData=1785070489.2068 HTTP/1.1" 200 6851 "-" "WordPress/6.9.4; https://importersclearance.co.nz"
161.118.238.173 - - [27/Jul/2026:00:54:48 +1200] "GET /wp-admin/plugins.php HTTP/1.1" 503 7310 "https://importersclearance.co.nz/wp-login.php" "Mozilla/5.0 (Macintosh; Intel Mac OS X 10_15_7) AppleWebKit/537.36 (KHTML, like Gecko) Chrome/119.0.0.0 Safari/537.36"
216.73.217.152 - - [27/Jul/2026:00:54:48 +1200] "GET /shops/berenices/b7r2i1d0e3s6m3a4n448 HTTP/1.1" 404 20 "-" "Mozilla/5.0 AppleWebKit/537.36 (KHTML, like Gecko; compatible; ClaudeBot/1.0; +claudebot@anthropic.com)"
161.118.238.173 - - [27/Jul/2026:00:54:50 +1200] "POST /wp-login.php HTTP/1.1" 503 7123 "https://importersclearance.co.nz/wp-login.php" "Mozilla/5.0 (Macintosh; Intel Mac OS X 13_6_1) AppleWebKit/605.1.15 (KHTML, like Gecko) Version/17.2 Safari/605.1.15"
66.249.70.36 - - [27/Jul/2026:00:54:49 +1200] "GET /?h=s4a6i4g1a681227 HTTP/1.1" 200 76453 "-" "Mozilla/5.0 (Linux; Android 6.0.1; Nexus 5X Build/MMB29P) AppleWebKit/537.36 (KHTML, like Gecko) Chrome/150.0.7871.128 Mobile Safari/537.36 (compatible; GoogleOther)"
216.73.217.152 - - [27/Jul/2026:00:54:50 +1200] "GET /?h=c7h3o4s7e5s377991 HTTP/1.1" 200 6851 "-" "Mozilla/5.0 AppleWebKit/537.36 (KHTML, like Gecko; compatible; ClaudeBot/1.0; +claudebot@anthropic.com)"
161.118.238.173 - - [27/Jul/2026:00:54:51 +1200] "GET /wp-admin/index.php HTTP/1.1" 503 7310 "https://importersclearance.co.nz/wp-login.php" "Mozilla/5.0 (Macintosh; Intel Mac OS X 13_6_1) AppleWebKit/537.36 (KHTML, like Gecko) Chrome/119.0.0.0 Safari/537.36"
66.249.70.32 - - [27/Jul/2026:00:54:49 +1200] "GET /?infurcation/4703154926 HTTP/1.1" 200 76044 "-" "Mozilla/5.0 (Linux; Android 6.0.1; Nexus 5X Build/MMB29P) AppleWebKit/537.36 (KHTML, like Gecko) Chrome/150.0.7871.128 Mobile Safari/537.36 (compatible; Googlebot/2.1; +http://www.google.com/bot.html)"
161.118.238.173 - - [27/Jul/2026:00:54:52 +1200] "GET /wp-admin/profile.php HTTP/1.1" 503 7310 "https://importersclearance.co.nz/wp-login.php" "Mozilla/5.0 (Macintosh; Intel Mac OS X 13_6_1) AppleWebKit/537.36 (KHTML, like Gecko) Chrome/119.0.0.0 Safari/537.36"
161.118.238.173 - - [27/Jul/2026:00:54:53 +1200] "GET /wp-admin/edit.php HTTP/1.1" 503 7310 "https://importersclearance.co.nz/wp-login.php" "Mozilla/5.0 (Macintosh; Intel Mac OS X 13_6_1) AppleWebKit/537.36 (KHTML, like Gecko) Chrome/119.0.0.0 Safari/537.36"
161.118.238.173 - - [27/Jul/2026:00:54:53 +1200] "GET /wp-admin/plugins.php HTTP/1.1" 503 7310 "https://importersclearance.co.nz/wp-login.php" "Mozilla/5.0 (Macintosh; Intel Mac OS X 13_6_1) AppleWebKit/537.36 (KHTML, like Gecko) Chrome/119.0.0.0 Safari/537.36"
