216.73.217.152 - - [27/Jul/2026:02:02:01 +1200] "GET /shops/jolterhead/m7a4g5d7a1l1e4o7n33 HTTP/1.1" 404 20 "-" "Mozilla/5.0 AppleWebKit/537.36 (KHTML, like Gecko; compatible; ClaudeBot/1.0; +claudebot@anthropic.com)"
66.249.70.39 - - [27/Jul/2026:02:02:03 +1200] "GET /?revaluation/3725545882 HTTP/1.1" 200 75911 "-" "Mozilla/5.0 (Linux; Android 6.0.1; Nexus 5X Build/MMB29P) AppleWebKit/537.36 (KHTML, like Gecko) Chrome/150.0.7871.128 Mobile Safari/537.36 (compatible; Googlebot/2.1; +http://www.google.com/bot.html)"
66.249.70.39 - - [27/Jul/2026:02:02:03 +1200] "GET /shops/tribuloides/p9a2r2a7g9r8a1p3h7e5r1 HTTP/1.1" 200 74711 "-" "Mozilla/5.0 (Linux; Android 6.0.1; Nexus 5X Build/MMB29P) AppleWebKit/537.36 (KHTML, like Gecko) Chrome/150.0.7871.128 Mobile Safari/537.36 (compatible; GoogleOther)"
223.165.64.9 - - [27/Jul/2026:02:02:05 +1200] "POST /wp-cron.php?doing_wp_cron=1785074525.2659521102905273437500 HTTP/1.1" 200 20 "-" "WordPress/6.9.4; https://importersclearance.co.nz"
216.73.217.152 - - [27/Jul/2026:02:02:04 +1200] "GET /shops/imperceivable/o7c2e4l9l5a1r5y8688 HTTP/1.1" 404 20 "-" "Mozilla/5.0 AppleWebKit/537.36 (KHTML, like Gecko; compatible; ClaudeBot/1.0; +claudebot@anthropic.com)"
216.73.217.152 - - [27/Jul/2026:02:02:07 +1200] "GET /?h=o7s2w6e1g2o842695 HTTP/1.1" 200 6851 "-" "Mozilla/5.0 AppleWebKit/537.36 (KHTML, like Gecko; compatible; ClaudeBot/1.0; +claudebot@anthropic.com)"
66.249.70.38 - - [27/Jul/2026:02:02:07 +1200] "GET /?h=s3c4a1l3i3n5g86964 HTTP/1.1" 200 76487 "-" "Mozilla/5.0 (Linux; Android 6.0.1; Nexus 5X Build/MMB29P) AppleWebKit/537.36 (KHTML, like Gecko) Chrome/150.0.7871.128 Mobile Safari/537.36 (compatible; Googlebot/2.1; +http://www.google.com/bot.html)"
66.249.70.38 - - [27/Jul/2026:02:02:07 +1200] "GET /?h=c5y4c3l8o9t5h8y6m4i6a HTTP/1.1" 200 76149 "-" "Mozilla/5.0 (Linux; Android 6.0.1; Nexus 5X Build/MMB29P) AppleWebKit/537.36 (KHTML, like Gecko) Chrome/150.0.7871.128 Mobile Safari/537.36 (compatible; GoogleOther)"
216.73.217.152 - - [27/Jul/2026:02:02:10 +1200] "GET /shops/convoke/f7a1m8e2d288168 HTTP/1.1" 404 20 "-" "Mozilla/5.0 AppleWebKit/537.36 (KHTML, like Gecko; compatible; ClaudeBot/1.0; +claudebot@anthropic.com)"
66.249.70.39 - - [27/Jul/2026:02:02:11 +1200] "GET /?h=p0a2l8m8a4t7u1s0712 HTTP/1.1" 200 74207 "-" "Mozilla/5.0 (Linux; Android 6.0.1; Nexus 5X Build/MMB29P) AppleWebKit/537.36 (KHTML, like Gecko) Chrome/150.0.7871.128 Mobile Safari/537.36 (compatible; GoogleOther)"
216.73.217.152 - - [27/Jul/2026:02:02:13 +1200] "GET /talons/anthophyllite/71429406181 HTTP/1.1" 404 20 "-" "Mozilla/5.0 AppleWebKit/537.36 (KHTML, like Gecko; compatible; ClaudeBot/1.0; +claudebot@anthropic.com)"
216.73.217.152 - - [27/Jul/2026:02:02:16 +1200] "GET /shops/decalog/o7u1a0n4a7n7i3c4h1e05 HTTP/1.1" 404 20 "-" "Mozilla/5.0 AppleWebKit/537.36 (KHTML, like Gecko; compatible; ClaudeBot/1.0; +claudebot@anthropic.com)"
66.249.70.38 - - [27/Jul/2026:02:02:15 +1200] "GET /gentleheartedness/walla/74196190201 HTTP/1.1" 200 78164 "-" "Mozilla/5.0 (Linux; Android 6.0.1; Nexus 5X Build/MMB29P) AppleWebKit/537.36 (KHTML, like Gecko) Chrome/150.0.7871.128 Mobile Safari/537.36 (compatible; GoogleOther)"
66.249.70.39 - - [27/Jul/2026:02:02:16 +1200] "GET /?h=m3a1c4r4o1p3h6y9l7l2a9 HTTP/1.1" 200 76871 "-" "Mozilla/5.0 (Linux; Android 6.0.1; Nexus 5X Build/MMB29P) AppleWebKit/537.36 (KHTML, like Gecko) Chrome/150.0.7871.128 Mobile Safari/537.36 (compatible; Googlebot/2.1; +http://www.google.com/bot.html)"
216.73.217.152 - - [27/Jul/2026:02:02:19 +1200] "GET /sinewy/o7b1b9l6i7g2a8t9o388 HTTP/1.1" 404 20 "-" "Mozilla/5.0 AppleWebKit/537.36 (KHTML, like Gecko; compatible; ClaudeBot/1.0; +claudebot@anthropic.com)"
66.249.70.32 - - [27/Jul/2026:02:02:20 +1200] "GET /haptic/compositions/n6a2t0u5r9a3l1i6s1t4i1c HTTP/1.1" 200 76105 "-" "Mozilla/5.0 (Linux; Android 6.0.1; Nexus 5X Build/MMB29P) AppleWebKit/537.36 (KHTML, like Gecko) Chrome/150.0.7871.128 Mobile Safari/537.36 (compatible; GoogleOther)"
66.249.70.32 - - [27/Jul/2026:02:02:19 +1200] "GET /?h=s3a1l1p0i3c4o4n270 HTTP/1.1" 200 76227 "-" "Mozilla/5.0 (Linux; Android 6.0.1; Nexus 5X Build/MMB29P) AppleWebKit/537.36 (KHTML, like Gecko) Chrome/150.0.7871.128 Mobile Safari/537.36 (compatible; Googlebot/2.1; +http://www.google.com/bot.html)"
216.73.217.152 - - [27/Jul/2026:02:02:22 +1200] "GET /selfaction/shudderingly/71066870000 HTTP/1.1" 404 20 "-" "Mozilla/5.0 AppleWebKit/537.36 (KHTML, like Gecko; compatible; ClaudeBot/1.0; +claudebot@anthropic.com)"
66.249.70.38 - - [27/Jul/2026:02:02:21 +1200] "GET /interne/e2s6c6a6l0a2d4i6n6g8 HTTP/1.1" 200 74997 "-" "Mozilla/5.0 (Linux; Android 6.0.1; Nexus 5X Build/MMB29P) AppleWebKit/537.36 (KHTML, like Gecko) Chrome/150.0.7871.128 Mobile Safari/537.36 (compatible; Googlebot/2.1; +http://www.google.com/bot.html)"
216.73.217.152 - - [27/Jul/2026:02:02:25 +1200] "GET /pluviometer/b7e3e1h5i6v4e77813 HTTP/1.1" 404 20 "-" "Mozilla/5.0 AppleWebKit/537.36 (KHTML, like Gecko; compatible; ClaudeBot/1.0; +claudebot@anthropic.com)"
66.249.70.32 - - [27/Jul/2026:02:02:23 +1200] "GET /?h=t3e7r0m4i6n5e0616 HTTP/1.1" 200 75595 "-" "Mozilla/5.0 (Linux; Android 6.0.1; Nexus 5X Build/MMB29P) AppleWebKit/537.36 (KHTML, like Gecko) Chrome/150.0.7871.128 Mobile Safari/537.36 (compatible; Googlebot/2.1; +http://www.google.com/bot.html)"
66.249.70.37 - - [27/Jul/2026:02:02:24 +1200] "GET /?h=e8n4t2o3p1l8a1s4m406 HTTP/1.1" 200 75636 "-" "Mozilla/5.0 (Linux; Android 6.0.1; Nexus 5X Build/MMB29P) AppleWebKit/537.36 (KHTML, like Gecko) Chrome/150.0.7871.128 Mobile Safari/537.36 (compatible; GoogleOther)"
216.73.217.152 - - [27/Jul/2026:02:02:28 +1200] "GET /?h=o7r4n1i0t3h7o7s0c0e6l6ida HTTP/1.1" 200 6851 "-" "Mozilla/5.0 AppleWebKit/537.36 (KHTML, like Gecko; compatible; ClaudeBot/1.0; +claudebot@anthropic.com)"
66.249.70.33 - - [27/Jul/2026:02:02:28 +1200] "GET /respite/javensis/t9r3a2p4e4z9e18010 HTTP/1.1" 200 74346 "-" "Mozilla/5.0 (Linux; Android 6.0.1; Nexus 5X Build/MMB29P) AppleWebKit/537.36 (KHTML, like Gecko) Chrome/150.0.7871.128 Mobile Safari/537.36 (compatible; GoogleOther)"
216.73.217.152 - - [27/Jul/2026:02:02:31 +1200] "GET /shops/roundhouse/t7r2o7m3b5o1n4e9898 HTTP/1.1" 404 20 "-" "Mozilla/5.0 AppleWebKit/537.36 (KHTML, like Gecko; compatible; ClaudeBot/1.0; +claudebot@anthropic.com)"
66.249.70.39 - - [27/Jul/2026:02:02:33 +1200] "GET /estimating/pyrexia/73342679459 HTTP/1.1" 200 76059 "-" "Mozilla/5.0 (Linux; Android 6.0.1; Nexus 5X Build/MMB29P) AppleWebKit/537.36 (KHTML, like Gecko) Chrome/150.0.7871.128 Mobile Safari/537.36 (compatible; GoogleOther)"
216.73.217.152 - - [27/Jul/2026:02:02:34 +1200] "GET /wolfsmilk/o7u4t0c5l8a5s4s5e1d83 HTTP/1.1" 404 20 "-" "Mozilla/5.0 AppleWebKit/537.36 (KHTML, like Gecko; compatible; ClaudeBot/1.0; +claudebot@anthropic.com)"
66.249.70.33 - - [27/Jul/2026:02:02:33 +1200] "GET /?h=f9e4s0t0i4n7a2t0e7l9y4 HTTP/1.1" 200 76223 "-" "Mozilla/5.0 (Linux; Android 6.0.1; Nexus 5X Build/MMB29P) AppleWebKit/537.36 (KHTML, like Gecko) Chrome/150.0.7871.128 Mobile Safari/537.36 (compatible; Googlebot/2.1; +http://www.google.com/bot.html)"
66.249.70.38 - - [27/Jul/2026:02:02:33 +1200] "GET /?h=s3e3e3c8a8t4c1h1070 HTTP/1.1" 200 76349 "-" "Mozilla/5.0 (Linux; Android 6.0.1; Nexus 5X Build/MMB29P) AppleWebKit/537.36 (KHTML, like Gecko) Chrome/150.0.7871.128 Mobile Safari/537.36 (compatible; Googlebot/2.1; +http://www.google.com/bot.html)"
66.249.70.34 - - [27/Jul/2026:02:02:35 +1200] "GET /?unmerchantable/23046026188 HTTP/1.1" 200 75118 "-" "Mozilla/5.0 (Linux; Android 6.0.1; Nexus 5X Build/MMB29P) AppleWebKit/537.36 (KHTML, like Gecko) Chrome/150.0.7871.128 Mobile Safari/537.36 (compatible; Googlebot/2.1; +http://www.google.com/bot.html)"
216.73.217.152 - - [27/Jul/2026:02:02:37 +1200] "GET /shops/devoted/i7m4b0u5e2967680 HTTP/1.1" 404 20 "-" "Mozilla/5.0 AppleWebKit/537.36 (KHTML, like Gecko; compatible; ClaudeBot/1.0; +claudebot@anthropic.com)"
66.249.70.34 - - [27/Jul/2026:02:02:37 +1200] "GET /shops/tatouary/h5e3m3i6o0n7i9t1i3s44 HTTP/1.1" 200 76922 "-" "Mozilla/5.0 (Linux; Android 6.0.1; Nexus 5X Build/MMB29P) AppleWebKit/537.36 (KHTML, like Gecko) Chrome/150.0.7871.128 Mobile Safari/537.36 (compatible; GoogleOther)"
66.249.70.32 - - [27/Jul/2026:02:02:38 +1200] "GET /?h=c3l2a4t6t4e2r9724 HTTP/1.1" 200 76388 "-" "Mozilla/5.0 (Linux; Android 6.0.1; Nexus 5X Build/MMB29P) AppleWebKit/537.36 (KHTML, like Gecko) Chrome/150.0.7871.128 Mobile Safari/537.36 (compatible; Googlebot/2.1; +http://www.google.com/bot.html)"
216.73.217.152 - - [27/Jul/2026:02:02:40 +1200] "GET /shops/devoration/p7e2c2c9o5389537 HTTP/1.1" 404 20 "-" "Mozilla/5.0 AppleWebKit/537.36 (KHTML, like Gecko; compatible; ClaudeBot/1.0; +claudebot@anthropic.com)"
66.249.70.39 - - [27/Jul/2026:02:02:41 +1200] "GET /malleoli/untwain/4327371733 HTTP/1.1" 200 76824 "-" "Mozilla/5.0 (Linux; Android 6.0.1; Nexus 5X Build/MMB29P) AppleWebKit/537.36 (KHTML, like Gecko) Chrome/150.0.7871.128 Mobile Safari/537.36 (compatible; GoogleOther)"
216.73.217.152 - - [27/Jul/2026:02:02:43 +1200] "GET /watcher/ambassador/b7i8o7p4l8a9s0m051 HTTP/1.1" 404 20 "-" "Mozilla/5.0 AppleWebKit/537.36 (KHTML, like Gecko; compatible; ClaudeBot/1.0; +claudebot@anthropic.com)"
66.249.70.33 - - [27/Jul/2026:02:02:46 +1200] "GET /disjointed/b6r3a6y7e5d786554 HTTP/1.1" 200 74587 "-" "Mozilla/5.0 (Linux; Android 6.0.1; Nexus 5X Build/MMB29P) AppleWebKit/537.36 (KHTML, like Gecko) Chrome/150.0.7871.128 Mobile Safari/537.36 (compatible; GoogleOther)"
66.249.70.36 - - [27/Jul/2026:02:02:47 +1200] "GET /?h=j5a5n4t9i9l5y1746 HTTP/1.1" 200 76096 "-" "Mozilla/5.0 (Linux; Android 6.0.1; Nexus 5X Build/MMB29P) AppleWebKit/537.36 (KHTML, like Gecko) Chrome/150.0.7871.128 Mobile Safari/537.36 (compatible; Googlebot/2.1; +http://www.google.com/bot.html)"
216.73.217.152 - - [27/Jul/2026:02:02:50 +1200] "GET /?h=d7e1s7e4c1a8t7e1307 HTTP/1.1" 200 6851 "-" "Mozilla/5.0 AppleWebKit/537.36 (KHTML, like Gecko; compatible; ClaudeBot/1.0; +claudebot@anthropic.com)"
66.249.70.37 - - [27/Jul/2026:02:02:50 +1200] "GET /shops/perfumed/t2a2m8m9y1261854 HTTP/1.1" 200 75027 "-" "Mozilla/5.0 (Linux; Android 6.0.1; Nexus 5X Build/MMB29P) AppleWebKit/537.36 (KHTML, like Gecko) Chrome/150.0.7871.128 Mobile Safari/537.36 (compatible; GoogleOther)"
216.73.217.152 - - [27/Jul/2026:02:02:52 +1200] "GET /?h=c7a2b6a1l1630596 HTTP/1.1" 200 6851 "-" "Mozilla/5.0 AppleWebKit/537.36 (KHTML, like Gecko; compatible; ClaudeBot/1.0; +claudebot@anthropic.com)"
216.73.217.152 - - [27/Jul/2026:02:02:55 +1200] "GET /shops/cared/b7u1t7t4e6r6p7r4i2n7t9 HTTP/1.1" 404 20 "-" "Mozilla/5.0 AppleWebKit/537.36 (KHTML, like Gecko; compatible; ClaudeBot/1.0; +claudebot@anthropic.com)"
66.249.70.33 - - [27/Jul/2026:02:02:54 +1200] "GET /?h=n2o9n6i4m7i9t6a9t2i1ve HTTP/1.1" 200 76618 "-" "Mozilla/5.0 (Linux; Android 6.0.1; Nexus 5X Build/MMB29P) AppleWebKit/537.36 (KHTML, like Gecko) Chrome/150.0.7871.128 Mobile Safari/537.36 (compatible; GoogleOther)"
66.249.70.33 - - [27/Jul/2026:02:02:54 +1200] "GET /?h=u9t2i9l8i9t3y79954 HTTP/1.1" 200 76192 "-" "Mozilla/5.0 (Linux; Android 6.0.1; Nexus 5X Build/MMB29P) AppleWebKit/537.36 (KHTML, like Gecko) Chrome/150.0.7871.128 Mobile Safari/537.36 (compatible; Googlebot/2.1; +http://www.google.com/bot.html)"
216.73.217.152 - - [27/Jul/2026:02:02:58 +1200] "GET /shops/bawbling/r7e2l8i7v2e52702 HTTP/1.1" 404 20 "-" "Mozilla/5.0 AppleWebKit/537.36 (KHTML, like Gecko; compatible; ClaudeBot/1.0; +claudebot@anthropic.com)"
66.249.70.37 - - [27/Jul/2026:02:02:58 +1200] "GET /?h=b3a1s1t0e6470919 HTTP/1.1" 200 76015 "-" "Mozilla/5.0 (Linux; Android 6.0.1; Nexus 5X Build/MMB29P) AppleWebKit/537.36 (KHTML, like Gecko) Chrome/150.0.7871.128 Mobile Safari/537.36 (compatible; GoogleOther)"
223.165.64.9 - - [27/Jul/2026:02:03:03 +1200] "POST /wp-cron.php?doing_wp_cron=1785074583.7109580039978027343750 HTTP/1.1" 200 20 "-" "WordPress/6.9.4; https://importersclearance.co.nz"
216.73.217.152 - - [27/Jul/2026:02:03:02 +1200] "GET /shops/hothouse/f7u7l2c8r5u5m9s983 HTTP/1.1" 404 20 "-" "Mozilla/5.0 AppleWebKit/537.36 (KHTML, like Gecko; compatible; ClaudeBot/1.0; +claudebot@anthropic.com)"
66.249.70.37 - - [27/Jul/2026:02:03:02 +1200] "GET /review/goods/I2125090939/ HTTP/1.1" 200 76179 "-" "Mozilla/5.0 (Linux; Android 6.0.1; Nexus 5X Build/MMB29P) AppleWebKit/537.36 (KHTML, like Gecko) Chrome/150.0.7871.128 Mobile Safari/537.36 (compatible; GoogleOther)"
216.73.217.152 - - [27/Jul/2026:02:03:05 +1200] "GET /?h=w7h3a1l1e5b6o7n0e436 HTTP/1.1" 200 6851 "-" "Mozilla/5.0 AppleWebKit/537.36 (KHTML, like Gecko; compatible; ClaudeBot/1.0; +claudebot@anthropic.com)"
66.249.70.33 - - [27/Jul/2026:02:03:05 +1200] "GET /?h=a3f4t2e9r4m0e5n9t4i1o8ned HTTP/1.1" 200 74871 "-" "Mozilla/5.0 (Linux; Android 6.0.1; Nexus 5X Build/MMB29P) AppleWebKit/537.36 (KHTML, like Gecko) Chrome/150.0.7871.128 Mobile Safari/537.36 (compatible; Googlebot/2.1; +http://www.google.com/bot.html)"
216.73.217.152 - - [27/Jul/2026:02:03:08 +1200] "GET /coldhearted/p7u1r1f7i7l3e40923 HTTP/1.1" 404 20 "-" "Mozilla/5.0 AppleWebKit/537.36 (KHTML, like Gecko; compatible; ClaudeBot/1.0; +claudebot@anthropic.com)"
66.249.70.32 - - [27/Jul/2026:02:03:07 +1200] "GET /encenia/epanadiplosis/n2a2p3h7t9h5a7l8i3z4a6rin HTTP/1.1" 200 75566 "-" "Mozilla/5.0 (Linux; Android 6.0.1; Nexus 5X Build/MMB29P) AppleWebKit/537.36 (KHTML, like Gecko) Chrome/150.0.7871.128 Mobile Safari/537.36 (compatible; GoogleOther)"
216.73.217.152 - - [27/Jul/2026:02:03:11 +1200] "GET /?h=e7f1f3e2c9t2u8a9t7e1d1 HTTP/1.1" 200 6851 "-" "Mozilla/5.0 AppleWebKit/537.36 (KHTML, like Gecko; compatible; ClaudeBot/1.0; +claudebot@anthropic.com)"
66.249.70.37 - - [27/Jul/2026:02:03:11 +1200] "GET /?stogie/01631770900 HTTP/1.1" 200 80449 "-" "Mozilla/5.0 (Linux; Android 6.0.1; Nexus 5X Build/MMB29P) AppleWebKit/537.36 (KHTML, like Gecko) Chrome/150.0.7871.128 Mobile Safari/537.36 (compatible; GoogleOther)"
216.73.217.152 - - [27/Jul/2026:02:03:14 +1200] "GET /shops/moneymaking/n7a2w6a2b1018456 HTTP/1.1" 404 20 "-" "Mozilla/5.0 AppleWebKit/537.36 (KHTML, like Gecko; compatible; ClaudeBot/1.0; +claudebot@anthropic.com)"
66.249.70.37 - - [27/Jul/2026:02:03:15 +1200] "GET /videocasette/excipient/0927873443 HTTP/1.1" 200 75477 "-" "Mozilla/5.0 (Linux; Android 6.0.1; Nexus 5X Build/MMB29P) AppleWebKit/537.36 (KHTML, like Gecko) Chrome/150.0.7871.128 Mobile Safari/537.36 (compatible; GoogleOther)"
216.73.217.152 - - [27/Jul/2026:02:03:17 +1200] "GET /centifolious/f7i3e2l2d8t1e3s4t683 HTTP/1.1" 404 20 "-" "Mozilla/5.0 AppleWebKit/537.36 (KHTML, like Gecko; compatible; ClaudeBot/1.0; +claudebot@anthropic.com)"
216.73.217.152 - - [27/Jul/2026:02:03:20 +1200] "GET /shops/ethene/i7n2t0e6r7r2o7g2a9t9o9ries HTTP/1.1" 404 20 "-" "Mozilla/5.0 AppleWebKit/537.36 (KHTML, like Gecko; compatible; ClaudeBot/1.0; +claudebot@anthropic.com)"
66.249.70.38 - - [27/Jul/2026:02:03:19 +1200] "GET /?h=p8u1n1c4t9u3m48069 HTTP/1.1" 200 75733 "-" "Mozilla/5.0 (Linux; Android 6.0.1; Nexus 5X Build/MMB29P) AppleWebKit/537.36 (KHTML, like Gecko) Chrome/150.0.7871.128 Mobile Safari/537.36 (compatible; GoogleOther)"
66.249.70.32 - - [27/Jul/2026:02:03:20 +1200] "GET /racked/dictatrix/8359375463 HTTP/1.1" 200 76578 "-" "Mozilla/5.0 (Linux; Android 6.0.1; Nexus 5X Build/MMB29P) AppleWebKit/537.36 (KHTML, like Gecko) Chrome/150.0.7871.128 Mobile Safari/537.36 (compatible; Googlebot/2.1; +http://www.google.com/bot.html)"
216.73.217.152 - - [27/Jul/2026:02:03:23 +1200] "GET /shops/optimal/s7o3r3i7c4i6d7a7e250 HTTP/1.1" 404 20 "-" "Mozilla/5.0 AppleWebKit/537.36 (KHTML, like Gecko; compatible; ClaudeBot/1.0; +claudebot@anthropic.com)"
66.249.70.37 - - [27/Jul/2026:02:03:23 +1200] "GET /?h=e1x1e8r2c2i3s9i0b2l9e0 HTTP/1.1" 200 75316 "-" "Mozilla/5.0 (Linux; Android 6.0.1; Nexus 5X Build/MMB29P) AppleWebKit/537.36 (KHTML, like Gecko) Chrome/150.0.7871.128 Mobile Safari/537.36 (compatible; Googlebot/2.1; +http://www.google.com/bot.html)"
66.249.70.39 - - [27/Jul/2026:02:03:23 +1200] "GET /?h=m4o1l1g3e8080930 HTTP/1.1" 200 76908 "-" "Mozilla/5.0 (Linux; Android 6.0.1; Nexus 5X Build/MMB29P) AppleWebKit/537.36 (KHTML, like Gecko) Chrome/150.0.7871.128 Mobile Safari/537.36 (compatible; GoogleOther)"
216.73.217.152 - - [27/Jul/2026:02:03:26 +1200] "GET /shops/resorted/b7o1t8a2n2i5c1a7l0l9y3 HTTP/1.1" 404 20 "-" "Mozilla/5.0 AppleWebKit/537.36 (KHTML, like Gecko; compatible; ClaudeBot/1.0; +claudebot@anthropic.com)"
66.249.70.38 - - [27/Jul/2026:02:03:27 +1200] "GET /?h=m5i4x0a5b6l1e46598 HTTP/1.1" 200 79632 "-" "Mozilla/5.0 (Linux; Android 6.0.1; Nexus 5X Build/MMB29P) AppleWebKit/537.36 (KHTML, like Gecko) Chrome/150.0.7871.128 Mobile Safari/537.36 (compatible; GoogleOther)"
216.73.217.152 - - [27/Jul/2026:02:03:29 +1200] "GET /beaconage/duchess/71973090259 HTTP/1.1" 404 20 "-" "Mozilla/5.0 AppleWebKit/537.36 (KHTML, like Gecko; compatible; ClaudeBot/1.0; +claudebot@anthropic.com)"
216.73.217.152 - - [27/Jul/2026:02:03:32 +1200] "GET /bodian/a7t5t6r2a2p38148 HTTP/1.1" 404 20 "-" "Mozilla/5.0 AppleWebKit/537.36 (KHTML, like Gecko; compatible; ClaudeBot/1.0; +claudebot@anthropic.com)"
66.249.70.38 - - [27/Jul/2026:02:03:31 +1200] "GET /?h=e1x2c4i7p0i1e7n5t643 HTTP/1.1" 200 76746 "-" "Mozilla/5.0 (Linux; Android 6.0.1; Nexus 5X Build/MMB29P) AppleWebKit/537.36 (KHTML, like Gecko) Chrome/150.0.7871.128 Mobile Safari/537.36 (compatible; GoogleOther)"
66.249.70.37 - - [27/Jul/2026:02:03:32 +1200] "GET /?h=c1e3t0o2l7o7g8i4s3t5 HTTP/1.1" 200 75855 "-" "Mozilla/5.0 (Linux; Android 6.0.1; Nexus 5X Build/MMB29P) AppleWebKit/537.36 (KHTML, like Gecko) Chrome/150.0.7871.128 Mobile Safari/537.36 (compatible; Googlebot/2.1; +http://www.google.com/bot.html)"
216.73.217.152 - - [27/Jul/2026:02:03:35 +1200] "GET /shops/unkindliness/c7i4p0e7r0s494016 HTTP/1.1" 404 20 "-" "Mozilla/5.0 AppleWebKit/537.36 (KHTML, like Gecko; compatible; ClaudeBot/1.0; +claudebot@anthropic.com)"
66.249.70.33 - - [27/Jul/2026:02:03:35 +1200] "GET /review/goods/I783630895/ HTTP/1.1" 200 76463 "-" "Mozilla/5.0 (Linux; Android 6.0.1; Nexus 5X Build/MMB29P) AppleWebKit/537.36 (KHTML, like Gecko) Chrome/150.0.7871.128 Mobile Safari/537.36 (compatible; GoogleOther)"
216.73.217.152 - - [27/Jul/2026:02:03:38 +1200] "GET /hypermetrical/d7i1e0r8v4i3l0l6a578 HTTP/1.1" 404 20 "-" "Mozilla/5.0 AppleWebKit/537.36 (KHTML, like Gecko; compatible; ClaudeBot/1.0; +claudebot@anthropic.com)"
66.249.70.32 - - [27/Jul/2026:02:03:39 +1200] "GET /shops/crania/m0e3t3a6g5r4a2p3h6i9c1 HTTP/1.1" 200 76794 "-" "Mozilla/5.0 (Linux; Android 6.0.1; Nexus 5X Build/MMB29P) AppleWebKit/537.36 (KHTML, like Gecko) Chrome/150.0.7871.128 Mobile Safari/537.36 (compatible; GoogleOther)"
216.73.217.152 - - [27/Jul/2026:02:03:41 +1200] "GET /terry/philotechnical/c7h2a2t3t4e5r2e1d254 HTTP/1.1" 404 20 "-" "Mozilla/5.0 AppleWebKit/537.36 (KHTML, like Gecko; compatible; ClaudeBot/1.0; +claudebot@anthropic.com)"
66.249.70.33 - - [27/Jul/2026:02:03:41 +1200] "GET /?h=s1e1l5f9d0e9v1o6t3e0d8 HTTP/1.1" 200 75150 "-" "Mozilla/5.0 (Linux; Android 6.0.1; Nexus 5X Build/MMB29P) AppleWebKit/537.36 (KHTML, like Gecko) Chrome/150.0.7871.128 Mobile Safari/537.36 (compatible; Googlebot/2.1; +http://www.google.com/bot.html)"
216.73.217.152 - - [27/Jul/2026:02:03:44 +1200] "GET /shops/gravy/d7i4v2e7l0984499 HTTP/1.1" 404 20 "-" "Mozilla/5.0 AppleWebKit/537.36 (KHTML, like Gecko; compatible; ClaudeBot/1.0; +claudebot@anthropic.com)"
66.249.70.35 - - [27/Jul/2026:02:03:43 +1200] "GET /paxywaxy/m5a8r4g8i3n4e2d25 HTTP/1.1" 200 75902 "-" "Mozilla/5.0 (Linux; Android 6.0.1; Nexus 5X Build/MMB29P) AppleWebKit/537.36 (KHTML, like Gecko) Chrome/150.0.7871.128 Mobile Safari/537.36 (compatible; GoogleOther)"
66.249.70.34 - - [27/Jul/2026:02:03:45 +1200] "GET /?h=f5a3t3h3o1m9i8n8g729 HTTP/1.1" 200 78778 "-" "Mozilla/5.0 (Linux; Android 6.0.1; Nexus 5X Build/MMB29P) AppleWebKit/537.36 (KHTML, like Gecko) Chrome/150.0.7871.128 Mobile Safari/537.36 (compatible; Googlebot/2.1; +http://www.google.com/bot.html)"
216.73.217.152 - - [27/Jul/2026:02:03:47 +1200] "GET /?h=m7i2s0t8u5t9o7r3011 HTTP/1.1" 200 6851 "-" "Mozilla/5.0 AppleWebKit/537.36 (KHTML, like Gecko; compatible; ClaudeBot/1.0; +claudebot@anthropic.com)"
66.249.70.39 - - [27/Jul/2026:02:03:47 +1200] "GET /?h=e3u2c8l5a1s5e79864 HTTP/1.1" 200 77605 "-" "Mozilla/5.0 (Linux; Android 6.0.1; Nexus 5X Build/MMB29P) AppleWebKit/537.36 (KHTML, like Gecko) Chrome/150.0.7871.128 Mobile Safari/537.36 (compatible; GoogleOther)"
66.249.70.32 - - [27/Jul/2026:02:03:48 +1200] "GET /?h=s3c1o1l4d2i6n2g1l2y24 HTTP/1.1" 200 76111 "-" "Mozilla/5.0 (Linux; Android 6.0.1; Nexus 5X Build/MMB29P) AppleWebKit/537.36 (KHTML, like Gecko) Chrome/150.0.7871.128 Mobile Safari/537.36 (compatible; Googlebot/2.1; +http://www.google.com/bot.html)"
66.249.70.37 - - [27/Jul/2026:02:03:48 +1200] "GET /?h=h2o4r3s3i0n1g4540 HTTP/1.1" 200 75195 "-" "Mozilla/5.0 (Linux; Android 6.0.1; Nexus 5X Build/MMB29P) AppleWebKit/537.36 (KHTML, like Gecko) Chrome/150.0.7871.128 Mobile Safari/537.36 (compatible; Googlebot/2.1; +http://www.google.com/bot.html)"
216.73.217.152 - - [27/Jul/2026:02:03:50 +1200] "GET /intemperant/limning/72810047996 HTTP/1.1" 404 20 "-" "Mozilla/5.0 AppleWebKit/537.36 (KHTML, like Gecko; compatible; ClaudeBot/1.0; +claudebot@anthropic.com)"
66.249.70.36 - - [27/Jul/2026:02:03:51 +1200] "GET /weariest/d3i2s1a6p0p2r6o8p0r5i7ate HTTP/1.1" 200 74598 "-" "Mozilla/5.0 (Linux; Android 6.0.1; Nexus 5X Build/MMB29P) AppleWebKit/537.36 (KHTML, like Gecko) Chrome/150.0.7871.128 Mobile Safari/537.36 (compatible; GoogleOther)"
216.73.217.152 - - [27/Jul/2026:02:03:53 +1200] "GET /shops/constitutionality/c7o2n5n6o3i4s3s4e2u2r7ship HTTP/1.1" 404 20 "-" "Mozilla/5.0 AppleWebKit/537.36 (KHTML, like Gecko; compatible; ClaudeBot/1.0; +claudebot@anthropic.com)"
66.249.70.39 - - [27/Jul/2026:02:03:52 +1200] "GET /?accumbent/34284133657 HTTP/1.1" 200 75471 "-" "Mozilla/5.0 (Linux; Android 6.0.1; Nexus 5X Build/MMB29P) AppleWebKit/537.36 (KHTML, like Gecko) Chrome/150.0.7871.128 Mobile Safari/537.36 (compatible; Googlebot/2.1; +http://www.google.com/bot.html)"
66.249.70.32 - - [27/Jul/2026:02:03:53 +1200] "GET /?h=c4i1r4r4i3p7e8d9i0f7o9rmis HTTP/1.1" 200 77109 "-" "Mozilla/5.0 (Linux; Android 6.0.1; Nexus 5X Build/MMB29P) AppleWebKit/537.36 (KHTML, like Gecko) Chrome/150.0.7871.128 Mobile Safari/537.36 (compatible; Googlebot/2.1; +http://www.google.com/bot.html)"
66.249.70.36 - - [27/Jul/2026:02:03:54 +1200] "GET /atrabilarious/potatory/b4r3i2d2l8e9s51694 HTTP/1.1" 200 74554 "-" "Mozilla/5.0 (Linux; Android 6.0.1; Nexus 5X Build/MMB29P) AppleWebKit/537.36 (KHTML, like Gecko) Chrome/150.0.7871.128 Mobile Safari/537.36 (compatible; GoogleOther)"
216.73.217.152 - - [27/Jul/2026:02:03:56 +1200] "GET /shops/fummel/b7r6u1i4t2e5d2633 HTTP/1.1" 404 20 "-" "Mozilla/5.0 AppleWebKit/537.36 (KHTML, like Gecko; compatible; ClaudeBot/1.0; +claudebot@anthropic.com)"
216.73.217.152 - - [27/Jul/2026:02:03:59 +1200] "GET /cookee/foliosity/72960344975 HTTP/1.1" 404 20 "-" "Mozilla/5.0 AppleWebKit/537.36 (KHTML, like Gecko; compatible; ClaudeBot/1.0; +claudebot@anthropic.com)"
66.249.70.39 - - [27/Jul/2026:02:03:59 +1200] "GET /?h=a2b2h2o2r6r1e4n3c6y79 HTTP/1.1" 200 76258 "-" "Mozilla/5.0 (Linux; Android 6.0.1; Nexus 5X Build/MMB29P) AppleWebKit/537.36 (KHTML, like Gecko) Chrome/150.0.7871.128 Mobile Safari/537.36 (compatible; GoogleOther)"
223.165.64.9 - - [27/Jul/2026:02:04:03 +1200] "POST /wp-cron.php?doing_wp_cron=1785074643.0964779853820800781250 HTTP/1.1" 200 20 "-" "WordPress/6.9.4; https://importersclearance.co.nz"
216.73.217.152 - - [27/Jul/2026:02:04:02 +1200] "GET /shops/diorism/i7n2d2e7x2e7s22614 HTTP/1.1" 404 20 "-" "Mozilla/5.0 AppleWebKit/537.36 (KHTML, like Gecko; compatible; ClaudeBot/1.0; +claudebot@anthropic.com)"
66.249.70.32 - - [27/Jul/2026:02:04:01 +1200] "GET /?h=p1h2o0t5o5e9l3e9c0t8r8ic HTTP/1.1" 200 74968 "-" "Mozilla/5.0 (Linux; Android 6.0.1; Nexus 5X Build/MMB29P) AppleWebKit/537.36 (KHTML, like Gecko) Chrome/150.0.7871.128 Mobile Safari/537.36 (compatible; Googlebot/2.1; +http://www.google.com/bot.html)"
66.249.70.33 - - [27/Jul/2026:02:04:03 +1200] "GET /choctaws/e8s3c8r4i3p4t08902 HTTP/1.1" 200 77667 "-" "Mozilla/5.0 (Linux; Android 6.0.1; Nexus 5X Build/MMB29P) AppleWebKit/537.36 (KHTML, like Gecko) Chrome/150.0.7871.128 Mobile Safari/537.36 (compatible; GoogleOther)"
216.73.217.152 - - [27/Jul/2026:02:04:05 +1200] "GET /shops/nombril/m7e4i0b3o5m1i2a143 HTTP/1.1" 404 20 "-" "Mozilla/5.0 AppleWebKit/537.36 (KHTML, like Gecko; compatible; ClaudeBot/1.0; +claudebot@anthropic.com)"
216.73.217.152 - - [27/Jul/2026:02:04:08 +1200] "GET /shops/waggishness/t7r1e2m6b5l7e8d7467 HTTP/1.1" 404 20 "-" "Mozilla/5.0 AppleWebKit/537.36 (KHTML, like Gecko; compatible; ClaudeBot/1.0; +claudebot@anthropic.com)"
66.249.70.34 - - [27/Jul/2026:02:04:07 +1200] "GET /obsignate/licorice/o0b2s4i2g9n7a5t7e26 HTTP/1.1" 200 77054 "-" "Mozilla/5.0 (Linux; Android 6.0.1; Nexus 5X Build/MMB29P) AppleWebKit/537.36 (KHTML, like Gecko) Chrome/150.0.7871.128 Mobile Safari/537.36 (compatible; GoogleOther)"
216.73.217.152 - - [27/Jul/2026:02:04:11 +1200] "GET /shops/sheel/b7l6o3t2t7e7d0826 HTTP/1.1" 404 20 "-" "Mozilla/5.0 AppleWebKit/537.36 (KHTML, like Gecko; compatible; ClaudeBot/1.0; +claudebot@anthropic.com)"
66.249.70.34 - - [27/Jul/2026:02:04:10 +1200] "GET /?h=p1r3o8t5o0n3o5t3a1r3y8 HTTP/1.1" 200 75290 "-" "Mozilla/5.0 (Linux; Android 6.0.1; Nexus 5X Build/MMB29P) AppleWebKit/537.36 (KHTML, like Gecko) Chrome/150.0.7871.128 Mobile Safari/537.36 (compatible; Googlebot/2.1; +http://www.google.com/bot.html)"
66.249.70.38 - - [27/Jul/2026:02:04:11 +1200] "GET /shops/agathis/g5i1r8d9l1e2r9886 HTTP/1.1" 200 76416 "-" "Mozilla/5.0 (Linux; Android 6.0.1; Nexus 5X Build/MMB29P) AppleWebKit/537.36 (KHTML, like Gecko) Chrome/150.0.7871.128 Mobile Safari/537.36 (compatible; GoogleOther)"
216.73.217.152 - - [27/Jul/2026:02:04:14 +1200] "GET /engorgement/drawgear/726632732 HTTP/1.1" 404 20 "-" "Mozilla/5.0 AppleWebKit/537.36 (KHTML, like Gecko; compatible; ClaudeBot/1.0; +claudebot@anthropic.com)"
66.249.70.33 - - [27/Jul/2026:02:04:15 +1200] "GET /?h=p1u4b8e6r2a8l3357 HTTP/1.1" 200 75297 "-" "Mozilla/5.0 (Linux; Android 6.0.1; Nexus 5X Build/MMB29P) AppleWebKit/537.36 (KHTML, like Gecko) Chrome/150.0.7871.128 Mobile Safari/537.36 (compatible; GoogleOther)"
216.73.217.152 - - [27/Jul/2026:02:04:17 +1200] "GET /?h=f7o3r4e2f9e7n0d906 HTTP/1.1" 200 6851 "-" "Mozilla/5.0 AppleWebKit/537.36 (KHTML, like Gecko; compatible; ClaudeBot/1.0; +claudebot@anthropic.com)"
66.249.70.34 - - [27/Jul/2026:02:04:18 +1200] "GET /mingledly/amygdala/t8e2n4s7i3b8l2e9868 HTTP/1.1" 200 75170 "-" "Mozilla/5.0 (Linux; Android 6.0.1; Nexus 5X Build/MMB29P) AppleWebKit/537.36 (KHTML, like Gecko) Chrome/150.0.7871.128 Mobile Safari/537.36 (compatible; Googlebot/2.1; +http://www.google.com/bot.html)"
66.249.70.37 - - [27/Jul/2026:02:04:19 +1200] "GET /?h=n8a5n8d3o6w33566 HTTP/1.1" 200 76607 "-" "Mozilla/5.0 (Linux; Android 6.0.1; Nexus 5X Build/MMB29P) AppleWebKit/537.36 (KHTML, like Gecko) Chrome/150.0.7871.128 Mobile Safari/537.36 (compatible; GoogleOther)"
66.249.70.34 - - [27/Jul/2026:02:04:21 +1200] "GET /?h=r3a5t7t3l9i9n3g404 HTTP/1.1" 200 76100 "-" "Mozilla/5.0 (Linux; Android 6.0.1; Nexus 5X Build/MMB29P) AppleWebKit/537.36 (KHTML, like Gecko) Chrome/150.0.7871.128 Mobile Safari/537.36 (compatible; Googlebot/2.1; +http://www.google.com/bot.html)"
216.73.217.152 - - [27/Jul/2026:02:04:23 +1200] "GET /shops/qualm/s7h6a9f2t7i7n1g744 HTTP/1.1" 404 20 "-" "Mozilla/5.0 AppleWebKit/537.36 (KHTML, like Gecko; compatible; ClaudeBot/1.0; +claudebot@anthropic.com)"
66.249.70.33 - - [27/Jul/2026:02:04:23 +1200] "GET /?h=a6p3p6l1i1a4b5l1e946 HTTP/1.1" 200 76559 "-" "Mozilla/5.0 (Linux; Android 6.0.1; Nexus 5X Build/MMB29P) AppleWebKit/537.36 (KHTML, like Gecko) Chrome/150.0.7871.128 Mobile Safari/537.36 (compatible; GoogleOther)"
216.73.217.152 - - [27/Jul/2026:02:04:25 +1200] "GET /shops/cuppa/b7a1r3t8e8n7d8e2r340 HTTP/1.1" 404 20 "-" "Mozilla/5.0 AppleWebKit/537.36 (KHTML, like Gecko; compatible; ClaudeBot/1.0; +claudebot@anthropic.com)"
66.249.70.37 - - [27/Jul/2026:02:04:26 +1200] "GET /?h=s7w2i1l4l6i2n8g871 HTTP/1.1" 200 76122 "-" "Mozilla/5.0 (Linux; Android 6.0.1; Nexus 5X Build/MMB29P) AppleWebKit/537.36 (KHTML, like Gecko) Chrome/150.0.7871.128 Mobile Safari/537.36 (compatible; Googlebot/2.1; +http://www.google.com/bot.html)"
66.249.70.39 - - [27/Jul/2026:02:04:27 +1200] "GET /reflexion/f2r4u0c3t4e5d61738 HTTP/1.1" 200 77692 "-" "Mozilla/5.0 (Linux; Android 6.0.1; Nexus 5X Build/MMB29P) AppleWebKit/537.36 (KHTML, like Gecko) Chrome/150.0.7871.128 Mobile Safari/537.36 (compatible; GoogleOther)"
216.73.217.152 - - [27/Jul/2026:02:04:28 +1200] "GET /shops/paulownia/f7i4n2a0n2c8e0d8113 HTTP/1.1" 404 20 "-" "Mozilla/5.0 AppleWebKit/537.36 (KHTML, like Gecko; compatible; ClaudeBot/1.0; +claudebot@anthropic.com)"
216.73.217.152 - - [27/Jul/2026:02:04:31 +1200] "GET /?h=d7i1s9s2e1r1v4i2c1e8a2bly HTTP/1.1" 200 6851 "-" "Mozilla/5.0 AppleWebKit/537.36 (KHTML, like Gecko; compatible; ClaudeBot/1.0; +claudebot@anthropic.com)"
66.249.70.37 - - [27/Jul/2026:02:04:31 +1200] "GET /?metergram/33797243782 HTTP/1.1" 200 74680 "-" "Mozilla/5.0 (Linux; Android 6.0.1; Nexus 5X Build/MMB29P) AppleWebKit/537.36 (KHTML, like Gecko) Chrome/150.0.7871.128 Mobile Safari/537.36 (compatible; Googlebot/2.1; +http://www.google.com/bot.html)"
66.249.70.34 - - [27/Jul/2026:02:04:31 +1200] "GET /review/goods/I3282850172/ HTTP/1.1" 200 76363 "-" "Mozilla/5.0 (Linux; Android 6.0.1; Nexus 5X Build/MMB29P) AppleWebKit/537.36 (KHTML, like Gecko) Chrome/150.0.7871.128 Mobile Safari/537.36 (compatible; GoogleOther)"
216.73.217.152 - - [27/Jul/2026:02:04:34 +1200] "GET /?h=s7i1m4p3l2e2s2s4e681 HTTP/1.1" 200 6851 "-" "Mozilla/5.0 AppleWebKit/537.36 (KHTML, like Gecko; compatible; ClaudeBot/1.0; +claudebot@anthropic.com)"
66.249.70.34 - - [27/Jul/2026:02:04:35 +1200] "GET /stellar/embryonary/51740481479 HTTP/1.1" 200 75414 "-" "Mozilla/5.0 (Linux; Android 6.0.1; Nexus 5X Build/MMB29P) AppleWebKit/537.36 (KHTML, like Gecko) Chrome/150.0.7871.128 Mobile Safari/537.36 (compatible; GoogleOther)"
216.73.217.152 - - [27/Jul/2026:02:04:37 +1200] "GET /?h=d7e1a1d0b4o1r2n1996 HTTP/1.1" 200 6851 "-" "Mozilla/5.0 AppleWebKit/537.36 (KHTML, like Gecko; compatible; ClaudeBot/1.0; +claudebot@anthropic.com)"
66.249.70.37 - - [27/Jul/2026:02:04:39 +1200] "GET /shops/expeditely/f6e3r6u7l3e2d69591 HTTP/1.1" 200 75919 "-" "Mozilla/5.0 (Linux; Android 6.0.1; Nexus 5X Build/MMB29P) AppleWebKit/537.36 (KHTML, like Gecko) Chrome/150.0.7871.128 Mobile Safari/537.36 (compatible; GoogleOther)"
66.249.70.39 - - [27/Jul/2026:02:04:39 +1200] "GET /?h=p1e2n5t8e5c5o7s8t2y96 HTTP/1.1" 200 75086 "-" "Mozilla/5.0 (Linux; Android 6.0.1; Nexus 5X Build/MMB29P) AppleWebKit/537.36 (KHTML, like Gecko) Chrome/150.0.7871.128 Mobile Safari/537.36 (compatible; Googlebot/2.1; +http://www.google.com/bot.html)"
216.73.217.152 - - [27/Jul/2026:02:04:42 +1200] "GET /?h=t7r2a4m5p3i2n0g5604 HTTP/1.1" 200 6851 "-" "Mozilla/5.0 AppleWebKit/537.36 (KHTML, like Gecko; compatible; ClaudeBot/1.0; +claudebot@anthropic.com)"
216.73.217.152 - - [27/Jul/2026:02:04:44 +1200] "GET /shops/muckrake/p7r9o1t7o1p2l2a0s1m0 HTTP/1.1" 404 20 "-" "Mozilla/5.0 AppleWebKit/537.36 (KHTML, like Gecko; compatible; ClaudeBot/1.0; +claudebot@anthropic.com)"
66.249.70.39 - - [27/Jul/2026:02:04:43 +1200] "GET /iambus/tombing/h3a7m8l0e7t7e9d920 HTTP/1.1" 200 76787 "-" "Mozilla/5.0 (Linux; Android 6.0.1; Nexus 5X Build/MMB29P) AppleWebKit/537.36 (KHTML, like Gecko) Chrome/150.0.7871.128 Mobile Safari/537.36 (compatible; GoogleOther)"
216.73.217.152 - - [27/Jul/2026:02:04:47 +1200] "GET /nappy/bilaciniate/g7e2m4m6a5t0i8o8n045 HTTP/1.1" 404 20 "-" "Mozilla/5.0 AppleWebKit/537.36 (KHTML, like Gecko; compatible; ClaudeBot/1.0; +claudebot@anthropic.com)"
66.249.70.32 - - [27/Jul/2026:02:04:47 +1200] "GET /casava/epicondylar/g3r1e2e8n8441613 HTTP/1.1" 200 76737 "-" "Mozilla/5.0 (Linux; Android 6.0.1; Nexus 5X Build/MMB29P) AppleWebKit/537.36 (KHTML, like Gecko) Chrome/150.0.7871.128 Mobile Safari/537.36 (compatible; GoogleOther)"
66.249.70.34 - - [27/Jul/2026:02:04:47 +1200] "GET /review/goods/I2122228675/ HTTP/1.1" 200 78252 "-" "Mozilla/5.0 (Linux; Android 6.0.1; Nexus 5X Build/MMB29P) AppleWebKit/537.36 (KHTML, like Gecko) Chrome/150.0.7871.128 Mobile Safari/537.36 (compatible; Googlebot/2.1; +http://www.google.com/bot.html)"
66.249.70.34 - - [27/Jul/2026:02:04:48 +1200] "GET /?h=m1y1r6i7o2p0h2y9l5l9o1us HTTP/1.1" 200 75448 "-" "Mozilla/5.0 (Linux; Android 6.0.1; Nexus 5X Build/MMB29P) AppleWebKit/537.36 (KHTML, like Gecko) Chrome/150.0.7871.128 Mobile Safari/537.36 (compatible; Googlebot/2.1; +http://www.google.com/bot.html)"
216.73.217.152 - - [27/Jul/2026:02:04:50 +1200] "GET /belleslettres/cheerful/73831144331 HTTP/1.1" 404 20 "-" "Mozilla/5.0 AppleWebKit/537.36 (KHTML, like Gecko; compatible; ClaudeBot/1.0; +claudebot@anthropic.com)"
66.249.70.34 - - [27/Jul/2026:02:04:50 +1200] "GET /?h=k2i5n1e0m1a8t6i6c8s1 HTTP/1.1" 200 75486 "-" "Mozilla/5.0 (Linux; Android 6.0.1; Nexus 5X Build/MMB29P) AppleWebKit/537.36 (KHTML, like Gecko) Chrome/150.0.7871.128 Mobile Safari/537.36 (compatible; GoogleOther)"
216.73.217.152 - - [27/Jul/2026:02:04:53 +1200] "GET /shops/minutiae/a7r2a5u2c1a8r7i1a909 HTTP/1.1" 404 20 "-" "Mozilla/5.0 AppleWebKit/537.36 (KHTML, like Gecko; compatible; ClaudeBot/1.0; +claudebot@anthropic.com)"
66.249.70.38 - - [27/Jul/2026:02:04:55 +1200] "GET /?h=r3e1s9e8a8t067164 HTTP/1.1" 200 75592 "-" "Mozilla/5.0 (Linux; Android 6.0.1; Nexus 5X Build/MMB29P) AppleWebKit/537.36 (KHTML, like Gecko) Chrome/150.0.7871.128 Mobile Safari/537.36 (compatible; GoogleOther)"
66.249.70.38 - - [27/Jul/2026:02:04:56 +1200] "GET /?h=m1i2n6u2t1e4d49842 HTTP/1.1" 200 75099 "-" "Mozilla/5.0 (Linux; Android 6.0.1; Nexus 5X Build/MMB29P) AppleWebKit/537.36 (KHTML, like Gecko) Chrome/150.0.7871.128 Mobile Safari/537.36 (compatible; Googlebot/2.1; +http://www.google.com/bot.html)"
216.73.217.152 - - [27/Jul/2026:02:04:58 +1200] "GET /shops/windfanner/d7e2p9r3e1c7i1a3t6o4r2 HTTP/1.1" 404 20 "-" "Mozilla/5.0 AppleWebKit/537.36 (KHTML, like Gecko; compatible; ClaudeBot/1.0; +claudebot@anthropic.com)"
66.249.70.38 - - [27/Jul/2026:02:04:58 +1200] "GET /shops/brainlessness/s7p4o4r4t6i6n9g8l8y1 HTTP/1.1" 200 79457 "-" "Mozilla/5.0 (Linux; Android 6.0.1; Nexus 5X Build/MMB29P) AppleWebKit/537.36 (KHTML, like Gecko) Chrome/150.0.7871.128 Mobile Safari/537.36 (compatible; GoogleOther)"
216.73.217.152 - - [27/Jul/2026:02:05:00 +1200] "GET /?h=s7a1c6r6a1m4e5n2t2a9l HTTP/1.1" 200 6851 "-" "Mozilla/5.0 AppleWebKit/537.36 (KHTML, like Gecko; compatible; ClaudeBot/1.0; +claudebot@anthropic.com)"
66.249.70.37 - - [27/Jul/2026:02:05:01 +1200] "GET /?h=r3e1t0i3c6u3l5e1700 HTTP/1.1" 200 75884 "-" "Mozilla/5.0 (Linux; Android 6.0.1; Nexus 5X Build/MMB29P) AppleWebKit/537.36 (KHTML, like Gecko) Chrome/150.0.7871.128 Mobile Safari/537.36 (compatible; Googlebot/2.1; +http://www.google.com/bot.html)"
223.165.64.9 - - [27/Jul/2026:02:05:04 +1200] "POST /wp-cron.php?doing_wp_cron=1785074704.7265028953552246093750 HTTP/1.1" 200 20 "-" "WordPress/6.9.4; https://importersclearance.co.nz"
216.73.217.152 - - [27/Jul/2026:02:05:03 +1200] "GET /?h=t7o2p4r6o9p4e45674 HTTP/1.1" 200 6851 "-" "Mozilla/5.0 AppleWebKit/537.36 (KHTML, like Gecko; compatible; ClaudeBot/1.0; +claudebot@anthropic.com)"
66.249.70.33 - - [27/Jul/2026:02:05:02 +1200] "GET /?h=c3u3s8p3a7t6e8708 HTTP/1.1" 200 74869 "-" "Mozilla/5.0 (Linux; Android 6.0.1; Nexus 5X Build/MMB29P) AppleWebKit/537.36 (KHTML, like Gecko) Chrome/150.0.7871.128 Mobile Safari/537.36 (compatible; GoogleOther)"
66.249.70.34 - - [27/Jul/2026:02:05:06 +1200] "GET /?h=d3i1s0t3r5u4s6t7i9n7g5 HTTP/1.1" 200 75374 "-" "Mozilla/5.0 (Linux; Android 6.0.1; Nexus 5X Build/MMB29P) AppleWebKit/537.36 (KHTML, like Gecko) Chrome/150.0.7871.128 Mobile Safari/537.36 (compatible; GoogleOther)"
216.73.217.152 - - [27/Jul/2026:02:05:08 +1200] "GET /shops/sopor/g7e2n3e8r1a0l6i3z8e37 HTTP/1.1" 404 20 "-" "Mozilla/5.0 AppleWebKit/537.36 (KHTML, like Gecko; compatible; ClaudeBot/1.0; +claudebot@anthropic.com)"
66.249.70.34 - - [27/Jul/2026:02:05:10 +1200] "GET /cooking/c9o5s9m1o8t3h1e3i1s6m HTTP/1.1" 200 75904 "-" "Mozilla/5.0 (Linux; Android 6.0.1; Nexus 5X Build/MMB29P) AppleWebKit/537.36 (KHTML, like Gecko) Chrome/150.0.7871.128 Mobile Safari/537.36 (compatible; GoogleOther)"
66.249.70.34 - - [27/Jul/2026:02:05:10 +1200] "GET /?h=c3o1n3t4r8a5c2t1e3d9n4ess HTTP/1.1" 200 76590 "-" "Mozilla/5.0 (Linux; Android 6.0.1; Nexus 5X Build/MMB29P) AppleWebKit/537.36 (KHTML, like Gecko) Chrome/150.0.7871.128 Mobile Safari/537.36 (compatible; Googlebot/2.1; +http://www.google.com/bot.html)"
216.73.217.152 - - [27/Jul/2026:02:05:14 +1200] "GET /?h=a7s3t9e8r7s09139 HTTP/1.1" 200 6851 "-" "Mozilla/5.0 AppleWebKit/537.36 (KHTML, like Gecko; compatible; ClaudeBot/1.0; +claudebot@anthropic.com)"
66.249.70.38 - - [27/Jul/2026:02:05:14 +1200] "GET /review/goods/I431254182/ HTTP/1.1" 200 75408 "-" "Mozilla/5.0 (Linux; Android 6.0.1; Nexus 5X Build/MMB29P) AppleWebKit/537.36 (KHTML, like Gecko) Chrome/150.0.7871.128 Mobile Safari/537.36 (compatible; GoogleOther)"
66.249.70.38 - - [27/Jul/2026:02:05:16 +1200] "GET /?h=v5a2p6o7r2i2s7h3387 HTTP/1.1" 200 74579 "-" "Mozilla/5.0 (Linux; Android 6.0.1; Nexus 5X Build/MMB29P) AppleWebKit/537.36 (KHTML, like Gecko) Chrome/150.0.7871.128 Mobile Safari/537.36 (compatible; Googlebot/2.1; +http://www.google.com/bot.html)"
216.73.217.152 - - [27/Jul/2026:02:05:17 +1200] "GET /?h=c7l2u0s1t4e8r82524 HTTP/1.1" 200 6851 "-" "Mozilla/5.0 AppleWebKit/537.36 (KHTML, like Gecko; compatible; ClaudeBot/1.0; +claudebot@anthropic.com)"
66.249.70.39 - - [27/Jul/2026:02:05:18 +1200] "GET /hotfoot/futtock/4642367197 HTTP/1.1" 200 75734 "-" "Mozilla/5.0 (Linux; Android 6.0.1; Nexus 5X Build/MMB29P) AppleWebKit/537.36 (KHTML, like Gecko) Chrome/150.0.7871.128 Mobile Safari/537.36 (compatible; GoogleOther)"
216.73.217.152 - - [27/Jul/2026:02:05:20 +1200] "GET /minuet/p7t1e4r1o2m6y8s308 HTTP/1.1" 404 20 "-" "Mozilla/5.0 AppleWebKit/537.36 (KHTML, like Gecko; compatible; ClaudeBot/1.0; +claudebot@anthropic.com)"
66.249.70.32 - - [27/Jul/2026:02:05:19 +1200] "GET /?versatileness/33032030837 HTTP/1.1" 200 74576 "-" "Mozilla/5.0 (Linux; Android 6.0.1; Nexus 5X Build/MMB29P) AppleWebKit/537.36 (KHTML, like Gecko) Chrome/150.0.7871.128 Mobile Safari/537.36 (compatible; Googlebot/2.1; +http://www.google.com/bot.html)"
66.249.70.39 - - [27/Jul/2026:02:05:20 +1200] "GET /?h=b9r1u0c2i4n3e30115 HTTP/1.1" 200 74106 "-" "Mozilla/5.0 (Linux; Android 6.0.1; Nexus 5X Build/MMB29P) AppleWebKit/537.36 (KHTML, like Gecko) Chrome/150.0.7871.128 Mobile Safari/537.36 (compatible; Googlebot/2.1; +http://www.google.com/bot.html)"
66.249.70.38 - - [27/Jul/2026:02:05:21 +1200] "GET /?h=j9u1n7c8o8031898 HTTP/1.1" 200 75812 "-" "Mozilla/5.0 (Linux; Android 6.0.1; Nexus 5X Build/MMB29P) AppleWebKit/537.36 (KHTML, like Gecko) Chrome/150.0.7871.128 Mobile Safari/537.36 (compatible; GoogleOther)"
216.73.217.152 - - [27/Jul/2026:02:05:23 +1200] "GET /shops/sorrier/l7e1l7a4n8d0i4i9917 HTTP/1.1" 404 20 "-" "Mozilla/5.0 AppleWebKit/537.36 (KHTML, like Gecko; compatible; ClaudeBot/1.0; +claudebot@anthropic.com)"
66.249.70.38 - - [27/Jul/2026:02:05:23 +1200] "GET /?h=t4r1a2n0s5e932260 HTTP/1.1" 200 74968 "-" "Mozilla/5.0 (Linux; Android 6.0.1; Nexus 5X Build/MMB29P) AppleWebKit/537.36 (KHTML, like Gecko) Chrome/150.0.7871.128 Mobile Safari/537.36 (compatible; Googlebot/2.1; +http://www.google.com/bot.html)"
66.249.70.39 - - [27/Jul/2026:02:05:25 +1200] "GET /?h=f8r4e1n5z3i8e7d3875 HTTP/1.1" 200 76211 "-" "Mozilla/5.0 (Linux; Android 6.0.1; Nexus 5X Build/MMB29P) AppleWebKit/537.36 (KHTML, like Gecko) Chrome/150.0.7871.128 Mobile Safari/537.36 (compatible; GoogleOther)"
216.73.217.152 - - [27/Jul/2026:02:05:27 +1200] "GET /shops/snast/b7u2t6c4h1e7r0s1239 HTTP/1.1" 404 20 "-" "Mozilla/5.0 AppleWebKit/537.36 (KHTML, like Gecko; compatible; ClaudeBot/1.0; +claudebot@anthropic.com)"
216.73.217.152 - - [27/Jul/2026:02:05:29 +1200] "GET /?h=p7i3l4w6e0140784 HTTP/1.1" 200 6851 "-" "Mozilla/5.0 AppleWebKit/537.36 (KHTML, like Gecko; compatible; ClaudeBot/1.0; +claudebot@anthropic.com)"
66.249.70.34 - - [27/Jul/2026:02:05:29 +1200] "GET /shops/enduing/g5e3n5e0v9a8n6i1s8m75 HTTP/1.1" 200 76557 "-" "Mozilla/5.0 (Linux; Android 6.0.1; Nexus 5X Build/MMB29P) AppleWebKit/537.36 (KHTML, like Gecko) Chrome/150.0.7871.128 Mobile Safari/537.36 (compatible; GoogleOther)"
216.73.217.152 - - [27/Jul/2026:02:05:32 +1200] "GET /shops/woolgrower/p7u4g1n2a4x229449 HTTP/1.1" 404 20 "-" "Mozilla/5.0 AppleWebKit/537.36 (KHTML, like Gecko; compatible; ClaudeBot/1.0; +claudebot@anthropic.com)"
66.249.70.38 - - [27/Jul/2026:02:05:32 +1200] "GET /?veterinarian/11752675409 HTTP/1.1" 200 74665 "-" "Mozilla/5.0 (Linux; Android 6.0.1; Nexus 5X Build/MMB29P) AppleWebKit/537.36 (KHTML, like Gecko) Chrome/150.0.7871.128 Mobile Safari/537.36 (compatible; Googlebot/2.1; +http://www.google.com/bot.html)"
66.249.70.39 - - [27/Jul/2026:02:05:32 +1200] "GET /?h=p4r4e2t2o4r5i4a8n8s59 HTTP/1.1" 200 75982 "-" "Mozilla/5.0 (Linux; Android 6.0.1; Nexus 5X Build/MMB29P) AppleWebKit/537.36 (KHTML, like Gecko) Chrome/150.0.7871.128 Mobile Safari/537.36 (compatible; GoogleOther)"
216.73.217.152 - - [27/Jul/2026:02:05:35 +1200] "GET /?h=c7o2o1k0e6e097605 HTTP/1.1" 200 6851 "-" "Mozilla/5.0 AppleWebKit/537.36 (KHTML, like Gecko; compatible; ClaudeBot/1.0; +claudebot@anthropic.com)"
66.249.70.39 - - [27/Jul/2026:02:05:36 +1200] "GET /?h=r6u9b6a8i002286 HTTP/1.1" 200 75719 "-" "Mozilla/5.0 (Linux; Android 6.0.1; Nexus 5X Build/MMB29P) AppleWebKit/537.36 (KHTML, like Gecko) Chrome/150.0.7871.128 Mobile Safari/537.36 (compatible; GoogleOther)"
223.165.64.9 - - [27/Jul/2026:02:05:39 +1200] "POST /wp-cron.php?doing_wp_cron=1785074739.5559179782867431640625 HTTP/1.1" 200 20 "-" "WordPress/6.9.4; https://importersclearance.co.nz"
216.73.217.152 - - [27/Jul/2026:02:05:38 +1200] "GET /?h=a7n1s5a4t3a895334 HTTP/1.1" 200 6851 "-" "Mozilla/5.0 AppleWebKit/537.36 (KHTML, like Gecko; compatible; ClaudeBot/1.0; +claudebot@anthropic.com)"
66.249.70.34 - - [27/Jul/2026:02:05:40 +1200] "GET /?h=a0r7r3e3a9r6a6g2e04 HTTP/1.1" 200 76064 "-" "Mozilla/5.0 (Linux; Android 6.0.1; Nexus 5X Build/MMB29P) AppleWebKit/537.36 (KHTML, like Gecko) Chrome/150.0.7871.128 Mobile Safari/537.36 (compatible; GoogleOther)"
216.73.217.152 - - [27/Jul/2026:02:05:41 +1200] "GET /?h=u7m3b5r5a8e486966 HTTP/1.1" 200 6851 "-" "Mozilla/5.0 AppleWebKit/537.36 (KHTML, like Gecko; compatible; ClaudeBot/1.0; +claudebot@anthropic.com)"
216.73.217.152 - - [27/Jul/2026:02:05:44 +1200] "GET /shops/altivolans/d7e1s8p3o6t6i3c806 HTTP/1.1" 404 20 "-" "Mozilla/5.0 AppleWebKit/537.36 (KHTML, like Gecko; compatible; ClaudeBot/1.0; +claudebot@anthropic.com)"
66.249.70.36 - - [27/Jul/2026:02:05:44 +1200] "GET /ableminded/o3v2e6r5e8n0t8h7u2s1i2astically HTTP/1.1" 200 75476 "-" "Mozilla/5.0 (Linux; Android 6.0.1; Nexus 5X Build/MMB29P) AppleWebKit/537.36 (KHTML, like Gecko) Chrome/150.0.7871.128 Mobile Safari/537.36 (compatible; GoogleOther)"
66.249.70.32 - - [27/Jul/2026:02:05:45 +1200] "GET /?h=d4e3t4a3c9h8m1e3n5t58 HTTP/1.1" 200 76402 "-" "Mozilla/5.0 (Linux; Android 6.0.1; Nexus 5X Build/MMB29P) AppleWebKit/537.36 (KHTML, like Gecko) Chrome/150.0.7871.128 Mobile Safari/537.36 (compatible; Googlebot/2.1; +http://www.google.com/bot.html)"
216.73.217.152 - - [27/Jul/2026:02:05:47 +1200] "GET /?h=b7o6n0e3a9c1h2e282 HTTP/1.1" 200 6851 "-" "Mozilla/5.0 AppleWebKit/537.36 (KHTML, like Gecko; compatible; ClaudeBot/1.0; +claudebot@anthropic.com)"
66.249.70.36 - - [27/Jul/2026:02:05:47 +1200] "GET /flocci/presidio/i8n3i6a7l62011 HTTP/1.1" 200 76242 "-" "Mozilla/5.0 (Linux; Android 6.0.1; Nexus 5X Build/MMB29P) AppleWebKit/537.36 (KHTML, like Gecko) Chrome/150.0.7871.128 Mobile Safari/537.36 (compatible; GoogleOther)"
216.73.217.152 - - [27/Jul/2026:02:05:50 +1200] "GET /?h=n7i4g2r6i9p2e1s4591 HTTP/1.1" 200 6851 "-" "Mozilla/5.0 AppleWebKit/537.36 (KHTML, like Gecko; compatible; ClaudeBot/1.0; +claudebot@anthropic.com)"
66.249.70.37 - - [27/Jul/2026:02:05:51 +1200] "GET /oscan/anchorperson/92471551745 HTTP/1.1" 200 75510 "-" "Mozilla/5.0 (Linux; Android 6.0.1; Nexus 5X Build/MMB29P) AppleWebKit/537.36 (KHTML, like Gecko) Chrome/150.0.7871.128 Mobile Safari/537.36 (compatible; GoogleOther)"
216.73.217.152 - - [27/Jul/2026:02:05:53 +1200] "GET /?h=t7h2r9e8a2p2i3n0g934 HTTP/1.1" 200 6851 "-" "Mozilla/5.0 AppleWebKit/537.36 (KHTML, like Gecko; compatible; ClaudeBot/1.0; +claudebot@anthropic.com)"
66.249.70.37 - - [27/Jul/2026:02:05:54 +1200] "GET /?h=p2h7o9t7o1t6h7e7r3a7peutic HTTP/1.1" 200 74920 "-" "Mozilla/5.0 (Linux; Android 6.0.1; Nexus 5X Build/MMB29P) AppleWebKit/537.36 (KHTML, like Gecko) Chrome/150.0.7871.128 Mobile Safari/537.36 (compatible; GoogleOther)"
216.73.217.152 - - [27/Jul/2026:02:05:56 +1200] "GET /?h=a7m2b6r3e4i5c24730 HTTP/1.1" 200 6851 "-" "Mozilla/5.0 AppleWebKit/537.36 (KHTML, like Gecko; compatible; ClaudeBot/1.0; +claudebot@anthropic.com)"
216.73.217.152 - - [27/Jul/2026:02:05:59 +1200] "GET /?h=c7a3u1d6e0x6e7s1951 HTTP/1.1" 200 6851 "-" "Mozilla/5.0 AppleWebKit/537.36 (KHTML, like Gecko; compatible; ClaudeBot/1.0; +claudebot@anthropic.com)"
66.249.70.32 - - [27/Jul/2026:02:05:58 +1200] "GET /?h=p5r3e4g8l6a6c0i7a7l88 HTTP/1.1" 200 75264 "-" "Mozilla/5.0 (Linux; Android 6.0.1; Nexus 5X Build/MMB29P) AppleWebKit/537.36 (KHTML, like Gecko) Chrome/150.0.7871.128 Mobile Safari/537.36 (compatible; GoogleOther)"
223.165.64.9 - - [27/Jul/2026:02:06:03 +1200] "POST /wp-cron.php?doing_wp_cron=1785074763.8434131145477294921875 HTTP/1.1" 200 20 "-" "WordPress/6.9.4; https://importersclearance.co.nz"
216.73.217.152 - - [27/Jul/2026:02:06:02 +1200] "GET /resinoelectric/c7u1l8p3e500283 HTTP/1.1" 404 20 "-" "Mozilla/5.0 AppleWebKit/537.36 (KHTML, like Gecko; compatible; ClaudeBot/1.0; +claudebot@anthropic.com)"
66.249.70.32 - - [27/Jul/2026:02:06:01 +1200] "GET /?h=a3h6e2a7d565330 HTTP/1.1" 200 76568 "-" "Mozilla/5.0 (Linux; Android 6.0.1; Nexus 5X Build/MMB29P) AppleWebKit/537.36 (KHTML, like Gecko) Chrome/150.0.7871.128 Mobile Safari/537.36 (compatible; Googlebot/2.1; +http://www.google.com/bot.html)"
66.249.70.37 - - [27/Jul/2026:02:06:02 +1200] "GET /review/goods/I129059161 HTTP/1.1" 200 75130 "-" "Mozilla/5.0 (Linux; Android 6.0.1; Nexus 5X Build/MMB29P) AppleWebKit/537.36 (KHTML, like Gecko) Chrome/150.0.7871.128 Mobile Safari/537.36 (compatible; GoogleOther)"
66.249.70.34 - - [27/Jul/2026:02:06:06 +1200] "GET /?h=c9r1e5s3s0e3s79019 HTTP/1.1" 200 74686 "-" "Mozilla/5.0 (Linux; Android 6.0.1; Nexus 5X Build/MMB29P) AppleWebKit/537.36 (KHTML, like Gecko) Chrome/150.0.7871.128 Mobile Safari/537.36 (compatible; GoogleOther)"
216.73.217.152 - - [27/Jul/2026:02:06:09 +1200] "GET /?h=s7u1b4c3o1n0f1o2r5m8a2ble HTTP/1.1" 200 6851 "-" "Mozilla/5.0 AppleWebKit/537.36 (KHTML, like Gecko; compatible; ClaudeBot/1.0; +claudebot@anthropic.com)"
66.249.70.38 - - [27/Jul/2026:02:06:10 +1200] "GET /?h=p0u3r6p2o2s1e4s3536 HTTP/1.1" 200 75430 "-" "Mozilla/5.0 (Linux; Android 6.0.1; Nexus 5X Build/MMB29P) AppleWebKit/537.36 (KHTML, like Gecko) Chrome/150.0.7871.128 Mobile Safari/537.36 (compatible; GoogleOther)"
216.73.217.152 - - [27/Jul/2026:02:06:12 +1200] "GET /?h=e7n2r7i1c5h6e3d8029 HTTP/1.1" 200 6851 "-" "Mozilla/5.0 AppleWebKit/537.36 (KHTML, like Gecko; compatible; ClaudeBot/1.0; +claudebot@anthropic.com)"
216.73.217.152 - - [27/Jul/2026:02:06:15 +1200] "GET /shops/frontrunner/i7l3l6u0m1i1n3a4t7i7ng HTTP/1.1" 404 20 "-" "Mozilla/5.0 AppleWebKit/537.36 (KHTML, like Gecko; compatible; ClaudeBot/1.0; +claudebot@anthropic.com)"
66.249.70.37 - - [27/Jul/2026:02:06:14 +1200] "GET /?h=b8r1e1v8e8t3t9e3d395 HTTP/1.1" 200 77662 "-" "Mozilla/5.0 (Linux; Android 6.0.1; Nexus 5X Build/MMB29P) AppleWebKit/537.36 (KHTML, like Gecko) Chrome/150.0.7871.128 Mobile Safari/537.36 (compatible; GoogleOther)"
216.73.217.152 - - [27/Jul/2026:02:06:18 +1200] "GET /?h=f7r3e2e5b4o5o4t0y62 HTTP/1.1" 200 6851 "-" "Mozilla/5.0 AppleWebKit/537.36 (KHTML, like Gecko; compatible; ClaudeBot/1.0; +claudebot@anthropic.com)"
66.249.70.38 - - [27/Jul/2026:02:06:17 +1200] "GET /review/goods/I2155778545 HTTP/1.1" 200 75766 "-" "Mozilla/5.0 (Linux; Android 6.0.1; Nexus 5X Build/MMB29P) AppleWebKit/537.36 (KHTML, like Gecko) Chrome/150.0.7871.128 Mobile Safari/537.36 (compatible; Googlebot/2.1; +http://www.google.com/bot.html)"
66.249.70.38 - - [27/Jul/2026:02:06:19 +1200] "GET /?h=s0t1a6r3w4o1r1t0528 HTTP/1.1" 200 77090 "-" "Mozilla/5.0 (Linux; Android 6.0.1; Nexus 5X Build/MMB29P) AppleWebKit/537.36 (KHTML, like Gecko) Chrome/150.0.7871.128 Mobile Safari/537.36 (compatible; GoogleOther)"
216.73.217.152 - - [27/Jul/2026:02:06:21 +1200] "GET /?h=u7n1h2e5a2l7t9h2987 HTTP/1.1" 200 6851 "-" "Mozilla/5.0 AppleWebKit/537.36 (KHTML, like Gecko; compatible; ClaudeBot/1.0; +claudebot@anthropic.com)"
66.249.70.38 - - [27/Jul/2026:02:06:22 +1200] "GET /shops/incivil/f0i4e8l6d1t3e8s1t26 HTTP/1.1" 200 76329 "-" "Mozilla/5.0 (Linux; Android 6.0.1; Nexus 5X Build/MMB29P) AppleWebKit/537.36 (KHTML, like Gecko) Chrome/150.0.7871.128 Mobile Safari/537.36 (compatible; GoogleOther)"
216.73.217.152 - - [27/Jul/2026:02:06:24 +1200] "GET /?h=c7a5r7i0n8a1t0u2s92 HTTP/1.1" 200 6851 "-" "Mozilla/5.0 AppleWebKit/537.36 (KHTML, like Gecko; compatible; ClaudeBot/1.0; +claudebot@anthropic.com)"
66.249.70.37 - - [27/Jul/2026:02:06:23 +1200] "GET /?h=a1v6e6n6t2r3e620 HTTP/1.1" 200 75939 "-" "Mozilla/5.0 (Linux; Android 6.0.1; Nexus 5X Build/MMB29P) AppleWebKit/537.36 (KHTML, like Gecko) Chrome/150.0.7871.128 Mobile Safari/537.36 (compatible; Googlebot/2.1; +http://www.google.com/bot.html)"
216.73.217.152 - - [27/Jul/2026:02:06:27 +1200] "GET /?h=b7e2f2o6u7l9i7n0g319 HTTP/1.1" 200 6851 "-" "Mozilla/5.0 AppleWebKit/537.36 (KHTML, like Gecko; compatible; ClaudeBot/1.0; +claudebot@anthropic.com)"
