161.118.238.173 - - [27/Jul/2026:00:49:54 +1200] "GET /wp-admin/plugins.php HTTP/1.1" 503 7309 "https://importersclearance.co.nz/wp-login.php" "Mozilla/5.0 (Macintosh; Intel Mac OS X 10_15_7) AppleWebKit/605.1.15 (KHTML, like Gecko) Version/17.1 Safari/605.1.15"
66.249.70.39 - - [27/Jul/2026:00:49:52 +1200] "GET /?h=i7m3m2i8n0e6n1t8345 HTTP/1.1" 200 75205 "-" "Mozilla/5.0 (Linux; Android 6.0.1; Nexus 5X Build/MMB29P) AppleWebKit/537.36 (KHTML, like Gecko) Chrome/150.0.7871.128 Mobile Safari/537.36 (compatible; GoogleOther)"
161.118.238.173 - - [27/Jul/2026:00:49:54 +1200] "POST /wp-login.php HTTP/1.1" 503 7123 "https://importersclearance.co.nz/wp-login.php" "Mozilla/5.0 (Macintosh; Intel Mac OS X 10_15_7) AppleWebKit/537.36 (KHTML, like Gecko) Chrome/119.0.0.0 Safari/537.36"
223.165.64.9 - - [27/Jul/2026:00:49:56 +1200] "POST /wp-cron.php?doing_wp_cron=1785070196.4457550048828125000000 HTTP/1.1" 200 20 "-" "WordPress/6.9.4; https://importersclearance.co.nz"
223.165.64.9 - - [27/Jul/2026:00:49:55 +1200] "POST /?wordfence_syncAttackData=1785070195.6644 HTTP/1.1" 200 20 "-" "WordPress/6.9.4; https://importersclearance.co.nz"
161.118.238.173 - - [27/Jul/2026:00:49:55 +1200] "GET /wp-admin/index.php HTTP/1.1" 503 7310 "https://importersclearance.co.nz/wp-login.php" "Mozilla/5.0 (Macintosh; Intel Mac OS X 13_6_1) AppleWebKit/605.1.15 (KHTML, like Gecko) Version/16.6 Safari/605.1.15"
161.118.238.173 - - [27/Jul/2026:00:49:57 +1200] "GET /wp-admin/profile.php HTTP/1.1" 503 7310 "https://importersclearance.co.nz/wp-login.php" "Mozilla/5.0 (Macintosh; Intel Mac OS X 13_6_1) AppleWebKit/605.1.15 (KHTML, like Gecko) Version/16.6 Safari/605.1.15"
216.73.217.152 - - [27/Jul/2026:00:49:57 +1200] "GET /robots.txt HTTP/1.1" 200 89 "-" "Mozilla/5.0 AppleWebKit/537.36 (KHTML, like Gecko; compatible; ClaudeBot/1.0; +claudebot@anthropic.com)"
66.249.70.34 - - [27/Jul/2026:00:49:56 +1200] "GET /?h=s6h8o5p6m8e5n0396 HTTP/1.1" 200 76573 "-" "Mozilla/5.0 (Linux; Android 6.0.1; Nexus 5X Build/MMB29P) AppleWebKit/537.36 (KHTML, like Gecko) Chrome/150.0.7871.128 Mobile Safari/537.36 (compatible; GoogleOther)"
161.118.238.173 - - [27/Jul/2026:00:49:58 +1200] "GET /wp-admin/edit.php HTTP/1.1" 503 7310 "https://importersclearance.co.nz/wp-login.php" "Mozilla/5.0 (Macintosh; Intel Mac OS X 13_6_1) AppleWebKit/605.1.15 (KHTML, like Gecko) Version/16.6 Safari/605.1.15"
216.73.217.152 - - [27/Jul/2026:00:49:57 +1200] "GET /?h=p7o7w6d8e2r9s8089 HTTP/1.1" 200 6851 "-" "Mozilla/5.0 AppleWebKit/537.36 (KHTML, like Gecko; compatible; ClaudeBot/1.0; +claudebot@anthropic.com)"
161.118.238.173 - - [27/Jul/2026:00:49:59 +1200] "GET /wp-admin/plugins.php HTTP/1.1" 503 7310 "https://importersclearance.co.nz/wp-login.php" "Mozilla/5.0 (Macintosh; Intel Mac OS X 13_6_1) AppleWebKit/605.1.15 (KHTML, like Gecko) Version/16.6 Safari/605.1.15"
161.118.238.173 - - [27/Jul/2026:00:49:59 +1200] "POST /wp-login.php HTTP/1.1" 503 7123 "https://importersclearance.co.nz/wp-login.php" "Mozilla/5.0 (X11; Linux x86_64) AppleWebKit/537.36 (KHTML, like Gecko) Chrome/118.0.0.0 Safari/537.36"
161.118.238.173 - - [27/Jul/2026:00:50:00 +1200] "GET /wp-admin/index.php HTTP/1.1" 503 7310 "https://importersclearance.co.nz/wp-login.php" "Mozilla/5.0 (Macintosh; Intel Mac OS X 13_6_1) AppleWebKit/605.1.15 (KHTML, like Gecko) Version/17.2 Safari/605.1.15"
216.73.217.152 - - [27/Jul/2026:00:50:00 +1200] "GET /longstop/cheatable/73213946995 HTTP/1.1" 404 20 "-" "Mozilla/5.0 AppleWebKit/537.36 (KHTML, like Gecko; compatible; ClaudeBot/1.0; +claudebot@anthropic.com)"
161.118.238.173 - - [27/Jul/2026:00:50:01 +1200] "GET /wp-admin/profile.php HTTP/1.1" 503 7310 "https://importersclearance.co.nz/wp-login.php" "Mozilla/5.0 (Macintosh; Intel Mac OS X 13_6_1) AppleWebKit/605.1.15 (KHTML, like Gecko) Version/17.2 Safari/605.1.15"
66.249.70.33 - - [27/Jul/2026:00:50:00 +1200] "GET /?h=a2c2r1i1t1y952644 HTTP/1.1" 200 74946 "-" "Mozilla/5.0 (Linux; Android 6.0.1; Nexus 5X Build/MMB29P) AppleWebKit/537.36 (KHTML, like Gecko) Chrome/150.0.7871.128 Mobile Safari/537.36 (compatible; GoogleOther)"
161.118.238.173 - - [27/Jul/2026:00:50:02 +1200] "GET /wp-admin/edit.php HTTP/1.1" 503 7310 "https://importersclearance.co.nz/wp-login.php" "Mozilla/5.0 (Macintosh; Intel Mac OS X 13_6_1) AppleWebKit/605.1.15 (KHTML, like Gecko) Version/17.2 Safari/605.1.15"
66.249.70.33 - - [27/Jul/2026:00:50:01 +1200] "GET /?h=p9r2o8b2a1b8i4l2i4s0m HTTP/1.1" 200 75699 "-" "Mozilla/5.0 (Linux; Android 6.0.1; Nexus 5X Build/MMB29P) AppleWebKit/537.36 (KHTML, like Gecko) Chrome/150.0.7871.128 Mobile Safari/537.36 (compatible; Googlebot/2.1; +http://www.google.com/bot.html)"
161.118.238.173 - - [27/Jul/2026:00:50:03 +1200] "GET /wp-admin/plugins.php HTTP/1.1" 503 7310 "https://importersclearance.co.nz/wp-login.php" "Mozilla/5.0 (Macintosh; Intel Mac OS X 13_6_1) AppleWebKit/605.1.15 (KHTML, like Gecko) Version/17.2 Safari/605.1.15"
223.165.64.9 - - [27/Jul/2026:00:50:04 +1200] "POST /wp-cron.php?doing_wp_cron=1785070204.4165999889373779296875 HTTP/1.1" 200 20 "-" "WordPress/6.9.4; https://importersclearance.co.nz"
216.73.217.152 - - [27/Jul/2026:00:50:03 +1200] "GET /shops/scriptural/u7n3b3o8y3392238 HTTP/1.1" 404 20 "-" "Mozilla/5.0 AppleWebKit/537.36 (KHTML, like Gecko; compatible; ClaudeBot/1.0; +claudebot@anthropic.com)"
161.118.238.173 - - [27/Jul/2026:00:50:04 +1200] "POST /wp-login.php HTTP/1.1" 503 7124 "https://importersclearance.co.nz/wp-login.php" "Mozilla/5.0 (Macintosh; Intel Mac OS X 10_15_7) AppleWebKit/537.36 (KHTML, like Gecko) Chrome/121.0.0.0 Safari/537.36"
223.165.64.9 - - [27/Jul/2026:00:50:05 +1200] "POST /?wordfence_syncAttackData=1785070205.0699 HTTP/1.1" 200 20 "-" "WordPress/6.9.4; https://importersclearance.co.nz"
161.118.238.173 - - [27/Jul/2026:00:50:04 +1200] "GET /wp-admin/index.php HTTP/1.1" 503 7310 "https://importersclearance.co.nz/wp-login.php" "Mozilla/5.0 (Macintosh; Intel Mac OS X 13_6_1) AppleWebKit/605.1.15 (KHTML, like Gecko) Version/17.1 Safari/605.1.15"
66.249.70.35 - - [27/Jul/2026:00:50:04 +1200] "GET /brayera/ardentness/74153460857 HTTP/1.1" 200 76282 "-" "Mozilla/5.0 (Linux; Android 6.0.1; Nexus 5X Build/MMB29P) AppleWebKit/537.36 (KHTML, like Gecko) Chrome/150.0.7871.128 Mobile Safari/537.36 (compatible; GoogleOther)"
161.118.238.173 - - [27/Jul/2026:00:50:06 +1200] "GET /wp-admin/profile.php HTTP/1.1" 503 7310 "https://importersclearance.co.nz/wp-login.php" "Mozilla/5.0 (Macintosh; Intel Mac OS X 13_6_1) AppleWebKit/605.1.15 (KHTML, like Gecko) Version/17.1 Safari/605.1.15"
161.118.238.173 - - [27/Jul/2026:00:50:06 +1200] "GET /wp-admin/edit.php HTTP/1.1" 503 7310 "https://importersclearance.co.nz/wp-login.php" "Mozilla/5.0 (Macintosh; Intel Mac OS X 13_6_1) AppleWebKit/605.1.15 (KHTML, like Gecko) Version/17.1 Safari/605.1.15"
216.73.217.152 - - [27/Jul/2026:00:50:06 +1200] "GET /apodeictically/m7a4r0v1e4l867963 HTTP/1.1" 404 20 "-" "Mozilla/5.0 AppleWebKit/537.36 (KHTML, like Gecko; compatible; ClaudeBot/1.0; +claudebot@anthropic.com)"
161.118.238.173 - - [27/Jul/2026:00:50:07 +1200] "GET /wp-admin/plugins.php HTTP/1.1" 503 7310 "https://importersclearance.co.nz/wp-login.php" "Mozilla/5.0 (Macintosh; Intel Mac OS X 13_6_1) AppleWebKit/605.1.15 (KHTML, like Gecko) Version/17.1 Safari/605.1.15"
161.118.238.173 - - [27/Jul/2026:00:50:08 +1200] "POST /wp-login.php HTTP/1.1" 503 7123 "https://importersclearance.co.nz/wp-login.php" "Mozilla/5.0 (Macintosh; Intel Mac OS X 13_6_1) AppleWebKit/605.1.15 (KHTML, like Gecko) Version/16.6 Safari/605.1.15"
161.118.238.173 - - [27/Jul/2026:00:50:08 +1200] "GET /wp-admin/index.php HTTP/1.1" 503 7310 "https://importersclearance.co.nz/wp-login.php" "Mozilla/5.0 (Windows NT 10.0; Win64; x64) AppleWebKit/537.36 (KHTML, like Gecko) Chrome/120.0.0.0 Safari/537.36"
161.118.238.173 - - [27/Jul/2026:00:50:09 +1200] "GET /wp-admin/profile.php HTTP/1.1" 503 7310 "https://importersclearance.co.nz/wp-login.php" "Mozilla/5.0 (Windows NT 10.0; Win64; x64) AppleWebKit/537.36 (KHTML, like Gecko) Chrome/120.0.0.0 Safari/537.36"
161.118.238.173 - - [27/Jul/2026:00:50:09 +1200] "GET /wp-admin/edit.php HTTP/1.1" 503 7310 "https://importersclearance.co.nz/wp-login.php" "Mozilla/5.0 (Windows NT 10.0; Win64; x64) AppleWebKit/537.36 (KHTML, like Gecko) Chrome/120.0.0.0 Safari/537.36"
66.249.70.34 - - [27/Jul/2026:00:50:08 +1200] "GET /?h=b1r2a6i0n6c4h9i3l8d50 HTTP/1.1" 200 75291 "-" "Mozilla/5.0 (Linux; Android 6.0.1; Nexus 5X Build/MMB29P) AppleWebKit/537.36 (KHTML, like Gecko) Chrome/150.0.7871.128 Mobile Safari/537.36 (compatible; GoogleOther)"
216.73.217.152 - - [27/Jul/2026:00:50:09 +1200] "GET /?h=o7n2y1c4h1a034661 HTTP/1.1" 200 6851 "-" "Mozilla/5.0 AppleWebKit/537.36 (KHTML, like Gecko; compatible; ClaudeBot/1.0; +claudebot@anthropic.com)"
161.118.238.173 - - [27/Jul/2026:00:50:10 +1200] "GET /wp-admin/plugins.php HTTP/1.1" 503 7310 "https://importersclearance.co.nz/wp-login.php" "Mozilla/5.0 (Windows NT 10.0; Win64; x64) AppleWebKit/537.36 (KHTML, like Gecko) Chrome/120.0.0.0 Safari/537.36"
161.118.238.173 - - [27/Jul/2026:00:50:11 +1200] "POST /wp-login.php HTTP/1.1" 503 7123 "https://importersclearance.co.nz/wp-login.php" "Mozilla/5.0 (Windows NT 11.0; Win64; x64; rv:118.0) Gecko/20100101 Firefox/118.0"
161.118.238.173 - - [27/Jul/2026:00:50:12 +1200] "GET /wp-admin/index.php HTTP/1.1" 503 7310 "https://importersclearance.co.nz/wp-login.php" "Mozilla/5.0 (Macintosh; Intel Mac OS X 10_15_7; rv:121.0) Gecko/20100101 Firefox/121.0"
161.118.238.173 - - [27/Jul/2026:00:50:12 +1200] "GET /wp-admin/profile.php HTTP/1.1" 503 7310 "https://importersclearance.co.nz/wp-login.php" "Mozilla/5.0 (Macintosh; Intel Mac OS X 10_15_7; rv:121.0) Gecko/20100101 Firefox/121.0"
216.73.217.152 - - [27/Jul/2026:00:50:12 +1200] "GET /dotingly/m7i1s1b1e7a5r063 HTTP/1.1" 404 20 "-" "Mozilla/5.0 AppleWebKit/537.36 (KHTML, like Gecko; compatible; ClaudeBot/1.0; +claudebot@anthropic.com)"
161.118.238.173 - - [27/Jul/2026:00:50:13 +1200] "GET /wp-admin/edit.php HTTP/1.1" 503 7310 "https://importersclearance.co.nz/wp-login.php" "Mozilla/5.0 (Macintosh; Intel Mac OS X 10_15_7; rv:121.0) Gecko/20100101 Firefox/121.0"
66.249.70.39 - - [27/Jul/2026:00:50:12 +1200] "GET /thanedom/elapidae/g5i3t3h0a1g9o23662 HTTP/1.1" 200 76001 "-" "Mozilla/5.0 (Linux; Android 6.0.1; Nexus 5X Build/MMB29P) AppleWebKit/537.36 (KHTML, like Gecko) Chrome/150.0.7871.128 Mobile Safari/537.36 (compatible; GoogleOther)"
66.249.70.33 - - [27/Jul/2026:00:50:13 +1200] "GET /pavone/spoliative/g6a9i5g3n9e6t9s521 HTTP/1.1" 200 75592 "-" "Mozilla/5.0 (Linux; Android 6.0.1; Nexus 5X Build/MMB29P) AppleWebKit/537.36 (KHTML, like Gecko) Chrome/150.0.7871.128 Mobile Safari/537.36 (compatible; Googlebot/2.1; +http://www.google.com/bot.html)"
223.165.64.9 - - [27/Jul/2026:00:50:14 +1200] "POST /?wordfence_syncAttackData=1785070214.3147 HTTP/1.1" 200 20 "-" "WordPress/6.9.4; https://importersclearance.co.nz"
161.118.238.173 - - [27/Jul/2026:00:50:14 +1200] "GET /wp-admin/plugins.php HTTP/1.1" 503 7311 "https://importersclearance.co.nz/wp-login.php" "Mozilla/5.0 (Macintosh; Intel Mac OS X 10_15_7; rv:121.0) Gecko/20100101 Firefox/121.0"
161.118.238.173 - - [27/Jul/2026:00:50:15 +1200] "POST /wp-login.php HTTP/1.1" 503 7124 "https://importersclearance.co.nz/wp-login.php" "Mozilla/5.0 (Macintosh; Intel Mac OS X 10_15_7) AppleWebKit/605.1.15 (KHTML, like Gecko) Version/16.6 Safari/605.1.15"
161.118.238.173 - - [27/Jul/2026:00:50:16 +1200] "GET /wp-admin/index.php HTTP/1.1" 503 7310 "https://importersclearance.co.nz/wp-login.php" "Mozilla/5.0 (X11; Ubuntu; Linux x86_64) AppleWebKit/537.36 (KHTML, like Gecko) Chrome/121.0.0.0 Safari/537.36"
216.73.217.152 - - [27/Jul/2026:00:50:16 +1200] "GET /shops/carburization/r7a4d2o2n4065387 HTTP/1.1" 404 20 "-" "Mozilla/5.0 AppleWebKit/537.36 (KHTML, like Gecko; compatible; ClaudeBot/1.0; +claudebot@anthropic.com)"
66.249.70.33 - - [27/Jul/2026:00:50:15 +1200] "GET /?h=f5r7o4s1t3b9l2i8t1e6 HTTP/1.1" 200 79800 "-" "Mozilla/5.0 (Linux; Android 6.0.1; Nexus 5X Build/MMB29P) AppleWebKit/537.36 (KHTML, like Gecko) Chrome/150.0.7871.128 Mobile Safari/537.36 (compatible; GoogleOther)"
161.118.238.173 - - [27/Jul/2026:00:50:17 +1200] "GET /wp-admin/profile.php HTTP/1.1" 503 7310 "https://importersclearance.co.nz/wp-login.php" "Mozilla/5.0 (X11; Ubuntu; Linux x86_64) AppleWebKit/537.36 (KHTML, like Gecko) Chrome/121.0.0.0 Safari/537.36"
161.118.238.173 - - [27/Jul/2026:00:50:18 +1200] "GET /wp-admin/edit.php HTTP/1.1" 503 7310 "https://importersclearance.co.nz/wp-login.php" "Mozilla/5.0 (X11; Ubuntu; Linux x86_64) AppleWebKit/537.36 (KHTML, like Gecko) Chrome/121.0.0.0 Safari/537.36"
66.249.70.39 - - [27/Jul/2026:00:50:17 +1200] "GET /?h=j9e1o1p9a8r9d4e6r609 HTTP/1.1" 200 75407 "-" "Mozilla/5.0 (Linux; Android 6.0.1; Nexus 5X Build/MMB29P) AppleWebKit/537.36 (KHTML, like Gecko) Chrome/150.0.7871.128 Mobile Safari/537.36 (compatible; Googlebot/2.1; +http://www.google.com/bot.html)"
216.73.217.152 - - [27/Jul/2026:00:50:18 +1200] "GET /shops/formative/b7e8n1e5f4i9t6e5d75 HTTP/1.1" 404 20 "-" "Mozilla/5.0 AppleWebKit/537.36 (KHTML, like Gecko; compatible; ClaudeBot/1.0; +claudebot@anthropic.com)"
161.118.238.173 - - [27/Jul/2026:00:50:19 +1200] "GET /wp-admin/plugins.php HTTP/1.1" 503 7310 "https://importersclearance.co.nz/wp-login.php" "Mozilla/5.0 (X11; Ubuntu; Linux x86_64) AppleWebKit/537.36 (KHTML, like Gecko) Chrome/121.0.0.0 Safari/537.36"
161.118.238.173 - - [27/Jul/2026:00:50:20 +1200] "POST /wp-login.php HTTP/1.1" 503 7123 "https://importersclearance.co.nz/wp-login.php" "Mozilla/5.0 (Macintosh; Intel Mac OS X 10_15_7) AppleWebKit/605.1.15 (KHTML, like Gecko) Version/17.1 Safari/605.1.15"
161.118.238.173 - - [27/Jul/2026:00:50:20 +1200] "GET /wp-admin/index.php HTTP/1.1" 503 7311 "https://importersclearance.co.nz/wp-login.php" "Mozilla/5.0 (Windows NT 10.0; Win64; x64) AppleWebKit/537.36 (KHTML, like Gecko) Chrome/118.0.0.0 Safari/537.36"
66.249.70.35 - - [27/Jul/2026:00:50:20 +1200] "GET /acetophenone/canonicate/72935849245 HTTP/1.1" 200 75730 "-" "Mozilla/5.0 (Linux; Android 6.0.1; Nexus 5X Build/MMB29P) AppleWebKit/537.36 (KHTML, like Gecko) Chrome/150.0.7871.128 Mobile Safari/537.36 (compatible; GoogleOther)"
161.118.238.173 - - [27/Jul/2026:00:50:21 +1200] "GET /wp-admin/profile.php HTTP/1.1" 503 7310 "https://importersclearance.co.nz/wp-login.php" "Mozilla/5.0 (Windows NT 10.0; Win64; x64) AppleWebKit/537.36 (KHTML, like Gecko) Chrome/118.0.0.0 Safari/537.36"
216.73.217.152 - - [27/Jul/2026:00:50:21 +1200] "GET /shops/drilling/v7e2n5e2e7r6e7d1530 HTTP/1.1" 404 20 "-" "Mozilla/5.0 AppleWebKit/537.36 (KHTML, like Gecko; compatible; ClaudeBot/1.0; +claudebot@anthropic.com)"
161.118.238.173 - - [27/Jul/2026:00:50:22 +1200] "GET /wp-admin/edit.php HTTP/1.1" 503 7310 "https://importersclearance.co.nz/wp-login.php" "Mozilla/5.0 (Windows NT 10.0; Win64; x64) AppleWebKit/537.36 (KHTML, like Gecko) Chrome/118.0.0.0 Safari/537.36"
161.118.238.173 - - [27/Jul/2026:00:50:23 +1200] "GET /wp-admin/plugins.php HTTP/1.1" 503 7310 "https://importersclearance.co.nz/wp-login.php" "Mozilla/5.0 (Windows NT 10.0; Win64; x64) AppleWebKit/537.36 (KHTML, like Gecko) Chrome/118.0.0.0 Safari/537.36"
161.118.238.173 - - [27/Jul/2026:00:50:24 +1200] "POST /wp-login.php HTTP/1.1" 503 7123 "https://importersclearance.co.nz/wp-login.php" "Mozilla/5.0 (X11; Linux x86_64) AppleWebKit/537.36 (KHTML, like Gecko) Chrome/118.0.0.0 Safari/537.36"
66.249.70.33 - - [27/Jul/2026:00:50:23 +1200] "GET /?h=c0o3p7t1i6c640692 HTTP/1.1" 200 75589 "-" "Mozilla/5.0 (Linux; Android 6.0.1; Nexus 5X Build/MMB29P) AppleWebKit/537.36 (KHTML, like Gecko) Chrome/150.0.7871.128 Mobile Safari/537.36 (compatible; Googlebot/2.1; +http://www.google.com/bot.html)"
66.249.70.38 - - [27/Jul/2026:00:50:23 +1200] "GET /?h=b9e1f2o8o9l593489 HTTP/1.1" 200 74978 "-" "Mozilla/5.0 (Linux; Android 6.0.1; Nexus 5X Build/MMB29P) AppleWebKit/537.36 (KHTML, like Gecko) Chrome/150.0.7871.128 Mobile Safari/537.36 (compatible; GoogleOther)"
223.165.64.9 - - [27/Jul/2026:00:50:25 +1200] "POST /?wordfence_syncAttackData=1785070225.0519 HTTP/1.1" 200 20 "-" "WordPress/6.9.4; https://importersclearance.co.nz"
161.118.238.173 - - [27/Jul/2026:00:50:24 +1200] "GET /wp-admin/index.php HTTP/1.1" 503 7310 "https://importersclearance.co.nz/wp-login.php" "Mozilla/5.0 (X11; Ubuntu; Linux x86_64) AppleWebKit/537.36 (KHTML, like Gecko) Chrome/119.0.0.0 Safari/537.36"
223.165.64.9 - - [27/Jul/2026:00:50:26 +1200] "POST /wp-cron.php?doing_wp_cron=1785070226.4348840713500976562500 HTTP/1.1" 200 20 "-" "WordPress/6.9.4; https://importersclearance.co.nz"
223.165.64.9 - - [27/Jul/2026:00:50:25 +1200] "POST /?wordfence_syncAttackData=1785070225.5019 HTTP/1.1" 200 6851 "-" "WordPress/6.9.4; https://importersclearance.co.nz"
216.73.217.152 - - [27/Jul/2026:00:50:24 +1200] "GET /?h=e7p5o3t5a6t2i8o7n06 HTTP/1.1" 200 6851 "-" "Mozilla/5.0 AppleWebKit/537.36 (KHTML, like Gecko; compatible; ClaudeBot/1.0; +claudebot@anthropic.com)"
161.118.238.173 - - [27/Jul/2026:00:50:26 +1200] "GET /wp-admin/profile.php HTTP/1.1" 503 7310 "https://importersclearance.co.nz/wp-login.php" "Mozilla/5.0 (X11; Ubuntu; Linux x86_64) AppleWebKit/537.36 (KHTML, like Gecko) Chrome/119.0.0.0 Safari/537.36"
161.118.238.173 - - [27/Jul/2026:00:50:27 +1200] "GET /wp-admin/edit.php HTTP/1.1" 503 7310 "https://importersclearance.co.nz/wp-login.php" "Mozilla/5.0 (X11; Ubuntu; Linux x86_64) AppleWebKit/537.36 (KHTML, like Gecko) Chrome/119.0.0.0 Safari/537.36"
161.118.238.173 - - [27/Jul/2026:00:50:27 +1200] "GET /wp-admin/plugins.php HTTP/1.1" 503 7310 "https://importersclearance.co.nz/wp-login.php" "Mozilla/5.0 (X11; Ubuntu; Linux x86_64) AppleWebKit/537.36 (KHTML, like Gecko) Chrome/119.0.0.0 Safari/537.36"
216.73.217.152 - - [27/Jul/2026:00:50:27 +1200] "GET /?h=o7o5s5p3h1e7r3e321 HTTP/1.1" 200 6851 "-" "Mozilla/5.0 AppleWebKit/537.36 (KHTML, like Gecko; compatible; ClaudeBot/1.0; +claudebot@anthropic.com)"
161.118.238.173 - - [27/Jul/2026:00:50:28 +1200] "POST /wp-login.php HTTP/1.1" 503 7123 "https://importersclearance.co.nz/wp-login.php" "Mozilla/5.0 (Windows NT 11.0; Win64; x64) AppleWebKit/537.36 (KHTML, like Gecko) Chrome/119.0.0.0 Safari/537.36"
66.249.70.33 - - [27/Jul/2026:00:50:27 +1200] "GET /?h=t9o3p9i3c3a3l2l7y910 HTTP/1.1" 200 75187 "-" "Mozilla/5.0 (Linux; Android 6.0.1; Nexus 5X Build/MMB29P) AppleWebKit/537.36 (KHTML, like Gecko) Chrome/150.0.7871.128 Mobile Safari/537.36 (compatible; GoogleOther)"
161.118.238.173 - - [27/Jul/2026:00:50:29 +1200] "GET /wp-admin/index.php HTTP/1.1" 503 7310 "https://importersclearance.co.nz/wp-login.php" "Mozilla/5.0 (Macintosh; Intel Mac OS X 10_15_7; rv:121.0) Gecko/20100101 Firefox/121.0"
161.118.238.173 - - [27/Jul/2026:00:50:29 +1200] "GET /wp-admin/profile.php HTTP/1.1" 503 7310 "https://importersclearance.co.nz/wp-login.php" "Mozilla/5.0 (Macintosh; Intel Mac OS X 10_15_7; rv:121.0) Gecko/20100101 Firefox/121.0"
161.118.238.173 - - [27/Jul/2026:00:50:30 +1200] "GET /wp-admin/edit.php HTTP/1.1" 503 7311 "https://importersclearance.co.nz/wp-login.php" "Mozilla/5.0 (Macintosh; Intel Mac OS X 10_15_7; rv:121.0) Gecko/20100101 Firefox/121.0"
216.73.217.152 - - [27/Jul/2026:00:50:30 +1200] "GET /shops/erratically/i7n2t2r5i9g4u6e3301 HTTP/1.1" 404 20 "-" "Mozilla/5.0 AppleWebKit/537.36 (KHTML, like Gecko; compatible; ClaudeBot/1.0; +claudebot@anthropic.com)"
161.118.238.173 - - [27/Jul/2026:00:50:31 +1200] "GET /wp-admin/plugins.php HTTP/1.1" 503 7311 "https://importersclearance.co.nz/wp-login.php" "Mozilla/5.0 (Macintosh; Intel Mac OS X 10_15_7; rv:121.0) Gecko/20100101 Firefox/121.0"
161.118.238.173 - - [27/Jul/2026:00:50:32 +1200] "POST /wp-login.php HTTP/1.1" 503 7123 "https://importersclearance.co.nz/wp-login.php" "Mozilla/5.0 (Macintosh; Intel Mac OS X 13_6_1) AppleWebKit/605.1.15 (KHTML, like Gecko) Version/16.6 Safari/605.1.15"
161.118.238.173 - - [27/Jul/2026:00:50:32 +1200] "GET /wp-admin/index.php HTTP/1.1" 503 7310 "https://importersclearance.co.nz/wp-login.php" "Mozilla/5.0 (X11; Ubuntu; Linux x86_64) AppleWebKit/537.36 (KHTML, like Gecko) Chrome/119.0.0.0 Safari/537.36"
66.249.70.32 - - [27/Jul/2026:00:50:31 +1200] "GET /?h=g3l3e2e3m5e8n07994 HTTP/1.1" 200 75897 "-" "Mozilla/5.0 (Linux; Android 6.0.1; Nexus 5X Build/MMB29P) AppleWebKit/537.36 (KHTML, like Gecko) Chrome/150.0.7871.128 Mobile Safari/537.36 (compatible; GoogleOther)"
161.118.238.173 - - [27/Jul/2026:00:50:33 +1200] "GET /wp-admin/profile.php HTTP/1.1" 503 7311 "https://importersclearance.co.nz/wp-login.php" "Mozilla/5.0 (X11; Ubuntu; Linux x86_64) AppleWebKit/537.36 (KHTML, like Gecko) Chrome/119.0.0.0 Safari/537.36"
223.165.64.9 - - [27/Jul/2026:00:50:34 +1200] "POST /?wordfence_syncAttackData=1785070234.1477 HTTP/1.1" 200 20 "-" "WordPress/6.9.4; https://importersclearance.co.nz"
161.118.238.173 - - [27/Jul/2026:00:50:33 +1200] "GET /wp-admin/edit.php HTTP/1.1" 503 7310 "https://importersclearance.co.nz/wp-login.php" "Mozilla/5.0 (X11; Ubuntu; Linux x86_64) AppleWebKit/537.36 (KHTML, like Gecko) Chrome/119.0.0.0 Safari/537.36"
223.165.64.9 - - [27/Jul/2026:00:50:34 +1200] "POST /?wordfence_syncAttackData=1785070234.5292 HTTP/1.1" 200 6851 "-" "WordPress/6.9.4; https://importersclearance.co.nz"
216.73.217.152 - - [27/Jul/2026:00:50:33 +1200] "GET /shops/mastering/a7m1s8t0e5r3d5a5m560 HTTP/1.1" 404 20 "-" "Mozilla/5.0 AppleWebKit/537.36 (KHTML, like Gecko; compatible; ClaudeBot/1.0; +claudebot@anthropic.com)"
161.118.238.173 - - [27/Jul/2026:00:50:35 +1200] "GET /wp-admin/plugins.php HTTP/1.1" 503 7310 "https://importersclearance.co.nz/wp-login.php" "Mozilla/5.0 (X11; Ubuntu; Linux x86_64) AppleWebKit/537.36 (KHTML, like Gecko) Chrome/119.0.0.0 Safari/537.36"
161.118.238.173 - - [27/Jul/2026:00:50:36 +1200] "POST /wp-login.php HTTP/1.1" 503 7123 "https://importersclearance.co.nz/wp-login.php" "Mozilla/5.0 (Macintosh; Intel Mac OS X 13_6_1; rv:121.0) Gecko/20100101 Firefox/121.0"
161.118.238.173 - - [27/Jul/2026:00:50:37 +1200] "GET /wp-admin/index.php HTTP/1.1" 503 7310 "https://importersclearance.co.nz/wp-login.php" "Mozilla/5.0 (Macintosh; Intel Mac OS X 13_6_1; rv:118.0) Gecko/20100101 Firefox/118.0"
66.249.68.39 - - [27/Jul/2026:00:50:35 +1200] "GET /?h=r0i2d5g3e4r0o1p3e578 HTTP/1.1" 200 76533 "-" "Mozilla/5.0 (Linux; Android 6.0.1; Nexus 5X Build/MMB29P) AppleWebKit/537.36 (KHTML, like Gecko) Chrome/150.0.7871.128 Mobile Safari/537.36 (compatible; GoogleOther)"
216.73.217.152 - - [27/Jul/2026:00:50:36 +1200] "GET /shops/impierceable/m7e2a5n3i2n5g03276 HTTP/1.1" 404 20 "-" "Mozilla/5.0 AppleWebKit/537.36 (KHTML, like Gecko; compatible; ClaudeBot/1.0; +claudebot@anthropic.com)"
161.118.238.173 - - [27/Jul/2026:00:50:37 +1200] "GET /wp-admin/profile.php HTTP/1.1" 503 7310 "https://importersclearance.co.nz/wp-login.php" "Mozilla/5.0 (Macintosh; Intel Mac OS X 13_6_1; rv:118.0) Gecko/20100101 Firefox/118.0"
161.118.238.173 - - [27/Jul/2026:00:50:38 +1200] "GET /wp-admin/edit.php HTTP/1.1" 503 7311 "https://importersclearance.co.nz/wp-login.php" "Mozilla/5.0 (Macintosh; Intel Mac OS X 13_6_1; rv:118.0) Gecko/20100101 Firefox/118.0"
161.118.238.173 - - [27/Jul/2026:00:50:39 +1200] "GET /wp-admin/plugins.php HTTP/1.1" 503 7310 "https://importersclearance.co.nz/wp-login.php" "Mozilla/5.0 (Macintosh; Intel Mac OS X 13_6_1; rv:118.0) Gecko/20100101 Firefox/118.0"
161.118.238.173 - - [27/Jul/2026:00:50:39 +1200] "POST /wp-login.php HTTP/1.1" 503 7123 "https://importersclearance.co.nz/wp-login.php" "Mozilla/5.0 (Windows NT 10.0; Win64; x64) AppleWebKit/537.36 (KHTML, like Gecko) Chrome/118.0.0.0 Safari/537.36"
161.118.238.173 - - [27/Jul/2026:00:50:40 +1200] "GET /wp-admin/index.php HTTP/1.1" 503 7310 "https://importersclearance.co.nz/wp-login.php" "Mozilla/5.0 (Windows NT 11.0; Win64; x64) AppleWebKit/537.36 (KHTML, like Gecko) Chrome/118.0.0.0 Safari/537.36"
161.118.238.173 - - [27/Jul/2026:00:50:40 +1200] "GET /wp-admin/profile.php HTTP/1.1" 503 7310 "https://importersclearance.co.nz/wp-login.php" "Mozilla/5.0 (Windows NT 11.0; Win64; x64) AppleWebKit/537.36 (KHTML, like Gecko) Chrome/118.0.0.0 Safari/537.36"
66.249.70.39 - - [27/Jul/2026:00:50:39 +1200] "GET /?h=v7i3n6e2g6a0r7y9039 HTTP/1.1" 200 74857 "-" "Mozilla/5.0 (Linux; Android 6.0.1; Nexus 5X Build/MMB29P) AppleWebKit/537.36 (KHTML, like Gecko) Chrome/150.0.7871.128 Mobile Safari/537.36 (compatible; GoogleOther)"
161.118.238.173 - - [27/Jul/2026:00:50:41 +1200] "GET /wp-admin/edit.php HTTP/1.1" 503 7310 "https://importersclearance.co.nz/wp-login.php" "Mozilla/5.0 (Windows NT 11.0; Win64; x64) AppleWebKit/537.36 (KHTML, like Gecko) Chrome/118.0.0.0 Safari/537.36"
216.73.217.152 - - [27/Jul/2026:00:50:41 +1200] "GET /shops/karstenite/b7r4a4z2e0n68830 HTTP/1.1" 404 20 "-" "Mozilla/5.0 AppleWebKit/537.36 (KHTML, like Gecko; compatible; ClaudeBot/1.0; +claudebot@anthropic.com)"
161.118.238.173 - - [27/Jul/2026:00:50:42 +1200] "GET /wp-admin/plugins.php HTTP/1.1" 503 7310 "https://importersclearance.co.nz/wp-login.php" "Mozilla/5.0 (Windows NT 11.0; Win64; x64) AppleWebKit/537.36 (KHTML, like Gecko) Chrome/118.0.0.0 Safari/537.36"
161.118.238.173 - - [27/Jul/2026:00:50:43 +1200] "POST /wp-login.php HTTP/1.1" 503 7123 "https://importersclearance.co.nz/wp-login.php" "Mozilla/5.0 (Macintosh; Intel Mac OS X 13_6_1) AppleWebKit/537.36 (KHTML, like Gecko) Chrome/118.0.0.0 Safari/537.36"
66.249.70.35 - - [27/Jul/2026:00:50:43 +1200] "GET /?h=r9e3v2e9r5t8i5v8e7l1y2 HTTP/1.1" 200 75572 "-" "Mozilla/5.0 (Linux; Android 6.0.1; Nexus 5X Build/MMB29P) AppleWebKit/537.36 (KHTML, like Gecko) Chrome/150.0.7871.128 Mobile Safari/537.36 (compatible; Googlebot/2.1; +http://www.google.com/bot.html)"
223.165.64.9 - - [27/Jul/2026:00:50:44 +1200] "POST /?wordfence_syncAttackData=1785070244.4003 HTTP/1.1" 200 20 "-" "WordPress/6.9.4; https://importersclearance.co.nz"
161.118.238.173 - - [27/Jul/2026:00:50:43 +1200] "GET /wp-admin/index.php HTTP/1.1" 503 7310 "https://importersclearance.co.nz/wp-login.php" "Mozilla/5.0 (Macintosh; Intel Mac OS X 10_15_7; rv:118.0) Gecko/20100101 Firefox/118.0"
66.249.70.38 - - [27/Jul/2026:00:50:43 +1200] "GET /?h=u2n1d5e5r3h0a9n2g52 HTTP/1.1" 200 74387 "-" "Mozilla/5.0 (Linux; Android 6.0.1; Nexus 5X Build/MMB29P) AppleWebKit/537.36 (KHTML, like Gecko) Chrome/150.0.7871.128 Mobile Safari/537.36 (compatible; GoogleOther)"
216.73.217.152 - - [27/Jul/2026:00:50:43 +1200] "GET /?h=h7a2v4a8n3a094792 HTTP/1.1" 200 6851 "-" "Mozilla/5.0 AppleWebKit/537.36 (KHTML, like Gecko; compatible; ClaudeBot/1.0; +claudebot@anthropic.com)"
161.118.238.173 - - [27/Jul/2026:00:50:45 +1200] "GET /wp-admin/profile.php HTTP/1.1" 503 7310 "https://importersclearance.co.nz/wp-login.php" "Mozilla/5.0 (Macintosh; Intel Mac OS X 10_15_7; rv:118.0) Gecko/20100101 Firefox/118.0"
223.165.64.9 - - [27/Jul/2026:00:50:44 +1200] "POST /?wordfence_syncAttackData=1785070244.4309 HTTP/1.1" 200 6851 "-" "WordPress/6.9.4; https://importersclearance.co.nz"
161.118.238.173 - - [27/Jul/2026:00:50:46 +1200] "GET /wp-admin/edit.php HTTP/1.1" 503 7310 "https://importersclearance.co.nz/wp-login.php" "Mozilla/5.0 (Macintosh; Intel Mac OS X 10_15_7; rv:118.0) Gecko/20100101 Firefox/118.0"
216.73.217.152 - - [27/Jul/2026:00:50:46 +1200] "GET /?h=c7a2k7e5d5752157 HTTP/1.1" 200 6851 "-" "Mozilla/5.0 AppleWebKit/537.36 (KHTML, like Gecko; compatible; ClaudeBot/1.0; +claudebot@anthropic.com)"
161.118.238.173 - - [27/Jul/2026:00:50:47 +1200] "GET /wp-admin/plugins.php HTTP/1.1" 503 7310 "https://importersclearance.co.nz/wp-login.php" "Mozilla/5.0 (Macintosh; Intel Mac OS X 10_15_7; rv:118.0) Gecko/20100101 Firefox/118.0"
161.118.238.173 - - [27/Jul/2026:00:50:48 +1200] "POST /wp-login.php HTTP/1.1" 503 7123 "https://importersclearance.co.nz/wp-login.php" "Mozilla/5.0 (Macintosh; Intel Mac OS X 13_6_1) AppleWebKit/605.1.15 (KHTML, like Gecko) Version/17.2 Safari/605.1.15"
161.118.238.173 - - [27/Jul/2026:00:50:48 +1200] "GET /wp-admin/index.php HTTP/1.1" 503 7309 "https://importersclearance.co.nz/wp-login.php" "Mozilla/5.0 (Macintosh; Intel Mac OS X 10_15_7) AppleWebKit/537.36 (KHTML, like Gecko) Chrome/120.0.0.0 Safari/537.36"
66.249.70.39 - - [27/Jul/2026:00:50:47 +1200] "GET /?h=c0h4r2o7m7a1t8y8p9e73 HTTP/1.1" 200 80644 "-" "Mozilla/5.0 (Linux; Android 6.0.1; Nexus 5X Build/MMB29P) AppleWebKit/537.36 (KHTML, like Gecko) Chrome/150.0.7871.128 Mobile Safari/537.36 (compatible; GoogleOther)"
161.118.238.173 - - [27/Jul/2026:00:50:49 +1200] "GET /wp-admin/profile.php HTTP/1.1" 503 7310 "https://importersclearance.co.nz/wp-login.php" "Mozilla/5.0 (Macintosh; Intel Mac OS X 10_15_7) AppleWebKit/537.36 (KHTML, like Gecko) Chrome/120.0.0.0 Safari/537.36"
161.118.238.173 - - [27/Jul/2026:00:50:49 +1200] "GET /wp-admin/edit.php HTTP/1.1" 503 7309 "https://importersclearance.co.nz/wp-login.php" "Mozilla/5.0 (Macintosh; Intel Mac OS X 10_15_7) AppleWebKit/537.36 (KHTML, like Gecko) Chrome/120.0.0.0 Safari/537.36"
216.73.217.152 - - [27/Jul/2026:00:50:49 +1200] "GET /shops/tufting/s7m9e3a2r1y95726 HTTP/1.1" 404 20 "-" "Mozilla/5.0 AppleWebKit/537.36 (KHTML, like Gecko; compatible; ClaudeBot/1.0; +claudebot@anthropic.com)"
161.118.238.173 - - [27/Jul/2026:00:50:50 +1200] "GET /wp-admin/plugins.php HTTP/1.1" 503 7310 "https://importersclearance.co.nz/wp-login.php" "Mozilla/5.0 (Macintosh; Intel Mac OS X 10_15_7) AppleWebKit/537.36 (KHTML, like Gecko) Chrome/120.0.0.0 Safari/537.36"
161.118.238.173 - - [27/Jul/2026:00:50:51 +1200] "POST /wp-login.php HTTP/1.1" 503 7123 "https://importersclearance.co.nz/wp-login.php" "Mozilla/5.0 (X11; Ubuntu; Linux x86_64) AppleWebKit/537.36 (KHTML, like Gecko) Chrome/119.0.0.0 Safari/537.36"
161.118.238.173 - - [27/Jul/2026:00:50:52 +1200] "GET /wp-admin/index.php HTTP/1.1" 503 7310 "https://importersclearance.co.nz/wp-login.php" "Mozilla/5.0 (Windows NT 10.0; Win64; x64; rv:121.0) Gecko/20100101 Firefox/121.0"
66.249.70.32 - - [27/Jul/2026:00:50:51 +1200] "GET /upkeep/suprasternal/91521983482 HTTP/1.1" 200 74995 "-" "Mozilla/5.0 (Linux; Android 6.0.1; Nexus 5X Build/MMB29P) AppleWebKit/537.36 (KHTML, like Gecko) Chrome/150.0.7871.128 Mobile Safari/537.36 (compatible; GoogleOther)"
216.73.217.152 - - [27/Jul/2026:00:50:52 +1200] "GET /shops/chargehouse/l7a3m8p1o8o7n3r5y093 HTTP/1.1" 404 20 "-" "Mozilla/5.0 AppleWebKit/537.36 (KHTML, like Gecko; compatible; ClaudeBot/1.0; +claudebot@anthropic.com)"
161.118.238.173 - - [27/Jul/2026:00:50:53 +1200] "GET /wp-admin/profile.php HTTP/1.1" 503 7310 "https://importersclearance.co.nz/wp-login.php" "Mozilla/5.0 (Windows NT 10.0; Win64; x64; rv:121.0) Gecko/20100101 Firefox/121.0"
223.165.64.9 - - [27/Jul/2026:00:50:54 +1200] "POST /?wordfence_syncAttackData=1785070254.4014 HTTP/1.1" 200 20 "-" "WordPress/6.9.4; https://importersclearance.co.nz"
161.118.238.173 - - [27/Jul/2026:00:50:54 +1200] "GET /wp-admin/edit.php HTTP/1.1" 503 7310 "https://importersclearance.co.nz/wp-login.php" "Mozilla/5.0 (Windows NT 10.0; Win64; x64; rv:121.0) Gecko/20100101 Firefox/121.0"
161.118.238.173 - - [27/Jul/2026:00:50:55 +1200] "GET /wp-admin/plugins.php HTTP/1.1" 503 7310 "https://importersclearance.co.nz/wp-login.php" "Mozilla/5.0 (Windows NT 10.0; Win64; x64; rv:121.0) Gecko/20100101 Firefox/121.0"
216.73.217.152 - - [27/Jul/2026:00:50:55 +1200] "GET /shops/replenisher/f7r8e6s8h5m4e3n70 HTTP/1.1" 404 20 "-" "Mozilla/5.0 AppleWebKit/537.36 (KHTML, like Gecko; compatible; ClaudeBot/1.0; +claudebot@anthropic.com)"
66.249.70.33 - - [27/Jul/2026:00:50:55 +1200] "GET /?h=d6i5s2t9e8n9s0i1o3n6 HTTP/1.1" 200 75284 "-" "Mozilla/5.0 (Linux; Android 6.0.1; Nexus 5X Build/MMB29P) AppleWebKit/537.36 (KHTML, like Gecko) Chrome/150.0.7871.128 Mobile Safari/537.36 (compatible; GoogleOther)"
161.118.238.173 - - [27/Jul/2026:00:50:56 +1200] "POST /wp-login.php HTTP/1.1" 503 7123 "https://importersclearance.co.nz/wp-login.php" "Mozilla/5.0 (X11; Ubuntu; Linux x86_64) AppleWebKit/537.36 (KHTML, like Gecko) Chrome/118.0.0.0 Safari/537.36"
161.118.238.173 - - [27/Jul/2026:00:50:57 +1200] "GET /wp-admin/index.php HTTP/1.1" 503 7310 "https://importersclearance.co.nz/wp-login.php" "Mozilla/5.0 (Windows NT 11.0; Win64; x64) AppleWebKit/537.36 (KHTML, like Gecko) Chrome/118.0.0.0 Safari/537.36"
161.118.238.173 - - [27/Jul/2026:00:50:58 +1200] "GET /wp-admin/profile.php HTTP/1.1" 503 7310 "https://importersclearance.co.nz/wp-login.php" "Mozilla/5.0 (Windows NT 11.0; Win64; x64) AppleWebKit/537.36 (KHTML, like Gecko) Chrome/118.0.0.0 Safari/537.36"
66.249.70.34 - - [27/Jul/2026:00:50:57 +1200] "GET /clansman/maggiore/b9e1l3a4b9o8r8229 HTTP/1.1" 200 75039 "-" "Mozilla/5.0 (Linux; Android 6.0.1; Nexus 5X Build/MMB29P) AppleWebKit/537.36 (KHTML, like Gecko) Chrome/150.0.7871.128 Mobile Safari/537.36 (compatible; Googlebot/2.1; +http://www.google.com/bot.html)"
161.118.238.173 - - [27/Jul/2026:00:50:58 +1200] "GET /wp-admin/edit.php HTTP/1.1" 503 7310 "https://importersclearance.co.nz/wp-login.php" "Mozilla/5.0 (Windows NT 11.0; Win64; x64) AppleWebKit/537.36 (KHTML, like Gecko) Chrome/118.0.0.0 Safari/537.36"
161.118.238.173 - - [27/Jul/2026:00:50:59 +1200] "GET /wp-admin/plugins.php HTTP/1.1" 503 7310 "https://importersclearance.co.nz/wp-login.php" "Mozilla/5.0 (Windows NT 11.0; Win64; x64) AppleWebKit/537.36 (KHTML, like Gecko) Chrome/118.0.0.0 Safari/537.36"
161.118.238.173 - - [27/Jul/2026:00:51:00 +1200] "POST /wp-login.php HTTP/1.1" 503 7123 "https://importersclearance.co.nz/wp-login.php" "Mozilla/5.0 (X11; Linux x86_64) AppleWebKit/537.36 (KHTML, like Gecko) Chrome/118.0.0.0 Safari/537.36"
66.249.70.38 - - [27/Jul/2026:00:50:59 +1200] "GET /?h=p9u5g6g3i3n9g1728 HTTP/1.1" 200 75647 "-" "Mozilla/5.0 (Linux; Android 6.0.1; Nexus 5X Build/MMB29P) AppleWebKit/537.36 (KHTML, like Gecko) Chrome/150.0.7871.128 Mobile Safari/537.36 (compatible; GoogleOther)"
161.118.238.173 - - [27/Jul/2026:00:51:00 +1200] "GET /wp-admin/index.php HTTP/1.1" 503 7310 "https://importersclearance.co.nz/wp-login.php" "Mozilla/5.0 (Macintosh; Intel Mac OS X 13_6_1) AppleWebKit/537.36 (KHTML, like Gecko) Chrome/121.0.0.0 Safari/537.36"
216.73.217.152 - - [27/Jul/2026:00:51:00 +1200] "GET /?h=o7r4g0a8n9i3c6i7s5m36 HTTP/1.1" 200 6851 "-" "Mozilla/5.0 AppleWebKit/537.36 (KHTML, like Gecko; compatible; ClaudeBot/1.0; +claudebot@anthropic.com)"
161.118.238.173 - - [27/Jul/2026:00:51:01 +1200] "GET /wp-admin/profile.php HTTP/1.1" 503 7310 "https://importersclearance.co.nz/wp-login.php" "Mozilla/5.0 (Macintosh; Intel Mac OS X 13_6_1) AppleWebKit/537.36 (KHTML, like Gecko) Chrome/121.0.0.0 Safari/537.36"
161.118.238.173 - - [27/Jul/2026:00:51:02 +1200] "GET /wp-admin/edit.php HTTP/1.1" 503 7310 "https://importersclearance.co.nz/wp-login.php" "Mozilla/5.0 (Macintosh; Intel Mac OS X 13_6_1) AppleWebKit/537.36 (KHTML, like Gecko) Chrome/121.0.0.0 Safari/537.36"
161.118.238.173 - - [27/Jul/2026:00:51:02 +1200] "GET /wp-admin/plugins.php HTTP/1.1" 503 7310 "https://importersclearance.co.nz/wp-login.php" "Mozilla/5.0 (Macintosh; Intel Mac OS X 13_6_1) AppleWebKit/537.36 (KHTML, like Gecko) Chrome/121.0.0.0 Safari/537.36"
223.165.64.9 - - [27/Jul/2026:00:51:03 +1200] "POST /wp-cron.php?doing_wp_cron=1785070263.3901259899139404296875 HTTP/1.1" 200 20 "-" "WordPress/6.9.4; https://importersclearance.co.nz"
216.73.217.152 - - [27/Jul/2026:00:51:02 +1200] "GET /shops/pakchoi/d7e4p0r9e6h7e2n5d848 HTTP/1.1" 404 20 "-" "Mozilla/5.0 AppleWebKit/537.36 (KHTML, like Gecko; compatible; ClaudeBot/1.0; +claudebot@anthropic.com)"
161.118.238.173 - - [27/Jul/2026:00:51:03 +1200] "POST /wp-login.php HTTP/1.1" 503 7123 "https://importersclearance.co.nz/wp-login.php" "Mozilla/5.0 (Macintosh; Intel Mac OS X 10_15_7) AppleWebKit/605.1.15 (KHTML, like Gecko) Version/17.1 Safari/605.1.15"
66.249.70.33 - - [27/Jul/2026:00:51:03 +1200] "GET /romanized/a1r1t9i5l9l2e9r8y7m6a4n HTTP/1.1" 200 76881 "-" "Mozilla/5.0 (Linux; Android 6.0.1; Nexus 5X Build/MMB29P) AppleWebKit/537.36 (KHTML, like Gecko) Chrome/150.0.7871.128 Mobile Safari/537.36 (compatible; GoogleOther)"
66.249.70.33 - - [27/Jul/2026:00:51:02 +1200] "GET /?h=b2i3d8e5d1606684 HTTP/1.1" 200 77524 "-" "Mozilla/5.0 (Linux; Android 6.0.1; Nexus 5X Build/MMB29P) AppleWebKit/537.36 (KHTML, like Gecko) Chrome/150.0.7871.128 Mobile Safari/537.36 (compatible; Googlebot/2.1; +http://www.google.com/bot.html)"
223.165.64.9 - - [27/Jul/2026:00:51:05 +1200] "POST /wp-cron.php?doing_wp_cron=1785070265.5122480392456054687500 HTTP/1.1" 200 20 "-" "WordPress/6.9.4; https://importersclearance.co.nz"
223.165.64.9 - - [27/Jul/2026:00:51:04 +1200] "POST /?wordfence_syncAttackData=1785070264.7649 HTTP/1.1" 200 20 "-" "WordPress/6.9.4; https://importersclearance.co.nz"
161.118.238.173 - - [27/Jul/2026:00:51:04 +1200] "GET /wp-admin/index.php HTTP/1.1" 503 7310 "https://importersclearance.co.nz/wp-login.php" "Mozilla/5.0 (Windows NT 10.0; Win64; x64; rv:121.0) Gecko/20100101 Firefox/121.0"
216.73.217.152 - - [27/Jul/2026:00:51:05 +1200] "GET /shops/globose/s7a2c2r6i4f2i1c5e6d28 HTTP/1.1" 404 20 "-" "Mozilla/5.0 AppleWebKit/537.36 (KHTML, like Gecko; compatible; ClaudeBot/1.0; +claudebot@anthropic.com)"
161.118.238.173 - - [27/Jul/2026:00:51:06 +1200] "GET /wp-admin/profile.php HTTP/1.1" 503 7310 "https://importersclearance.co.nz/wp-login.php" "Mozilla/5.0 (Windows NT 10.0; Win64; x64; rv:121.0) Gecko/20100101 Firefox/121.0"
161.118.238.173 - - [27/Jul/2026:00:51:07 +1200] "GET /wp-admin/edit.php HTTP/1.1" 503 7310 "https://importersclearance.co.nz/wp-login.php" "Mozilla/5.0 (Windows NT 10.0; Win64; x64; rv:121.0) Gecko/20100101 Firefox/121.0"
161.118.238.173 - - [27/Jul/2026:00:51:07 +1200] "GET /wp-admin/plugins.php HTTP/1.1" 503 7310 "https://importersclearance.co.nz/wp-login.php" "Mozilla/5.0 (Windows NT 10.0; Win64; x64; rv:121.0) Gecko/20100101 Firefox/121.0"
66.249.70.33 - - [27/Jul/2026:00:51:06 +1200] "GET /deoxidization/amarantaceous/31180264411 HTTP/1.1" 200 76503 "-" "Mozilla/5.0 (Linux; Android 6.0.1; Nexus 5X Build/MMB29P) AppleWebKit/537.36 (KHTML, like Gecko) Chrome/150.0.7871.128 Mobile Safari/537.36 (compatible; GoogleOther)"
161.118.238.173 - - [27/Jul/2026:00:51:08 +1200] "POST /wp-login.php HTTP/1.1" 503 7123 "https://importersclearance.co.nz/wp-login.php" "Mozilla/5.0 (Windows NT 11.0; Win64; x64; rv:118.0) Gecko/20100101 Firefox/118.0"
216.73.217.152 - - [27/Jul/2026:00:51:08 +1200] "GET /shops/rectum/n7o1w2i8s0e37737 HTTP/1.1" 404 20 "-" "Mozilla/5.0 AppleWebKit/537.36 (KHTML, like Gecko; compatible; ClaudeBot/1.0; +claudebot@anthropic.com)"
161.118.238.173 - - [27/Jul/2026:00:51:09 +1200] "GET /wp-admin/index.php HTTP/1.1" 503 7310 "https://importersclearance.co.nz/wp-login.php" "Mozilla/5.0 (Macintosh; Intel Mac OS X 10_15_7) AppleWebKit/537.36 (KHTML, like Gecko) Chrome/119.0.0.0 Safari/537.36"
161.118.238.173 - - [27/Jul/2026:00:51:10 +1200] "GET /wp-admin/profile.php HTTP/1.1" 503 7310 "https://importersclearance.co.nz/wp-login.php" "Mozilla/5.0 (Macintosh; Intel Mac OS X 10_15_7) AppleWebKit/537.36 (KHTML, like Gecko) Chrome/119.0.0.0 Safari/537.36"
161.118.238.173 - - [27/Jul/2026:00:51:11 +1200] "GET /wp-admin/edit.php HTTP/1.1" 503 7310 "https://importersclearance.co.nz/wp-login.php" "Mozilla/5.0 (Macintosh; Intel Mac OS X 10_15_7) AppleWebKit/537.36 (KHTML, like Gecko) Chrome/119.0.0.0 Safari/537.36"
161.118.238.173 - - [27/Jul/2026:00:51:11 +1200] "GET /wp-admin/plugins.php HTTP/1.1" 503 7310 "https://importersclearance.co.nz/wp-login.php" "Mozilla/5.0 (Macintosh; Intel Mac OS X 10_15_7) AppleWebKit/537.36 (KHTML, like Gecko) Chrome/119.0.0.0 Safari/537.36"
216.73.217.152 - - [27/Jul/2026:00:51:11 +1200] "GET /shops/syrup/t7e2a2s4l6e776454 HTTP/1.1" 404 20 "-" "Mozilla/5.0 AppleWebKit/537.36 (KHTML, like Gecko; compatible; ClaudeBot/1.0; +claudebot@anthropic.com)"
66.249.70.39 - - [27/Jul/2026:00:51:10 +1200] "GET /terzetto/h8o3m3o9i2o8t8h2e6r2m7ism HTTP/1.1" 200 78850 "-" "Mozilla/5.0 (Linux; Android 6.0.1; Nexus 5X Build/MMB29P) AppleWebKit/537.36 (KHTML, like Gecko) Chrome/150.0.7871.128 Mobile Safari/537.36 (compatible; GoogleOther)"
161.118.238.173 - - [27/Jul/2026:00:51:13 +1200] "POST /wp-login.php HTTP/1.1" 503 7123 "https://importersclearance.co.nz/wp-login.php" "Mozilla/5.0 (Macintosh; Intel Mac OS X 10_15_7) AppleWebKit/537.36 (KHTML, like Gecko) Chrome/120.0.0.0 Safari/537.36"
161.118.238.173 - - [27/Jul/2026:00:51:13 +1200] "GET /wp-admin/index.php HTTP/1.1" 503 7310 "https://importersclearance.co.nz/wp-login.php" "Mozilla/5.0 (Macintosh; Intel Mac OS X 10_15_7) AppleWebKit/537.36 (KHTML, like Gecko) Chrome/120.0.0.0 Safari/537.36"
223.165.64.9 - - [27/Jul/2026:00:51:14 +1200] "POST /?wordfence_syncAttackData=1785070274.6937 HTTP/1.1" 200 20 "-" "WordPress/6.9.4; https://importersclearance.co.nz"
161.118.238.173 - - [27/Jul/2026:00:51:14 +1200] "GET /wp-admin/profile.php HTTP/1.1" 503 7311 "https://importersclearance.co.nz/wp-login.php" "Mozilla/5.0 (Macintosh; Intel Mac OS X 10_15_7) AppleWebKit/537.36 (KHTML, like Gecko) Chrome/120.0.0.0 Safari/537.36"
223.165.64.9 - - [27/Jul/2026:00:51:15 +1200] "POST /?wordfence_syncAttackData=1785070275.1649 HTTP/1.1" 200 6851 "-" "WordPress/6.9.4; https://importersclearance.co.nz"
216.73.217.152 - - [27/Jul/2026:00:51:14 +1200] "GET /shops/gashed/s7o1u5g6h0344672 HTTP/1.1" 404 20 "-" "Mozilla/5.0 AppleWebKit/537.36 (KHTML, like Gecko; compatible; ClaudeBot/1.0; +claudebot@anthropic.com)"
161.118.238.173 - - [27/Jul/2026:00:51:15 +1200] "GET /wp-admin/edit.php HTTP/1.1" 503 7310 "https://importersclearance.co.nz/wp-login.php" "Mozilla/5.0 (Macintosh; Intel Mac OS X 10_15_7) AppleWebKit/537.36 (KHTML, like Gecko) Chrome/120.0.0.0 Safari/537.36"
66.249.70.37 - - [27/Jul/2026:00:51:14 +1200] "GET /?h=d1r4a1u2g1h5t1y6901 HTTP/1.1" 200 76518 "-" "Mozilla/5.0 (Linux; Android 6.0.1; Nexus 5X Build/MMB29P) AppleWebKit/537.36 (KHTML, like Gecko) Chrome/150.0.7871.128 Mobile Safari/537.36 (compatible; GoogleOther)"
161.118.238.173 - - [27/Jul/2026:00:51:16 +1200] "GET /wp-admin/plugins.php HTTP/1.1" 503 7310 "https://importersclearance.co.nz/wp-login.php" "Mozilla/5.0 (Macintosh; Intel Mac OS X 10_15_7) AppleWebKit/537.36 (KHTML, like Gecko) Chrome/120.0.0.0 Safari/537.36"
161.118.238.173 - - [27/Jul/2026:00:51:17 +1200] "POST /wp-login.php HTTP/1.1" 503 7123 "https://importersclearance.co.nz/wp-login.php" "Mozilla/5.0 (X11; Ubuntu; Linux x86_64) AppleWebKit/537.36 (KHTML, like Gecko) Chrome/118.0.0.0 Safari/537.36"
66.249.70.37 - - [27/Jul/2026:00:51:15 +1200] "GET /?h=s2e3l9f4h6a8r3d8e0n0i0ng HTTP/1.1" 200 75351 "-" "Mozilla/5.0 (Linux; Android 6.0.1; Nexus 5X Build/MMB29P) AppleWebKit/537.36 (KHTML, like Gecko) Chrome/150.0.7871.128 Mobile Safari/537.36 (compatible; Googlebot/2.1; +http://www.google.com/bot.html)"
161.118.238.173 - - [27/Jul/2026:00:51:17 +1200] "GET /wp-admin/index.php HTTP/1.1" 503 7310 "https://importersclearance.co.nz/wp-login.php" "Mozilla/5.0 (Windows NT 10.0; Win64; x64) AppleWebKit/537.36 (KHTML, like Gecko) Chrome/120.0.0.0 Safari/537.36"
216.73.217.152 - - [27/Jul/2026:00:51:17 +1200] "GET /shops/skimback/e7l4e3c8t6r1o2p7h2o2ridae HTTP/1.1" 404 20 "-" "Mozilla/5.0 AppleWebKit/537.36 (KHTML, like Gecko; compatible; ClaudeBot/1.0; +claudebot@anthropic.com)"
161.118.238.173 - - [27/Jul/2026:00:51:18 +1200] "GET /wp-admin/profile.php HTTP/1.1" 503 7310 "https://importersclearance.co.nz/wp-login.php" "Mozilla/5.0 (Windows NT 10.0; Win64; x64) AppleWebKit/537.36 (KHTML, like Gecko) Chrome/120.0.0.0 Safari/537.36"
161.118.238.173 - - [27/Jul/2026:00:51:19 +1200] "GET /wp-admin/edit.php HTTP/1.1" 503 7310 "https://importersclearance.co.nz/wp-login.php" "Mozilla/5.0 (Windows NT 10.0; Win64; x64) AppleWebKit/537.36 (KHTML, like Gecko) Chrome/120.0.0.0 Safari/537.36"
161.118.238.173 - - [27/Jul/2026:00:51:20 +1200] "GET /wp-admin/plugins.php HTTP/1.1" 503 7310 "https://importersclearance.co.nz/wp-login.php" "Mozilla/5.0 (Windows NT 10.0; Win64; x64) AppleWebKit/537.36 (KHTML, like Gecko) Chrome/120.0.0.0 Safari/537.36"
66.249.70.32 - - [27/Jul/2026:00:51:18 +1200] "GET /?h=t5e1l6e9s0c4o2p0y383 HTTP/1.1" 200 75571 "-" "Mozilla/5.0 (Linux; Android 6.0.1; Nexus 5X Build/MMB29P) AppleWebKit/537.36 (KHTML, like Gecko) Chrome/150.0.7871.128 Mobile Safari/537.36 (compatible; GoogleOther)"
161.118.238.173 - - [27/Jul/2026:00:51:20 +1200] "POST /wp-login.php HTTP/1.1" 503 7123 "https://importersclearance.co.nz/wp-login.php" "Mozilla/5.0 (Macintosh; Intel Mac OS X 10_15_7) AppleWebKit/537.36 (KHTML, like Gecko) Chrome/119.0.0.0 Safari/537.36"
216.73.217.152 - - [27/Jul/2026:00:51:20 +1200] "GET /shops/dextrorse/g7r1a5n6d2689451 HTTP/1.1" 404 20 "-" "Mozilla/5.0 AppleWebKit/537.36 (KHTML, like Gecko; compatible; ClaudeBot/1.0; +claudebot@anthropic.com)"
161.118.238.173 - - [27/Jul/2026:00:51:21 +1200] "GET /wp-admin/index.php HTTP/1.1" 503 7311 "https://importersclearance.co.nz/wp-login.php" "Mozilla/5.0 (Windows NT 11.0; Win64; x64; rv:121.0) Gecko/20100101 Firefox/121.0"
161.118.238.173 - - [27/Jul/2026:00:51:22 +1200] "GET /wp-admin/profile.php HTTP/1.1" 503 7310 "https://importersclearance.co.nz/wp-login.php" "Mozilla/5.0 (Windows NT 11.0; Win64; x64; rv:121.0) Gecko/20100101 Firefox/121.0"
161.118.238.173 - - [27/Jul/2026:00:51:23 +1200] "GET /wp-admin/edit.php HTTP/1.1" 503 7310 "https://importersclearance.co.nz/wp-login.php" "Mozilla/5.0 (Windows NT 11.0; Win64; x64; rv:121.0) Gecko/20100101 Firefox/121.0"
66.249.70.38 - - [27/Jul/2026:00:51:22 +1200] "GET /?h=i8s4o0c7h3a5s5m5036 HTTP/1.1" 200 76629 "-" "Mozilla/5.0 (Linux; Android 6.0.1; Nexus 5X Build/MMB29P) AppleWebKit/537.36 (KHTML, like Gecko) Chrome/150.0.7871.128 Mobile Safari/537.36 (compatible; GoogleOther)"
223.165.64.9 - - [27/Jul/2026:00:51:24 +1200] "POST /?wordfence_syncAttackData=1785070284.2331 HTTP/1.1" 200 20 "-" "WordPress/6.9.4; https://importersclearance.co.nz"
161.118.238.173 - - [27/Jul/2026:00:51:23 +1200] "GET /wp-admin/plugins.php HTTP/1.1" 503 7310 "https://importersclearance.co.nz/wp-login.php" "Mozilla/5.0 (Windows NT 11.0; Win64; x64; rv:121.0) Gecko/20100101 Firefox/121.0"
223.165.64.9 - - [27/Jul/2026:00:51:24 +1200] "POST /?wordfence_syncAttackData=1785070284.3855 HTTP/1.1" 200 6851 "-" "WordPress/6.9.4; https://importersclearance.co.nz"
216.73.217.152 - - [27/Jul/2026:00:51:23 +1200] "GET /shops/vilipendency/l7a1r2c4e3n1e5r3289 HTTP/1.1" 404 20 "-" "Mozilla/5.0 AppleWebKit/537.36 (KHTML, like Gecko; compatible; ClaudeBot/1.0; +claudebot@anthropic.com)"
161.118.238.173 - - [27/Jul/2026:00:51:25 +1200] "POST /wp-login.php HTTP/1.1" 503 7122 "https://importersclearance.co.nz/wp-login.php" "Mozilla/5.0 (X11; Ubuntu; Linux x86_64) AppleWebKit/537.36 (KHTML, like Gecko) Chrome/121.0.0.0 Safari/537.36"
161.118.238.173 - - [27/Jul/2026:00:51:26 +1200] "GET /wp-admin/index.php HTTP/1.1" 503 7309 "https://importersclearance.co.nz/wp-login.php" "Mozilla/5.0 (Macintosh; Intel Mac OS X 10_15_7) AppleWebKit/605.1.15 (KHTML, like Gecko) Version/17.2 Safari/605.1.15"
216.73.217.152 - - [27/Jul/2026:00:51:26 +1200] "GET /shops/fruiterer/i7n3f6o6l7d7e4d3422 HTTP/1.1" 404 20 "-" "Mozilla/5.0 AppleWebKit/537.36 (KHTML, like Gecko; compatible; ClaudeBot/1.0; +claudebot@anthropic.com)"
161.118.238.173 - - [27/Jul/2026:00:51:27 +1200] "GET /wp-admin/profile.php HTTP/1.1" 503 7310 "https://importersclearance.co.nz/wp-login.php" "Mozilla/5.0 (Macintosh; Intel Mac OS X 10_15_7) AppleWebKit/605.1.15 (KHTML, like Gecko) Version/17.2 Safari/605.1.15"
66.249.70.37 - - [27/Jul/2026:00:51:26 +1200] "GET /?h=s1e2l2e2n2i9u5r2e8t5ed HTTP/1.1" 200 76602 "-" "Mozilla/5.0 (Linux; Android 6.0.1; Nexus 5X Build/MMB29P) AppleWebKit/537.36 (KHTML, like Gecko) Chrome/150.0.7871.128 Mobile Safari/537.36 (compatible; GoogleOther)"
161.118.238.173 - - [27/Jul/2026:00:51:28 +1200] "GET /wp-admin/edit.php HTTP/1.1" 503 7310 "https://importersclearance.co.nz/wp-login.php" "Mozilla/5.0 (Macintosh; Intel Mac OS X 10_15_7) AppleWebKit/605.1.15 (KHTML, like Gecko) Version/17.2 Safari/605.1.15"
161.118.238.173 - - [27/Jul/2026:00:51:29 +1200] "GET /wp-admin/plugins.php HTTP/1.1" 503 7310 "https://importersclearance.co.nz/wp-login.php" "Mozilla/5.0 (Macintosh; Intel Mac OS X 10_15_7) AppleWebKit/605.1.15 (KHTML, like Gecko) Version/17.2 Safari/605.1.15"
161.118.238.173 - - [27/Jul/2026:00:51:30 +1200] "POST /wp-login.php HTTP/1.1" 503 7123 "https://importersclearance.co.nz/wp-login.php" "Mozilla/5.0 (X11; Ubuntu; Linux x86_64) AppleWebKit/537.36 (KHTML, like Gecko) Chrome/119.0.0.0 Safari/537.36"
216.73.217.152 - - [27/Jul/2026:00:51:29 +1200] "GET /?h=f7l4e2e7t6e0r79872 HTTP/1.1" 200 6851 "-" "Mozilla/5.0 AppleWebKit/537.36 (KHTML, like Gecko; compatible; ClaudeBot/1.0; +claudebot@anthropic.com)"
66.249.70.37 - - [27/Jul/2026:00:51:28 +1200] "GET /?h=h2e5x5a1c3h0o1r3d77 HTTP/1.1" 200 74819 "-" "Mozilla/5.0 (Linux; Android 6.0.1; Nexus 5X Build/MMB29P) AppleWebKit/537.36 (KHTML, like Gecko) Chrome/150.0.7871.128 Mobile Safari/537.36 (compatible; Googlebot/2.1; +http://www.google.com/bot.html)"
161.118.238.173 - - [27/Jul/2026:00:51:31 +1200] "GET /wp-admin/index.php HTTP/1.1" 503 7310 "https://importersclearance.co.nz/wp-login.php" "Mozilla/5.0 (X11; Linux x86_64) AppleWebKit/537.36 (KHTML, like Gecko) Chrome/119.0.0.0 Safari/537.36"
161.118.238.173 - - [27/Jul/2026:00:51:31 +1200] "GET /wp-admin/profile.php HTTP/1.1" 503 7310 "https://importersclearance.co.nz/wp-login.php" "Mozilla/5.0 (X11; Linux x86_64) AppleWebKit/537.36 (KHTML, like Gecko) Chrome/119.0.0.0 Safari/537.36"
66.249.70.39 - - [27/Jul/2026:00:51:30 +1200] "GET /?h=s4q3u5e6e0g5e9e5d495 HTTP/1.1" 200 76340 "-" "Mozilla/5.0 (Linux; Android 6.0.1; Nexus 5X Build/MMB29P) AppleWebKit/537.36 (KHTML, like Gecko) Chrome/150.0.7871.128 Mobile Safari/537.36 (compatible; GoogleOther)"
161.118.238.173 - - [27/Jul/2026:00:51:32 +1200] "GET /wp-admin/edit.php HTTP/1.1" 503 7311 "https://importersclearance.co.nz/wp-login.php" "Mozilla/5.0 (X11; Linux x86_64) AppleWebKit/537.36 (KHTML, like Gecko) Chrome/119.0.0.0 Safari/537.36"
