66.249.70.34 - - [27/Jul/2026:01:56:10 +1200] "GET /?h=a7i2r9h0e1a7d46286 HTTP/1.1" 200 75460 "-" "Mozilla/5.0 (Linux; Android 6.0.1; Nexus 5X Build/MMB29P) AppleWebKit/537.36 (KHTML, like Gecko) Chrome/150.0.7871.128 Mobile Safari/537.36 (compatible; GoogleOther)"
216.73.217.152 - - [27/Jul/2026:01:56:12 +1200] "GET /?h=i7n1d1u1c6t7o3r5i3u1m6s HTTP/1.1" 200 6851 "-" "Mozilla/5.0 AppleWebKit/537.36 (KHTML, like Gecko; compatible; ClaudeBot/1.0; +claudebot@anthropic.com)"
66.249.70.39 - - [27/Jul/2026:01:56:14 +1200] "GET /?h=v7e2l7d6t1783267 HTTP/1.1" 200 76948 "-" "Mozilla/5.0 (Linux; Android 6.0.1; Nexus 5X Build/MMB29P) AppleWebKit/537.36 (KHTML, like Gecko) Chrome/150.0.7871.128 Mobile Safari/537.36 (compatible; GoogleOther)"
216.73.217.152 - - [27/Jul/2026:01:56:15 +1200] "GET /?h=s7q2u3a5r7r8o0s9u5s15 HTTP/1.1" 200 6851 "-" "Mozilla/5.0 AppleWebKit/537.36 (KHTML, like Gecko; compatible; ClaudeBot/1.0; +claudebot@anthropic.com)"
66.249.70.38 - - [27/Jul/2026:01:56:18 +1200] "GET /?h=s4p1o7r6t9y981985 HTTP/1.1" 200 75157 "-" "Mozilla/5.0 (Linux; Android 6.0.1; Nexus 5X Build/MMB29P) AppleWebKit/537.36 (KHTML, like Gecko) Chrome/150.0.7871.128 Mobile Safari/537.36 (compatible; GoogleOther)"
216.73.217.152 - - [27/Jul/2026:01:56:20 +1200] "GET /?h=c7o3m8m8i8x5i3n4g094 HTTP/1.1" 200 6851 "-" "Mozilla/5.0 AppleWebKit/537.36 (KHTML, like Gecko; compatible; ClaudeBot/1.0; +claudebot@anthropic.com)"
66.249.70.37 - - [27/Jul/2026:01:56:19 +1200] "GET /?h=u5n3s7i4n7c3e6r6e9n7e8ss HTTP/1.1" 200 75827 "-" "Mozilla/5.0 (Linux; Android 6.0.1; Nexus 5X Build/MMB29P) AppleWebKit/537.36 (KHTML, like Gecko) Chrome/150.0.7871.128 Mobile Safari/537.36 (compatible; Googlebot/2.1; +http://www.google.com/bot.html)"
216.73.217.152 - - [27/Jul/2026:01:56:23 +1200] "GET /shops/mangostana/t7e2t5r2i6c4i5t9y431 HTTP/1.1" 404 20 "-" "Mozilla/5.0 AppleWebKit/537.36 (KHTML, like Gecko; compatible; ClaudeBot/1.0; +claudebot@anthropic.com)"
66.249.70.39 - - [27/Jul/2026:01:56:22 +1200] "GET /?h=t4a3n7n6i3e0r46082 HTTP/1.1" 200 76762 "-" "Mozilla/5.0 (Linux; Android 6.0.1; Nexus 5X Build/MMB29P) AppleWebKit/537.36 (KHTML, like Gecko) Chrome/150.0.7871.128 Mobile Safari/537.36 (compatible; GoogleOther)"
216.73.217.152 - - [27/Jul/2026:01:56:26 +1200] "GET /?h=t7r3e0p2a6n2n2i1n0g45 HTTP/1.1" 200 6851 "-" "Mozilla/5.0 AppleWebKit/537.36 (KHTML, like Gecko; compatible; ClaudeBot/1.0; +claudebot@anthropic.com)"
66.249.70.39 - - [27/Jul/2026:01:56:25 +1200] "GET /?h=a8p2l5a1n5a6t2i1s0m41 HTTP/1.1" 200 76000 "-" "Mozilla/5.0 (Linux; Android 6.0.1; Nexus 5X Build/MMB29P) AppleWebKit/537.36 (KHTML, like Gecko) Chrome/150.0.7871.128 Mobile Safari/537.36 (compatible; GoogleOther)"
216.73.217.152 - - [27/Jul/2026:01:56:29 +1200] "GET /?h=l7o1v6e3l6i6e2r6225 HTTP/1.1" 200 6851 "-" "Mozilla/5.0 AppleWebKit/537.36 (KHTML, like Gecko; compatible; ClaudeBot/1.0; +claudebot@anthropic.com)"
66.249.70.39 - - [27/Jul/2026:01:56:29 +1200] "GET /?h=t3r8a1n4s8f5e2m0i3n6ate HTTP/1.1" 200 76696 "-" "Mozilla/5.0 (Linux; Android 6.0.1; Nexus 5X Build/MMB29P) AppleWebKit/537.36 (KHTML, like Gecko) Chrome/150.0.7871.128 Mobile Safari/537.36 (compatible; GoogleOther)"
66.249.70.32 - - [27/Jul/2026:01:56:32 +1200] "GET /?h=t6u2r7n5b9u6l5l4s975 HTTP/1.1" 200 75843 "-" "Mozilla/5.0 (Linux; Android 6.0.1; Nexus 5X Build/MMB29P) AppleWebKit/537.36 (KHTML, like Gecko) Chrome/150.0.7871.128 Mobile Safari/537.36 (compatible; Googlebot/2.1; +http://www.google.com/bot.html)"
216.73.217.152 - - [27/Jul/2026:01:56:34 +1200] "GET /?h=s7o1u8r5l6y321485 HTTP/1.1" 200 6851 "-" "Mozilla/5.0 AppleWebKit/537.36 (KHTML, like Gecko; compatible; ClaudeBot/1.0; +claudebot@anthropic.com)"
66.249.70.39 - - [27/Jul/2026:01:56:33 +1200] "GET /?h=r8e2a8g1r8e2e0836 HTTP/1.1" 200 77901 "-" "Mozilla/5.0 (Linux; Android 6.0.1; Nexus 5X Build/MMB29P) AppleWebKit/537.36 (KHTML, like Gecko) Chrome/150.0.7871.128 Mobile Safari/537.36 (compatible; GoogleOther)"
66.249.70.37 - - [27/Jul/2026:01:56:34 +1200] "GET /review/goods/I2260866678/ HTTP/1.1" 200 75192 "-" "Mozilla/5.0 (Linux; Android 6.0.1; Nexus 5X Build/MMB29P) AppleWebKit/537.36 (KHTML, like Gecko) Chrome/150.0.7871.128 Mobile Safari/537.36 (compatible; Googlebot/2.1; +http://www.google.com/bot.html)"
66.249.70.33 - - [27/Jul/2026:01:56:34 +1200] "GET /?h=o2b1l5o6n9g505146 HTTP/1.1" 200 76759 "-" "Mozilla/5.0 (Linux; Android 6.0.1; Nexus 5X Build/MMB29P) AppleWebKit/537.36 (KHTML, like Gecko) Chrome/150.0.7871.128 Mobile Safari/537.36 (compatible; Googlebot/2.1; +http://www.google.com/bot.html)"
216.73.217.152 - - [27/Jul/2026:01:56:37 +1200] "GET /?h=b7a2c7t7e7r0i0o9s4c1o5pic HTTP/1.1" 200 6851 "-" "Mozilla/5.0 AppleWebKit/537.36 (KHTML, like Gecko; compatible; ClaudeBot/1.0; +claudebot@anthropic.com)"
66.249.70.34 - - [27/Jul/2026:01:56:37 +1200] "GET /review/goods/I1346214849/ HTTP/1.1" 200 75448 "-" "Mozilla/5.0 (Linux; Android 6.0.1; Nexus 5X Build/MMB29P) AppleWebKit/537.36 (KHTML, like Gecko) Chrome/150.0.7871.128 Mobile Safari/537.36 (compatible; GoogleOther)"
216.73.217.152 - - [27/Jul/2026:01:56:40 +1200] "GET /?h=l7o1n0g1i4c1a3u7d7a15 HTTP/1.1" 200 6851 "-" "Mozilla/5.0 AppleWebKit/537.36 (KHTML, like Gecko; compatible; ClaudeBot/1.0; +claudebot@anthropic.com)"
66.249.70.35 - - [27/Jul/2026:01:56:41 +1200] "GET /shops/ratableness/s1p2e7r4m2a7t8o3r4r2h2oea HTTP/1.1" 200 76252 "-" "Mozilla/5.0 (Linux; Android 6.0.1; Nexus 5X Build/MMB29P) AppleWebKit/537.36 (KHTML, like Gecko) Chrome/150.0.7871.128 Mobile Safari/537.36 (compatible; GoogleOther)"
216.73.217.152 - - [27/Jul/2026:01:56:43 +1200] "GET /?h=e7u1l6o3g8i0z0e1d831 HTTP/1.1" 200 6851 "-" "Mozilla/5.0 AppleWebKit/537.36 (KHTML, like Gecko; compatible; ClaudeBot/1.0; +claudebot@anthropic.com)"
66.249.70.34 - - [27/Jul/2026:01:56:45 +1200] "GET /exserting/brake/73858721342 HTTP/1.1" 200 77040 "-" "Mozilla/5.0 (Linux; Android 6.0.1; Nexus 5X Build/MMB29P) AppleWebKit/537.36 (KHTML, like Gecko) Chrome/150.0.7871.128 Mobile Safari/537.36 (compatible; GoogleOther)"
216.73.217.152 - - [27/Jul/2026:01:56:47 +1200] "GET /?h=m7o2n5o4i7c7o9u6s140 HTTP/1.1" 200 6851 "-" "Mozilla/5.0 AppleWebKit/537.36 (KHTML, like Gecko; compatible; ClaudeBot/1.0; +claudebot@anthropic.com)"
66.249.70.32 - - [27/Jul/2026:01:56:47 +1200] "GET /?h=d6r1o3s0o8m7e0t9e4r42 HTTP/1.1" 200 75439 "-" "Mozilla/5.0 (Linux; Android 6.0.1; Nexus 5X Build/MMB29P) AppleWebKit/537.36 (KHTML, like Gecko) Chrome/150.0.7871.128 Mobile Safari/537.36 (compatible; Googlebot/2.1; +http://www.google.com/bot.html)"
66.249.70.37 - - [27/Jul/2026:01:56:49 +1200] "GET /?h=c3a2s1t5e5l8l2a7n878 HTTP/1.1" 200 75100 "-" "Mozilla/5.0 (Linux; Android 6.0.1; Nexus 5X Build/MMB29P) AppleWebKit/537.36 (KHTML, like Gecko) Chrome/150.0.7871.128 Mobile Safari/537.36 (compatible; GoogleOther)"
216.73.217.152 - - [27/Jul/2026:01:56:50 +1200] "GET /shops/scoparia/p7o1l8y2b9i3u8s2374 HTTP/1.1" 404 20 "-" "Mozilla/5.0 AppleWebKit/537.36 (KHTML, like Gecko; compatible; ClaudeBot/1.0; +claudebot@anthropic.com)"
216.73.217.152 - - [27/Jul/2026:01:56:53 +1200] "GET /?h=a7f1f3r6e5i1g8h0t975 HTTP/1.1" 200 6851 "-" "Mozilla/5.0 AppleWebKit/537.36 (KHTML, like Gecko; compatible; ClaudeBot/1.0; +claudebot@anthropic.com)"
66.249.70.39 - - [27/Jul/2026:01:56:53 +1200] "GET /?h=c1y6c8l2o4p9s827 HTTP/1.1" 200 76798 "-" "Mozilla/5.0 (Linux; Android 6.0.1; Nexus 5X Build/MMB29P) AppleWebKit/537.36 (KHTML, like Gecko) Chrome/150.0.7871.128 Mobile Safari/537.36 (compatible; GoogleOther)"
216.73.217.152 - - [27/Jul/2026:01:56:56 +1200] "GET /?h=d7e1n0d0r8o1c7h3e3l0i5don HTTP/1.1" 200 6851 "-" "Mozilla/5.0 AppleWebKit/537.36 (KHTML, like Gecko; compatible; ClaudeBot/1.0; +claudebot@anthropic.com)"
66.249.70.39 - - [27/Jul/2026:01:56:56 +1200] "GET /?h=i6r3r4e3v4e2r0e3n5d13 HTTP/1.1" 200 74357 "-" "Mozilla/5.0 (Linux; Android 6.0.1; Nexus 5X Build/MMB29P) AppleWebKit/537.36 (KHTML, like Gecko) Chrome/150.0.7871.128 Mobile Safari/537.36 (compatible; GoogleOther)"
216.73.217.152 - - [27/Jul/2026:01:57:01 +1200] "GET /tyrosine/soldierly/w7e3a7r7y5i2n9g1051 HTTP/1.1" 404 20 "-" "Mozilla/5.0 AppleWebKit/537.36 (KHTML, like Gecko; compatible; ClaudeBot/1.0; +claudebot@anthropic.com)"
66.249.70.38 - - [27/Jul/2026:01:56:59 +1200] "GET /?h=b6o2n0u2s8h2e2n1r6i7c8us HTTP/1.1" 200 75623 "-" "Mozilla/5.0 (Linux; Android 6.0.1; Nexus 5X Build/MMB29P) AppleWebKit/537.36 (KHTML, like Gecko) Chrome/150.0.7871.128 Mobile Safari/537.36 (compatible; Googlebot/2.1; +http://www.google.com/bot.html)"
66.249.70.38 - - [27/Jul/2026:01:57:01 +1200] "GET /review/goods/I932628805/ HTTP/1.1" 200 75763 "-" "Mozilla/5.0 (Linux; Android 6.0.1; Nexus 5X Build/MMB29P) AppleWebKit/537.36 (KHTML, like Gecko) Chrome/150.0.7871.128 Mobile Safari/537.36 (compatible; GoogleOther)"
223.165.64.9 - - [27/Jul/2026:01:57:04 +1200] "POST /wp-cron.php?doing_wp_cron=1785074224.6698970794677734375000 HTTP/1.1" 200 20 "-" "WordPress/6.9.4; https://importersclearance.co.nz"
216.73.217.152 - - [27/Jul/2026:01:57:03 +1200] "GET /?h=c7o3n1c9e1p4t1u4a8l6i9ze HTTP/1.1" 200 6851 "-" "Mozilla/5.0 AppleWebKit/537.36 (KHTML, like Gecko; compatible; ClaudeBot/1.0; +claudebot@anthropic.com)"
66.249.70.38 - - [27/Jul/2026:01:57:02 +1200] "GET /shops/sacra/a3c1e7t8o1s1e8l3l7a63 HTTP/1.1" 200 76862 "-" "Mozilla/5.0 (Linux; Android 6.0.1; Nexus 5X Build/MMB29P) AppleWebKit/537.36 (KHTML, like Gecko) Chrome/150.0.7871.128 Mobile Safari/537.36 (compatible; Googlebot/2.1; +http://www.google.com/bot.html)"
66.249.70.34 - - [27/Jul/2026:01:57:04 +1200] "GET /?h=p9r3o0s2o5m2a23743 HTTP/1.1" 200 76063 "-" "Mozilla/5.0 (Linux; Android 6.0.1; Nexus 5X Build/MMB29P) AppleWebKit/537.36 (KHTML, like Gecko) Chrome/150.0.7871.128 Mobile Safari/537.36 (compatible; GoogleOther)"
216.73.217.152 - - [27/Jul/2026:01:57:06 +1200] "GET /?h=p7r7o3l9i9x6i5o0u7s6 HTTP/1.1" 200 6851 "-" "Mozilla/5.0 AppleWebKit/537.36 (KHTML, like Gecko; compatible; ClaudeBot/1.0; +claudebot@anthropic.com)"
66.249.70.32 - - [27/Jul/2026:01:57:08 +1200] "GET /?h=h8a1g3i9o2l4o1g3y24 HTTP/1.1" 200 76722 "-" "Mozilla/5.0 (Linux; Android 6.0.1; Nexus 5X Build/MMB29P) AppleWebKit/537.36 (KHTML, like Gecko) Chrome/150.0.7871.128 Mobile Safari/537.36 (compatible; GoogleOther)"
66.249.70.33 - - [27/Jul/2026:01:57:08 +1200] "GET /?h=c6o1s1u4r5e8t6i0e3s97 HTTP/1.1" 200 74397 "-" "Mozilla/5.0 (Linux; Android 6.0.1; Nexus 5X Build/MMB29P) AppleWebKit/537.36 (KHTML, like Gecko) Chrome/150.0.7871.128 Mobile Safari/537.36 (compatible; Googlebot/2.1; +http://www.google.com/bot.html)"
216.73.217.152 - - [27/Jul/2026:01:57:09 +1200] "GET /asexuality/bridler/s7o1n2o2r1o0u4s5924 HTTP/1.1" 404 20 "-" "Mozilla/5.0 AppleWebKit/537.36 (KHTML, like Gecko; compatible; ClaudeBot/1.0; +claudebot@anthropic.com)"
66.249.70.32 - - [27/Jul/2026:01:57:11 +1200] "GET /?h=p1r3o6g7r1e8s1s5i8o1n6 HTTP/1.1" 200 75245 "-" "Mozilla/5.0 (Linux; Android 6.0.1; Nexus 5X Build/MMB29P) AppleWebKit/537.36 (KHTML, like Gecko) Chrome/150.0.7871.128 Mobile Safari/537.36 (compatible; GoogleOther)"
66.249.70.38 - - [27/Jul/2026:01:57:16 +1200] "GET /?h=m1a2g3n1e5t0o4m9o2t1or HTTP/1.1" 200 77064 "-" "Mozilla/5.0 (Linux; Android 6.0.1; Nexus 5X Build/MMB29P) AppleWebKit/537.36 (KHTML, like Gecko) Chrome/150.0.7871.128 Mobile Safari/537.36 (compatible; GoogleOther)"
66.249.70.38 - - [27/Jul/2026:01:57:17 +1200] "GET /?h=l5i1g8h3t7r9o9o4m862 HTTP/1.1" 200 74742 "-" "Mozilla/5.0 (Linux; Android 6.0.1; Nexus 5X Build/MMB29P) AppleWebKit/537.36 (KHTML, like Gecko) Chrome/150.0.7871.128 Mobile Safari/537.36 (compatible; Googlebot/2.1; +http://www.google.com/bot.html)"
66.249.70.32 - - [27/Jul/2026:01:57:20 +1200] "GET /?h=d5e1p5r1e1d7i7c4a6t3e HTTP/1.1" 200 76434 "-" "Mozilla/5.0 (Linux; Android 6.0.1; Nexus 5X Build/MMB29P) AppleWebKit/537.36 (KHTML, like Gecko) Chrome/150.0.7871.128 Mobile Safari/537.36 (compatible; GoogleOther)"
66.249.70.37 - - [27/Jul/2026:01:57:24 +1200] "GET /nodder/sulphurwort/72199175867 HTTP/1.1" 200 76611 "-" "Mozilla/5.0 (Linux; Android 6.0.1; Nexus 5X Build/MMB29P) AppleWebKit/537.36 (KHTML, like Gecko) Chrome/150.0.7871.128 Mobile Safari/537.36 (compatible; GoogleOther)"
216.73.217.152 - - [27/Jul/2026:01:57:26 +1200] "GET /?h=g7l2o4s0s3a6r6i1a1l0l5y HTTP/1.1" 200 6851 "-" "Mozilla/5.0 AppleWebKit/537.36 (KHTML, like Gecko; compatible; ClaudeBot/1.0; +claudebot@anthropic.com)"
66.249.70.38 - - [27/Jul/2026:01:57:26 +1200] "GET /?h=s1e4l1f4k5n1o6w1i4n3g5 HTTP/1.1" 200 75894 "-" "Mozilla/5.0 (Linux; Android 6.0.1; Nexus 5X Build/MMB29P) AppleWebKit/537.36 (KHTML, like Gecko) Chrome/150.0.7871.128 Mobile Safari/537.36 (compatible; Googlebot/2.1; +http://www.google.com/bot.html)"
216.73.217.152 - - [27/Jul/2026:01:57:29 +1200] "GET /?h=w7h7i5n0i5n9g7l7y09 HTTP/1.1" 200 6851 "-" "Mozilla/5.0 AppleWebKit/537.36 (KHTML, like Gecko; compatible; ClaudeBot/1.0; +claudebot@anthropic.com)"
66.249.70.39 - - [27/Jul/2026:01:57:28 +1200] "GET /slung/t2h2e9r0m1o9d8y5n0a6m8ics HTTP/1.1" 200 76397 "-" "Mozilla/5.0 (Linux; Android 6.0.1; Nexus 5X Build/MMB29P) AppleWebKit/537.36 (KHTML, like Gecko) Chrome/150.0.7871.128 Mobile Safari/537.36 (compatible; GoogleOther)"
216.73.217.152 - - [27/Jul/2026:01:57:32 +1200] "GET /shops/biangulous/r7e1n1o8w8n9e5d8l4y99 HTTP/1.1" 404 20 "-" "Mozilla/5.0 AppleWebKit/537.36 (KHTML, like Gecko; compatible; ClaudeBot/1.0; +claudebot@anthropic.com)"
66.249.70.38 - - [27/Jul/2026:01:57:31 +1200] "GET /agnise/lurch/a0g2n9i9s8e093616 HTTP/1.1" 200 74620 "-" "Mozilla/5.0 (Linux; Android 6.0.1; Nexus 5X Build/MMB29P) AppleWebKit/537.36 (KHTML, like Gecko) Chrome/150.0.7871.128 Mobile Safari/537.36 (compatible; Googlebot/2.1; +http://www.google.com/bot.html)"
66.249.70.37 - - [27/Jul/2026:01:57:32 +1200] "GET /shops/conceptualization/w4h3i7s4t2l8y02975 HTTP/1.1" 200 76560 "-" "Mozilla/5.0 (Linux; Android 6.0.1; Nexus 5X Build/MMB29P) AppleWebKit/537.36 (KHTML, like Gecko) Chrome/150.0.7871.128 Mobile Safari/537.36 (compatible; GoogleOther)"
216.73.217.152 - - [27/Jul/2026:01:57:37 +1200] "GET /shops/waileress/a7p1p8r1o1v3e1d9l9y86 HTTP/1.1" 404 20 "-" "Mozilla/5.0 AppleWebKit/537.36 (KHTML, like Gecko; compatible; ClaudeBot/1.0; +claudebot@anthropic.com)"
66.249.70.33 - - [27/Jul/2026:01:57:36 +1200] "GET /?h=m3e2s2i0t5y8l36480 HTTP/1.1" 200 75501 "-" "Mozilla/5.0 (Linux; Android 6.0.1; Nexus 5X Build/MMB29P) AppleWebKit/537.36 (KHTML, like Gecko) Chrome/150.0.7871.128 Mobile Safari/537.36 (compatible; GoogleOther)"
216.73.217.152 - - [27/Jul/2026:01:57:39 +1200] "GET /?h=l7e3x9i7c0o3g9r1a9p9h5ic HTTP/1.1" 200 6851 "-" "Mozilla/5.0 AppleWebKit/537.36 (KHTML, like Gecko; compatible; ClaudeBot/1.0; +claudebot@anthropic.com)"
66.249.70.33 - - [27/Jul/2026:01:57:40 +1200] "GET /?h=s6h3r4e2w8d6e6r0258 HTTP/1.1" 200 74402 "-" "Mozilla/5.0 (Linux; Android 6.0.1; Nexus 5X Build/MMB29P) AppleWebKit/537.36 (KHTML, like Gecko) Chrome/150.0.7871.128 Mobile Safari/537.36 (compatible; Googlebot/2.1; +http://www.google.com/bot.html)"
66.249.70.38 - - [27/Jul/2026:01:57:40 +1200] "GET /review/goods/I2040535632/ HTTP/1.1" 200 76109 "-" "Mozilla/5.0 (Linux; Android 6.0.1; Nexus 5X Build/MMB29P) AppleWebKit/537.36 (KHTML, like Gecko) Chrome/150.0.7871.128 Mobile Safari/537.36 (compatible; GoogleOther)"
216.73.217.152 - - [27/Jul/2026:01:57:42 +1200] "GET /shops/yerne/l7i3t2h0a9r1g1y5r2u8m1 HTTP/1.1" 404 20 "-" "Mozilla/5.0 AppleWebKit/537.36 (KHTML, like Gecko; compatible; ClaudeBot/1.0; +claudebot@anthropic.com)"
66.249.70.39 - - [27/Jul/2026:01:57:44 +1200] "GET /tubuliform/direr/m8i1s5i1m8a3g1i3n8a5t9ion HTTP/1.1" 200 76359 "-" "Mozilla/5.0 (Linux; Android 6.0.1; Nexus 5X Build/MMB29P) AppleWebKit/537.36 (KHTML, like Gecko) Chrome/150.0.7871.128 Mobile Safari/537.36 (compatible; GoogleOther)"
66.249.70.34 - - [27/Jul/2026:01:57:47 +1200] "GET /?h=f3e7m2u1r0r2u5b8r6u0m HTTP/1.1" 200 75557 "-" "Mozilla/5.0 (Linux; Android 6.0.1; Nexus 5X Build/MMB29P) AppleWebKit/537.36 (KHTML, like Gecko) Chrome/150.0.7871.128 Mobile Safari/537.36 (compatible; Googlebot/2.1; +http://www.google.com/bot.html)"
216.73.217.152 - - [27/Jul/2026:01:57:48 +1200] "GET /tasty/scalpel/t7e1n6t9a3c4u7l2a4r24 HTTP/1.1" 404 20 "-" "Mozilla/5.0 AppleWebKit/537.36 (KHTML, like Gecko; compatible; ClaudeBot/1.0; +claudebot@anthropic.com)"
66.249.70.39 - - [27/Jul/2026:01:57:47 +1200] "GET /?h=m7e2t8e8y8a2r4d3955 HTTP/1.1" 200 78772 "-" "Mozilla/5.0 (Linux; Android 6.0.1; Nexus 5X Build/MMB29P) AppleWebKit/537.36 (KHTML, like Gecko) Chrome/150.0.7871.128 Mobile Safari/537.36 (compatible; GoogleOther)"
216.73.217.152 - - [27/Jul/2026:01:57:51 +1200] "GET /?h=s7a3g1i9t1t9o1c0y6s9t HTTP/1.1" 200 6851 "-" "Mozilla/5.0 AppleWebKit/537.36 (KHTML, like Gecko; compatible; ClaudeBot/1.0; +claudebot@anthropic.com)"
66.249.70.36 - - [27/Jul/2026:01:57:51 +1200] "GET /?h=r2e4a2g4e5n9t31815 HTTP/1.1" 200 76206 "-" "Mozilla/5.0 (Linux; Android 6.0.1; Nexus 5X Build/MMB29P) AppleWebKit/537.36 (KHTML, like Gecko) Chrome/150.0.7871.128 Mobile Safari/537.36 (compatible; GoogleOther)"
216.73.217.152 - - [27/Jul/2026:01:57:54 +1200] "GET /chronic/scorce/s7p3o8r1t7f5u2l3n0e1s0s HTTP/1.1" 404 20 "-" "Mozilla/5.0 AppleWebKit/537.36 (KHTML, like Gecko; compatible; ClaudeBot/1.0; +claudebot@anthropic.com)"
66.249.70.32 - - [27/Jul/2026:01:57:55 +1200] "GET /?h=s2p4o2n2g3e6l6e5t134 HTTP/1.1" 200 74790 "-" "Mozilla/5.0 (Linux; Android 6.0.1; Nexus 5X Build/MMB29P) AppleWebKit/537.36 (KHTML, like Gecko) Chrome/150.0.7871.128 Mobile Safari/537.36 (compatible; GoogleOther)"
66.249.70.33 - - [27/Jul/2026:01:57:59 +1200] "GET /?h=v5u7l7n4e2r7a4n1s9 HTTP/1.1" 200 75090 "-" "Mozilla/5.0 (Linux; Android 6.0.1; Nexus 5X Build/MMB29P) AppleWebKit/537.36 (KHTML, like Gecko) Chrome/150.0.7871.128 Mobile Safari/537.36 (compatible; Googlebot/2.1; +http://www.google.com/bot.html)"
66.249.70.34 - - [27/Jul/2026:01:57:59 +1200] "GET /?h=n2i2n9e9b5a1r6k9342 HTTP/1.1" 200 76063 "-" "Mozilla/5.0 (Linux; Android 6.0.1; Nexus 5X Build/MMB29P) AppleWebKit/537.36 (KHTML, like Gecko) Chrome/150.0.7871.128 Mobile Safari/537.36 (compatible; GoogleOther)"
216.73.217.152 - - [27/Jul/2026:01:58:01 +1200] "GET /?h=i7m1p6r0o4v9v2i1s4a1t0rice HTTP/1.1" 200 6851 "-" "Mozilla/5.0 AppleWebKit/537.36 (KHTML, like Gecko; compatible; ClaudeBot/1.0; +claudebot@anthropic.com)"
66.249.70.37 - - [27/Jul/2026:01:58:02 +1200] "GET /review/goods/I521938067/ HTTP/1.1" 200 80206 "-" "Mozilla/5.0 (Linux; Android 6.0.1; Nexus 5X Build/MMB29P) AppleWebKit/537.36 (KHTML, like Gecko) Chrome/150.0.7871.128 Mobile Safari/537.36 (compatible; Googlebot/2.1; +http://www.google.com/bot.html)"
223.165.64.9 - - [27/Jul/2026:01:58:04 +1200] "POST /wp-cron.php?doing_wp_cron=1785074284.3870980739593505859375 HTTP/1.1" 200 20 "-" "WordPress/6.9.4; https://importersclearance.co.nz"
216.73.217.152 - - [27/Jul/2026:01:58:03 +1200] "GET /shops/azureous/i7l2l4u6s0t8r3a7t6o8ry HTTP/1.1" 404 20 "-" "Mozilla/5.0 AppleWebKit/537.36 (KHTML, like Gecko; compatible; ClaudeBot/1.0; +claudebot@anthropic.com)"
66.249.70.39 - - [27/Jul/2026:01:58:03 +1200] "GET /?h=e9p2i2p0o5d1i8a3052 HTTP/1.1" 200 75044 "-" "Mozilla/5.0 (Linux; Android 6.0.1; Nexus 5X Build/MMB29P) AppleWebKit/537.36 (KHTML, like Gecko) Chrome/150.0.7871.128 Mobile Safari/537.36 (compatible; GoogleOther)"
216.73.217.152 - - [27/Jul/2026:01:58:06 +1200] "GET /?h=n7o1u9r0i7s2h5i8n6g52 HTTP/1.1" 200 6851 "-" "Mozilla/5.0 AppleWebKit/537.36 (KHTML, like Gecko; compatible; ClaudeBot/1.0; +claudebot@anthropic.com)"
66.249.70.39 - - [27/Jul/2026:01:58:07 +1200] "GET /?h=d1i2s8s9e1i9z0i5n0g95 HTTP/1.1" 200 75350 "-" "Mozilla/5.0 (Linux; Android 6.0.1; Nexus 5X Build/MMB29P) AppleWebKit/537.36 (KHTML, like Gecko) Chrome/150.0.7871.128 Mobile Safari/537.36 (compatible; GoogleOther)"
216.73.217.152 - - [27/Jul/2026:01:58:10 +1200] "GET /?h=p7o1l1l1i9n2c4t3o6r34 HTTP/1.1" 200 6851 "-" "Mozilla/5.0 AppleWebKit/537.36 (KHTML, like Gecko; compatible; ClaudeBot/1.0; +claudebot@anthropic.com)"
66.249.70.35 - - [27/Jul/2026:01:58:11 +1200] "GET /ecthymata/anabaptist/12063364610 HTTP/1.1" 200 74101 "-" "Mozilla/5.0 (Linux; Android 6.0.1; Nexus 5X Build/MMB29P) AppleWebKit/537.36 (KHTML, like Gecko) Chrome/150.0.7871.128 Mobile Safari/537.36 (compatible; GoogleOther)"
216.73.217.152 - - [27/Jul/2026:01:58:13 +1200] "GET /?h=l7i4t2i7g8i4o8u7s4l0y4 HTTP/1.1" 200 6851 "-" "Mozilla/5.0 AppleWebKit/537.36 (KHTML, like Gecko; compatible; ClaudeBot/1.0; +claudebot@anthropic.com)"
66.249.70.38 - - [27/Jul/2026:01:58:12 +1200] "GET /?h=w3h1i6t2e0b4r5e6a5s3t3ed HTTP/1.1" 200 76626 "-" "Mozilla/5.0 (Linux; Android 6.0.1; Nexus 5X Build/MMB29P) AppleWebKit/537.36 (KHTML, like Gecko) Chrome/150.0.7871.128 Mobile Safari/537.36 (compatible; Googlebot/2.1; +http://www.google.com/bot.html)"
216.73.217.152 - - [27/Jul/2026:01:58:16 +1200] "GET /?h=m7a3r1t3y3r4o3l5o9g7i4st HTTP/1.1" 200 6851 "-" "Mozilla/5.0 AppleWebKit/537.36 (KHTML, like Gecko; compatible; ClaudeBot/1.0; +claudebot@anthropic.com)"
66.249.70.35 - - [27/Jul/2026:01:58:15 +1200] "GET /foolishness/w1r1i8n8g1e2d92144 HTTP/1.1" 200 75997 "-" "Mozilla/5.0 (Linux; Android 6.0.1; Nexus 5X Build/MMB29P) AppleWebKit/537.36 (KHTML, like Gecko) Chrome/150.0.7871.128 Mobile Safari/537.36 (compatible; GoogleOther)"
66.249.70.33 - - [27/Jul/2026:01:58:19 +1200] "GET /?h=h6u2r1l9e1d801967 HTTP/1.1" 200 75215 "-" "Mozilla/5.0 (Linux; Android 6.0.1; Nexus 5X Build/MMB29P) AppleWebKit/537.36 (KHTML, like Gecko) Chrome/150.0.7871.128 Mobile Safari/537.36 (compatible; GoogleOther)"
216.73.217.152 - - [27/Jul/2026:01:58:23 +1200] "GET /shops/crossbanded/s7u3m9m0a0t5i1o3n575 HTTP/1.1" 404 20 "-" "Mozilla/5.0 AppleWebKit/537.36 (KHTML, like Gecko; compatible; ClaudeBot/1.0; +claudebot@anthropic.com)"
66.249.70.38 - - [27/Jul/2026:01:58:23 +1200] "GET /egyptian/pseudofilari/s9c1h6i7s7m8a4t0i5c3a3lness HTTP/1.1" 200 75542 "-" "Mozilla/5.0 (Linux; Android 6.0.1; Nexus 5X Build/MMB29P) AppleWebKit/537.36 (KHTML, like Gecko) Chrome/150.0.7871.128 Mobile Safari/537.36 (compatible; GoogleOther)"
216.73.217.152 - - [27/Jul/2026:01:58:25 +1200] "GET /?h=n7o1n0p4r9e1s9c3r1i8p1tion HTTP/1.1" 200 6851 "-" "Mozilla/5.0 AppleWebKit/537.36 (KHTML, like Gecko; compatible; ClaudeBot/1.0; +claudebot@anthropic.com)"
66.249.70.32 - - [27/Jul/2026:01:58:25 +1200] "GET /?h=m6a1r3a8b7o7u9t7803 HTTP/1.1" 200 74488 "-" "Mozilla/5.0 (Linux; Android 6.0.1; Nexus 5X Build/MMB29P) AppleWebKit/537.36 (KHTML, like Gecko) Chrome/150.0.7871.128 Mobile Safari/537.36 (compatible; Googlebot/2.1; +http://www.google.com/bot.html)"
66.249.70.39 - - [27/Jul/2026:01:58:27 +1200] "GET /?h=p3a4l0e7o6z2o2o8o6g0y9 HTTP/1.1" 200 75107 "-" "Mozilla/5.0 (Linux; Android 6.0.1; Nexus 5X Build/MMB29P) AppleWebKit/537.36 (KHTML, like Gecko) Chrome/150.0.7871.128 Mobile Safari/537.36 (compatible; GoogleOther)"
216.73.217.152 - - [27/Jul/2026:01:58:28 +1200] "GET /isocheimal/thespian/b7e1t1h7u0m3p9t1362 HTTP/1.1" 404 20 "-" "Mozilla/5.0 AppleWebKit/537.36 (KHTML, like Gecko; compatible; ClaudeBot/1.0; +claudebot@anthropic.com)"
66.249.70.32 - - [27/Jul/2026:01:58:29 +1200] "GET /?h=c8i3t6h0a6r1i0s8t8i6c0 HTTP/1.1" 200 75528 "-" "Mozilla/5.0 (Linux; Android 6.0.1; Nexus 5X Build/MMB29P) AppleWebKit/537.36 (KHTML, like Gecko) Chrome/150.0.7871.128 Mobile Safari/537.36 (compatible; Googlebot/2.1; +http://www.google.com/bot.html)"
216.73.217.152 - - [27/Jul/2026:01:58:32 +1200] "GET /shops/illinition/p7r9o8s4t1i4t6u5t0e7 HTTP/1.1" 404 20 "-" "Mozilla/5.0 AppleWebKit/537.36 (KHTML, like Gecko; compatible; ClaudeBot/1.0; +claudebot@anthropic.com)"
66.249.70.38 - - [27/Jul/2026:01:58:31 +1200] "GET /?h=h2e4n2h4a5r6r3o8w037 HTTP/1.1" 200 76641 "-" "Mozilla/5.0 (Linux; Android 6.0.1; Nexus 5X Build/MMB29P) AppleWebKit/537.36 (KHTML, like Gecko) Chrome/150.0.7871.128 Mobile Safari/537.36 (compatible; GoogleOther)"
216.73.217.152 - - [27/Jul/2026:01:58:35 +1200] "GET /outground/enregister/s7o3m0o4n9o8u8r5867 HTTP/1.1" 404 20 "-" "Mozilla/5.0 AppleWebKit/537.36 (KHTML, like Gecko; compatible; ClaudeBot/1.0; +claudebot@anthropic.com)"
66.249.70.34 - - [27/Jul/2026:01:58:36 +1200] "GET /?h=m8o1t1h5y7073456 HTTP/1.1" 200 78392 "-" "Mozilla/5.0 (Linux; Android 6.0.1; Nexus 5X Build/MMB29P) AppleWebKit/537.36 (KHTML, like Gecko) Chrome/150.0.7871.128 Mobile Safari/537.36 (compatible; GoogleOther)"
216.73.217.152 - - [27/Jul/2026:01:58:38 +1200] "GET /gravamens/t7r1a7n6s1f9e1r1r5i1n8g HTTP/1.1" 404 20 "-" "Mozilla/5.0 AppleWebKit/537.36 (KHTML, like Gecko; compatible; ClaudeBot/1.0; +claudebot@anthropic.com)"
66.249.70.37 - - [27/Jul/2026:01:58:40 +1200] "GET /tension/pogamoggan/t7h1r0e4e4p9i5l6e7d66 HTTP/1.1" 200 77059 "-" "Mozilla/5.0 (Linux; Android 6.0.1; Nexus 5X Build/MMB29P) AppleWebKit/537.36 (KHTML, like Gecko) Chrome/150.0.7871.128 Mobile Safari/537.36 (compatible; GoogleOther)"
66.249.70.35 - - [27/Jul/2026:01:58:41 +1200] "GET /?oneseventh/6987953224 HTTP/1.1" 200 75441 "-" "Mozilla/5.0 (Linux; Android 6.0.1; Nexus 5X Build/MMB29P) AppleWebKit/537.36 (KHTML, like Gecko) Chrome/150.0.7871.128 Mobile Safari/537.36 (compatible; Googlebot/2.1; +http://www.google.com/bot.html)"
216.73.217.152 - - [27/Jul/2026:01:58:45 +1200] "GET /aletris/robes/v7e2t5e6r0i9n7a1r0i7a0n HTTP/1.1" 404 20 "-" "Mozilla/5.0 AppleWebKit/537.36 (KHTML, like Gecko; compatible; ClaudeBot/1.0; +claudebot@anthropic.com)"
66.249.70.38 - - [27/Jul/2026:01:58:45 +1200] "GET /?h=a4n3a7t8t7o58797 HTTP/1.1" 200 75336 "-" "Mozilla/5.0 (Linux; Android 6.0.1; Nexus 5X Build/MMB29P) AppleWebKit/537.36 (KHTML, like Gecko) Chrome/150.0.7871.128 Mobile Safari/537.36 (compatible; GoogleOther)"
216.73.217.152 - - [27/Jul/2026:01:58:47 +1200] "GET /?h=i7n1s4u9r2r8e1c1t0i3o1nary HTTP/1.1" 200 6851 "-" "Mozilla/5.0 AppleWebKit/537.36 (KHTML, like Gecko; compatible; ClaudeBot/1.0; +claudebot@anthropic.com)"
216.73.217.152 - - [27/Jul/2026:01:58:50 +1200] "GET /pickaninny/ocydromus/a7s2t4e0r3o5p8h1y6l7l0ite HTTP/1.1" 404 20 "-" "Mozilla/5.0 AppleWebKit/537.36 (KHTML, like Gecko; compatible; ClaudeBot/1.0; +claudebot@anthropic.com)"
66.249.70.39 - - [27/Jul/2026:01:58:49 +1200] "GET /?h=p3a1r0a8c0m3a8s1t9i3c1 HTTP/1.1" 200 74410 "-" "Mozilla/5.0 (Linux; Android 6.0.1; Nexus 5X Build/MMB29P) AppleWebKit/537.36 (KHTML, like Gecko) Chrome/150.0.7871.128 Mobile Safari/537.36 (compatible; GoogleOther)"
66.249.70.39 - - [27/Jul/2026:01:58:49 +1200] "GET /?h=e7p3i1g2l8o3t7t8i1c67 HTTP/1.1" 200 74998 "-" "Mozilla/5.0 (Linux; Android 6.0.1; Nexus 5X Build/MMB29P) AppleWebKit/537.36 (KHTML, like Gecko) Chrome/150.0.7871.128 Mobile Safari/537.36 (compatible; Googlebot/2.1; +http://www.google.com/bot.html)"
66.249.70.34 - - [27/Jul/2026:01:58:49 +1200] "GET /?h=c3o3s0u4r6e7t7i5e6s83 HTTP/1.1" 200 75668 "-" "Mozilla/5.0 (Linux; Android 6.0.1; Nexus 5X Build/MMB29P) AppleWebKit/537.36 (KHTML, like Gecko) Chrome/150.0.7871.128 Mobile Safari/537.36 (compatible; Googlebot/2.1; +http://www.google.com/bot.html)"
66.249.70.33 - - [27/Jul/2026:01:58:54 +1200] "GET /?h=b9u1r4d6e7n5o3u0s714 HTTP/1.1" 200 77110 "-" "Mozilla/5.0 (Linux; Android 6.0.1; Nexus 5X Build/MMB29P) AppleWebKit/537.36 (KHTML, like Gecko) Chrome/150.0.7871.128 Mobile Safari/537.36 (compatible; GoogleOther)"
66.249.70.33 - - [27/Jul/2026:01:58:57 +1200] "GET /?h=p6a1r3t2e7d544132 HTTP/1.1" 200 77669 "-" "Mozilla/5.0 (Linux; Android 6.0.1; Nexus 5X Build/MMB29P) AppleWebKit/537.36 (KHTML, like Gecko) Chrome/150.0.7871.128 Mobile Safari/537.36 (compatible; GoogleOther)"
66.249.70.34 - - [27/Jul/2026:01:58:59 +1200] "GET /?h=b5o3d7y9w7o7r3k3687 HTTP/1.1" 200 77804 "-" "Mozilla/5.0 (Linux; Android 6.0.1; Nexus 5X Build/MMB29P) AppleWebKit/537.36 (KHTML, like Gecko) Chrome/150.0.7871.128 Mobile Safari/537.36 (compatible; Googlebot/2.1; +http://www.google.com/bot.html)"
66.249.70.35 - - [27/Jul/2026:01:58:59 +1200] "GET /review/goods/I4208845556/ HTTP/1.1" 200 78206 "-" "Mozilla/5.0 (Linux; Android 6.0.1; Nexus 5X Build/MMB29P) AppleWebKit/537.36 (KHTML, like Gecko) Chrome/150.0.7871.128 Mobile Safari/537.36 (compatible; Googlebot/2.1; +http://www.google.com/bot.html)"
66.249.70.35 - - [27/Jul/2026:01:59:02 +1200] "GET /?ophiuran/02485328090 HTTP/1.1" 200 76736 "-" "Mozilla/5.0 (Linux; Android 6.0.1; Nexus 5X Build/MMB29P) AppleWebKit/537.36 (KHTML, like Gecko) Chrome/150.0.7871.128 Mobile Safari/537.36 (compatible; GoogleOther)"
66.249.70.39 - - [27/Jul/2026:01:59:06 +1200] "GET /?h=m3o8r9i1n0d9i0n014 HTTP/1.1" 200 75280 "-" "Mozilla/5.0 (Linux; Android 6.0.1; Nexus 5X Build/MMB29P) AppleWebKit/537.36 (KHTML, like Gecko) Chrome/150.0.7871.128 Mobile Safari/537.36 (compatible; GoogleOther)"
66.249.70.37 - - [27/Jul/2026:01:59:08 +1200] "GET /?h=b4o3o2t9l9e7s9s4n0e7s2s HTTP/1.1" 200 77622 "-" "Mozilla/5.0 (Linux; Android 6.0.1; Nexus 5X Build/MMB29P) AppleWebKit/537.36 (KHTML, like Gecko) Chrome/150.0.7871.128 Mobile Safari/537.36 (compatible; Googlebot/2.1; +http://www.google.com/bot.html)"
66.249.70.32 - - [27/Jul/2026:01:59:11 +1200] "GET /?h=c0o1m6f0o9r5t9i8n5g06 HTTP/1.1" 200 74884 "-" "Mozilla/5.0 (Linux; Android 6.0.1; Nexus 5X Build/MMB29P) AppleWebKit/537.36 (KHTML, like Gecko) Chrome/150.0.7871.128 Mobile Safari/537.36 (compatible; GoogleOther)"
66.249.70.38 - - [27/Jul/2026:01:59:15 +1200] "GET /?h=q5u1e8r1y0i4n4g3158 HTTP/1.1" 200 74782 "-" "Mozilla/5.0 (Linux; Android 6.0.1; Nexus 5X Build/MMB29P) AppleWebKit/537.36 (KHTML, like Gecko) Chrome/150.0.7871.128 Mobile Safari/537.36 (compatible; Googlebot/2.1; +http://www.google.com/bot.html)"
66.249.70.38 - - [27/Jul/2026:01:59:15 +1200] "GET /shops/impulsive/b5r2o7n2c7h4i6a1173 HTTP/1.1" 200 75365 "-" "Mozilla/5.0 (Linux; Android 6.0.1; Nexus 5X Build/MMB29P) AppleWebKit/537.36 (KHTML, like Gecko) Chrome/150.0.7871.128 Mobile Safari/537.36 (compatible; GoogleOther)"
66.249.70.32 - - [27/Jul/2026:01:59:20 +1200] "GET /?h=p0e8t8i1t7i4o8n899 HTTP/1.1" 200 76215 "-" "Mozilla/5.0 (Linux; Android 6.0.1; Nexus 5X Build/MMB29P) AppleWebKit/537.36 (KHTML, like Gecko) Chrome/150.0.7871.128 Mobile Safari/537.36 (compatible; GoogleOther)"
66.249.70.38 - - [27/Jul/2026:01:59:20 +1200] "GET /?h=a5p3o5p5h1l1e6g5m3a5t8ism HTTP/1.1" 200 77773 "-" "Mozilla/5.0 (Linux; Android 6.0.1; Nexus 5X Build/MMB29P) AppleWebKit/537.36 (KHTML, like Gecko) Chrome/150.0.7871.128 Mobile Safari/537.36 (compatible; Googlebot/2.1; +http://www.google.com/bot.html)"
66.249.70.32 - - [27/Jul/2026:01:59:24 +1200] "GET /?h=m6e4t2a4l8l2o8g7r2a6p3hic HTTP/1.1" 200 74496 "-" "Mozilla/5.0 (Linux; Android 6.0.1; Nexus 5X Build/MMB29P) AppleWebKit/537.36 (KHTML, like Gecko) Chrome/150.0.7871.128 Mobile Safari/537.36 (compatible; GoogleOther)"
66.249.70.38 - - [27/Jul/2026:01:59:27 +1200] "GET /?h=b3e4l3l8i9p5o8t6e4n6t HTTP/1.1" 200 75713 "-" "Mozilla/5.0 (Linux; Android 6.0.1; Nexus 5X Build/MMB29P) AppleWebKit/537.36 (KHTML, like Gecko) Chrome/150.0.7871.128 Mobile Safari/537.36 (compatible; Googlebot/2.1; +http://www.google.com/bot.html)"
66.249.70.33 - - [27/Jul/2026:01:59:27 +1200] "GET /?h=h3o3o6p6i4n2g80881 HTTP/1.1" 200 76418 "-" "Mozilla/5.0 (Linux; Android 6.0.1; Nexus 5X Build/MMB29P) AppleWebKit/537.36 (KHTML, like Gecko) Chrome/150.0.7871.128 Mobile Safari/537.36 (compatible; Googlebot/2.1; +http://www.google.com/bot.html)"
66.249.70.37 - - [27/Jul/2026:01:59:29 +1200] "GET /?h=r6e3l4e5v1a7t5i9o1n18 HTTP/1.1" 200 73875 "-" "Mozilla/5.0 (Linux; Android 6.0.1; Nexus 5X Build/MMB29P) AppleWebKit/537.36 (KHTML, like Gecko) Chrome/150.0.7871.128 Mobile Safari/537.36 (compatible; GoogleOther)"
66.249.70.33 - - [27/Jul/2026:01:59:33 +1200] "GET /?h=m3a2r2a0b6o5u8t2673 HTTP/1.1" 200 76036 "-" "Mozilla/5.0 (Linux; Android 6.0.1; Nexus 5X Build/MMB29P) AppleWebKit/537.36 (KHTML, like Gecko) Chrome/150.0.7871.128 Mobile Safari/537.36 (compatible; Googlebot/2.1; +http://www.google.com/bot.html)"
66.249.70.37 - - [27/Jul/2026:01:59:34 +1200] "GET /%3E%3CCENTER%3E%3CB%3EDyson%20%E3%83%80%E3%82%A4%E3%82%BD%E3%83%B3%20%E7%B4%94%E6%AD%A3%E3%83%AD%E3%83%B3%E3%82%B0%E3%83%91%E3%82%A4%E3%83%97%2010%E6%9C%AC%E3%81%BE%E3%81%A8%E3%82%81%20V7%20V8%20SV10%20SV11%20T(B-12114)I%3C/B%3E%3CBR%3E%3CBR%3E%3CTABLE%20BGCOLOR= HTTP/1.1" 200 75651 "-" "Googlebot-Image/1.0"
66.249.70.38 - - [27/Jul/2026:01:59:38 +1200] "GET /?h=t7w4o0s0t7e4p8902 HTTP/1.1" 200 76532 "-" "Mozilla/5.0 (Linux; Android 6.0.1; Nexus 5X Build/MMB29P) AppleWebKit/537.36 (KHTML, like Gecko) Chrome/150.0.7871.128 Mobile Safari/537.36 (compatible; GoogleOther)"
66.249.70.37 - - [27/Jul/2026:01:59:43 +1200] "GET /?h=a9d1o4r6n1a0t0i7o6n49 HTTP/1.1" 200 76162 "-" "Mozilla/5.0 (Linux; Android 6.0.1; Nexus 5X Build/MMB29P) AppleWebKit/537.36 (KHTML, like Gecko) Chrome/150.0.7871.128 Mobile Safari/537.36 (compatible; GoogleOther)"
66.249.70.37 - - [27/Jul/2026:01:59:47 +1200] "GET /?h=l9a6m7b2r7e4q3u2i3n3 HTTP/1.1" 200 76221 "-" "Mozilla/5.0 (Linux; Android 6.0.1; Nexus 5X Build/MMB29P) AppleWebKit/537.36 (KHTML, like Gecko) Chrome/150.0.7871.128 Mobile Safari/537.36 (compatible; GoogleOther)"
66.249.70.36 - - [27/Jul/2026:01:59:51 +1200] "GET /?h=f5l4u2x8i6b9i5l1i6t9y1 HTTP/1.1" 200 74855 "-" "Mozilla/5.0 (Linux; Android 6.0.1; Nexus 5X Build/MMB29P) AppleWebKit/537.36 (KHTML, like Gecko) Chrome/150.0.7871.128 Mobile Safari/537.36 (compatible; Googlebot/2.1; +http://www.google.com/bot.html)"
66.249.70.32 - - [27/Jul/2026:01:59:51 +1200] "GET /?h=f9o1r4e3s8t6a5g4e633 HTTP/1.1" 200 74647 "-" "Mozilla/5.0 (Linux; Android 6.0.1; Nexus 5X Build/MMB29P) AppleWebKit/537.36 (KHTML, like Gecko) Chrome/150.0.7871.128 Mobile Safari/537.36 (compatible; GoogleOther)"
66.249.70.39 - - [27/Jul/2026:01:59:56 +1200] "GET /review/goods/I157000911/ HTTP/1.1" 200 75792 "-" "Mozilla/5.0 (Linux; Android 6.0.1; Nexus 5X Build/MMB29P) AppleWebKit/537.36 (KHTML, like Gecko) Chrome/150.0.7871.128 Mobile Safari/537.36 (compatible; GoogleOther)"
66.249.70.33 - - [27/Jul/2026:01:59:56 +1200] "GET /hylotheism/superimpregnation/p9r1o4t0e3i6d0s8673 HTTP/1.1" 200 75140 "-" "Mozilla/5.0 (Linux; Android 6.0.1; Nexus 5X Build/MMB29P) AppleWebKit/537.36 (KHTML, like Gecko) Chrome/150.0.7871.128 Mobile Safari/537.36 (compatible; Googlebot/2.1; +http://www.google.com/bot.html)"
66.249.70.35 - - [27/Jul/2026:01:59:57 +1200] "GET /?h=n5a2t5i8c5o5i7d8296 HTTP/1.1" 200 74340 "-" "Mozilla/5.0 (Linux; Android 6.0.1; Nexus 5X Build/MMB29P) AppleWebKit/537.36 (KHTML, like Gecko) Chrome/150.0.7871.128 Mobile Safari/537.36 (compatible; Googlebot/2.1; +http://www.google.com/bot.html)"
66.249.70.38 - - [27/Jul/2026:02:00:00 +1200] "GET /piecing/r5e5m6o8v7e71460 HTTP/1.1" 200 74262 "-" "Mozilla/5.0 (Linux; Android 6.0.1; Nexus 5X Build/MMB29P) AppleWebKit/537.36 (KHTML, like Gecko) Chrome/150.0.7871.128 Mobile Safari/537.36 (compatible; GoogleOther)"
66.249.70.32 - - [27/Jul/2026:02:00:04 +1200] "GET /?h=c7a5p2e0n2s1i2s6 HTTP/1.1" 200 76095 "-" "Mozilla/5.0 (Linux; Android 6.0.1; Nexus 5X Build/MMB29P) AppleWebKit/537.36 (KHTML, like Gecko) Chrome/150.0.7871.128 Mobile Safari/537.36 (compatible; GoogleOther)"
66.249.70.33 - - [27/Jul/2026:02:00:08 +1200] "GET /shops/suber/z9o6n9a0e858261 HTTP/1.1" 200 75596 "-" "Mozilla/5.0 (Linux; Android 6.0.1; Nexus 5X Build/MMB29P) AppleWebKit/537.36 (KHTML, like Gecko) Chrome/150.0.7871.128 Mobile Safari/537.36 (compatible; GoogleOther)"
66.249.70.34 - - [27/Jul/2026:02:00:12 +1200] "GET /shops/heartwarming/e6n7s7t1y2l2e1097 HTTP/1.1" 200 76071 "-" "Mozilla/5.0 (Linux; Android 6.0.1; Nexus 5X Build/MMB29P) AppleWebKit/537.36 (KHTML, like Gecko) Chrome/150.0.7871.128 Mobile Safari/537.36 (compatible; GoogleOther)"
66.249.70.33 - - [27/Jul/2026:02:00:16 +1200] "GET /shops/diesinking/d2i1s5l1o9c1a7t2e3d77 HTTP/1.1" 200 75274 "-" "Mozilla/5.0 (Linux; Android 6.0.1; Nexus 5X Build/MMB29P) AppleWebKit/537.36 (KHTML, like Gecko) Chrome/150.0.7871.128 Mobile Safari/537.36 (compatible; GoogleOther)"
66.249.70.37 - - [27/Jul/2026:02:00:19 +1200] "GET /?h=b3l1a8m2e2321508 HTTP/1.1" 200 76296 "-" "Mozilla/5.0 (Linux; Android 6.0.1; Nexus 5X Build/MMB29P) AppleWebKit/537.36 (KHTML, like Gecko) Chrome/150.0.7871.128 Mobile Safari/537.36 (compatible; Googlebot/2.1; +http://www.google.com/bot.html)"
66.249.70.39 - - [27/Jul/2026:02:00:20 +1200] "GET /shops/rhinocerial/m8e1g3a7p2o8l1i3s621 HTTP/1.1" 200 74915 "-" "Mozilla/5.0 (Linux; Android 6.0.1; Nexus 5X Build/MMB29P) AppleWebKit/537.36 (KHTML, like Gecko) Chrome/150.0.7871.128 Mobile Safari/537.36 (compatible; GoogleOther)"
66.249.70.39 - - [27/Jul/2026:02:00:24 +1200] "GET /shops/postil/e5n3c9a7g9e657879 HTTP/1.1" 200 75986 "-" "Mozilla/5.0 (Linux; Android 6.0.1; Nexus 5X Build/MMB29P) AppleWebKit/537.36 (KHTML, like Gecko) Chrome/150.0.7871.128 Mobile Safari/537.36 (compatible; GoogleOther)"
66.249.70.39 - - [27/Jul/2026:02:00:26 +1200] "GET /zeuzerian/s0y2n6e9c4d4o0c6h7e90 HTTP/1.1" 200 75669 "-" "Mozilla/5.0 (Linux; Android 6.0.1; Nexus 5X Build/MMB29P) AppleWebKit/537.36 (KHTML, like Gecko) Chrome/150.0.7871.128 Mobile Safari/537.36 (compatible; Googlebot/2.1; +http://www.google.com/bot.html)"
66.249.70.39 - - [27/Jul/2026:02:00:28 +1200] "GET /tricycle/h9o1t2h0o8u3s2e8136 HTTP/1.1" 200 74785 "-" "Mozilla/5.0 (Linux; Android 6.0.1; Nexus 5X Build/MMB29P) AppleWebKit/537.36 (KHTML, like Gecko) Chrome/150.0.7871.128 Mobile Safari/537.36 (compatible; GoogleOther)"
66.249.70.32 - - [27/Jul/2026:02:00:32 +1200] "GET /whitethorn/picaresque/e8l2f5l9o6c0k10220 HTTP/1.1" 200 74847 "-" "Mozilla/5.0 (Linux; Android 6.0.1; Nexus 5X Build/MMB29P) AppleWebKit/537.36 (KHTML, like Gecko) Chrome/150.0.7871.128 Mobile Safari/537.36 (compatible; GoogleOther)"
66.249.70.32 - - [27/Jul/2026:02:00:35 +1200] "GET /infecundity/f1o2r0e5r3e8a4d3264 HTTP/1.1" 200 75968 "-" "Mozilla/5.0 (Linux; Android 6.0.1; Nexus 5X Build/MMB29P) AppleWebKit/537.36 (KHTML, like Gecko) Chrome/150.0.7871.128 Mobile Safari/537.36 (compatible; GoogleOther)"
66.249.70.33 - - [27/Jul/2026:02:00:37 +1200] "GET /?h=d3e3a9c1c8e7s2s3i4o3n4 HTTP/1.1" 200 76042 "-" "Mozilla/5.0 (Linux; Android 6.0.1; Nexus 5X Build/MMB29P) AppleWebKit/537.36 (KHTML, like Gecko) Chrome/150.0.7871.128 Mobile Safari/537.36 (compatible; Googlebot/2.1; +http://www.google.com/bot.html)"
66.249.70.33 - - [27/Jul/2026:02:00:40 +1200] "GET /?h=s7c1a6n1d2a5l3o3u8s31 HTTP/1.1" 200 75651 "-" "Mozilla/5.0 (Linux; Android 6.0.1; Nexus 5X Build/MMB29P) AppleWebKit/537.36 (KHTML, like Gecko) Chrome/150.0.7871.128 Mobile Safari/537.36 (compatible; GoogleOther)"
66.249.70.39 - - [27/Jul/2026:02:00:43 +1200] "GET /?h=i4d2i2o6m1a2t8i5c749 HTTP/1.1" 200 76533 "-" "Mozilla/5.0 (Linux; Android 6.0.1; Nexus 5X Build/MMB29P) AppleWebKit/537.36 (KHTML, like Gecko) Chrome/150.0.7871.128 Mobile Safari/537.36 (compatible; GoogleOther)"
66.249.70.35 - - [27/Jul/2026:02:00:47 +1200] "GET /?h=h7y1p4o7c8h9o4n3d4r7i7acal HTTP/1.1" 200 75215 "-" "Mozilla/5.0 (Linux; Android 6.0.1; Nexus 5X Build/MMB29P) AppleWebKit/537.36 (KHTML, like Gecko) Chrome/150.0.7871.128 Mobile Safari/537.36 (compatible; GoogleOther)"
66.249.70.35 - - [27/Jul/2026:02:00:53 +1200] "GET /?h=c3o9n1c5e8a7l7e8r49 HTTP/1.1" 200 76086 "-" "Mozilla/5.0 (Linux; Android 6.0.1; Nexus 5X Build/MMB29P) AppleWebKit/537.36 (KHTML, like Gecko) Chrome/150.0.7871.128 Mobile Safari/537.36 (compatible; Googlebot/2.1; +http://www.google.com/bot.html)"
66.249.70.37 - - [27/Jul/2026:02:00:54 +1200] "GET /shops/superacidulated/d5e1s2p9i6t1o5u8s0l1y7 HTTP/1.1" 200 76403 "-" "Mozilla/5.0 (Linux; Android 6.0.1; Nexus 5X Build/MMB29P) AppleWebKit/537.36 (KHTML, like Gecko) Chrome/150.0.7871.128 Mobile Safari/537.36 (compatible; GoogleOther)"
66.249.70.38 - - [27/Jul/2026:02:00:55 +1200] "GET /review/goods/I1505779599/ HTTP/1.1" 200 76282 "-" "Mozilla/5.0 (Linux; Android 6.0.1; Nexus 5X Build/MMB29P) AppleWebKit/537.36 (KHTML, like Gecko) Chrome/150.0.7871.128 Mobile Safari/537.36 (compatible; Googlebot/2.1; +http://www.google.com/bot.html)"
66.249.70.32 - - [27/Jul/2026:02:00:58 +1200] "GET /misseldine/leveling/n4e3c6e9s5s1i4t1a2r7i8anism HTTP/1.1" 200 75458 "-" "Mozilla/5.0 (Linux; Android 6.0.1; Nexus 5X Build/MMB29P) AppleWebKit/537.36 (KHTML, like Gecko) Chrome/150.0.7871.128 Mobile Safari/537.36 (compatible; GoogleOther)"
66.249.70.39 - - [27/Jul/2026:02:01:00 +1200] "GET /?h=m3o2n4k1f8i2s3h5220 HTTP/1.1" 200 76024 "-" "Mozilla/5.0 (Linux; Android 6.0.1; Nexus 5X Build/MMB29P) AppleWebKit/537.36 (KHTML, like Gecko) Chrome/150.0.7871.128 Mobile Safari/537.36 (compatible; Googlebot/2.1; +http://www.google.com/bot.html)"
66.249.70.36 - - [27/Jul/2026:02:01:02 +1200] "GET /shops/gluttonized/p8r3i3n9c6i9p8i4a9l7 HTTP/1.1" 200 75552 "-" "Mozilla/5.0 (Linux; Android 6.0.1; Nexus 5X Build/MMB29P) AppleWebKit/537.36 (KHTML, like Gecko) Chrome/150.0.7871.128 Mobile Safari/537.36 (compatible; GoogleOther)"
66.249.70.35 - - [27/Jul/2026:02:01:05 +1200] "GET /moorfowl/arbustive/83471193256 HTTP/1.1" 200 75548 "-" "Mozilla/5.0 (Linux; Android 6.0.1; Nexus 5X Build/MMB29P) AppleWebKit/537.36 (KHTML, like Gecko) Chrome/150.0.7871.128 Mobile Safari/537.36 (compatible; GoogleOther)"
66.249.70.35 - - [27/Jul/2026:02:01:08 +1200] "GET /?h=i5o2d2o4t5h8y9r9i6n42 HTTP/1.1" 200 75958 "-" "Mozilla/5.0 (Linux; Android 6.0.1; Nexus 5X Build/MMB29P) AppleWebKit/537.36 (KHTML, like Gecko) Chrome/150.0.7871.128 Mobile Safari/537.36 (compatible; Googlebot/2.1; +http://www.google.com/bot.html)"
66.249.70.39 - - [27/Jul/2026:02:01:09 +1200] "GET /?h=t9r3u1n4n1i1o6n4737 HTTP/1.1" 200 74539 "-" "Mozilla/5.0 (Linux; Android 6.0.1; Nexus 5X Build/MMB29P) AppleWebKit/537.36 (KHTML, like Gecko) Chrome/150.0.7871.128 Mobile Safari/537.36 (compatible; GoogleOther)"
66.249.70.32 - - [27/Jul/2026:02:01:13 +1200] "GET /review/goods/I1991387760 HTTP/1.1" 200 74693 "-" "Mozilla/5.0 (Linux; Android 6.0.1; Nexus 5X Build/MMB29P) AppleWebKit/537.36 (KHTML, like Gecko) Chrome/150.0.7871.128 Mobile Safari/537.36 (compatible; GoogleOther)"
66.249.70.34 - - [27/Jul/2026:02:01:17 +1200] "GET /?h=i5n3c6o3n1g8r1u1o1u4s4ly HTTP/1.1" 200 76478 "-" "Mozilla/5.0 (Linux; Android 6.0.1; Nexus 5X Build/MMB29P) AppleWebKit/537.36 (KHTML, like Gecko) Chrome/150.0.7871.128 Mobile Safari/537.36 (compatible; Googlebot/2.1; +http://www.google.com/bot.html)"
66.249.70.39 - - [27/Jul/2026:02:01:17 +1200] "GET /shops/reinforcement/s8t1a3l3k9l9e3s7s362 HTTP/1.1" 200 77325 "-" "Mozilla/5.0 (Linux; Android 6.0.1; Nexus 5X Build/MMB29P) AppleWebKit/537.36 (KHTML, like Gecko) Chrome/150.0.7871.128 Mobile Safari/537.36 (compatible; GoogleOther)"
66.249.70.37 - - [27/Jul/2026:02:01:21 +1200] "GET /shops/lutidine/p9e1r7f7o3r6c0e8049 HTTP/1.1" 200 76158 "-" "Mozilla/5.0 (Linux; Android 6.0.1; Nexus 5X Build/MMB29P) AppleWebKit/537.36 (KHTML, like Gecko) Chrome/150.0.7871.128 Mobile Safari/537.36 (compatible; GoogleOther)"
66.249.70.37 - - [27/Jul/2026:02:01:24 +1200] "GET /review/goods/I2639618679/ HTTP/1.1" 200 76034 "-" "Mozilla/5.0 (Linux; Android 6.0.1; Nexus 5X Build/MMB29P) AppleWebKit/537.36 (KHTML, like Gecko) Chrome/150.0.7871.128 Mobile Safari/537.36 (compatible; Googlebot/2.1; +http://www.google.com/bot.html)"
66.249.70.32 - - [27/Jul/2026:02:01:25 +1200] "GET /thrombosis/melontho/p4e3n7k9n7i2f4e3782 HTTP/1.1" 200 75997 "-" "Mozilla/5.0 (Linux; Android 6.0.1; Nexus 5X Build/MMB29P) AppleWebKit/537.36 (KHTML, like Gecko) Chrome/150.0.7871.128 Mobile Safari/537.36 (compatible; GoogleOther)"
66.249.70.39 - - [27/Jul/2026:02:01:27 +1200] "GET /?h=t0a2g1l6i2o3n9i2406 HTTP/1.1" 200 76716 "-" "Mozilla/5.0 (Linux; Android 6.0.1; Nexus 5X Build/MMB29P) AppleWebKit/537.36 (KHTML, like Gecko) Chrome/150.0.7871.128 Mobile Safari/537.36 (compatible; Googlebot/2.1; +http://www.google.com/bot.html)"
66.249.70.37 - - [27/Jul/2026:02:01:27 +1200] "GET /shops/frankpledge/l2i4m1p8i5d5i3t2y042 HTTP/1.1" 200 75844 "-" "Mozilla/5.0 (Linux; Android 6.0.1; Nexus 5X Build/MMB29P) AppleWebKit/537.36 (KHTML, like Gecko) Chrome/150.0.7871.128 Mobile Safari/537.36 (compatible; Googlebot/2.1; +http://www.google.com/bot.html)"
66.249.70.33 - - [27/Jul/2026:02:01:28 +1200] "GET /?h=a5u1d7i3o9l7i4n3g4u2a1l HTTP/1.1" 200 76738 "-" "Mozilla/5.0 (Linux; Android 6.0.1; Nexus 5X Build/MMB29P) AppleWebKit/537.36 (KHTML, like Gecko) Chrome/150.0.7871.128 Mobile Safari/537.36 (compatible; Googlebot/2.1; +http://www.google.com/bot.html)"
66.249.70.38 - - [27/Jul/2026:02:01:29 +1200] "GET /?subjectivism/3911649977 HTTP/1.1" 200 76428 "-" "Mozilla/5.0 (Linux; Android 6.0.1; Nexus 5X Build/MMB29P) AppleWebKit/537.36 (KHTML, like Gecko) Chrome/150.0.7871.128 Mobile Safari/537.36 (compatible; GoogleOther)"
66.249.70.32 - - [27/Jul/2026:02:01:31 +1200] "GET /?h=m3a3n0s1i9o2n9r2y761 HTTP/1.1" 200 75808 "-" "Mozilla/5.0 (Linux; Android 6.0.1; Nexus 5X Build/MMB29P) AppleWebKit/537.36 (KHTML, like Gecko) Chrome/150.0.7871.128 Mobile Safari/537.36 (compatible; Googlebot/2.1; +http://www.google.com/bot.html)"
66.249.70.38 - - [27/Jul/2026:02:01:33 +1200] "GET /devastate/f6u2s4t6i7n9e9s5s29 HTTP/1.1" 200 74303 "-" "Mozilla/5.0 (Linux; Android 6.0.1; Nexus 5X Build/MMB29P) AppleWebKit/537.36 (KHTML, like Gecko) Chrome/150.0.7871.128 Mobile Safari/537.36 (compatible; GoogleOther)"
223.165.64.9 - - [27/Jul/2026:02:01:37 +1200] "POST /wp-cron.php?doing_wp_cron=1785074497.0090289115905761718750 HTTP/1.1" 200 20 "-" "WordPress/6.9.4; https://importersclearance.co.nz"
216.73.217.152 - - [27/Jul/2026:02:01:35 +1200] "GET /shops/pentecosties/t7w3o6f1o7l1d9878 HTTP/1.1" 404 20 "-" "Mozilla/5.0 AppleWebKit/537.36 (KHTML, like Gecko; compatible; ClaudeBot/1.0; +claudebot@anthropic.com)"
216.73.217.152 - - [27/Jul/2026:02:01:37 +1200] "GET /deterring/catharsis/73055149244 HTTP/1.1" 404 20 "-" "Mozilla/5.0 AppleWebKit/537.36 (KHTML, like Gecko; compatible; ClaudeBot/1.0; +claudebot@anthropic.com)"
66.249.70.38 - - [27/Jul/2026:02:01:37 +1200] "GET /tumbled/rangifer/s7t2e5m8m2e0d90812 HTTP/1.1" 200 79143 "-" "Mozilla/5.0 (Linux; Android 6.0.1; Nexus 5X Build/MMB29P) AppleWebKit/537.36 (KHTML, like Gecko) Chrome/150.0.7871.128 Mobile Safari/537.36 (compatible; GoogleOther)"
216.73.217.152 - - [27/Jul/2026:02:01:40 +1200] "GET /?h=o7r1d9e8r8e1d84654 HTTP/1.1" 200 6851 "-" "Mozilla/5.0 AppleWebKit/537.36 (KHTML, like Gecko; compatible; ClaudeBot/1.0; +claudebot@anthropic.com)"
66.249.70.39 - - [27/Jul/2026:02:01:38 +1200] "GET /?h=p3r8o4m1p4t1u0a6r7y3 HTTP/1.1" 200 75794 "-" "Mozilla/5.0 (Linux; Android 6.0.1; Nexus 5X Build/MMB29P) AppleWebKit/537.36 (KHTML, like Gecko) Chrome/150.0.7871.128 Mobile Safari/537.36 (compatible; Googlebot/2.1; +http://www.google.com/bot.html)"
216.73.217.152 - - [27/Jul/2026:02:01:43 +1200] "GET /efferous/reliable/74231176754 HTTP/1.1" 404 20 "-" "Mozilla/5.0 AppleWebKit/537.36 (KHTML, like Gecko; compatible; ClaudeBot/1.0; +claudebot@anthropic.com)"
66.249.70.39 - - [27/Jul/2026:02:01:42 +1200] "GET /shops/overembellished/c8a1l8c9i3n0a8t9i9o8n3 HTTP/1.1" 200 76117 "-" "Mozilla/5.0 (Linux; Android 6.0.1; Nexus 5X Build/MMB29P) AppleWebKit/537.36 (KHTML, like Gecko) Chrome/150.0.7871.128 Mobile Safari/537.36 (compatible; GoogleOther)"
216.73.217.152 - - [27/Jul/2026:02:01:46 +1200] "GET /?h=o7c1c4i6d4e4n6t1a6l4s7 HTTP/1.1" 200 6851 "-" "Mozilla/5.0 AppleWebKit/537.36 (KHTML, like Gecko; compatible; ClaudeBot/1.0; +claudebot@anthropic.com)"
66.249.70.32 - - [27/Jul/2026:02:01:46 +1200] "GET /conyza/taker/h6i2s3t9o8r5i2o3g8r6a3phership HTTP/1.1" 200 76482 "-" "Mozilla/5.0 (Linux; Android 6.0.1; Nexus 5X Build/MMB29P) AppleWebKit/537.36 (KHTML, like Gecko) Chrome/150.0.7871.128 Mobile Safari/537.36 (compatible; GoogleOther)"
66.249.70.38 - - [27/Jul/2026:02:01:46 +1200] "GET /?h=e3n3t4i9r8e3w1h1e4a3t5 HTTP/1.1" 200 76812 "-" "Mozilla/5.0 (Linux; Android 6.0.1; Nexus 5X Build/MMB29P) AppleWebKit/537.36 (KHTML, like Gecko) Chrome/150.0.7871.128 Mobile Safari/537.36 (compatible; Googlebot/2.1; +http://www.google.com/bot.html)"
216.73.217.152 - - [27/Jul/2026:02:01:49 +1200] "GET /?h=d7i2d8o7n8i4a87074 HTTP/1.1" 200 6851 "-" "Mozilla/5.0 AppleWebKit/537.36 (KHTML, like Gecko; compatible; ClaudeBot/1.0; +claudebot@anthropic.com)"
66.249.70.32 - - [27/Jul/2026:02:01:50 +1200] "GET /review/goods/I850733572/ HTTP/1.1" 200 75308 "-" "Mozilla/5.0 (Linux; Android 6.0.1; Nexus 5X Build/MMB29P) AppleWebKit/537.36 (KHTML, like Gecko) Chrome/150.0.7871.128 Mobile Safari/537.36 (compatible; GoogleOther)"
216.73.217.152 - - [27/Jul/2026:02:01:52 +1200] "GET /privacy/retreating/720814745 HTTP/1.1" 404 20 "-" "Mozilla/5.0 AppleWebKit/537.36 (KHTML, like Gecko; compatible; ClaudeBot/1.0; +claudebot@anthropic.com)"
66.249.70.37 - - [27/Jul/2026:02:01:53 +1200] "GET /caatinga/speller/p3r1o4b0a9n5g2655 HTTP/1.1" 200 77718 "-" "Mozilla/5.0 (Linux; Android 6.0.1; Nexus 5X Build/MMB29P) AppleWebKit/537.36 (KHTML, like Gecko) Chrome/150.0.7871.128 Mobile Safari/537.36 (compatible; Googlebot/2.1; +http://www.google.com/bot.html)"
216.73.217.152 - - [27/Jul/2026:02:01:55 +1200] "GET /shops/dapifer/b7u7d9g9i6e50470 HTTP/1.1" 404 20 "-" "Mozilla/5.0 AppleWebKit/537.36 (KHTML, like Gecko; compatible; ClaudeBot/1.0; +claudebot@anthropic.com)"
66.249.70.37 - - [27/Jul/2026:02:01:55 +1200] "GET /caatinga/speller/p3r1o4b0a9n5g2655 HTTP/1.1" 200 77718 "-" "Mozilla/5.0 (Linux; Android 6.0.1; Nexus 5X Build/MMB29P) AppleWebKit/537.36 (KHTML, like Gecko) Chrome/150.0.7871.128 Mobile Safari/537.36 (compatible; GoogleOther)"
66.249.70.38 - - [27/Jul/2026:02:01:54 +1200] "GET /?h=i5n1c7i1n5e8r1a9t0e0d7 HTTP/1.1" 200 76811 "-" "Mozilla/5.0 (Linux; Android 6.0.1; Nexus 5X Build/MMB29P) AppleWebKit/537.36 (KHTML, like Gecko) Chrome/150.0.7871.128 Mobile Safari/537.36 (compatible; Googlebot/2.1; +http://www.google.com/bot.html)"
216.73.217.152 - - [27/Jul/2026:02:01:58 +1200] "GET /?h=o7v2a2r2i4t5i2s6245 HTTP/1.1" 200 6851 "-" "Mozilla/5.0 AppleWebKit/537.36 (KHTML, like Gecko; compatible; ClaudeBot/1.0; +claudebot@anthropic.com)"
66.249.70.39 - - [27/Jul/2026:02:01:59 +1200] "GET /?h=s9e2r3e9n5e515019 HTTP/1.1" 200 75792 "-" "Mozilla/5.0 (Linux; Android 6.0.1; Nexus 5X Build/MMB29P) AppleWebKit/537.36 (KHTML, like Gecko) Chrome/150.0.7871.128 Mobile Safari/537.36 (compatible; GoogleOther)"
