66.249.68.33 - - [27/Jul/2026:00:32:29 +1200] "GET /?typified/41508409186 HTTP/1.1" 200 76225 "-" "Mozilla/5.0 (Linux; Android 6.0.1; Nexus 5X Build/MMB29P) AppleWebKit/537.36 (KHTML, like Gecko) Chrome/150.0.7871.128 Mobile Safari/537.36 (compatible; Googlebot/2.1; +http://www.google.com/bot.html)"
66.249.70.32 - - [27/Jul/2026:00:32:30 +1200] "GET /?h=r9e1c5e9n5t3e4r0247 HTTP/1.1" 200 75360 "-" "Mozilla/5.0 (Linux; Android 6.0.1; Nexus 5X Build/MMB29P) AppleWebKit/537.36 (KHTML, like Gecko) Chrome/150.0.7871.128 Mobile Safari/537.36 (compatible; GoogleOther)"
216.73.217.152 - - [27/Jul/2026:00:32:33 +1200] "GET /?h=g7r3e3d4a1l4i5n7e129 HTTP/1.1" 200 6851 "-" "Mozilla/5.0 AppleWebKit/537.36 (KHTML, like Gecko; compatible; ClaudeBot/1.0; +claudebot@anthropic.com)"
66.249.70.32 - - [27/Jul/2026:00:32:34 +1200] "GET /?h=d4e2p3e9r3d5i9t0477 HTTP/1.1" 200 76194 "-" "Mozilla/5.0 (Linux; Android 6.0.1; Nexus 5X Build/MMB29P) AppleWebKit/537.36 (KHTML, like Gecko) Chrome/150.0.7871.128 Mobile Safari/537.36 (compatible; GoogleOther)"
216.73.217.152 - - [27/Jul/2026:00:32:36 +1200] "GET /?h=i7s2h9m5a8e9l6i9t3e37 HTTP/1.1" 200 6851 "-" "Mozilla/5.0 AppleWebKit/537.36 (KHTML, like Gecko; compatible; ClaudeBot/1.0; +claudebot@anthropic.com)"
216.73.217.152 - - [27/Jul/2026:00:32:39 +1200] "GET /shops/lifetime/d7e4n1o9t6a3t5u3m784 HTTP/1.1" 404 20 "-" "Mozilla/5.0 AppleWebKit/537.36 (KHTML, like Gecko; compatible; ClaudeBot/1.0; +claudebot@anthropic.com)"
216.73.217.152 - - [27/Jul/2026:00:32:42 +1200] "GET /shops/etape/c7o3n4s0t8a1n2i6n2o9p9le HTTP/1.1" 404 20 "-" "Mozilla/5.0 AppleWebKit/537.36 (KHTML, like Gecko; compatible; ClaudeBot/1.0; +claudebot@anthropic.com)"
66.249.70.39 - - [27/Jul/2026:00:32:42 +1200] "GET /?h=u0n1e2a1s7e583383 HTTP/1.1" 200 74638 "-" "Mozilla/5.0 (Linux; Android 6.0.1; Nexus 5X Build/MMB29P) AppleWebKit/537.36 (KHTML, like Gecko) Chrome/150.0.7871.128 Mobile Safari/537.36 (compatible; GoogleOther)"
216.73.217.152 - - [27/Jul/2026:00:32:45 +1200] "GET /?h=i7n3t6e7n6d1e7r1005 HTTP/1.1" 200 6851 "-" "Mozilla/5.0 AppleWebKit/537.36 (KHTML, like Gecko; compatible; ClaudeBot/1.0; +claudebot@anthropic.com)"
66.249.70.37 - - [27/Jul/2026:00:32:46 +1200] "GET /?h=c7e1n1t0r6o4b9a6r1i4c2 HTTP/1.1" 200 77261 "-" "Mozilla/5.0 (Linux; Android 6.0.1; Nexus 5X Build/MMB29P) AppleWebKit/537.36 (KHTML, like Gecko) Chrome/150.0.7871.128 Mobile Safari/537.36 (compatible; GoogleOther)"
66.249.70.35 - - [27/Jul/2026:00:32:46 +1200] "GET /?h=p2l2a7n9e7014539 HTTP/1.1" 200 76569 "-" "Mozilla/5.0 (Linux; Android 6.0.1; Nexus 5X Build/MMB29P) AppleWebKit/537.36 (KHTML, like Gecko) Chrome/150.0.7871.128 Mobile Safari/537.36 (compatible; Googlebot/2.1; +http://www.google.com/bot.html)"
216.73.217.152 - - [27/Jul/2026:00:32:49 +1200] "GET /?h=d7u9s2t1e3r16132 HTTP/1.1" 200 6851 "-" "Mozilla/5.0 AppleWebKit/537.36 (KHTML, like Gecko; compatible; ClaudeBot/1.0; +claudebot@anthropic.com)"
66.249.70.34 - - [27/Jul/2026:00:32:49 +1200] "GET /?h=r7e2m8e8m7b7r9a0n3c9e2 HTTP/1.1" 200 75054 "-" "Mozilla/5.0 (Linux; Android 6.0.1; Nexus 5X Build/MMB29P) AppleWebKit/537.36 (KHTML, like Gecko) Chrome/150.0.7871.128 Mobile Safari/537.36 (compatible; GoogleOther)"
216.73.217.152 - - [27/Jul/2026:00:32:51 +1200] "GET /?h=g7h1o3s0t1o7l7o6g1y25 HTTP/1.1" 200 6851 "-" "Mozilla/5.0 AppleWebKit/537.36 (KHTML, like Gecko; compatible; ClaudeBot/1.0; +claudebot@anthropic.com)"
66.249.70.37 - - [27/Jul/2026:00:32:53 +1200] "GET /?h=e4r3g9o5n5919475 HTTP/1.1" 200 75745 "-" "Mozilla/5.0 (Linux; Android 6.0.1; Nexus 5X Build/MMB29P) AppleWebKit/537.36 (KHTML, like Gecko) Chrome/150.0.7871.128 Mobile Safari/537.36 (compatible; Googlebot/2.1; +http://www.google.com/bot.html)"
216.73.217.152 - - [27/Jul/2026:00:32:54 +1200] "GET /delphian/antestomach/72843268085 HTTP/1.1" 404 20 "-" "Mozilla/5.0 AppleWebKit/537.36 (KHTML, like Gecko; compatible; ClaudeBot/1.0; +claudebot@anthropic.com)"
66.249.70.33 - - [27/Jul/2026:00:32:53 +1200] "GET /shops/tumultuate/f2o1s1s1i8l927527 HTTP/1.1" 200 76035 "-" "Mozilla/5.0 (Linux; Android 6.0.1; Nexus 5X Build/MMB29P) AppleWebKit/537.36 (KHTML, like Gecko) Chrome/150.0.7871.128 Mobile Safari/537.36 (compatible; GoogleOther)"
216.73.217.152 - - [27/Jul/2026:00:32:57 +1200] "GET /?h=p7h4a8r3i3s8a5i5c4a0lly HTTP/1.1" 200 6851 "-" "Mozilla/5.0 AppleWebKit/537.36 (KHTML, like Gecko; compatible; ClaudeBot/1.0; +claudebot@anthropic.com)"
66.249.70.38 - - [27/Jul/2026:00:32:57 +1200] "GET /inelligibly/lithograph/41454342277 HTTP/1.1" 200 74966 "-" "Mozilla/5.0 (Linux; Android 6.0.1; Nexus 5X Build/MMB29P) AppleWebKit/537.36 (KHTML, like Gecko) Chrome/150.0.7871.128 Mobile Safari/537.36 (compatible; GoogleOther)"
216.73.217.152 - - [27/Jul/2026:00:33:00 +1200] "GET /shops/accost/w7i1t1c3h2t3r3e9e424 HTTP/1.1" 404 20 "-" "Mozilla/5.0 AppleWebKit/537.36 (KHTML, like Gecko; compatible; ClaudeBot/1.0; +claudebot@anthropic.com)"
66.249.70.37 - - [27/Jul/2026:00:33:01 +1200] "GET /?h=a5p3p1r4o4p4r8i9a3t2e4ness HTTP/1.1" 200 77061 "-" "Mozilla/5.0 (Linux; Android 6.0.1; Nexus 5X Build/MMB29P) AppleWebKit/537.36 (KHTML, like Gecko) Chrome/150.0.7871.128 Mobile Safari/537.36 (compatible; GoogleOther)"
223.165.64.9 - - [27/Jul/2026:00:33:04 +1200] "POST /wp-cron.php?doing_wp_cron=1785069184.6426670551300048828125 HTTP/1.1" 200 20 "-" "WordPress/6.9.4; https://importersclearance.co.nz"
216.73.217.152 - - [27/Jul/2026:00:33:03 +1200] "GET /?h=g7l1o9v4e5r6i07337 HTTP/1.1" 200 6851 "-" "Mozilla/5.0 AppleWebKit/537.36 (KHTML, like Gecko; compatible; ClaudeBot/1.0; +claudebot@anthropic.com)"
66.249.70.33 - - [27/Jul/2026:00:33:03 +1200] "GET /shops/jears/b8u1c9k1e0t9i2n9g963 HTTP/1.1" 200 75334 "-" "Mozilla/5.0 (Linux; Android 6.0.1; Nexus 5X Build/MMB29P) AppleWebKit/537.36 (KHTML, like Gecko) Chrome/150.0.7871.128 Mobile Safari/537.36 (compatible; Googlebot/2.1; +http://www.google.com/bot.html)"
66.249.70.32 - - [27/Jul/2026:00:33:05 +1200] "GET /?h=s3w3a6n4l5i1k2e9050 HTTP/1.1" 200 76797 "-" "Mozilla/5.0 (Linux; Android 6.0.1; Nexus 5X Build/MMB29P) AppleWebKit/537.36 (KHTML, like Gecko) Chrome/150.0.7871.128 Mobile Safari/537.36 (compatible; GoogleOther)"
66.249.70.33 - - [27/Jul/2026:00:33:05 +1200] "GET /?h=s2n2e9e3r6380581 HTTP/1.1" 200 74192 "-" "Mozilla/5.0 (Linux; Android 6.0.1; Nexus 5X Build/MMB29P) AppleWebKit/537.36 (KHTML, like Gecko) Chrome/150.0.7871.128 Mobile Safari/537.36 (compatible; Googlebot/2.1; +http://www.google.com/bot.html)"
216.73.217.152 - - [27/Jul/2026:00:33:06 +1200] "GET /?h=h7e3n3o4t6i2c09456 HTTP/1.1" 200 6851 "-" "Mozilla/5.0 AppleWebKit/537.36 (KHTML, like Gecko; compatible; ClaudeBot/1.0; +claudebot@anthropic.com)"
216.73.217.152 - - [27/Jul/2026:00:33:09 +1200] "GET /?h=c7u1m1b6e9r9l4a6n5d2 HTTP/1.1" 200 6851 "-" "Mozilla/5.0 AppleWebKit/537.36 (KHTML, like Gecko; compatible; ClaudeBot/1.0; +claudebot@anthropic.com)"
66.249.70.38 - - [27/Jul/2026:00:33:09 +1200] "GET /?h=p1h1y3l7o4g5e1n5e6s2i5s HTTP/1.1" 200 75782 "-" "Mozilla/5.0 (Linux; Android 6.0.1; Nexus 5X Build/MMB29P) AppleWebKit/537.36 (KHTML, like Gecko) Chrome/150.0.7871.128 Mobile Safari/537.36 (compatible; GoogleOther)"
216.73.217.152 - - [27/Jul/2026:00:33:12 +1200] "GET /shops/tribulation/g7u1n6s5h2o5t22219 HTTP/1.1" 404 20 "-" "Mozilla/5.0 AppleWebKit/537.36 (KHTML, like Gecko; compatible; ClaudeBot/1.0; +claudebot@anthropic.com)"
66.249.70.35 - - [27/Jul/2026:00:33:13 +1200] "GET /?h=w0a3i7v9e1326513 HTTP/1.1" 200 75447 "-" "Mozilla/5.0 (Linux; Android 6.0.1; Nexus 5X Build/MMB29P) AppleWebKit/537.36 (KHTML, like Gecko) Chrome/150.0.7871.128 Mobile Safari/537.36 (compatible; GoogleOther)"
216.73.217.152 - - [27/Jul/2026:00:33:15 +1200] "GET /shops/mastigopod/p7e6l3t0i3e4r6s628 HTTP/1.1" 404 20 "-" "Mozilla/5.0 AppleWebKit/537.36 (KHTML, like Gecko; compatible; ClaudeBot/1.0; +claudebot@anthropic.com)"
66.249.70.32 - - [27/Jul/2026:00:33:17 +1200] "GET /?h=i5n3t6r4a1v8a0l2v9u8lar HTTP/1.1" 200 76544 "-" "Mozilla/5.0 (Linux; Android 6.0.1; Nexus 5X Build/MMB29P) AppleWebKit/537.36 (KHTML, like Gecko) Chrome/150.0.7871.128 Mobile Safari/537.36 (compatible; GoogleOther)"
216.73.217.152 - - [27/Jul/2026:00:33:18 +1200] "GET /shops/chiliarchy/g7r1u7f7f1n5e5s1s200 HTTP/1.1" 404 20 "-" "Mozilla/5.0 AppleWebKit/537.36 (KHTML, like Gecko; compatible; ClaudeBot/1.0; +claudebot@anthropic.com)"
66.249.70.39 - - [27/Jul/2026:00:33:17 +1200] "GET /?h=d2i3e6h1a3r7d74472 HTTP/1.1" 200 75851 "-" "Mozilla/5.0 (Linux; Android 6.0.1; Nexus 5X Build/MMB29P) AppleWebKit/537.36 (KHTML, like Gecko) Chrome/150.0.7871.128 Mobile Safari/537.36 (compatible; Googlebot/2.1; +http://www.google.com/bot.html)"
216.73.217.152 - - [27/Jul/2026:00:33:21 +1200] "GET /?h=s7i2d0l3i3n9g08974 HTTP/1.1" 200 6851 "-" "Mozilla/5.0 AppleWebKit/537.36 (KHTML, like Gecko; compatible; ClaudeBot/1.0; +claudebot@anthropic.com)"
66.249.70.37 - - [27/Jul/2026:00:33:21 +1200] "GET /?h=l0e3o3n6i6n6e877 HTTP/1.1" 200 75491 "-" "Mozilla/5.0 (Linux; Android 6.0.1; Nexus 5X Build/MMB29P) AppleWebKit/537.36 (KHTML, like Gecko) Chrome/150.0.7871.128 Mobile Safari/537.36 (compatible; GoogleOther)"
216.73.217.152 - - [27/Jul/2026:00:33:24 +1200] "GET /shops/disfame/p7l3e6a7s8a1n9t1n9e7s8s HTTP/1.1" 404 20 "-" "Mozilla/5.0 AppleWebKit/537.36 (KHTML, like Gecko; compatible; ClaudeBot/1.0; +claudebot@anthropic.com)"
66.249.70.39 - - [27/Jul/2026:00:33:25 +1200] "GET /review/goods/I433517196/ HTTP/1.1" 200 77635 "-" "Mozilla/5.0 (Linux; Android 6.0.1; Nexus 5X Build/MMB29P) AppleWebKit/537.36 (KHTML, like Gecko) Chrome/150.0.7871.128 Mobile Safari/537.36 (compatible; GoogleOther)"
216.73.217.152 - - [27/Jul/2026:00:33:27 +1200] "GET /?h=i7n2t3e0r7f0a0s8c3i9c5ular HTTP/1.1" 200 6851 "-" "Mozilla/5.0 AppleWebKit/537.36 (KHTML, like Gecko; compatible; ClaudeBot/1.0; +claudebot@anthropic.com)"
66.249.70.38 - - [27/Jul/2026:00:33:29 +1200] "GET /?seleniuret/04222306960 HTTP/1.1" 200 74448 "-" "Mozilla/5.0 (Linux; Android 6.0.1; Nexus 5X Build/MMB29P) AppleWebKit/537.36 (KHTML, like Gecko) Chrome/150.0.7871.128 Mobile Safari/537.36 (compatible; GoogleOther)"
216.73.217.152 - - [27/Jul/2026:00:33:30 +1200] "GET /?h=y7t5t6e4r6b6i2c346 HTTP/1.1" 200 6851 "-" "Mozilla/5.0 AppleWebKit/537.36 (KHTML, like Gecko; compatible; ClaudeBot/1.0; +claudebot@anthropic.com)"
216.73.217.152 - - [27/Jul/2026:00:33:33 +1200] "GET /shops/pantological/e7p3i8t4h1e3l0o2i8d63 HTTP/1.1" 404 20 "-" "Mozilla/5.0 AppleWebKit/537.36 (KHTML, like Gecko; compatible; ClaudeBot/1.0; +claudebot@anthropic.com)"
66.249.70.32 - - [27/Jul/2026:00:33:33 +1200] "GET /?h=t8r2a0i6t0e8u2r8915 HTTP/1.1" 200 75587 "-" "Mozilla/5.0 (Linux; Android 6.0.1; Nexus 5X Build/MMB29P) AppleWebKit/537.36 (KHTML, like Gecko) Chrome/150.0.7871.128 Mobile Safari/537.36 (compatible; GoogleOther)"
66.249.70.33 - - [27/Jul/2026:00:33:33 +1200] "GET /?gastronomist/44121026996 HTTP/1.1" 200 75975 "-" "Mozilla/5.0 (Linux; Android 6.0.1; Nexus 5X Build/MMB29P) AppleWebKit/537.36 (KHTML, like Gecko) Chrome/150.0.7871.128 Mobile Safari/537.36 (compatible; Googlebot/2.1; +http://www.google.com/bot.html)"
216.73.217.152 - - [27/Jul/2026:00:33:37 +1200] "GET /?h=f7o2r6c8i1n5g09000 HTTP/1.1" 200 6851 "-" "Mozilla/5.0 AppleWebKit/537.36 (KHTML, like Gecko; compatible; ClaudeBot/1.0; +claudebot@anthropic.com)"
66.249.70.34 - - [27/Jul/2026:00:33:37 +1200] "GET /?h=c2h2a7e4t6i0f4e8r6o1u4s HTTP/1.1" 200 73815 "-" "Mozilla/5.0 (Linux; Android 6.0.1; Nexus 5X Build/MMB29P) AppleWebKit/537.36 (KHTML, like Gecko) Chrome/150.0.7871.128 Mobile Safari/537.36 (compatible; GoogleOther)"
216.73.217.152 - - [27/Jul/2026:00:33:40 +1200] "GET /?h=c7o2i9n3c2i1d7e0n9c6e HTTP/1.1" 200 6851 "-" "Mozilla/5.0 AppleWebKit/537.36 (KHTML, like Gecko; compatible; ClaudeBot/1.0; +claudebot@anthropic.com)"
66.249.70.38 - - [27/Jul/2026:00:33:40 +1200] "GET /panderage/e7s2p6a8l7i2e9r9e8d33 HTTP/1.1" 200 78637 "-" "Mozilla/5.0 (Linux; Android 6.0.1; Nexus 5X Build/MMB29P) AppleWebKit/537.36 (KHTML, like Gecko) Chrome/150.0.7871.128 Mobile Safari/537.36 (compatible; GoogleOther)"
216.73.217.152 - - [27/Jul/2026:00:33:43 +1200] "GET /?h=c7r3o5o5k3e2s93244 HTTP/1.1" 200 6851 "-" "Mozilla/5.0 AppleWebKit/537.36 (KHTML, like Gecko; compatible; ClaudeBot/1.0; +claudebot@anthropic.com)"
216.73.217.152 - - [27/Jul/2026:00:33:46 +1200] "GET /shops/ingrateful/r7o2u4n6d5a2r5m1568 HTTP/1.1" 404 20 "-" "Mozilla/5.0 AppleWebKit/537.36 (KHTML, like Gecko; compatible; ClaudeBot/1.0; +claudebot@anthropic.com)"
66.249.70.37 - - [27/Jul/2026:00:33:45 +1200] "GET /?h=f8o1n4d3u8s39439 HTTP/1.1" 200 76053 "-" "Mozilla/5.0 (Linux; Android 6.0.1; Nexus 5X Build/MMB29P) AppleWebKit/537.36 (KHTML, like Gecko) Chrome/150.0.7871.128 Mobile Safari/537.36 (compatible; GoogleOther)"
66.249.70.35 - - [27/Jul/2026:00:33:46 +1200] "GET /ancestral/i6n3f2r3a7m5u5n4d7a7n9e HTTP/1.1" 200 76043 "-" "Mozilla/5.0 (Linux; Android 6.0.1; Nexus 5X Build/MMB29P) AppleWebKit/537.36 (KHTML, like Gecko) Chrome/150.0.7871.128 Mobile Safari/537.36 (compatible; Googlebot/2.1; +http://www.google.com/bot.html)"
66.249.70.37 - - [27/Jul/2026:00:33:46 +1200] "GET /?h=m2o1l5l0i8t4u0d9e186 HTTP/1.1" 200 74701 "-" "Mozilla/5.0 (Linux; Android 6.0.1; Nexus 5X Build/MMB29P) AppleWebKit/537.36 (KHTML, like Gecko) Chrome/150.0.7871.128 Mobile Safari/537.36 (compatible; Googlebot/2.1; +http://www.google.com/bot.html)"
216.73.217.152 - - [27/Jul/2026:00:33:49 +1200] "GET /shops/dispend/i7n2s3t2i7p4u9l1a8t9e5 HTTP/1.1" 404 20 "-" "Mozilla/5.0 AppleWebKit/537.36 (KHTML, like Gecko; compatible; ClaudeBot/1.0; +claudebot@anthropic.com)"
66.249.70.36 - - [27/Jul/2026:00:33:49 +1200] "GET /?h=i3r3r0e3p5r7e0h8e5n8s1ibleness HTTP/1.1" 200 75956 "-" "Mozilla/5.0 (Linux; Android 6.0.1; Nexus 5X Build/MMB29P) AppleWebKit/537.36 (KHTML, like Gecko) Chrome/150.0.7871.128 Mobile Safari/537.36 (compatible; GoogleOther)"
216.73.217.152 - - [27/Jul/2026:00:33:52 +1200] "GET /shops/lacustris/m7o3u3l6d8y712824 HTTP/1.1" 404 20 "-" "Mozilla/5.0 AppleWebKit/537.36 (KHTML, like Gecko; compatible; ClaudeBot/1.0; +claudebot@anthropic.com)"
66.249.70.38 - - [27/Jul/2026:00:33:53 +1200] "GET /?h=m7y1r2o9b7a5l0a6n382 HTTP/1.1" 200 76579 "-" "Mozilla/5.0 (Linux; Android 6.0.1; Nexus 5X Build/MMB29P) AppleWebKit/537.36 (KHTML, like Gecko) Chrome/150.0.7871.128 Mobile Safari/537.36 (compatible; GoogleOther)"
216.73.217.152 - - [27/Jul/2026:00:33:55 +1200] "GET /shops/inarticulated/s7u4p1p4o0r3t7e2r404 HTTP/1.1" 404 20 "-" "Mozilla/5.0 AppleWebKit/537.36 (KHTML, like Gecko; compatible; ClaudeBot/1.0; +claudebot@anthropic.com)"
216.73.217.152 - - [27/Jul/2026:00:33:58 +1200] "GET /shops/shaken/k7i6n5e3m6a6t6i1c08 HTTP/1.1" 404 20 "-" "Mozilla/5.0 AppleWebKit/537.36 (KHTML, like Gecko; compatible; ClaudeBot/1.0; +claudebot@anthropic.com)"
66.249.70.33 - - [27/Jul/2026:00:33:57 +1200] "GET /shops/monopolite/d2y3s2g1e6n9i1c2s778 HTTP/1.1" 200 75456 "-" "Mozilla/5.0 (Linux; Android 6.0.1; Nexus 5X Build/MMB29P) AppleWebKit/537.36 (KHTML, like Gecko) Chrome/150.0.7871.128 Mobile Safari/537.36 (compatible; GoogleOther)"
216.73.217.152 - - [27/Jul/2026:00:34:01 +1200] "GET /?h=w7a4t0c5h5e5r63144 HTTP/1.1" 200 6851 "-" "Mozilla/5.0 AppleWebKit/537.36 (KHTML, like Gecko; compatible; ClaudeBot/1.0; +claudebot@anthropic.com)"
66.249.70.33 - - [27/Jul/2026:00:34:01 +1200] "GET /?h=n5o4m7a7d4i3z3e353 HTTP/1.1" 200 74760 "-" "Mozilla/5.0 (Linux; Android 6.0.1; Nexus 5X Build/MMB29P) AppleWebKit/537.36 (KHTML, like Gecko) Chrome/150.0.7871.128 Mobile Safari/537.36 (compatible; GoogleOther)"
223.165.64.9 - - [27/Jul/2026:00:34:04 +1200] "POST /wp-cron.php?doing_wp_cron=1785069244.9759080410003662109375 HTTP/1.1" 200 20 "-" "WordPress/6.9.4; https://importersclearance.co.nz"
216.73.217.152 - - [27/Jul/2026:00:34:04 +1200] "GET /?h=m7o2u9g1h8t552710 HTTP/1.1" 200 6851 "-" "Mozilla/5.0 AppleWebKit/537.36 (KHTML, like Gecko; compatible; ClaudeBot/1.0; +claudebot@anthropic.com)"
66.249.70.33 - - [27/Jul/2026:00:34:05 +1200] "GET /laniation/enchanted/l0a1n0i1a8t4i1o0n428 HTTP/1.1" 200 75216 "-" "Mozilla/5.0 (Linux; Android 6.0.1; Nexus 5X Build/MMB29P) AppleWebKit/537.36 (KHTML, like Gecko) Chrome/150.0.7871.128 Mobile Safari/537.36 (compatible; GoogleOther)"
216.73.217.152 - - [27/Jul/2026:00:34:07 +1200] "GET /?h=l7i3t8h2o9s9i3a2n216 HTTP/1.1" 200 6851 "-" "Mozilla/5.0 AppleWebKit/537.36 (KHTML, like Gecko; compatible; ClaudeBot/1.0; +claudebot@anthropic.com)"
66.249.70.39 - - [27/Jul/2026:00:34:06 +1200] "GET /?bridalwreath/12074036624 HTTP/1.1" 200 75990 "-" "Mozilla/5.0 (Linux; Android 6.0.1; Nexus 5X Build/MMB29P) AppleWebKit/537.36 (KHTML, like Gecko) Chrome/150.0.7871.128 Mobile Safari/537.36 (compatible; Googlebot/2.1; +http://www.google.com/bot.html)"
216.73.217.152 - - [27/Jul/2026:00:34:10 +1200] "GET /?h=n7u3b0i7l7o0s4e4126 HTTP/1.1" 200 6851 "-" "Mozilla/5.0 AppleWebKit/537.36 (KHTML, like Gecko; compatible; ClaudeBot/1.0; +claudebot@anthropic.com)"
66.249.70.32 - - [27/Jul/2026:00:34:09 +1200] "GET /?h=l5a2v8a8t6e0r1a9622 HTTP/1.1" 200 75636 "-" "Mozilla/5.0 (Linux; Android 6.0.1; Nexus 5X Build/MMB29P) AppleWebKit/537.36 (KHTML, like Gecko) Chrome/150.0.7871.128 Mobile Safari/537.36 (compatible; GoogleOther)"
66.249.70.39 - - [27/Jul/2026:00:34:10 +1200] "GET /?h=u2n2b8r6e7a7t1h4e2d76 HTTP/1.1" 200 75477 "-" "Mozilla/5.0 (Linux; Android 6.0.1; Nexus 5X Build/MMB29P) AppleWebKit/537.36 (KHTML, like Gecko) Chrome/150.0.7871.128 Mobile Safari/537.36 (compatible; Googlebot/2.1; +http://www.google.com/bot.html)"
216.73.217.152 - - [27/Jul/2026:00:34:13 +1200] "GET /?h=e7u1h6e5m0e0r9i8z0e05 HTTP/1.1" 200 6851 "-" "Mozilla/5.0 AppleWebKit/537.36 (KHTML, like Gecko; compatible; ClaudeBot/1.0; +claudebot@anthropic.com)"
66.249.70.38 - - [27/Jul/2026:00:34:13 +1200] "GET /cinnabarine/encomion/y9i3e4l4d4a4b7l1e1n1e2ss HTTP/1.1" 200 75373 "-" "Mozilla/5.0 (Linux; Android 6.0.1; Nexus 5X Build/MMB29P) AppleWebKit/537.36 (KHTML, like Gecko) Chrome/150.0.7871.128 Mobile Safari/537.36 (compatible; GoogleOther)"
216.73.217.152 - - [27/Jul/2026:00:34:16 +1200] "GET /?h=s7e1m4o3t3i4l3u6s796 HTTP/1.1" 200 6851 "-" "Mozilla/5.0 AppleWebKit/537.36 (KHTML, like Gecko; compatible; ClaudeBot/1.0; +claudebot@anthropic.com)"
66.249.70.38 - - [27/Jul/2026:00:34:16 +1200] "GET /?h=b2l4u1r5t5852149 HTTP/1.1" 200 76513 "-" "Mozilla/5.0 (Linux; Android 6.0.1; Nexus 5X Build/MMB29P) AppleWebKit/537.36 (KHTML, like Gecko) Chrome/150.0.7871.128 Mobile Safari/537.36 (compatible; Googlebot/2.1; +http://www.google.com/bot.html)"
66.249.70.38 - - [27/Jul/2026:00:34:16 +1200] "GET /?h=h2o3l4o8p9h2y2t2i0c26 HTTP/1.1" 200 75883 "-" "Mozilla/5.0 (Linux; Android 6.0.1; Nexus 5X Build/MMB29P) AppleWebKit/537.36 (KHTML, like Gecko) Chrome/150.0.7871.128 Mobile Safari/537.36 (compatible; GoogleOther)"
216.73.217.152 - - [27/Jul/2026:00:34:19 +1200] "GET /?h=r7e1p8r7e8s5e7n9t1a2tively HTTP/1.1" 200 6851 "-" "Mozilla/5.0 AppleWebKit/537.36 (KHTML, like Gecko; compatible; ClaudeBot/1.0; +claudebot@anthropic.com)"
216.73.217.152 - - [27/Jul/2026:00:34:22 +1200] "GET /?h=t7o2m6r9i3g743147 HTTP/1.1" 200 6851 "-" "Mozilla/5.0 AppleWebKit/537.36 (KHTML, like Gecko; compatible; ClaudeBot/1.0; +claudebot@anthropic.com)"
66.249.70.39 - - [27/Jul/2026:00:34:21 +1200] "GET /?h=t5i2p2p5l8e35497 HTTP/1.1" 200 76376 "-" "Mozilla/5.0 (Linux; Android 6.0.1; Nexus 5X Build/MMB29P) AppleWebKit/537.36 (KHTML, like Gecko) Chrome/150.0.7871.128 Mobile Safari/537.36 (compatible; GoogleOther)"
66.249.70.37 - - [27/Jul/2026:00:34:22 +1200] "GET /?h=c2o3n6t9r4o4l2l0i2n9g0 HTTP/1.1" 200 75892 "-" "Mozilla/5.0 (Linux; Android 6.0.1; Nexus 5X Build/MMB29P) AppleWebKit/537.36 (KHTML, like Gecko) Chrome/150.0.7871.128 Mobile Safari/537.36 (compatible; Googlebot/2.1; +http://www.google.com/bot.html)"
216.73.217.152 - - [27/Jul/2026:00:34:25 +1200] "GET /?h=p7i2l5o8t9i7s3m5730 HTTP/1.1" 200 6851 "-" "Mozilla/5.0 AppleWebKit/537.36 (KHTML, like Gecko; compatible; ClaudeBot/1.0; +claudebot@anthropic.com)"
66.249.70.37 - - [27/Jul/2026:00:34:25 +1200] "GET /?h=h6e5e7l1p7i1e5c2e81 HTTP/1.1" 200 76313 "-" "Mozilla/5.0 (Linux; Android 6.0.1; Nexus 5X Build/MMB29P) AppleWebKit/537.36 (KHTML, like Gecko) Chrome/150.0.7871.128 Mobile Safari/537.36 (compatible; GoogleOther)"
216.73.217.152 - - [27/Jul/2026:00:34:28 +1200] "GET /?h=n7o1n5i0n2t1e4r7v4e1ntion HTTP/1.1" 200 6851 "-" "Mozilla/5.0 AppleWebKit/537.36 (KHTML, like Gecko; compatible; ClaudeBot/1.0; +claudebot@anthropic.com)"
66.249.70.38 - - [27/Jul/2026:00:34:29 +1200] "GET /?h=f1l1i1e5s2031105 HTTP/1.1" 200 75889 "-" "Mozilla/5.0 (Linux; Android 6.0.1; Nexus 5X Build/MMB29P) AppleWebKit/537.36 (KHTML, like Gecko) Chrome/150.0.7871.128 Mobile Safari/537.36 (compatible; GoogleOther)"
66.249.70.38 - - [27/Jul/2026:00:34:29 +1200] "GET /multiplying/a0l1l5o6d2098340 HTTP/1.1" 200 74487 "-" "Mozilla/5.0 (Linux; Android 6.0.1; Nexus 5X Build/MMB29P) AppleWebKit/537.36 (KHTML, like Gecko) Chrome/150.0.7871.128 Mobile Safari/537.36 (compatible; Googlebot/2.1; +http://www.google.com/bot.html)"
216.73.217.152 - - [27/Jul/2026:00:34:31 +1200] "GET /?h=a7d4v2e8n6t9i1s4t9s87 HTTP/1.1" 200 6851 "-" "Mozilla/5.0 AppleWebKit/537.36 (KHTML, like Gecko; compatible; ClaudeBot/1.0; +claudebot@anthropic.com)"
198.235.24.180 - - [27/Jul/2026:00:34:32 +1200] "GET / HTTP/1.1" 200 26092 "http://importersclearance.co.nz/" "Hello from Palo Alto Networks, find out more about our scans in https://docs-cortex.paloaltonetworks.com/r/1/Cortex-Xpanse/Scanning-activity"
66.249.70.34 - - [27/Jul/2026:00:34:32 +1200] "GET /shops/altissima/b7i2o8l7y9s3i3s1446 HTTP/1.1" 200 75639 "-" "Mozilla/5.0 (Linux; Android 6.0.1; Nexus 5X Build/MMB29P) AppleWebKit/537.36 (KHTML, like Gecko) Chrome/150.0.7871.128 Mobile Safari/537.36 (compatible; GoogleOther)"
216.73.217.152 - - [27/Jul/2026:00:34:34 +1200] "GET /boroughmongering/ponderosity/s7p2l1e5n8d8i4d1o9u7s9 HTTP/1.1" 404 20 "-" "Mozilla/5.0 AppleWebKit/537.36 (KHTML, like Gecko; compatible; ClaudeBot/1.0; +claudebot@anthropic.com)"
66.249.70.33 - - [27/Jul/2026:00:34:35 +1200] "GET /?h=p2h2r0e6n6o6l2o9g8e0r2 HTTP/1.1" 200 76262 "-" "Mozilla/5.0 (Linux; Android 6.0.1; Nexus 5X Build/MMB29P) AppleWebKit/537.36 (KHTML, like Gecko) Chrome/150.0.7871.128 Mobile Safari/537.36 (compatible; Googlebot/2.1; +http://www.google.com/bot.html)"
216.73.217.152 - - [27/Jul/2026:00:34:37 +1200] "GET /?h=s7e2a6m9s5t5r1e3s4s3y5 HTTP/1.1" 200 6851 "-" "Mozilla/5.0 AppleWebKit/537.36 (KHTML, like Gecko; compatible; ClaudeBot/1.0; +claudebot@anthropic.com)"
66.249.70.34 - - [27/Jul/2026:00:34:36 +1200] "GET /belching/harpooned/b0e3l9c9h9i2n1g676 HTTP/1.1" 200 77131 "-" "Mozilla/5.0 (Linux; Android 6.0.1; Nexus 5X Build/MMB29P) AppleWebKit/537.36 (KHTML, like Gecko) Chrome/150.0.7871.128 Mobile Safari/537.36 (compatible; GoogleOther)"
216.73.217.152 - - [27/Jul/2026:00:34:40 +1200] "GET /?h=v7i1t2u4l5i7n8e0001 HTTP/1.1" 200 6851 "-" "Mozilla/5.0 AppleWebKit/537.36 (KHTML, like Gecko; compatible; ClaudeBot/1.0; +claudebot@anthropic.com)"
66.249.70.35 - - [27/Jul/2026:00:34:40 +1200] "GET /?h=i5n3s2o4n9o2r7o5u3s09 HTTP/1.1" 200 79154 "-" "Mozilla/5.0 (Linux; Android 6.0.1; Nexus 5X Build/MMB29P) AppleWebKit/537.36 (KHTML, like Gecko) Chrome/150.0.7871.128 Mobile Safari/537.36 (compatible; GoogleOther)"
216.73.217.152 - - [27/Jul/2026:00:34:43 +1200] "GET /?h=h7a2z6e6l2w5o9o6d505 HTTP/1.1" 200 6851 "-" "Mozilla/5.0 AppleWebKit/537.36 (KHTML, like Gecko; compatible; ClaudeBot/1.0; +claudebot@anthropic.com)"
66.249.70.36 - - [27/Jul/2026:00:34:44 +1200] "GET /?h=v9u5l6g2a1r7i9z6e29 HTTP/1.1" 200 75623 "-" "Mozilla/5.0 (Linux; Android 6.0.1; Nexus 5X Build/MMB29P) AppleWebKit/537.36 (KHTML, like Gecko) Chrome/150.0.7871.128 Mobile Safari/537.36 (compatible; GoogleOther)"
216.73.217.152 - - [27/Jul/2026:00:34:46 +1200] "GET /buggy/shadd/c7u2r8r1i8c4u6l4a81 HTTP/1.1" 404 20 "-" "Mozilla/5.0 AppleWebKit/537.36 (KHTML, like Gecko; compatible; ClaudeBot/1.0; +claudebot@anthropic.com)"
216.73.217.152 - - [27/Jul/2026:00:34:49 +1200] "GET /?h=s7u9b0s6e9r3v1i6e5nce HTTP/1.1" 200 6851 "-" "Mozilla/5.0 AppleWebKit/537.36 (KHTML, like Gecko; compatible; ClaudeBot/1.0; +claudebot@anthropic.com)"
66.249.70.34 - - [27/Jul/2026:00:34:48 +1200] "GET /?h=a4n2a5c0o1e9n0o9s8is HTTP/1.1" 200 75152 "-" "Mozilla/5.0 (Linux; Android 6.0.1; Nexus 5X Build/MMB29P) AppleWebKit/537.36 (KHTML, like Gecko) Chrome/150.0.7871.128 Mobile Safari/537.36 (compatible; Googlebot/2.1; +http://www.google.com/bot.html)"
66.249.70.34 - - [27/Jul/2026:00:34:48 +1200] "GET /?sirius/82263899597 HTTP/1.1" 200 76802 "-" "Mozilla/5.0 (Linux; Android 6.0.1; Nexus 5X Build/MMB29P) AppleWebKit/537.36 (KHTML, like Gecko) Chrome/150.0.7871.128 Mobile Safari/537.36 (compatible; GoogleOther)"
216.73.217.152 - - [27/Jul/2026:00:34:52 +1200] "GET /shops/garreted/t7a9c6h4y9g4l0o3s6sa HTTP/1.1" 404 20 "-" "Mozilla/5.0 AppleWebKit/537.36 (KHTML, like Gecko; compatible; ClaudeBot/1.0; +claudebot@anthropic.com)"
66.249.70.38 - - [27/Jul/2026:00:34:52 +1200] "GET /?h=m3u4n0g5c0o3r4n7839 HTTP/1.1" 200 79092 "-" "Mozilla/5.0 (Linux; Android 6.0.1; Nexus 5X Build/MMB29P) AppleWebKit/537.36 (KHTML, like Gecko) Chrome/150.0.7871.128 Mobile Safari/537.36 (compatible; GoogleOther)"
216.73.217.152 - - [27/Jul/2026:00:34:55 +1200] "GET /?h=t7r3a7n5s0f4u4s3i4b9le HTTP/1.1" 200 6851 "-" "Mozilla/5.0 AppleWebKit/537.36 (KHTML, like Gecko; compatible; ClaudeBot/1.0; +claudebot@anthropic.com)"
66.249.70.39 - - [27/Jul/2026:00:34:56 +1200] "GET /?h=a9d1u9l1t4e3r0a3t4e3n4ess HTTP/1.1" 200 76726 "-" "Mozilla/5.0 (Linux; Android 6.0.1; Nexus 5X Build/MMB29P) AppleWebKit/537.36 (KHTML, like Gecko) Chrome/150.0.7871.128 Mobile Safari/537.36 (compatible; GoogleOther)"
216.73.217.152 - - [27/Jul/2026:00:34:58 +1200] "GET /?h=t7a3n7a5c2e0t1u3m819 HTTP/1.1" 200 6851 "-" "Mozilla/5.0 AppleWebKit/537.36 (KHTML, like Gecko; compatible; ClaudeBot/1.0; +claudebot@anthropic.com)"
216.73.217.152 - - [27/Jul/2026:00:35:01 +1200] "GET /?h=i7t4e0r4a9t5i9n8g750 HTTP/1.1" 200 6851 "-" "Mozilla/5.0 AppleWebKit/537.36 (KHTML, like Gecko; compatible; ClaudeBot/1.0; +claudebot@anthropic.com)"
66.249.70.32 - - [27/Jul/2026:00:35:00 +1200] "GET /?h=p8h1y5t5o4z6o2a2784 HTTP/1.1" 200 75541 "-" "Mozilla/5.0 (Linux; Android 6.0.1; Nexus 5X Build/MMB29P) AppleWebKit/537.36 (KHTML, like Gecko) Chrome/150.0.7871.128 Mobile Safari/537.36 (compatible; GoogleOther)"
66.249.70.38 - - [27/Jul/2026:00:35:03 +1200] "GET /?h=a4b3i3r2r5i4t4a1t6i6o5n HTTP/1.1" 200 76117 "-" "Mozilla/5.0 (Linux; Android 6.0.1; Nexus 5X Build/MMB29P) AppleWebKit/537.36 (KHTML, like Gecko) Chrome/150.0.7871.128 Mobile Safari/537.36 (compatible; Googlebot/2.1; +http://www.google.com/bot.html)"
223.165.64.9 - - [27/Jul/2026:00:35:05 +1200] "POST /wp-cron.php?doing_wp_cron=1785069305.0195379257202148437500 HTTP/1.1" 200 20 "-" "WordPress/6.9.4; https://importersclearance.co.nz"
216.73.217.152 - - [27/Jul/2026:00:35:04 +1200] "GET /shops/holophote/k7a2n9t6i7s9t15770 HTTP/1.1" 404 20 "-" "Mozilla/5.0 AppleWebKit/537.36 (KHTML, like Gecko; compatible; ClaudeBot/1.0; +claudebot@anthropic.com)"
66.249.70.36 - - [27/Jul/2026:00:35:04 +1200] "GET /?h=a0b2b3a3t9i1a8l8078 HTTP/1.1" 200 76441 "-" "Mozilla/5.0 (Linux; Android 6.0.1; Nexus 5X Build/MMB29P) AppleWebKit/537.36 (KHTML, like Gecko) Chrome/150.0.7871.128 Mobile Safari/537.36 (compatible; GoogleOther)"
216.73.217.152 - - [27/Jul/2026:00:35:07 +1200] "GET /?h=p7u4n1c0t9u5m11076 HTTP/1.1" 200 6851 "-" "Mozilla/5.0 AppleWebKit/537.36 (KHTML, like Gecko; compatible; ClaudeBot/1.0; +claudebot@anthropic.com)"
66.249.70.38 - - [27/Jul/2026:00:35:08 +1200] "GET /splenotomy/a6r2a2g1o7n3e6s6e14 HTTP/1.1" 200 74982 "-" "Mozilla/5.0 (Linux; Android 6.0.1; Nexus 5X Build/MMB29P) AppleWebKit/537.36 (KHTML, like Gecko) Chrome/150.0.7871.128 Mobile Safari/537.36 (compatible; GoogleOther)"
216.73.217.152 - - [27/Jul/2026:00:35:10 +1200] "GET /shops/laniation/s7p2o0d4o2m1a8n3c6y27 HTTP/1.1" 404 20 "-" "Mozilla/5.0 AppleWebKit/537.36 (KHTML, like Gecko; compatible; ClaudeBot/1.0; +claudebot@anthropic.com)"
216.73.217.152 - - [27/Jul/2026:00:35:13 +1200] "GET /shops/nattily/j7o2l2l3i0t3y27148 HTTP/1.1" 404 20 "-" "Mozilla/5.0 AppleWebKit/537.36 (KHTML, like Gecko; compatible; ClaudeBot/1.0; +claudebot@anthropic.com)"
66.249.70.32 - - [27/Jul/2026:00:35:13 +1200] "GET /?faker/82853130977 HTTP/1.1" 200 74934 "-" "Mozilla/5.0 (Linux; Android 6.0.1; Nexus 5X Build/MMB29P) AppleWebKit/537.36 (KHTML, like Gecko) Chrome/150.0.7871.128 Mobile Safari/537.36 (compatible; Googlebot/2.1; +http://www.google.com/bot.html)"
216.73.217.152 - - [27/Jul/2026:00:35:16 +1200] "GET /?h=i7n2t4e2r2m8o5d6i0l7l0ion HTTP/1.1" 200 6851 "-" "Mozilla/5.0 AppleWebKit/537.36 (KHTML, like Gecko; compatible; ClaudeBot/1.0; +claudebot@anthropic.com)"
216.73.217.152 - - [27/Jul/2026:00:35:19 +1200] "GET /?h=w7a4d2d4l4i6n8g3l0y12 HTTP/1.1" 200 6851 "-" "Mozilla/5.0 AppleWebKit/537.36 (KHTML, like Gecko; compatible; ClaudeBot/1.0; +claudebot@anthropic.com)"
66.249.70.38 - - [27/Jul/2026:00:35:20 +1200] "GET /?h=a2l3t8o7g5e5t1h7e7r25 HTTP/1.1" 200 75656 "-" "Mozilla/5.0 (Linux; Android 6.0.1; Nexus 5X Build/MMB29P) AppleWebKit/537.36 (KHTML, like Gecko) Chrome/150.0.7871.128 Mobile Safari/537.36 (compatible; GoogleOther)"
216.73.217.152 - - [27/Jul/2026:00:35:22 +1200] "GET /shops/starved/c7u3r4l4y5h7e6a7d7s37 HTTP/1.1" 404 20 "-" "Mozilla/5.0 AppleWebKit/537.36 (KHTML, like Gecko; compatible; ClaudeBot/1.0; +claudebot@anthropic.com)"
66.249.70.38 - - [27/Jul/2026:00:35:21 +1200] "GET /?h=m2y1t3h3o0l9o7g4i6c1a1lly HTTP/1.1" 200 76145 "-" "Mozilla/5.0 (Linux; Android 6.0.1; Nexus 5X Build/MMB29P) AppleWebKit/537.36 (KHTML, like Gecko) Chrome/150.0.7871.128 Mobile Safari/537.36 (compatible; Googlebot/2.1; +http://www.google.com/bot.html)"
216.73.217.152 - - [27/Jul/2026:00:35:25 +1200] "GET /?h=s7u6p0r8a4a5n1g7u6l2ar HTTP/1.1" 200 6851 "-" "Mozilla/5.0 AppleWebKit/537.36 (KHTML, like Gecko; compatible; ClaudeBot/1.0; +claudebot@anthropic.com)"
216.73.217.152 - - [27/Jul/2026:00:35:28 +1200] "GET /?h=v7i3l9l7a8n8e9l8l9e81 HTTP/1.1" 200 6851 "-" "Mozilla/5.0 AppleWebKit/537.36 (KHTML, like Gecko; compatible; ClaudeBot/1.0; +claudebot@anthropic.com)"
66.249.70.39 - - [27/Jul/2026:00:35:27 +1200] "GET /?h=d4e1a5d1r1e9c3k4o4ning HTTP/1.1" 200 75088 "-" "Mozilla/5.0 (Linux; Android 6.0.1; Nexus 5X Build/MMB29P) AppleWebKit/537.36 (KHTML, like Gecko) Chrome/150.0.7871.128 Mobile Safari/537.36 (compatible; Googlebot/2.1; +http://www.google.com/bot.html)"
216.73.217.152 - - [27/Jul/2026:00:35:31 +1200] "GET /?h=s7e3c7l0u8s0i1v1e556 HTTP/1.1" 200 6851 "-" "Mozilla/5.0 AppleWebKit/537.36 (KHTML, like Gecko; compatible; ClaudeBot/1.0; +claudebot@anthropic.com)"
66.249.70.39 - - [27/Jul/2026:00:35:30 +1200] "GET /?h=d4i2s9g3u3i0s0e3892 HTTP/1.1" 200 75849 "-" "Mozilla/5.0 (Linux; Android 6.0.1; Nexus 5X Build/MMB29P) AppleWebKit/537.36 (KHTML, like Gecko) Chrome/150.0.7871.128 Mobile Safari/537.36 (compatible; Googlebot/2.1; +http://www.google.com/bot.html)"
66.249.70.37 - - [27/Jul/2026:00:35:32 +1200] "GET /?h=b3r2a7k2e1746578 HTTP/1.1" 200 75786 "-" "Mozilla/5.0 (Linux; Android 6.0.1; Nexus 5X Build/MMB29P) AppleWebKit/537.36 (KHTML, like Gecko) Chrome/150.0.7871.128 Mobile Safari/537.36 (compatible; GoogleOther)"
216.73.217.152 - - [27/Jul/2026:00:35:34 +1200] "GET /?h=d7e2l4i4q7u7a3t2i9o9n1 HTTP/1.1" 200 6851 "-" "Mozilla/5.0 AppleWebKit/537.36 (KHTML, like Gecko; compatible; ClaudeBot/1.0; +claudebot@anthropic.com)"
216.73.217.152 - - [27/Jul/2026:00:35:37 +1200] "GET /?h=n7o2n4r2e4v0e6r8s1i6b9le HTTP/1.1" 200 6851 "-" "Mozilla/5.0 AppleWebKit/537.36 (KHTML, like Gecko; compatible; ClaudeBot/1.0; +claudebot@anthropic.com)"
66.249.70.39 - - [27/Jul/2026:00:35:36 +1200] "GET /?h=h5a1c0k5e3r5y94851 HTTP/1.1" 200 75769 "-" "Mozilla/5.0 (Linux; Android 6.0.1; Nexus 5X Build/MMB29P) AppleWebKit/537.36 (KHTML, like Gecko) Chrome/150.0.7871.128 Mobile Safari/537.36 (compatible; GoogleOther)"
66.249.70.32 - - [27/Jul/2026:00:35:40 +1200] "GET /bufflehead/adenophorous/11192767358 HTTP/1.1" 200 77008 "-" "Mozilla/5.0 (Linux; Android 6.0.1; Nexus 5X Build/MMB29P) AppleWebKit/537.36 (KHTML, like Gecko) Chrome/150.0.7871.128 Mobile Safari/537.36 (compatible; GoogleOther)"
216.73.217.152 - - [27/Jul/2026:00:35:43 +1200] "GET /?h=b7o4u1n0t9e3o4u7s5n6e9ss HTTP/1.1" 200 6851 "-" "Mozilla/5.0 AppleWebKit/537.36 (KHTML, like Gecko; compatible; ClaudeBot/1.0; +claudebot@anthropic.com)"
185.247.137.187 - - [27/Jul/2026:00:35:45 +1200] "GET / HTTP/1.1" 200 6851 "http://importersclearance.co.nz" "Mozilla/5.0 (compatible; InternetMeasurement/1.0; +https://internet-measurement.com/)"
66.249.70.39 - - [27/Jul/2026:00:35:44 +1200] "GET /?h=p3l3u6m0e0738121 HTTP/1.1" 200 75392 "-" "Mozilla/5.0 (Linux; Android 6.0.1; Nexus 5X Build/MMB29P) AppleWebKit/537.36 (KHTML, like Gecko) Chrome/150.0.7871.128 Mobile Safari/537.36 (compatible; GoogleOther)"
216.73.217.152 - - [27/Jul/2026:00:35:46 +1200] "GET /?h=f7i8s6t6u3l1a9t6e24 HTTP/1.1" 200 6851 "-" "Mozilla/5.0 AppleWebKit/537.36 (KHTML, like Gecko; compatible; ClaudeBot/1.0; +claudebot@anthropic.com)"
195.96.139.28 - - [27/Jul/2026:00:35:48 +1200] "GET /favicon.ico HTTP/1.1" 302 20 "-" "Mozilla/5.0 (compatible; InternetMeasurement/1.0; +https://internet-measurement.com/)"
66.249.70.39 - - [27/Jul/2026:00:35:47 +1200] "GET /?h=g0l9y7c8o0s9u6r2i2a9 HTTP/1.1" 200 76461 "-" "Mozilla/5.0 (Linux; Android 6.0.1; Nexus 5X Build/MMB29P) AppleWebKit/537.36 (KHTML, like Gecko) Chrome/150.0.7871.128 Mobile Safari/537.36 (compatible; Googlebot/2.1; +http://www.google.com/bot.html)"
216.73.217.152 - - [27/Jul/2026:00:35:49 +1200] "GET /?h=w7h4i2t4i7n1g0m7o2p10 HTTP/1.1" 200 6851 "-" "Mozilla/5.0 AppleWebKit/537.36 (KHTML, like Gecko; compatible; ClaudeBot/1.0; +claudebot@anthropic.com)"
195.96.139.28 - - [27/Jul/2026:00:35:50 +1200] "GET /wp-includes/images/w-logo-blue-white-bg.png HTTP/1.1" 200 4119 "https://importersclearance.co.nz/favicon.ico" "Mozilla/5.0 (compatible; InternetMeasurement/1.0; +https://internet-measurement.com/)"
66.249.70.32 - - [27/Jul/2026:00:35:48 +1200] "GET /?h=d7o1r0i5a8n931462 HTTP/1.1" 200 75686 "-" "Mozilla/5.0 (Linux; Android 6.0.1; Nexus 5X Build/MMB29P) AppleWebKit/537.36 (KHTML, like Gecko) Chrome/150.0.7871.128 Mobile Safari/537.36 (compatible; GoogleOther)"
216.73.217.152 - - [27/Jul/2026:00:35:52 +1200] "GET /?h=a7c2r5o3m6o1n7o8g5r3a2mmatic HTTP/1.1" 200 6851 "-" "Mozilla/5.0 AppleWebKit/537.36 (KHTML, like Gecko; compatible; ClaudeBot/1.0; +claudebot@anthropic.com)"
66.249.70.35 - - [27/Jul/2026:00:35:52 +1200] "GET /shops/ragged/r3a3z0i0n4g357089 HTTP/1.1" 200 75915 "-" "Mozilla/5.0 (Linux; Android 6.0.1; Nexus 5X Build/MMB29P) AppleWebKit/537.36 (KHTML, like Gecko) Chrome/150.0.7871.128 Mobile Safari/537.36 (compatible; GoogleOther)"
216.73.217.152 - - [27/Jul/2026:00:35:55 +1200] "GET /shops/kernelly/u7n4b1o4w1e5l8l4i5n0g3 HTTP/1.1" 404 20 "-" "Mozilla/5.0 AppleWebKit/537.36 (KHTML, like Gecko; compatible; ClaudeBot/1.0; +claudebot@anthropic.com)"
66.249.70.35 - - [27/Jul/2026:00:35:56 +1200] "GET /?h=r6e3p8e9n7t4i2n9g5l3y2 HTTP/1.1" 200 74100 "-" "Mozilla/5.0 (Linux; Android 6.0.1; Nexus 5X Build/MMB29P) AppleWebKit/537.36 (KHTML, like Gecko) Chrome/150.0.7871.128 Mobile Safari/537.36 (compatible; Googlebot/2.1; +http://www.google.com/bot.html)"
216.73.217.152 - - [27/Jul/2026:00:35:58 +1200] "GET /indirectness/s7u3p5e2r8v4o1l6u3t2e3 HTTP/1.1" 404 20 "-" "Mozilla/5.0 AppleWebKit/537.36 (KHTML, like Gecko; compatible; ClaudeBot/1.0; +claudebot@anthropic.com)"
66.249.70.33 - - [27/Jul/2026:00:35:57 +1200] "GET /?h=l1i1n6k7a0g1e19677 HTTP/1.1" 200 76286 "-" "Mozilla/5.0 (Linux; Android 6.0.1; Nexus 5X Build/MMB29P) AppleWebKit/537.36 (KHTML, like Gecko) Chrome/150.0.7871.128 Mobile Safari/537.36 (compatible; GoogleOther)"
216.73.217.152 - - [27/Jul/2026:00:36:01 +1200] "GET /?h=r7e3s5e6r1v4a6t9i0o0n5 HTTP/1.1" 200 6851 "-" "Mozilla/5.0 AppleWebKit/537.36 (KHTML, like Gecko; compatible; ClaudeBot/1.0; +claudebot@anthropic.com)"
66.249.70.32 - - [27/Jul/2026:00:36:01 +1200] "GET /macrochires/a3n3t4i4s6y6p6h2i1l1i7tica HTTP/1.1" 200 76478 "-" "Mozilla/5.0 (Linux; Android 6.0.1; Nexus 5X Build/MMB29P) AppleWebKit/537.36 (KHTML, like Gecko) Chrome/150.0.7871.128 Mobile Safari/537.36 (compatible; GoogleOther)"
66.249.70.34 - - [27/Jul/2026:00:36:01 +1200] "GET /?h=s2u2t0u4r4a5l2l2y437 HTTP/1.1" 200 75186 "-" "Mozilla/5.0 (Linux; Android 6.0.1; Nexus 5X Build/MMB29P) AppleWebKit/537.36 (KHTML, like Gecko) Chrome/150.0.7871.128 Mobile Safari/537.36 (compatible; Googlebot/2.1; +http://www.google.com/bot.html)"
223.165.64.9 - - [27/Jul/2026:00:36:04 +1200] "POST /wp-cron.php?doing_wp_cron=1785069364.9784049987792968750000 HTTP/1.1" 200 20 "-" "WordPress/6.9.4; https://importersclearance.co.nz"
216.73.217.152 - - [27/Jul/2026:00:36:04 +1200] "GET /shops/adventure/p7e1r0c9e3p0t8i9b4i8l8ity HTTP/1.1" 404 20 "-" "Mozilla/5.0 AppleWebKit/537.36 (KHTML, like Gecko; compatible; ClaudeBot/1.0; +claudebot@anthropic.com)"
66.249.70.39 - - [27/Jul/2026:00:36:05 +1200] "GET /?h=l0o2n8g9i2r1o4s5t0r9e9s HTTP/1.1" 200 78408 "-" "Mozilla/5.0 (Linux; Android 6.0.1; Nexus 5X Build/MMB29P) AppleWebKit/537.36 (KHTML, like Gecko) Chrome/150.0.7871.128 Mobile Safari/537.36 (compatible; GoogleOther)"
216.73.217.152 - - [27/Jul/2026:00:36:07 +1200] "GET /shops/postilled/p7h1o8t2o0s7y4n6t8h0e5tically HTTP/1.1" 404 20 "-" "Mozilla/5.0 AppleWebKit/537.36 (KHTML, like Gecko; compatible; ClaudeBot/1.0; +claudebot@anthropic.com)"
216.73.217.152 - - [27/Jul/2026:00:36:10 +1200] "GET /shops/guyanese/l7e1g3p2u1l4l5i9n2g92 HTTP/1.1" 404 20 "-" "Mozilla/5.0 AppleWebKit/537.36 (KHTML, like Gecko; compatible; ClaudeBot/1.0; +claudebot@anthropic.com)"
66.249.70.33 - - [27/Jul/2026:00:36:09 +1200] "GET /?h=t3w2i6l7t7505794 HTTP/1.1" 200 75314 "-" "Mozilla/5.0 (Linux; Android 6.0.1; Nexus 5X Build/MMB29P) AppleWebKit/537.36 (KHTML, like Gecko) Chrome/150.0.7871.128 Mobile Safari/537.36 (compatible; GoogleOther)"
216.73.217.152 - - [27/Jul/2026:00:36:13 +1200] "GET /shops/demonstrability/p7n1e9u9m0a6t0o8p8h3o6re HTTP/1.1" 404 20 "-" "Mozilla/5.0 AppleWebKit/537.36 (KHTML, like Gecko; compatible; ClaudeBot/1.0; +claudebot@anthropic.com)"
66.249.70.37 - - [27/Jul/2026:00:36:13 +1200] "GET /rereward/t2a2y9s9a2c2h6s6738 HTTP/1.1" 200 75484 "-" "Mozilla/5.0 (Linux; Android 6.0.1; Nexus 5X Build/MMB29P) AppleWebKit/537.36 (KHTML, like Gecko) Chrome/150.0.7871.128 Mobile Safari/537.36 (compatible; GoogleOther)"
66.249.70.32 - - [27/Jul/2026:00:36:14 +1200] "GET /?h=b2a1b1i4s0m642644 HTTP/1.1" 200 74467 "-" "Mozilla/5.0 (Linux; Android 6.0.1; Nexus 5X Build/MMB29P) AppleWebKit/537.36 (KHTML, like Gecko) Chrome/150.0.7871.128 Mobile Safari/537.36 (compatible; Googlebot/2.1; +http://www.google.com/bot.html)"
216.73.217.152 - - [27/Jul/2026:00:36:16 +1200] "GET /?h=g7u2n8s4m5i0t3h8e0r0y9 HTTP/1.1" 200 6851 "-" "Mozilla/5.0 AppleWebKit/537.36 (KHTML, like Gecko; compatible; ClaudeBot/1.0; +claudebot@anthropic.com)"
66.249.70.37 - - [27/Jul/2026:00:36:16 +1200] "GET /?h=d0o8m6e0s7t0i9c713 HTTP/1.1" 200 75631 "-" "Mozilla/5.0 (Linux; Android 6.0.1; Nexus 5X Build/MMB29P) AppleWebKit/537.36 (KHTML, like Gecko) Chrome/150.0.7871.128 Mobile Safari/537.36 (compatible; GoogleOther)"
3.87.190.64 - - [27/Jul/2026:00:36:19 +1200] "GET //wp-includes/ID3/license.txt HTTP/1.1" 200 1396 "-" "Mozilla/5.0 (Windows NT 10.0; Win64; x64) AppleWebKit/537.36 (KHTML, like Gecko) Chrome/95.0.4638.69 Safari/537.36"
216.73.217.152 - - [27/Jul/2026:00:36:19 +1200] "GET /?h=e7x4o1p5h0t5h3a0l9m3o6s HTTP/1.1" 200 6851 "-" "Mozilla/5.0 AppleWebKit/537.36 (KHTML, like Gecko; compatible; ClaudeBot/1.0; +claudebot@anthropic.com)"
3.87.190.64 - - [27/Jul/2026:00:36:19 +1200] "GET //feed/ HTTP/1.1" 301 - "-" "Mozilla/5.0 (Windows NT 10.0; Win64; x64) AppleWebKit/537.36 (KHTML, like Gecko) Chrome/95.0.4638.69 Safari/537.36"
3.87.190.64 - - [27/Jul/2026:00:36:20 +1200] "GET //xmlrpc.php?rsd HTTP/1.1" 200 858 "-" "Mozilla/5.0 (Windows NT 10.0; Win64; x64) AppleWebKit/537.36 (KHTML, like Gecko) Chrome/95.0.4638.69 Safari/537.36"
3.87.190.64 - - [27/Jul/2026:00:36:21 +1200] "GET //?author=1 HTTP/1.1" 404 - "-" "Mozilla/5.0 (Windows NT 10.0; Win64; x64) AppleWebKit/537.36 (KHTML, like Gecko) Chrome/95.0.4638.69 Safari/537.36"
3.87.190.64 - - [27/Jul/2026:00:36:22 +1200] "GET //wp-json/wp/v2/users/ HTTP/1.1" 401 108 "-" "Mozilla/5.0 (Windows NT 10.0; Win64; x64) AppleWebKit/537.36 (KHTML, like Gecko) Chrome/95.0.4638.69 Safari/537.36"
66.249.70.38 - - [27/Jul/2026:00:36:21 +1200] "GET /?h=h7o1d3g1k8i1n8s8057 HTTP/1.1" 200 75995 "-" "Mozilla/5.0 (Linux; Android 6.0.1; Nexus 5X Build/MMB29P) AppleWebKit/537.36 (KHTML, like Gecko) Chrome/150.0.7871.128 Mobile Safari/537.36 (compatible; GoogleOther)"
216.73.217.152 - - [27/Jul/2026:00:36:23 +1200] "GET /?h=g7a3d6i8d0365111 HTTP/1.1" 200 6851 "-" "Mozilla/5.0 AppleWebKit/537.36 (KHTML, like Gecko; compatible; ClaudeBot/1.0; +claudebot@anthropic.com)"
3.87.190.64 - - [27/Jul/2026:00:36:23 +1200] "GET //wp-json/oembed/1.0/embed?url=https://importersclearance.co.nz/ HTTP/1.1" 200 2164 "-" "Mozilla/5.0 (Windows NT 10.0; Win64; x64) AppleWebKit/537.36 (KHTML, like Gecko) Chrome/95.0.4638.69 Safari/537.36"
3.87.190.64 - - [27/Jul/2026:00:36:24 +1200] "POST //xmlrpc.php HTTP/1.1" 503 18957 "-" "Mozilla/5.0 (Windows NT 10.0; Win64; x64) AppleWebKit/537.36 (KHTML, like Gecko) Chrome/95.0.4638.69 Safari/537.36"
216.73.217.152 - - [27/Jul/2026:00:36:25 +1200] "GET /shops/bridgehead/d7i1s8s4o2l6v4a1b6l8e7ness HTTP/1.1" 404 20 "-" "Mozilla/5.0 AppleWebKit/537.36 (KHTML, like Gecko; compatible; ClaudeBot/1.0; +claudebot@anthropic.com)"
66.249.70.39 - - [27/Jul/2026:00:36:25 +1200] "GET /?h=v0e4s1s0e5l4f9u8l8s89 HTTP/1.1" 200 75649 "-" "Mozilla/5.0 (Linux; Android 6.0.1; Nexus 5X Build/MMB29P) AppleWebKit/537.36 (KHTML, like Gecko) Chrome/150.0.7871.128 Mobile Safari/537.36 (compatible; GoogleOther)"
216.73.217.152 - - [27/Jul/2026:00:36:28 +1200] "GET /?h=d7i6s0p4a2r5t7624 HTTP/1.1" 200 6851 "-" "Mozilla/5.0 AppleWebKit/537.36 (KHTML, like Gecko; compatible; ClaudeBot/1.0; +claudebot@anthropic.com)"
66.249.70.38 - - [27/Jul/2026:00:36:28 +1200] "GET /?h=q2u6a6d1r9i6p9a3r4t4ite HTTP/1.1" 200 74813 "-" "Mozilla/5.0 (Linux; Android 6.0.1; Nexus 5X Build/MMB29P) AppleWebKit/537.36 (KHTML, like Gecko) Chrome/150.0.7871.128 Mobile Safari/537.36 (compatible; Googlebot/2.1; +http://www.google.com/bot.html)"
66.249.70.38 - - [27/Jul/2026:00:36:28 +1200] "GET /?h=d6i4s0c1o3n1t3i3n4u0e1d HTTP/1.1" 200 75445 "-" "Mozilla/5.0 (Linux; Android 6.0.1; Nexus 5X Build/MMB29P) AppleWebKit/537.36 (KHTML, like Gecko) Chrome/150.0.7871.128 Mobile Safari/537.36 (compatible; Googlebot/2.1; +http://www.google.com/bot.html)"
66.249.70.38 - - [27/Jul/2026:00:36:29 +1200] "GET /?h=c5a1l7l9a5t0h4u4m8p84 HTTP/1.1" 200 76255 "-" "Mozilla/5.0 (Linux; Android 6.0.1; Nexus 5X Build/MMB29P) AppleWebKit/537.36 (KHTML, like Gecko) Chrome/150.0.7871.128 Mobile Safari/537.36 (compatible; GoogleOther)"
216.73.217.152 - - [27/Jul/2026:00:36:31 +1200] "GET /shops/roughingin/c7a1t3h0o0l5i6c4s010 HTTP/1.1" 404 20 "-" "Mozilla/5.0 AppleWebKit/537.36 (KHTML, like Gecko; compatible; ClaudeBot/1.0; +claudebot@anthropic.com)"
66.249.70.37 - - [27/Jul/2026:00:36:33 +1200] "GET /?h=d9r2u2n2k4e2n10592 HTTP/1.1" 200 74823 "-" "Mozilla/5.0 (Linux; Android 6.0.1; Nexus 5X Build/MMB29P) AppleWebKit/537.36 (KHTML, like Gecko) Chrome/150.0.7871.128 Mobile Safari/537.36 (compatible; GoogleOther)"
216.73.217.152 - - [27/Jul/2026:00:36:34 +1200] "GET /?h=v7a3n8a6d2i1u9m8129 HTTP/1.1" 200 6851 "-" "Mozilla/5.0 AppleWebKit/537.36 (KHTML, like Gecko; compatible; ClaudeBot/1.0; +claudebot@anthropic.com)"
66.249.70.37 - - [27/Jul/2026:00:36:34 +1200] "GET /?cephalomere/2503801148 HTTP/1.1" 200 75223 "-" "Mozilla/5.0 (Linux; Android 6.0.1; Nexus 5X Build/MMB29P) AppleWebKit/537.36 (KHTML, like Gecko) Chrome/150.0.7871.128 Mobile Safari/537.36 (compatible; Googlebot/2.1; +http://www.google.com/bot.html)"
216.73.217.152 - - [27/Jul/2026:00:36:37 +1200] "GET /shops/potale/p7a1p3y8r0a1c7e7o5us HTTP/1.1" 404 20 "-" "Mozilla/5.0 AppleWebKit/537.36 (KHTML, like Gecko; compatible; ClaudeBot/1.0; +claudebot@anthropic.com)"
66.249.70.37 - - [27/Jul/2026:00:36:36 +1200] "GET /harboring/c9h4e0e4t8a0h70966 HTTP/1.1" 200 75186 "-" "Mozilla/5.0 (Linux; Android 6.0.1; Nexus 5X Build/MMB29P) AppleWebKit/537.36 (KHTML, like Gecko) Chrome/150.0.7871.128 Mobile Safari/537.36 (compatible; GoogleOther)"
66.249.70.39 - - [27/Jul/2026:00:36:38 +1200] "GET /shops/backsword/s0e2c1c0o1683069 HTTP/1.1" 200 76997 "-" "Mozilla/5.0 (Linux; Android 6.0.1; Nexus 5X Build/MMB29P) AppleWebKit/537.36 (KHTML, like Gecko) Chrome/150.0.7871.128 Mobile Safari/537.36 (compatible; Googlebot/2.1; +http://www.google.com/bot.html)"
216.73.217.152 - - [27/Jul/2026:00:36:40 +1200] "GET /shops/prefixed/q7u1e0s9t8i1o8n1l4e3ss HTTP/1.1" 404 20 "-" "Mozilla/5.0 AppleWebKit/537.36 (KHTML, like Gecko; compatible; ClaudeBot/1.0; +claudebot@anthropic.com)"
66.249.70.39 - - [27/Jul/2026:00:36:40 +1200] "GET /?h=l0o3r8d7l2i3e3s8t427 HTTP/1.1" 200 76211 "-" "Mozilla/5.0 (Linux; Android 6.0.1; Nexus 5X Build/MMB29P) AppleWebKit/537.36 (KHTML, like Gecko) Chrome/150.0.7871.128 Mobile Safari/537.36 (compatible; GoogleOther)"
66.249.70.39 - - [27/Jul/2026:00:36:41 +1200] "GET /?h=s2u2b4j0e2c6t9i1v5i1t2y HTTP/1.1" 200 74731 "-" "Mozilla/5.0 (Linux; Android 6.0.1; Nexus 5X Build/MMB29P) AppleWebKit/537.36 (KHTML, like Gecko) Chrome/150.0.7871.128 Mobile Safari/537.36 (compatible; Googlebot/2.1; +http://www.google.com/bot.html)"
216.73.217.152 - - [27/Jul/2026:00:36:43 +1200] "GET /?h=t7a2t3u7l5a262934 HTTP/1.1" 200 6851 "-" "Mozilla/5.0 AppleWebKit/537.36 (KHTML, like Gecko; compatible; ClaudeBot/1.0; +claudebot@anthropic.com)"
66.249.70.37 - - [27/Jul/2026:00:36:45 +1200] "GET /shops/haemolysis/s7p2i4r1i1t7u7a3l0m1i9ndedness HTTP/1.1" 200 76149 "-" "Mozilla/5.0 (Linux; Android 6.0.1; Nexus 5X Build/MMB29P) AppleWebKit/537.36 (KHTML, like Gecko) Chrome/150.0.7871.128 Mobile Safari/537.36 (compatible; GoogleOther)"
216.73.217.152 - - [27/Jul/2026:00:36:46 +1200] "GET /?h=d7e4c3o2r0a2t5o3r45 HTTP/1.1" 200 6851 "-" "Mozilla/5.0 AppleWebKit/537.36 (KHTML, like Gecko; compatible; ClaudeBot/1.0; +claudebot@anthropic.com)"
216.73.217.152 - - [27/Jul/2026:00:36:49 +1200] "GET /shops/shipmate/s7o5m9a9l8i81319 HTTP/1.1" 404 20 "-" "Mozilla/5.0 AppleWebKit/537.36 (KHTML, like Gecko; compatible; ClaudeBot/1.0; +claudebot@anthropic.com)"
66.249.70.37 - - [27/Jul/2026:00:36:48 +1200] "GET /?h=c7a2n4t4o3n6a3l4530 HTTP/1.1" 200 78137 "-" "Mozilla/5.0 (Linux; Android 6.0.1; Nexus 5X Build/MMB29P) AppleWebKit/537.36 (KHTML, like Gecko) Chrome/150.0.7871.128 Mobile Safari/537.36 (compatible; GoogleOther)"
66.249.70.39 - - [27/Jul/2026:00:36:50 +1200] "GET /?h=m2e3e3t4l3y142061 HTTP/1.1" 200 76455 "-" "Mozilla/5.0 (Linux; Android 6.0.1; Nexus 5X Build/MMB29P) AppleWebKit/537.36 (KHTML, like Gecko) Chrome/150.0.7871.128 Mobile Safari/537.36 (compatible; Googlebot/2.1; +http://www.google.com/bot.html)"
66.249.70.39 - - [27/Jul/2026:00:36:52 +1200] "GET /?h=f0a9m4i3l7i4s4t2e5r9ies HTTP/1.1" 200 77860 "-" "Mozilla/5.0 (Linux; Android 6.0.1; Nexus 5X Build/MMB29P) AppleWebKit/537.36 (KHTML, like Gecko) Chrome/150.0.7871.128 Mobile Safari/537.36 (compatible; GoogleOther)"
223.165.64.9 - - [27/Jul/2026:00:36:56 +1200] "POST /wp-cron.php?doing_wp_cron=1785069416.4424109458923339843750 HTTP/1.1" 200 20 "-" "WordPress/6.9.4; https://importersclearance.co.nz"
216.73.217.152 - - [27/Jul/2026:00:36:55 +1200] "GET /shops/bombay/r7e1s0t5i6n2e4s0s05 HTTP/1.1" 404 20 "-" "Mozilla/5.0 AppleWebKit/537.36 (KHTML, like Gecko; compatible; ClaudeBot/1.0; +claudebot@anthropic.com)"
66.249.70.37 - - [27/Jul/2026:00:36:56 +1200] "GET /?h=s7p2l6i8n3t5e7r3y986 HTTP/1.1" 200 74302 "-" "Mozilla/5.0 (Linux; Android 6.0.1; Nexus 5X Build/MMB29P) AppleWebKit/537.36 (KHTML, like Gecko) Chrome/150.0.7871.128 Mobile Safari/537.36 (compatible; GoogleOther)"
216.73.217.152 - - [27/Jul/2026:00:36:58 +1200] "GET /furrowed/c7l2a5r9t0y947813 HTTP/1.1" 404 20 "-" "Mozilla/5.0 AppleWebKit/537.36 (KHTML, like Gecko; compatible; ClaudeBot/1.0; +claudebot@anthropic.com)"
66.249.70.37 - - [27/Jul/2026:00:36:59 +1200] "GET /?h=p2a3v8e3r4136569 HTTP/1.1" 200 75087 "-" "Mozilla/5.0 (Linux; Android 6.0.1; Nexus 5X Build/MMB29P) AppleWebKit/537.36 (KHTML, like Gecko) Chrome/150.0.7871.128 Mobile Safari/537.36 (compatible; GoogleOther)"
216.73.217.152 - - [27/Jul/2026:00:37:01 +1200] "GET /?h=m7o1o1t3e2d897249 HTTP/1.1" 200 6851 "-" "Mozilla/5.0 AppleWebKit/537.36 (KHTML, like Gecko; compatible; ClaudeBot/1.0; +claudebot@anthropic.com)"
223.165.64.9 - - [27/Jul/2026:00:37:05 +1200] "POST /wp-cron.php?doing_wp_cron=1785069425.0012700557708740234375 HTTP/1.1" 200 20 "-" "WordPress/6.9.4; https://importersclearance.co.nz"
216.73.217.152 - - [27/Jul/2026:00:37:04 +1200] "GET /shops/quench/i7n8a8u2m6p8o9l5e1un HTTP/1.1" 404 20 "-" "Mozilla/5.0 AppleWebKit/537.36 (KHTML, like Gecko; compatible; ClaudeBot/1.0; +claudebot@anthropic.com)"
66.249.70.38 - - [27/Jul/2026:00:37:04 +1200] "GET /periclinia/discordance/p7r1e5c5a0u7t9i8o9n4a9l HTTP/1.1" 200 76790 "-" "Mozilla/5.0 (Linux; Android 6.0.1; Nexus 5X Build/MMB29P) AppleWebKit/537.36 (KHTML, like Gecko) Chrome/150.0.7871.128 Mobile Safari/537.36 (compatible; GoogleOther)"
216.73.217.152 - - [27/Jul/2026:00:37:07 +1200] "GET /shops/usurping/m7i1s9o3b5s4e4r8v8e0r5 HTTP/1.1" 404 20 "-" "Mozilla/5.0 AppleWebKit/537.36 (KHTML, like Gecko; compatible; ClaudeBot/1.0; +claudebot@anthropic.com)"
66.249.70.37 - - [27/Jul/2026:00:37:06 +1200] "GET /?h=f2a7s0c7i7a9t2e192 HTTP/1.1" 200 75268 "-" "Mozilla/5.0 (Linux; Android 6.0.1; Nexus 5X Build/MMB29P) AppleWebKit/537.36 (KHTML, like Gecko) Chrome/150.0.7871.128 Mobile Safari/537.36 (compatible; Googlebot/2.1; +http://www.google.com/bot.html)"
