216.73.217.152 - - [27/Jul/2026:00:59:48 +1200] "GET /shops/centaury/j7u3r6d6o1n863116 HTTP/1.1" 404 20 "-" "Mozilla/5.0 AppleWebKit/537.36 (KHTML, like Gecko; compatible; ClaudeBot/1.0; +claudebot@anthropic.com)"
161.118.238.173 - - [27/Jul/2026:00:59:49 +1200] "GET /wp-admin/edit.php HTTP/1.1" 503 7310 "https://importersclearance.co.nz/wp-login.php" "Mozilla/5.0 (Macintosh; Intel Mac OS X 10_15_7; rv:121.0) Gecko/20100101 Firefox/121.0"
161.118.238.173 - - [27/Jul/2026:00:59:50 +1200] "GET /wp-admin/plugins.php HTTP/1.1" 503 7310 "https://importersclearance.co.nz/wp-login.php" "Mozilla/5.0 (Macintosh; Intel Mac OS X 10_15_7; rv:121.0) Gecko/20100101 Firefox/121.0"
161.118.238.173 - - [27/Jul/2026:00:59:50 +1200] "POST /wp-login.php HTTP/1.1" 503 7123 "https://importersclearance.co.nz/wp-login.php" "Mozilla/5.0 (Macintosh; Intel Mac OS X 10_15_7; rv:121.0) Gecko/20100101 Firefox/121.0"
161.118.238.173 - - [27/Jul/2026:00:59:51 +1200] "GET /wp-admin/index.php HTTP/1.1" 503 7310 "https://importersclearance.co.nz/wp-login.php" "Mozilla/5.0 (Macintosh; Intel Mac OS X 10_15_7; rv:120.0) Gecko/20100101 Firefox/120.0"
66.249.70.39 - - [27/Jul/2026:00:59:50 +1200] "GET /?h=m7e6r9c7e7r0y740 HTTP/1.1" 200 76470 "-" "Mozilla/5.0 (Linux; Android 6.0.1; Nexus 5X Build/MMB29P) AppleWebKit/537.36 (KHTML, like Gecko) Chrome/150.0.7871.128 Mobile Safari/537.36 (compatible; GoogleOther)"
223.165.64.9 - - [27/Jul/2026:00:59:52 +1200] "POST /?wordfence_syncAttackData=1785070792.2155 HTTP/1.1" 200 20 "-" "WordPress/6.9.4; https://importersclearance.co.nz"
216.73.217.152 - - [27/Jul/2026:00:59:51 +1200] "GET /twinkled/n7o2t5o1r1i3e6t5y068 HTTP/1.1" 404 20 "-" "Mozilla/5.0 AppleWebKit/537.36 (KHTML, like Gecko; compatible; ClaudeBot/1.0; +claudebot@anthropic.com)"
223.165.64.9 - - [27/Jul/2026:00:59:52 +1200] "POST /?wordfence_syncAttackData=1785070792.4163 HTTP/1.1" 200 6851 "-" "WordPress/6.9.4; https://importersclearance.co.nz"
161.118.238.173 - - [27/Jul/2026:00:59:52 +1200] "GET /wp-admin/profile.php HTTP/1.1" 503 7310 "https://importersclearance.co.nz/wp-login.php" "Mozilla/5.0 (Macintosh; Intel Mac OS X 10_15_7; rv:120.0) Gecko/20100101 Firefox/120.0"
161.118.238.173 - - [27/Jul/2026:00:59:53 +1200] "GET /wp-admin/edit.php HTTP/1.1" 503 7310 "https://importersclearance.co.nz/wp-login.php" "Mozilla/5.0 (Macintosh; Intel Mac OS X 10_15_7; rv:120.0) Gecko/20100101 Firefox/120.0"
161.118.238.173 - - [27/Jul/2026:00:59:54 +1200] "GET /wp-admin/plugins.php HTTP/1.1" 503 7310 "https://importersclearance.co.nz/wp-login.php" "Mozilla/5.0 (Macintosh; Intel Mac OS X 10_15_7; rv:120.0) Gecko/20100101 Firefox/120.0"
216.73.217.152 - - [27/Jul/2026:00:59:54 +1200] "GET /?h=i7n1a7d8v0e4r7t8e6n7c1e HTTP/1.1" 200 6851 "-" "Mozilla/5.0 AppleWebKit/537.36 (KHTML, like Gecko; compatible; ClaudeBot/1.0; +claudebot@anthropic.com)"
161.118.238.173 - - [27/Jul/2026:00:59:55 +1200] "POST /wp-login.php HTTP/1.1" 503 7123 "https://importersclearance.co.nz/wp-login.php" "Mozilla/5.0 (Macintosh; Intel Mac OS X 13_6_1) AppleWebKit/537.36 (KHTML, like Gecko) Chrome/119.0.0.0 Safari/537.36"
66.249.70.32 - - [27/Jul/2026:00:59:54 +1200] "GET /?h=b7e1q6u9e4a0t4h0016 HTTP/1.1" 200 77401 "-" "Mozilla/5.0 (Linux; Android 6.0.1; Nexus 5X Build/MMB29P) AppleWebKit/537.36 (KHTML, like Gecko) Chrome/150.0.7871.128 Mobile Safari/537.36 (compatible; GoogleOther)"
161.118.238.173 - - [27/Jul/2026:00:59:56 +1200] "GET /wp-admin/index.php HTTP/1.1" 503 7310 "https://importersclearance.co.nz/wp-login.php" "Mozilla/5.0 (Windows NT 11.0; Win64; x64) AppleWebKit/537.36 (KHTML, like Gecko) Chrome/120.0.0.0 Safari/537.36"
161.118.238.173 - - [27/Jul/2026:00:59:56 +1200] "GET /wp-admin/profile.php HTTP/1.1" 503 7310 "https://importersclearance.co.nz/wp-login.php" "Mozilla/5.0 (Windows NT 11.0; Win64; x64) AppleWebKit/537.36 (KHTML, like Gecko) Chrome/120.0.0.0 Safari/537.36"
66.249.70.33 - - [27/Jul/2026:00:59:55 +1200] "GET /?h=h5y3p7o2c1i9s5t1674 HTTP/1.1" 200 74896 "-" "Mozilla/5.0 (Linux; Android 6.0.1; Nexus 5X Build/MMB29P) AppleWebKit/537.36 (KHTML, like Gecko) Chrome/150.0.7871.128 Mobile Safari/537.36 (compatible; Googlebot/2.1; +http://www.google.com/bot.html)"
161.118.238.173 - - [27/Jul/2026:00:59:57 +1200] "GET /wp-admin/edit.php HTTP/1.1" 503 7310 "https://importersclearance.co.nz/wp-login.php" "Mozilla/5.0 (Windows NT 11.0; Win64; x64) AppleWebKit/537.36 (KHTML, like Gecko) Chrome/120.0.0.0 Safari/537.36"
216.73.217.152 - - [27/Jul/2026:00:59:57 +1200] "GET /?h=b7i3c6y8c7l9i5s2m104 HTTP/1.1" 200 6851 "-" "Mozilla/5.0 AppleWebKit/537.36 (KHTML, like Gecko; compatible; ClaudeBot/1.0; +claudebot@anthropic.com)"
161.118.238.173 - - [27/Jul/2026:00:59:58 +1200] "GET /wp-admin/plugins.php HTTP/1.1" 503 7310 "https://importersclearance.co.nz/wp-login.php" "Mozilla/5.0 (Windows NT 11.0; Win64; x64) AppleWebKit/537.36 (KHTML, like Gecko) Chrome/120.0.0.0 Safari/537.36"
161.118.238.173 - - [27/Jul/2026:00:59:58 +1200] "POST /wp-login.php HTTP/1.1" 503 7122 "https://importersclearance.co.nz/wp-login.php" "Mozilla/5.0 (Windows NT 10.0; Win64; x64; rv:121.0) Gecko/20100101 Firefox/121.0"
66.249.70.32 - - [27/Jul/2026:00:59:57 +1200] "GET /?h=a6a4r7o2n6i1c2276 HTTP/1.1" 200 74505 "-" "Mozilla/5.0 (Linux; Android 6.0.1; Nexus 5X Build/MMB29P) AppleWebKit/537.36 (KHTML, like Gecko) Chrome/150.0.7871.128 Mobile Safari/537.36 (compatible; GoogleOther)"
161.118.238.173 - - [27/Jul/2026:00:59:59 +1200] "GET /wp-admin/index.php HTTP/1.1" 503 7309 "https://importersclearance.co.nz/wp-login.php" "Mozilla/5.0 (Macintosh; Intel Mac OS X 13_6_1) AppleWebKit/605.1.15 (KHTML, like Gecko) Version/16.6 Safari/605.1.15"
161.118.238.173 - - [27/Jul/2026:00:59:59 +1200] "GET /wp-admin/profile.php HTTP/1.1" 503 7309 "https://importersclearance.co.nz/wp-login.php" "Mozilla/5.0 (Macintosh; Intel Mac OS X 13_6_1) AppleWebKit/605.1.15 (KHTML, like Gecko) Version/16.6 Safari/605.1.15"
161.118.238.173 - - [27/Jul/2026:01:00:00 +1200] "GET /wp-admin/edit.php HTTP/1.1" 503 7309 "https://importersclearance.co.nz/wp-login.php" "Mozilla/5.0 (Macintosh; Intel Mac OS X 13_6_1) AppleWebKit/605.1.15 (KHTML, like Gecko) Version/16.6 Safari/605.1.15"
216.73.217.152 - - [27/Jul/2026:01:00:00 +1200] "GET /?h=e7u9r7y8p1y8g2a097 HTTP/1.1" 200 6851 "-" "Mozilla/5.0 AppleWebKit/537.36 (KHTML, like Gecko; compatible; ClaudeBot/1.0; +claudebot@anthropic.com)"
161.118.238.173 - - [27/Jul/2026:01:00:01 +1200] "GET /wp-admin/plugins.php HTTP/1.1" 503 7311 "https://importersclearance.co.nz/wp-login.php" "Mozilla/5.0 (Macintosh; Intel Mac OS X 13_6_1) AppleWebKit/605.1.15 (KHTML, like Gecko) Version/16.6 Safari/605.1.15"
161.118.238.173 - - [27/Jul/2026:01:00:02 +1200] "POST /wp-login.php HTTP/1.1" 503 7124 "https://importersclearance.co.nz/wp-login.php" "Mozilla/5.0 (Macintosh; Intel Mac OS X 13_6_1) AppleWebKit/537.36 (KHTML, like Gecko) Chrome/119.0.0.0 Safari/537.36"
66.249.70.38 - - [27/Jul/2026:01:00:01 +1200] "GET /?h=m3e2l0a5s2544891 HTTP/1.1" 200 76205 "-" "Mozilla/5.0 (Linux; Android 6.0.1; Nexus 5X Build/MMB29P) AppleWebKit/537.36 (KHTML, like Gecko) Chrome/150.0.7871.128 Mobile Safari/537.36 (compatible; GoogleOther)"
161.118.238.173 - - [27/Jul/2026:01:00:03 +1200] "GET /wp-admin/index.php HTTP/1.1" 503 7311 "https://importersclearance.co.nz/wp-login.php" "Mozilla/5.0 (Macintosh; Intel Mac OS X 13_6_1) AppleWebKit/537.36 (KHTML, like Gecko) Chrome/120.0.0.0 Safari/537.36"
223.165.64.9 - - [27/Jul/2026:01:00:04 +1200] "POST /wp-cron.php?doing_wp_cron=1785070804.6121981143951416015625 HTTP/1.1" 200 20 "-" "WordPress/6.9.4; https://importersclearance.co.nz"
223.165.64.9 - - [27/Jul/2026:01:00:03 +1200] "POST /?wordfence_syncAttackData=1785070803.441 HTTP/1.1" 200 20 "-" "WordPress/6.9.4; https://importersclearance.co.nz"
216.73.217.152 - - [27/Jul/2026:01:00:03 +1200] "GET /shops/germinated/d7i2s5f4u6r5n8i4s0h2m5ent HTTP/1.1" 404 20 "-" "Mozilla/5.0 AppleWebKit/537.36 (KHTML, like Gecko; compatible; ClaudeBot/1.0; +claudebot@anthropic.com)"
161.118.238.173 - - [27/Jul/2026:01:00:05 +1200] "GET /wp-admin/profile.php HTTP/1.1" 503 7311 "https://importersclearance.co.nz/wp-login.php" "Mozilla/5.0 (Macintosh; Intel Mac OS X 13_6_1) AppleWebKit/537.36 (KHTML, like Gecko) Chrome/120.0.0.0 Safari/537.36"
161.118.238.173 - - [27/Jul/2026:01:00:05 +1200] "GET /wp-admin/edit.php HTTP/1.1" 503 7310 "https://importersclearance.co.nz/wp-login.php" "Mozilla/5.0 (Macintosh; Intel Mac OS X 13_6_1) AppleWebKit/537.36 (KHTML, like Gecko) Chrome/120.0.0.0 Safari/537.36"
161.118.238.173 - - [27/Jul/2026:01:00:06 +1200] "GET /wp-admin/plugins.php HTTP/1.1" 503 7310 "https://importersclearance.co.nz/wp-login.php" "Mozilla/5.0 (Macintosh; Intel Mac OS X 13_6_1) AppleWebKit/537.36 (KHTML, like Gecko) Chrome/120.0.0.0 Safari/537.36"
161.118.238.173 - - [27/Jul/2026:01:00:07 +1200] "POST /wp-login.php HTTP/1.1" 503 7124 "https://importersclearance.co.nz/wp-login.php" "Mozilla/5.0 (X11; Linux x86_64) AppleWebKit/537.36 (KHTML, like Gecko) Chrome/118.0.0.0 Safari/537.36"
216.73.217.152 - - [27/Jul/2026:01:00:06 +1200] "GET /?h=s7i3l5i7c9u5m25076 HTTP/1.1" 200 6851 "-" "Mozilla/5.0 AppleWebKit/537.36 (KHTML, like Gecko; compatible; ClaudeBot/1.0; +claudebot@anthropic.com)"
66.249.70.39 - - [27/Jul/2026:01:00:05 +1200] "GET /?h=f9o2b1b5i2n6g37927 HTTP/1.1" 200 76024 "-" "Mozilla/5.0 (Linux; Android 6.0.1; Nexus 5X Build/MMB29P) AppleWebKit/537.36 (KHTML, like Gecko) Chrome/150.0.7871.128 Mobile Safari/537.36 (compatible; GoogleOther)"
161.118.238.173 - - [27/Jul/2026:01:00:07 +1200] "GET /wp-admin/index.php HTTP/1.1" 503 7311 "https://importersclearance.co.nz/wp-login.php" "Mozilla/5.0 (Macintosh; Intel Mac OS X 13_6_1) AppleWebKit/605.1.15 (KHTML, like Gecko) Version/17.1 Safari/605.1.15"
66.249.70.37 - - [27/Jul/2026:01:00:07 +1200] "GET /?h=g5l3y6c9o5l8i6c2686 HTTP/1.1" 200 75526 "-" "Mozilla/5.0 (Linux; Android 6.0.1; Nexus 5X Build/MMB29P) AppleWebKit/537.36 (KHTML, like Gecko) Chrome/150.0.7871.128 Mobile Safari/537.36 (compatible; Googlebot/2.1; +http://www.google.com/bot.html)"
161.118.238.173 - - [27/Jul/2026:01:00:08 +1200] "GET /wp-admin/profile.php HTTP/1.1" 503 7310 "https://importersclearance.co.nz/wp-login.php" "Mozilla/5.0 (Macintosh; Intel Mac OS X 13_6_1) AppleWebKit/605.1.15 (KHTML, like Gecko) Version/17.1 Safari/605.1.15"
161.118.238.173 - - [27/Jul/2026:01:00:09 +1200] "GET /wp-admin/edit.php HTTP/1.1" 503 7310 "https://importersclearance.co.nz/wp-login.php" "Mozilla/5.0 (Macintosh; Intel Mac OS X 13_6_1) AppleWebKit/605.1.15 (KHTML, like Gecko) Version/17.1 Safari/605.1.15"
223.165.64.9 - - [27/Jul/2026:01:00:10 +1200] "POST /wp-cron.php?doing_wp_cron=1785070810.3110730648040771484375 HTTP/1.1" 200 20 "-" "WordPress/6.9.4; https://importersclearance.co.nz"
216.73.217.152 - - [27/Jul/2026:01:00:09 +1200] "GET /shops/foxhound/m7u1s1t5e1l4i7d8851 HTTP/1.1" 404 20 "-" "Mozilla/5.0 AppleWebKit/537.36 (KHTML, like Gecko; compatible; ClaudeBot/1.0; +claudebot@anthropic.com)"
161.118.238.173 - - [27/Jul/2026:01:00:10 +1200] "GET /wp-admin/plugins.php HTTP/1.1" 503 7311 "https://importersclearance.co.nz/wp-login.php" "Mozilla/5.0 (Macintosh; Intel Mac OS X 13_6_1) AppleWebKit/605.1.15 (KHTML, like Gecko) Version/17.1 Safari/605.1.15"
66.249.70.38 - - [27/Jul/2026:01:00:09 +1200] "GET /?h=a8c2h5e8t7a975175 HTTP/1.1" 200 77013 "-" "Mozilla/5.0 (Linux; Android 6.0.1; Nexus 5X Build/MMB29P) AppleWebKit/537.36 (KHTML, like Gecko) Chrome/150.0.7871.128 Mobile Safari/537.36 (compatible; GoogleOther)"
161.118.238.173 - - [27/Jul/2026:01:00:11 +1200] "POST /wp-login.php HTTP/1.1" 503 7124 "https://importersclearance.co.nz/wp-login.php" "Mozilla/5.0 (Macintosh; Intel Mac OS X 13_6_1) AppleWebKit/605.1.15 (KHTML, like Gecko) Version/16.6 Safari/605.1.15"
161.118.238.173 - - [27/Jul/2026:01:00:12 +1200] "GET /wp-admin/index.php HTTP/1.1" 503 7310 "https://importersclearance.co.nz/wp-login.php" "Mozilla/5.0 (X11; Linux x86_64) AppleWebKit/537.36 (KHTML, like Gecko) Chrome/121.0.0.0 Safari/537.36"
161.118.238.173 - - [27/Jul/2026:01:00:12 +1200] "GET /wp-admin/profile.php HTTP/1.1" 503 7313 "https://importersclearance.co.nz/wp-login.php" "Mozilla/5.0 (X11; Linux x86_64) AppleWebKit/537.36 (KHTML, like Gecko) Chrome/121.0.0.0 Safari/537.36"
223.165.64.9 - - [27/Jul/2026:01:00:13 +1200] "POST /?wordfence_syncAttackData=1785070813.6038 HTTP/1.1" 200 20 "-" "WordPress/6.9.4; https://importersclearance.co.nz"
161.118.238.173 - - [27/Jul/2026:01:00:13 +1200] "GET /wp-admin/edit.php HTTP/1.1" 503 7311 "https://importersclearance.co.nz/wp-login.php" "Mozilla/5.0 (X11; Linux x86_64) AppleWebKit/537.36 (KHTML, like Gecko) Chrome/121.0.0.0 Safari/537.36"
161.118.238.173 - - [27/Jul/2026:01:00:14 +1200] "GET /wp-admin/plugins.php HTTP/1.1" 503 7311 "https://importersclearance.co.nz/wp-login.php" "Mozilla/5.0 (X11; Linux x86_64) AppleWebKit/537.36 (KHTML, like Gecko) Chrome/121.0.0.0 Safari/537.36"
66.249.70.39 - - [27/Jul/2026:01:00:13 +1200] "GET /?h=i7n3g9r4e7s1s6i3o0n54 HTTP/1.1" 200 77235 "-" "Mozilla/5.0 (Linux; Android 6.0.1; Nexus 5X Build/MMB29P) AppleWebKit/537.36 (KHTML, like Gecko) Chrome/150.0.7871.128 Mobile Safari/537.36 (compatible; GoogleOther)"
161.118.238.173 - - [27/Jul/2026:01:00:15 +1200] "POST /wp-login.php HTTP/1.1" 503 7124 "https://importersclearance.co.nz/wp-login.php" "Mozilla/5.0 (Macintosh; Intel Mac OS X 10_15_7) AppleWebKit/537.36 (KHTML, like Gecko) Chrome/120.0.0.0 Safari/537.36"
161.118.238.173 - - [27/Jul/2026:01:00:16 +1200] "GET /wp-admin/index.php HTTP/1.1" 503 7311 "https://importersclearance.co.nz/wp-login.php" "Mozilla/5.0 (Windows NT 10.0; Win64; x64; rv:121.0) Gecko/20100101 Firefox/121.0"
216.73.217.152 - - [27/Jul/2026:01:00:15 +1200] "GET /?h=d7u1s5k6i1s5h56755 HTTP/1.1" 200 6851 "-" "Mozilla/5.0 AppleWebKit/537.36 (KHTML, like Gecko; compatible; ClaudeBot/1.0; +claudebot@anthropic.com)"
161.118.238.173 - - [27/Jul/2026:01:00:17 +1200] "GET /wp-admin/profile.php HTTP/1.1" 503 7310 "https://importersclearance.co.nz/wp-login.php" "Mozilla/5.0 (Windows NT 10.0; Win64; x64; rv:121.0) Gecko/20100101 Firefox/121.0"
66.249.70.37 - - [27/Jul/2026:01:00:15 +1200] "GET /review/goods/I1561943826/ HTTP/1.1" 200 78782 "-" "Mozilla/5.0 (Linux; Android 6.0.1; Nexus 5X Build/MMB29P) AppleWebKit/537.36 (KHTML, like Gecko) Chrome/150.0.7871.128 Mobile Safari/537.36 (compatible; Googlebot/2.1; +http://www.google.com/bot.html)"
161.118.238.173 - - [27/Jul/2026:01:00:17 +1200] "GET /wp-admin/edit.php HTTP/1.1" 503 7311 "https://importersclearance.co.nz/wp-login.php" "Mozilla/5.0 (Windows NT 10.0; Win64; x64; rv:121.0) Gecko/20100101 Firefox/121.0"
66.249.70.38 - - [27/Jul/2026:01:00:17 +1200] "GET /?h=f0i6c4t9i0t8i8o0u3s3ness HTTP/1.1" 200 76113 "-" "Mozilla/5.0 (Linux; Android 6.0.1; Nexus 5X Build/MMB29P) AppleWebKit/537.36 (KHTML, like Gecko) Chrome/150.0.7871.128 Mobile Safari/537.36 (compatible; GoogleOther)"
216.73.217.152 - - [27/Jul/2026:01:00:18 +1200] "GET /shops/tyrogluphus/i7n2s0t9i3n0c0t3i0v8e1ly HTTP/1.1" 404 20 "-" "Mozilla/5.0 AppleWebKit/537.36 (KHTML, like Gecko; compatible; ClaudeBot/1.0; +claudebot@anthropic.com)"
161.118.238.173 - - [27/Jul/2026:01:00:18 +1200] "GET /wp-admin/plugins.php HTTP/1.1" 503 7311 "https://importersclearance.co.nz/wp-login.php" "Mozilla/5.0 (Windows NT 10.0; Win64; x64; rv:121.0) Gecko/20100101 Firefox/121.0"
161.118.238.173 - - [27/Jul/2026:01:00:19 +1200] "POST /wp-login.php HTTP/1.1" 503 7124 "https://importersclearance.co.nz/wp-login.php" "Mozilla/5.0 (Macintosh; Intel Mac OS X 10_15_7) AppleWebKit/605.1.15 (KHTML, like Gecko) Version/16.6 Safari/605.1.15"
161.118.238.173 - - [27/Jul/2026:01:00:20 +1200] "GET /wp-admin/index.php HTTP/1.1" 503 7311 "https://importersclearance.co.nz/wp-login.php" "Mozilla/5.0 (Windows NT 11.0; Win64; x64) AppleWebKit/537.36 (KHTML, like Gecko) Chrome/118.0.0.0 Safari/537.36"
161.118.238.173 - - [27/Jul/2026:01:00:21 +1200] "GET /wp-admin/profile.php HTTP/1.1" 503 7311 "https://importersclearance.co.nz/wp-login.php" "Mozilla/5.0 (Windows NT 11.0; Win64; x64) AppleWebKit/537.36 (KHTML, like Gecko) Chrome/118.0.0.0 Safari/537.36"
216.73.217.152 - - [27/Jul/2026:01:00:21 +1200] "GET /shops/stereochemistry/n7i3t3h8i4n6g04337 HTTP/1.1" 404 20 "-" "Mozilla/5.0 AppleWebKit/537.36 (KHTML, like Gecko; compatible; ClaudeBot/1.0; +claudebot@anthropic.com)"
161.118.238.173 - - [27/Jul/2026:01:00:21 +1200] "GET /wp-admin/edit.php HTTP/1.1" 503 7311 "https://importersclearance.co.nz/wp-login.php" "Mozilla/5.0 (Windows NT 11.0; Win64; x64) AppleWebKit/537.36 (KHTML, like Gecko) Chrome/118.0.0.0 Safari/537.36"
66.249.70.37 - - [27/Jul/2026:01:00:20 +1200] "GET /quaver/clavises/p7o5l8y9p5r7a2g0m6atic HTTP/1.1" 200 74940 "-" "Mozilla/5.0 (Linux; Android 6.0.1; Nexus 5X Build/MMB29P) AppleWebKit/537.36 (KHTML, like Gecko) Chrome/150.0.7871.128 Mobile Safari/537.36 (compatible; GoogleOther)"
66.249.70.32 - - [27/Jul/2026:01:00:20 +1200] "GET /?h=r4e1s0t2i1l5y38088 HTTP/1.1" 200 74041 "-" "Mozilla/5.0 (Linux; Android 6.0.1; Nexus 5X Build/MMB29P) AppleWebKit/537.36 (KHTML, like Gecko) Chrome/150.0.7871.128 Mobile Safari/537.36 (compatible; Googlebot/2.1; +http://www.google.com/bot.html)"
161.118.238.173 - - [27/Jul/2026:01:00:22 +1200] "GET /wp-admin/plugins.php HTTP/1.1" 503 7311 "https://importersclearance.co.nz/wp-login.php" "Mozilla/5.0 (Windows NT 11.0; Win64; x64) AppleWebKit/537.36 (KHTML, like Gecko) Chrome/118.0.0.0 Safari/537.36"
161.118.238.173 - - [27/Jul/2026:01:00:23 +1200] "POST /wp-login.php HTTP/1.1" 503 7124 "https://importersclearance.co.nz/wp-login.php" "Mozilla/5.0 (X11; Ubuntu; Linux x86_64) AppleWebKit/537.36 (KHTML, like Gecko) Chrome/118.0.0.0 Safari/537.36"
161.118.238.173 - - [27/Jul/2026:01:00:24 +1200] "GET /wp-admin/index.php HTTP/1.1" 503 7310 "https://importersclearance.co.nz/wp-login.php" "Mozilla/5.0 (X11; Linux x86_64) AppleWebKit/537.36 (KHTML, like Gecko) Chrome/121.0.0.0 Safari/537.36"
223.165.64.9 - - [27/Jul/2026:01:00:25 +1200] "POST /wp-cron.php?doing_wp_cron=1785070825.2776989936828613281250 HTTP/1.1" 200 20 "-" "WordPress/6.9.4; https://importersclearance.co.nz"
223.165.64.9 - - [27/Jul/2026:01:00:24 +1200] "POST /?wordfence_syncAttackData=1785070824.3322 HTTP/1.1" 200 20 "-" "WordPress/6.9.4; https://importersclearance.co.nz"
161.118.238.173 - - [27/Jul/2026:01:00:25 +1200] "GET /wp-admin/profile.php HTTP/1.1" 503 7310 "https://importersclearance.co.nz/wp-login.php" "Mozilla/5.0 (X11; Linux x86_64) AppleWebKit/537.36 (KHTML, like Gecko) Chrome/121.0.0.0 Safari/537.36"
223.165.64.9 - - [27/Jul/2026:01:00:25 +1200] "POST /?wordfence_syncAttackData=1785070825.1297 HTTP/1.1" 200 6851 "-" "WordPress/6.9.4; https://importersclearance.co.nz"
223.165.64.9 - - [27/Jul/2026:01:00:26 +1200] "POST /wp-cron.php?doing_wp_cron=1785070826.2508299350738525390625 HTTP/1.1" 200 20 "-" "WordPress/6.9.4; https://importersclearance.co.nz"
216.73.217.152 - - [27/Jul/2026:01:00:24 +1200] "GET /?h=u7n1c3o8n4s9i4d3e5r4a5te HTTP/1.1" 200 6851 "-" "Mozilla/5.0 AppleWebKit/537.36 (KHTML, like Gecko; compatible; ClaudeBot/1.0; +claudebot@anthropic.com)"
66.249.70.32 - - [27/Jul/2026:01:00:24 +1200] "GET /?h=s0i3m4u1l2a8t6e3256 HTTP/1.1" 200 75882 "-" "Mozilla/5.0 (Linux; Android 6.0.1; Nexus 5X Build/MMB29P) AppleWebKit/537.36 (KHTML, like Gecko) Chrome/150.0.7871.128 Mobile Safari/537.36 (compatible; GoogleOther)"
161.118.238.173 - - [27/Jul/2026:01:00:26 +1200] "GET /wp-admin/edit.php HTTP/1.1" 503 7310 "https://importersclearance.co.nz/wp-login.php" "Mozilla/5.0 (X11; Linux x86_64) AppleWebKit/537.36 (KHTML, like Gecko) Chrome/121.0.0.0 Safari/537.36"
161.118.238.173 - - [27/Jul/2026:01:00:27 +1200] "GET /wp-admin/plugins.php HTTP/1.1" 503 7310 "https://importersclearance.co.nz/wp-login.php" "Mozilla/5.0 (X11; Linux x86_64) AppleWebKit/537.36 (KHTML, like Gecko) Chrome/121.0.0.0 Safari/537.36"
216.73.217.152 - - [27/Jul/2026:01:00:27 +1200] "GET /meseemed/a7n1t2i9b9r1a4c9h4i1a3l HTTP/1.1" 404 20 "-" "Mozilla/5.0 AppleWebKit/537.36 (KHTML, like Gecko; compatible; ClaudeBot/1.0; +claudebot@anthropic.com)"
161.118.238.173 - - [27/Jul/2026:01:00:28 +1200] "POST /wp-login.php HTTP/1.1" 503 7124 "https://importersclearance.co.nz/wp-login.php" "Mozilla/5.0 (Macintosh; Intel Mac OS X 13_6_1; rv:119.0) Gecko/20100101 Firefox/119.0"
161.118.238.173 - - [27/Jul/2026:01:00:29 +1200] "GET /wp-admin/index.php HTTP/1.1" 503 7311 "https://importersclearance.co.nz/wp-login.php" "Mozilla/5.0 (Macintosh; Intel Mac OS X 13_6_1) AppleWebKit/605.1.15 (KHTML, like Gecko) Version/17.2 Safari/605.1.15"
161.118.238.173 - - [27/Jul/2026:01:00:30 +1200] "GET /wp-admin/profile.php HTTP/1.1" 503 7311 "https://importersclearance.co.nz/wp-login.php" "Mozilla/5.0 (Macintosh; Intel Mac OS X 13_6_1) AppleWebKit/605.1.15 (KHTML, like Gecko) Version/17.2 Safari/605.1.15"
66.249.70.33 - - [27/Jul/2026:01:00:28 +1200] "GET /?h=o9s3s1i0f9r2a4g3e454 HTTP/1.1" 200 74749 "-" "Mozilla/5.0 (Linux; Android 6.0.1; Nexus 5X Build/MMB29P) AppleWebKit/537.36 (KHTML, like Gecko) Chrome/150.0.7871.128 Mobile Safari/537.36 (compatible; GoogleOther)"
161.118.238.173 - - [27/Jul/2026:01:00:30 +1200] "GET /wp-admin/edit.php HTTP/1.1" 503 7311 "https://importersclearance.co.nz/wp-login.php" "Mozilla/5.0 (Macintosh; Intel Mac OS X 13_6_1) AppleWebKit/605.1.15 (KHTML, like Gecko) Version/17.2 Safari/605.1.15"
216.73.217.152 - - [27/Jul/2026:01:00:30 +1200] "GET /?h=l7o2n0g3s2t5o4p3929 HTTP/1.1" 200 6851 "-" "Mozilla/5.0 AppleWebKit/537.36 (KHTML, like Gecko; compatible; ClaudeBot/1.0; +claudebot@anthropic.com)"
161.118.238.173 - - [27/Jul/2026:01:00:31 +1200] "GET /wp-admin/plugins.php HTTP/1.1" 503 7311 "https://importersclearance.co.nz/wp-login.php" "Mozilla/5.0 (Macintosh; Intel Mac OS X 13_6_1) AppleWebKit/605.1.15 (KHTML, like Gecko) Version/17.2 Safari/605.1.15"
161.118.238.173 - - [27/Jul/2026:01:00:32 +1200] "POST /wp-login.php HTTP/1.1" 503 7124 "https://importersclearance.co.nz/wp-login.php" "Mozilla/5.0 (Macintosh; Intel Mac OS X 13_6_1) AppleWebKit/537.36 (KHTML, like Gecko) Chrome/121.0.0.0 Safari/537.36"
161.118.238.173 - - [27/Jul/2026:01:00:32 +1200] "GET /wp-admin/index.php HTTP/1.1" 503 7311 "https://importersclearance.co.nz/wp-login.php" "Mozilla/5.0 (Macintosh; Intel Mac OS X 13_6_1; rv:118.0) Gecko/20100101 Firefox/118.0"
161.118.238.173 - - [27/Jul/2026:01:00:33 +1200] "GET /wp-admin/profile.php HTTP/1.1" 503 7311 "https://importersclearance.co.nz/wp-login.php" "Mozilla/5.0 (Macintosh; Intel Mac OS X 13_6_1; rv:118.0) Gecko/20100101 Firefox/118.0"
66.249.70.39 - - [27/Jul/2026:01:00:32 +1200] "GET /review/goods/I144987519/ HTTP/1.1" 200 78462 "-" "Mozilla/5.0 (Linux; Android 6.0.1; Nexus 5X Build/MMB29P) AppleWebKit/537.36 (KHTML, like Gecko) Chrome/150.0.7871.128 Mobile Safari/537.36 (compatible; GoogleOther)"
66.249.70.38 - - [27/Jul/2026:01:00:31 +1200] "GET /?h=s4c4o1u0r5e4d22424 HTTP/1.1" 200 75954 "-" "Mozilla/5.0 (Linux; Android 6.0.1; Nexus 5X Build/MMB29P) AppleWebKit/537.36 (KHTML, like Gecko) Chrome/150.0.7871.128 Mobile Safari/537.36 (compatible; Googlebot/2.1; +http://www.google.com/bot.html)"
223.165.64.9 - - [27/Jul/2026:01:00:34 +1200] "POST /?wordfence_syncAttackData=1785070834.0363 HTTP/1.1" 200 20 "-" "WordPress/6.9.4; https://importersclearance.co.nz"
216.73.217.152 - - [27/Jul/2026:01:00:33 +1200] "GET /shops/blamefulness/c7h3a3r3a3c5t8e7r7e3d5 HTTP/1.1" 404 20 "-" "Mozilla/5.0 AppleWebKit/537.36 (KHTML, like Gecko; compatible; ClaudeBot/1.0; +claudebot@anthropic.com)"
223.165.64.9 - - [27/Jul/2026:01:00:34 +1200] "POST /?wordfence_syncAttackData=1785070834.3891 HTTP/1.1" 200 6851 "-" "WordPress/6.9.4; https://importersclearance.co.nz"
161.118.238.173 - - [27/Jul/2026:01:00:34 +1200] "GET /wp-admin/edit.php HTTP/1.1" 503 7310 "https://importersclearance.co.nz/wp-login.php" "Mozilla/5.0 (Macintosh; Intel Mac OS X 13_6_1; rv:118.0) Gecko/20100101 Firefox/118.0"
161.118.238.173 - - [27/Jul/2026:01:00:35 +1200] "GET /wp-admin/plugins.php HTTP/1.1" 503 7310 "https://importersclearance.co.nz/wp-login.php" "Mozilla/5.0 (Macintosh; Intel Mac OS X 13_6_1; rv:118.0) Gecko/20100101 Firefox/118.0"
161.118.238.173 - - [27/Jul/2026:01:00:36 +1200] "POST /wp-login.php HTTP/1.1" 503 7124 "https://importersclearance.co.nz/wp-login.php" "Mozilla/5.0 (Macintosh; Intel Mac OS X 10_15_7) AppleWebKit/605.1.15 (KHTML, like Gecko) Version/17.0 Safari/605.1.15"
216.73.217.152 - - [27/Jul/2026:01:00:36 +1200] "GET /?h=i7r2r6e5l4a1t6e8922 HTTP/1.1" 200 6851 "-" "Mozilla/5.0 AppleWebKit/537.36 (KHTML, like Gecko; compatible; ClaudeBot/1.0; +claudebot@anthropic.com)"
161.118.238.173 - - [27/Jul/2026:01:00:37 +1200] "GET /wp-admin/index.php HTTP/1.1" 503 7310 "https://importersclearance.co.nz/wp-login.php" "Mozilla/5.0 (Macintosh; Intel Mac OS X 10_15_7) AppleWebKit/537.36 (KHTML, like Gecko) Chrome/121.0.0.0 Safari/537.36"
161.118.238.173 - - [27/Jul/2026:01:00:37 +1200] "GET /wp-admin/profile.php HTTP/1.1" 503 7310 "https://importersclearance.co.nz/wp-login.php" "Mozilla/5.0 (Macintosh; Intel Mac OS X 10_15_7) AppleWebKit/537.36 (KHTML, like Gecko) Chrome/121.0.0.0 Safari/537.36"
66.249.70.37 - - [27/Jul/2026:01:00:36 +1200] "GET /?h=s1e1l8f6a7d8j1u0s0t7i2ng HTTP/1.1" 200 73926 "-" "Mozilla/5.0 (Linux; Android 6.0.1; Nexus 5X Build/MMB29P) AppleWebKit/537.36 (KHTML, like Gecko) Chrome/150.0.7871.128 Mobile Safari/537.36 (compatible; GoogleOther)"
161.118.238.173 - - [27/Jul/2026:01:00:38 +1200] "GET /wp-admin/edit.php HTTP/1.1" 503 7311 "https://importersclearance.co.nz/wp-login.php" "Mozilla/5.0 (Macintosh; Intel Mac OS X 10_15_7) AppleWebKit/537.36 (KHTML, like Gecko) Chrome/121.0.0.0 Safari/537.36"
161.118.238.173 - - [27/Jul/2026:01:00:39 +1200] "GET /wp-admin/plugins.php HTTP/1.1" 503 7311 "https://importersclearance.co.nz/wp-login.php" "Mozilla/5.0 (Macintosh; Intel Mac OS X 10_15_7) AppleWebKit/537.36 (KHTML, like Gecko) Chrome/121.0.0.0 Safari/537.36"
161.118.238.173 - - [27/Jul/2026:01:00:39 +1200] "POST /wp-login.php HTTP/1.1" 503 7124 "https://importersclearance.co.nz/wp-login.php" "Mozilla/5.0 (X11; Linux x86_64) AppleWebKit/537.36 (KHTML, like Gecko) Chrome/120.0.0.0 Safari/537.36"
216.73.217.152 - - [27/Jul/2026:01:00:39 +1200] "GET /served/larvatus/c7o4n9d5u6i4t0740 HTTP/1.1" 404 20 "-" "Mozilla/5.0 AppleWebKit/537.36 (KHTML, like Gecko; compatible; ClaudeBot/1.0; +claudebot@anthropic.com)"
161.118.238.173 - - [27/Jul/2026:01:00:40 +1200] "GET /wp-admin/index.php HTTP/1.1" 503 7311 "https://importersclearance.co.nz/wp-login.php" "Mozilla/5.0 (Macintosh; Intel Mac OS X 13_6_1) AppleWebKit/605.1.15 (KHTML, like Gecko) Version/17.2 Safari/605.1.15"
161.118.238.173 - - [27/Jul/2026:01:00:40 +1200] "GET /wp-admin/profile.php HTTP/1.1" 503 7311 "https://importersclearance.co.nz/wp-login.php" "Mozilla/5.0 (Macintosh; Intel Mac OS X 13_6_1) AppleWebKit/605.1.15 (KHTML, like Gecko) Version/17.2 Safari/605.1.15"
66.249.70.35 - - [27/Jul/2026:01:00:39 +1200] "GET /?h=t9l2i3n4k4i9t52665 HTTP/1.1" 200 76096 "-" "Mozilla/5.0 (Linux; Android 6.0.1; Nexus 5X Build/MMB29P) AppleWebKit/537.36 (KHTML, like Gecko) Chrome/150.0.7871.128 Mobile Safari/537.36 (compatible; GoogleOther)"
161.118.238.173 - - [27/Jul/2026:01:00:41 +1200] "GET /wp-admin/edit.php HTTP/1.1" 503 7311 "https://importersclearance.co.nz/wp-login.php" "Mozilla/5.0 (Macintosh; Intel Mac OS X 13_6_1) AppleWebKit/605.1.15 (KHTML, like Gecko) Version/17.2 Safari/605.1.15"
161.118.238.173 - - [27/Jul/2026:01:00:42 +1200] "GET /wp-admin/plugins.php HTTP/1.1" 503 7311 "https://importersclearance.co.nz/wp-login.php" "Mozilla/5.0 (Macintosh; Intel Mac OS X 13_6_1) AppleWebKit/605.1.15 (KHTML, like Gecko) Version/17.2 Safari/605.1.15"
161.118.238.173 - - [27/Jul/2026:01:00:43 +1200] "POST /wp-login.php HTTP/1.1" 503 7124 "https://importersclearance.co.nz/wp-login.php" "Mozilla/5.0 (Windows NT 10.0; Win64; x64; rv:119.0) Gecko/20100101 Firefox/119.0"
223.165.64.9 - - [27/Jul/2026:01:00:43 +1200] "POST /?wordfence_syncAttackData=1785070843.0479 HTTP/1.1" 200 20 "-" "WordPress/6.9.4; https://importersclearance.co.nz"
216.73.217.152 - - [27/Jul/2026:01:00:42 +1200] "GET /?h=b7a2c0k1s3w1i4m9m1e0r1 HTTP/1.1" 200 6851 "-" "Mozilla/5.0 AppleWebKit/537.36 (KHTML, like Gecko; compatible; ClaudeBot/1.0; +claudebot@anthropic.com)"
161.118.238.173 - - [27/Jul/2026:01:00:43 +1200] "GET /wp-admin/index.php HTTP/1.1" 503 7311 "https://importersclearance.co.nz/wp-login.php" "Mozilla/5.0 (Windows NT 11.0; Win64; x64) AppleWebKit/537.36 (KHTML, like Gecko) Chrome/119.0.0.0 Safari/537.36"
161.118.238.173 - - [27/Jul/2026:01:00:44 +1200] "GET /wp-admin/profile.php HTTP/1.1" 503 7311 "https://importersclearance.co.nz/wp-login.php" "Mozilla/5.0 (Windows NT 11.0; Win64; x64) AppleWebKit/537.36 (KHTML, like Gecko) Chrome/119.0.0.0 Safari/537.36"
66.249.70.38 - - [27/Jul/2026:01:00:43 +1200] "GET /?h=o1r2t3h3o7c5a1r1b2o8n1ic HTTP/1.1" 200 75950 "-" "Mozilla/5.0 (Linux; Android 6.0.1; Nexus 5X Build/MMB29P) AppleWebKit/537.36 (KHTML, like Gecko) Chrome/150.0.7871.128 Mobile Safari/537.36 (compatible; GoogleOther)"
161.118.238.173 - - [27/Jul/2026:01:00:45 +1200] "GET /wp-admin/edit.php HTTP/1.1" 503 7311 "https://importersclearance.co.nz/wp-login.php" "Mozilla/5.0 (Windows NT 11.0; Win64; x64) AppleWebKit/537.36 (KHTML, like Gecko) Chrome/119.0.0.0 Safari/537.36"
216.73.217.152 - - [27/Jul/2026:01:00:45 +1200] "GET /?h=e7l1a6p8s8i8o0n4217 HTTP/1.1" 200 6851 "-" "Mozilla/5.0 AppleWebKit/537.36 (KHTML, like Gecko; compatible; ClaudeBot/1.0; +claudebot@anthropic.com)"
161.118.238.173 - - [27/Jul/2026:01:00:46 +1200] "GET /wp-admin/plugins.php HTTP/1.1" 503 7311 "https://importersclearance.co.nz/wp-login.php" "Mozilla/5.0 (Windows NT 11.0; Win64; x64) AppleWebKit/537.36 (KHTML, like Gecko) Chrome/119.0.0.0 Safari/537.36"
161.118.238.173 - - [27/Jul/2026:01:00:46 +1200] "POST /wp-login.php HTTP/1.1" 503 7124 "https://importersclearance.co.nz/wp-login.php" "Mozilla/5.0 (X11; Linux x86_64) AppleWebKit/537.36 (KHTML, like Gecko) Chrome/119.0.0.0 Safari/537.36"
161.118.238.173 - - [27/Jul/2026:01:00:47 +1200] "GET /wp-admin/index.php HTTP/1.1" 503 7310 "https://importersclearance.co.nz/wp-login.php" "Mozilla/5.0 (Macintosh; Intel Mac OS X 13_6_1; rv:121.0) Gecko/20100101 Firefox/121.0"
161.118.238.173 - - [27/Jul/2026:01:00:48 +1200] "GET /wp-admin/profile.php HTTP/1.1" 503 7310 "https://importersclearance.co.nz/wp-login.php" "Mozilla/5.0 (Macintosh; Intel Mac OS X 13_6_1; rv:121.0) Gecko/20100101 Firefox/121.0"
216.73.217.152 - - [27/Jul/2026:01:00:48 +1200] "GET /?h=r7e1s2p4o4n1s8i1b0i6lity HTTP/1.1" 200 6851 "-" "Mozilla/5.0 AppleWebKit/537.36 (KHTML, like Gecko; compatible; ClaudeBot/1.0; +claudebot@anthropic.com)"
66.249.70.33 - - [27/Jul/2026:01:00:47 +1200] "GET /?h=r9a4z8i5n9g83492 HTTP/1.1" 200 75700 "-" "Mozilla/5.0 (Linux; Android 6.0.1; Nexus 5X Build/MMB29P) AppleWebKit/537.36 (KHTML, like Gecko) Chrome/150.0.7871.128 Mobile Safari/537.36 (compatible; GoogleOther)"
161.118.238.173 - - [27/Jul/2026:01:00:49 +1200] "GET /wp-admin/edit.php HTTP/1.1" 503 7311 "https://importersclearance.co.nz/wp-login.php" "Mozilla/5.0 (Macintosh; Intel Mac OS X 13_6_1; rv:121.0) Gecko/20100101 Firefox/121.0"
161.118.238.173 - - [27/Jul/2026:01:00:50 +1200] "GET /wp-admin/plugins.php HTTP/1.1" 503 7311 "https://importersclearance.co.nz/wp-login.php" "Mozilla/5.0 (Macintosh; Intel Mac OS X 13_6_1; rv:121.0) Gecko/20100101 Firefox/121.0"
161.118.238.173 - - [27/Jul/2026:01:00:51 +1200] "POST /wp-login.php HTTP/1.1" 503 7124 "https://importersclearance.co.nz/wp-login.php" "Mozilla/5.0 (Macintosh; Intel Mac OS X 13_6_1) AppleWebKit/537.36 (KHTML, like Gecko) Chrome/119.0.0.0 Safari/537.36"
66.249.70.33 - - [27/Jul/2026:01:00:51 +1200] "GET /?h=h1o3l6l5o2w2n3e6s7s93 HTTP/1.1" 200 75753 "-" "Mozilla/5.0 (Linux; Android 6.0.1; Nexus 5X Build/MMB29P) AppleWebKit/537.36 (KHTML, like Gecko) Chrome/150.0.7871.128 Mobile Safari/537.36 (compatible; GoogleOther)"
161.118.238.173 - - [27/Jul/2026:01:00:51 +1200] "GET /wp-admin/index.php HTTP/1.1" 503 7311 "https://importersclearance.co.nz/wp-login.php" "Mozilla/5.0 (Windows NT 11.0; Win64; x64) AppleWebKit/537.36 (KHTML, like Gecko) Chrome/118.0.0.0 Safari/537.36"
223.165.64.9 - - [27/Jul/2026:01:00:52 +1200] "POST /?wordfence_syncAttackData=1785070852.3172 HTTP/1.1" 200 20 "-" "WordPress/6.9.4; https://importersclearance.co.nz"
223.165.64.9 - - [27/Jul/2026:01:00:52 +1200] "POST /?wordfence_syncAttackData=1785070852.3132 HTTP/1.1" 200 6851 "-" "WordPress/6.9.4; https://importersclearance.co.nz"
216.73.217.152 - - [27/Jul/2026:01:00:51 +1200] "GET /shops/powdike/s7w2a9p5p6i5n0g6164 HTTP/1.1" 404 20 "-" "Mozilla/5.0 AppleWebKit/537.36 (KHTML, like Gecko; compatible; ClaudeBot/1.0; +claudebot@anthropic.com)"
161.118.238.173 - - [27/Jul/2026:01:00:53 +1200] "GET /wp-admin/profile.php HTTP/1.1" 503 7311 "https://importersclearance.co.nz/wp-login.php" "Mozilla/5.0 (Windows NT 11.0; Win64; x64) AppleWebKit/537.36 (KHTML, like Gecko) Chrome/118.0.0.0 Safari/537.36"
161.118.238.173 - - [27/Jul/2026:01:00:54 +1200] "GET /wp-admin/edit.php HTTP/1.1" 503 7311 "https://importersclearance.co.nz/wp-login.php" "Mozilla/5.0 (Windows NT 11.0; Win64; x64) AppleWebKit/537.36 (KHTML, like Gecko) Chrome/118.0.0.0 Safari/537.36"
216.73.217.152 - - [27/Jul/2026:01:00:54 +1200] "GET /?h=p7r1a6t7t9l8e0d279 HTTP/1.1" 200 6851 "-" "Mozilla/5.0 AppleWebKit/537.36 (KHTML, like Gecko; compatible; ClaudeBot/1.0; +claudebot@anthropic.com)"
161.118.238.173 - - [27/Jul/2026:01:00:55 +1200] "GET /wp-admin/plugins.php HTTP/1.1" 503 7310 "https://importersclearance.co.nz/wp-login.php" "Mozilla/5.0 (Windows NT 11.0; Win64; x64) AppleWebKit/537.36 (KHTML, like Gecko) Chrome/118.0.0.0 Safari/537.36"
161.118.238.173 - - [27/Jul/2026:01:00:56 +1200] "POST /wp-login.php HTTP/1.1" 503 7124 "https://importersclearance.co.nz/wp-login.php" "Mozilla/5.0 (Macintosh; Intel Mac OS X 10_15_7) AppleWebKit/537.36 (KHTML, like Gecko) Chrome/118.0.0.0 Safari/537.36"
161.118.238.173 - - [27/Jul/2026:01:00:56 +1200] "GET /wp-admin/index.php HTTP/1.1" 503 7310 "https://importersclearance.co.nz/wp-login.php" "Mozilla/5.0 (Macintosh; Intel Mac OS X 13_6_1) AppleWebKit/605.1.15 (KHTML, like Gecko) Version/16.6 Safari/605.1.15"
66.249.70.35 - - [27/Jul/2026:01:00:55 +1200] "GET /?h=a4n1t5i9v2e1n9i7n1e73 HTTP/1.1" 200 76445 "-" "Mozilla/5.0 (Linux; Android 6.0.1; Nexus 5X Build/MMB29P) AppleWebKit/537.36 (KHTML, like Gecko) Chrome/150.0.7871.128 Mobile Safari/537.36 (compatible; Googlebot/2.1; +http://www.google.com/bot.html)"
66.249.70.38 - - [27/Jul/2026:01:00:55 +1200] "GET /?h=c9a2v4a4l1l4e5r2912 HTTP/1.1" 200 75603 "-" "Mozilla/5.0 (Linux; Android 6.0.1; Nexus 5X Build/MMB29P) AppleWebKit/537.36 (KHTML, like Gecko) Chrome/150.0.7871.128 Mobile Safari/537.36 (compatible; GoogleOther)"
161.118.238.173 - - [27/Jul/2026:01:00:57 +1200] "GET /wp-admin/profile.php HTTP/1.1" 503 7310 "https://importersclearance.co.nz/wp-login.php" "Mozilla/5.0 (Macintosh; Intel Mac OS X 13_6_1) AppleWebKit/605.1.15 (KHTML, like Gecko) Version/16.6 Safari/605.1.15"
66.249.70.33 - - [27/Jul/2026:01:00:56 +1200] "GET /woning/haggle/01194340357 HTTP/1.1" 200 77761 "-" "Mozilla/5.0 (Linux; Android 6.0.1; Nexus 5X Build/MMB29P) AppleWebKit/537.36 (KHTML, like Gecko) Chrome/150.0.7871.128 Mobile Safari/537.36 (compatible; Googlebot/2.1; +http://www.google.com/bot.html)"
161.118.238.173 - - [27/Jul/2026:01:00:58 +1200] "GET /wp-admin/edit.php HTTP/1.1" 503 7310 "https://importersclearance.co.nz/wp-login.php" "Mozilla/5.0 (Macintosh; Intel Mac OS X 13_6_1) AppleWebKit/605.1.15 (KHTML, like Gecko) Version/16.6 Safari/605.1.15"
216.73.217.152 - - [27/Jul/2026:01:00:58 +1200] "GET /?h=l7i3b3e2r3i0e3n4c5i3s7 HTTP/1.1" 200 6851 "-" "Mozilla/5.0 AppleWebKit/537.36 (KHTML, like Gecko; compatible; ClaudeBot/1.0; +claudebot@anthropic.com)"
161.118.238.173 - - [27/Jul/2026:01:00:59 +1200] "GET /wp-admin/plugins.php HTTP/1.1" 503 7310 "https://importersclearance.co.nz/wp-login.php" "Mozilla/5.0 (Macintosh; Intel Mac OS X 13_6_1) AppleWebKit/605.1.15 (KHTML, like Gecko) Version/16.6 Safari/605.1.15"
161.118.238.173 - - [27/Jul/2026:01:01:00 +1200] "POST /wp-login.php HTTP/1.1" 503 7123 "https://importersclearance.co.nz/wp-login.php" "Mozilla/5.0 (Macintosh; Intel Mac OS X 10_15_7; rv:119.0) Gecko/20100101 Firefox/119.0"
66.249.70.32 - - [27/Jul/2026:01:00:59 +1200] "GET /?h=f0i1n4a4n3c2i9a3l44 HTTP/1.1" 200 74985 "-" "Mozilla/5.0 (Linux; Android 6.0.1; Nexus 5X Build/MMB29P) AppleWebKit/537.36 (KHTML, like Gecko) Chrome/150.0.7871.128 Mobile Safari/537.36 (compatible; GoogleOther)"
161.118.238.173 - - [27/Jul/2026:01:01:01 +1200] "GET /wp-admin/index.php HTTP/1.1" 503 7310 "https://importersclearance.co.nz/wp-login.php" "Mozilla/5.0 (Windows NT 11.0; Win64; x64; rv:121.0) Gecko/20100101 Firefox/121.0"
216.73.217.152 - - [27/Jul/2026:01:01:00 +1200] "GET /?h=h7a1i4l8s1e047000 HTTP/1.1" 200 6851 "-" "Mozilla/5.0 AppleWebKit/537.36 (KHTML, like Gecko; compatible; ClaudeBot/1.0; +claudebot@anthropic.com)"
223.165.64.9 - - [27/Jul/2026:01:01:02 +1200] "POST /?wordfence_syncAttackData=1785070862.1087 HTTP/1.1" 200 20 "-" "WordPress/6.9.4; https://importersclearance.co.nz"
161.118.238.173 - - [27/Jul/2026:01:01:01 +1200] "GET /wp-admin/profile.php HTTP/1.1" 503 7310 "https://importersclearance.co.nz/wp-login.php" "Mozilla/5.0 (Windows NT 11.0; Win64; x64; rv:121.0) Gecko/20100101 Firefox/121.0"
161.118.238.173 - - [27/Jul/2026:01:01:03 +1200] "GET /wp-admin/edit.php HTTP/1.1" 503 7310 "https://importersclearance.co.nz/wp-login.php" "Mozilla/5.0 (Windows NT 11.0; Win64; x64; rv:121.0) Gecko/20100101 Firefox/121.0"
161.118.238.173 - - [27/Jul/2026:01:01:04 +1200] "GET /wp-admin/plugins.php HTTP/1.1" 503 7311 "https://importersclearance.co.nz/wp-login.php" "Mozilla/5.0 (Windows NT 11.0; Win64; x64; rv:121.0) Gecko/20100101 Firefox/121.0"
161.118.238.173 - - [27/Jul/2026:01:01:04 +1200] "POST /wp-login.php HTTP/1.1" 503 7124 "https://importersclearance.co.nz/wp-login.php" "Mozilla/5.0 (Macintosh; Intel Mac OS X 13_6_1) AppleWebKit/605.1.15 (KHTML, like Gecko) Version/17.1 Safari/605.1.15"
66.249.70.39 - - [27/Jul/2026:01:01:03 +1200] "GET /dissension/a8c2r5o6t2i2c83997 HTTP/1.1" 200 77686 "-" "Mozilla/5.0 (Linux; Android 6.0.1; Nexus 5X Build/MMB29P) AppleWebKit/537.36 (KHTML, like Gecko) Chrome/150.0.7871.128 Mobile Safari/537.36 (compatible; GoogleOther)"
161.118.238.173 - - [27/Jul/2026:01:01:05 +1200] "GET /wp-admin/index.php HTTP/1.1" 503 7310 "https://importersclearance.co.nz/wp-login.php" "Mozilla/5.0 (Macintosh; Intel Mac OS X 13_6_1; rv:119.0) Gecko/20100101 Firefox/119.0"
161.118.238.173 - - [27/Jul/2026:01:01:06 +1200] "GET /wp-admin/profile.php HTTP/1.1" 503 7310 "https://importersclearance.co.nz/wp-login.php" "Mozilla/5.0 (Macintosh; Intel Mac OS X 13_6_1; rv:119.0) Gecko/20100101 Firefox/119.0"
161.118.238.173 - - [27/Jul/2026:01:01:07 +1200] "GET /wp-admin/edit.php HTTP/1.1" 503 7310 "https://importersclearance.co.nz/wp-login.php" "Mozilla/5.0 (Macintosh; Intel Mac OS X 13_6_1; rv:119.0) Gecko/20100101 Firefox/119.0"
161.118.238.173 - - [27/Jul/2026:01:01:07 +1200] "GET /wp-admin/plugins.php HTTP/1.1" 503 7310 "https://importersclearance.co.nz/wp-login.php" "Mozilla/5.0 (Macintosh; Intel Mac OS X 13_6_1; rv:119.0) Gecko/20100101 Firefox/119.0"
161.118.238.173 - - [27/Jul/2026:01:01:08 +1200] "POST /wp-login.php HTTP/1.1" 503 7124 "https://importersclearance.co.nz/wp-login.php" "Mozilla/5.0 (X11; Ubuntu; Linux x86_64) AppleWebKit/537.36 (KHTML, like Gecko) Chrome/118.0.0.0 Safari/537.36"
216.73.217.152 - - [27/Jul/2026:01:01:08 +1200] "GET /?h=m7e6s3o9s1c9a4p6u8l0a HTTP/1.1" 200 6851 "-" "Mozilla/5.0 AppleWebKit/537.36 (KHTML, like Gecko; compatible; ClaudeBot/1.0; +claudebot@anthropic.com)"
66.249.70.39 - - [27/Jul/2026:01:01:06 +1200] "GET /?h=f2e2r2u6l0e4d10161 HTTP/1.1" 200 74211 "-" "Mozilla/5.0 (Linux; Android 6.0.1; Nexus 5X Build/MMB29P) AppleWebKit/537.36 (KHTML, like Gecko) Chrome/150.0.7871.128 Mobile Safari/537.36 (compatible; GoogleOther)"
161.118.238.173 - - [27/Jul/2026:01:01:09 +1200] "GET /wp-admin/index.php HTTP/1.1" 503 7310 "https://importersclearance.co.nz/wp-login.php" "Mozilla/5.0 (Windows NT 11.0; Win64; x64; rv:121.0) Gecko/20100101 Firefox/121.0"
161.118.238.173 - - [27/Jul/2026:01:01:09 +1200] "GET /wp-admin/profile.php HTTP/1.1" 503 7310 "https://importersclearance.co.nz/wp-login.php" "Mozilla/5.0 (Windows NT 11.0; Win64; x64; rv:121.0) Gecko/20100101 Firefox/121.0"
161.118.238.173 - - [27/Jul/2026:01:01:10 +1200] "GET /wp-admin/edit.php HTTP/1.1" 503 7310 "https://importersclearance.co.nz/wp-login.php" "Mozilla/5.0 (Windows NT 11.0; Win64; x64; rv:121.0) Gecko/20100101 Firefox/121.0"
66.249.70.39 - - [27/Jul/2026:01:01:10 +1200] "GET /roared/sweal/32769664958 HTTP/1.1" 200 76357 "-" "Mozilla/5.0 (Linux; Android 6.0.1; Nexus 5X Build/MMB29P) AppleWebKit/537.36 (KHTML, like Gecko) Chrome/150.0.7871.128 Mobile Safari/537.36 (compatible; GoogleOther)"
161.118.238.173 - - [27/Jul/2026:01:01:11 +1200] "GET /wp-admin/plugins.php HTTP/1.1" 503 7310 "https://importersclearance.co.nz/wp-login.php" "Mozilla/5.0 (Windows NT 11.0; Win64; x64; rv:121.0) Gecko/20100101 Firefox/121.0"
223.165.64.9 - - [27/Jul/2026:01:01:11 +1200] "POST /?wordfence_syncAttackData=1785070871.6093 HTTP/1.1" 200 6851 "-" "WordPress/6.9.4; https://importersclearance.co.nz"
223.165.64.9 - - [27/Jul/2026:01:01:11 +1200] "POST /?wordfence_syncAttackData=1785070871.5941 HTTP/1.1" 200 20 "-" "WordPress/6.9.4; https://importersclearance.co.nz"
216.73.217.152 - - [27/Jul/2026:01:01:10 +1200] "GET /?h=w7i2n3d6f8l4o4w2e1r16 HTTP/1.1" 200 6851 "-" "Mozilla/5.0 AppleWebKit/537.36 (KHTML, like Gecko; compatible; ClaudeBot/1.0; +claudebot@anthropic.com)"
161.118.238.173 - - [27/Jul/2026:01:01:13 +1200] "POST /wp-login.php HTTP/1.1" 503 7124 "https://importersclearance.co.nz/wp-login.php" "Mozilla/5.0 (Windows NT 10.0; Win64; x64) AppleWebKit/537.36 (KHTML, like Gecko) Chrome/119.0.0.0 Safari/537.36"
161.118.238.173 - - [27/Jul/2026:01:01:13 +1200] "GET /wp-admin/index.php HTTP/1.1" 503 7311 "https://importersclearance.co.nz/wp-login.php" "Mozilla/5.0 (Macintosh; Intel Mac OS X 10_15_7; rv:118.0) Gecko/20100101 Firefox/118.0"
216.73.217.152 - - [27/Jul/2026:01:01:13 +1200] "GET /?h=s7p1l1e5n1a5l5g8i2a86 HTTP/1.1" 200 6851 "-" "Mozilla/5.0 AppleWebKit/537.36 (KHTML, like Gecko; compatible; ClaudeBot/1.0; +claudebot@anthropic.com)"
161.118.238.173 - - [27/Jul/2026:01:01:14 +1200] "GET /wp-admin/profile.php HTTP/1.1" 503 7311 "https://importersclearance.co.nz/wp-login.php" "Mozilla/5.0 (Macintosh; Intel Mac OS X 10_15_7; rv:118.0) Gecko/20100101 Firefox/118.0"
161.118.238.173 - - [27/Jul/2026:01:01:15 +1200] "GET /wp-admin/edit.php HTTP/1.1" 503 7311 "https://importersclearance.co.nz/wp-login.php" "Mozilla/5.0 (Macintosh; Intel Mac OS X 10_15_7; rv:118.0) Gecko/20100101 Firefox/118.0"
161.118.238.173 - - [27/Jul/2026:01:01:15 +1200] "GET /wp-admin/plugins.php HTTP/1.1" 503 7310 "https://importersclearance.co.nz/wp-login.php" "Mozilla/5.0 (Macintosh; Intel Mac OS X 10_15_7; rv:118.0) Gecko/20100101 Firefox/118.0"
66.249.70.33 - - [27/Jul/2026:01:01:14 +1200] "GET /graveyard/dreading/33568586963 HTTP/1.1" 200 75174 "-" "Mozilla/5.0 (Linux; Android 6.0.1; Nexus 5X Build/MMB29P) AppleWebKit/537.36 (KHTML, like Gecko) Chrome/150.0.7871.128 Mobile Safari/537.36 (compatible; GoogleOther)"
161.118.238.173 - - [27/Jul/2026:01:01:16 +1200] "POST /wp-login.php HTTP/1.1" 503 7124 "https://importersclearance.co.nz/wp-login.php" "Mozilla/5.0 (Windows NT 10.0; Win64; x64) AppleWebKit/537.36 (KHTML, like Gecko) Chrome/119.0.0.0 Safari/537.36"
216.73.217.152 - - [27/Jul/2026:01:01:16 +1200] "GET /?h=b7r3a7n7t1f8o3x6209 HTTP/1.1" 200 6851 "-" "Mozilla/5.0 AppleWebKit/537.36 (KHTML, like Gecko; compatible; ClaudeBot/1.0; +claudebot@anthropic.com)"
161.118.238.173 - - [27/Jul/2026:01:01:17 +1200] "GET /wp-admin/index.php HTTP/1.1" 503 7310 "https://importersclearance.co.nz/wp-login.php" "Mozilla/5.0 (Macintosh; Intel Mac OS X 13_6_1; rv:121.0) Gecko/20100101 Firefox/121.0"
66.249.70.37 - - [27/Jul/2026:01:01:16 +1200] "GET /?h=n4e9o4t4r4a8g3u1s75 HTTP/1.1" 200 75606 "-" "Mozilla/5.0 (Linux; Android 6.0.1; Nexus 5X Build/MMB29P) AppleWebKit/537.36 (KHTML, like Gecko) Chrome/150.0.7871.128 Mobile Safari/537.36 (compatible; Googlebot/2.1; +http://www.google.com/bot.html)"
161.118.238.173 - - [27/Jul/2026:01:01:18 +1200] "GET /wp-admin/profile.php HTTP/1.1" 503 7310 "https://importersclearance.co.nz/wp-login.php" "Mozilla/5.0 (Macintosh; Intel Mac OS X 13_6_1; rv:121.0) Gecko/20100101 Firefox/121.0"
161.118.238.173 - - [27/Jul/2026:01:01:19 +1200] "GET /wp-admin/edit.php HTTP/1.1" 503 7310 "https://importersclearance.co.nz/wp-login.php" "Mozilla/5.0 (Macintosh; Intel Mac OS X 13_6_1; rv:121.0) Gecko/20100101 Firefox/121.0"
161.118.238.173 - - [27/Jul/2026:01:01:19 +1200] "GET /wp-admin/plugins.php HTTP/1.1" 503 7310 "https://importersclearance.co.nz/wp-login.php" "Mozilla/5.0 (Macintosh; Intel Mac OS X 13_6_1; rv:121.0) Gecko/20100101 Firefox/121.0"
216.73.217.152 - - [27/Jul/2026:01:01:19 +1200] "GET /?h=i7n1o6s2c9u5l8a9t6e6d2 HTTP/1.1" 200 6851 "-" "Mozilla/5.0 AppleWebKit/537.36 (KHTML, like Gecko; compatible; ClaudeBot/1.0; +claudebot@anthropic.com)"
66.249.70.38 - - [27/Jul/2026:01:01:18 +1200] "GET /?h=i4d6e3o7g9e7n6i1c4a8l HTTP/1.1" 200 76686 "-" "Mozilla/5.0 (Linux; Android 6.0.1; Nexus 5X Build/MMB29P) AppleWebKit/537.36 (KHTML, like Gecko) Chrome/150.0.7871.128 Mobile Safari/537.36 (compatible; GoogleOther)"
161.118.238.173 - - [27/Jul/2026:01:01:20 +1200] "POST /wp-login.php HTTP/1.1" 503 7124 "https://importersclearance.co.nz/wp-login.php" "Mozilla/5.0 (Windows NT 11.0; Win64; x64) AppleWebKit/537.36 (KHTML, like Gecko) Chrome/121.0.0.0 Safari/537.36"
223.165.64.9 - - [27/Jul/2026:01:01:21 +1200] "POST /?wordfence_syncAttackData=1785070881.873 HTTP/1.1" 200 20 "-" "WordPress/6.9.4; https://importersclearance.co.nz"
161.118.238.173 - - [27/Jul/2026:01:01:21 +1200] "GET /wp-admin/index.php HTTP/1.1" 503 7311 "https://importersclearance.co.nz/wp-login.php" "Mozilla/5.0 (Macintosh; Intel Mac OS X 10_15_7) AppleWebKit/605.1.15 (KHTML, like Gecko) Version/16.6 Safari/605.1.15"
216.73.217.152 - - [27/Jul/2026:01:01:22 +1200] "GET /?h=q7u1a3h0a4u9g81532 HTTP/1.1" 200 6851 "-" "Mozilla/5.0 AppleWebKit/537.36 (KHTML, like Gecko; compatible; ClaudeBot/1.0; +claudebot@anthropic.com)"
161.118.238.173 - - [27/Jul/2026:01:01:23 +1200] "GET /wp-admin/profile.php HTTP/1.1" 503 7310 "https://importersclearance.co.nz/wp-login.php" "Mozilla/5.0 (Macintosh; Intel Mac OS X 10_15_7) AppleWebKit/605.1.15 (KHTML, like Gecko) Version/16.6 Safari/605.1.15"
161.118.238.173 - - [27/Jul/2026:01:01:24 +1200] "GET /wp-admin/edit.php HTTP/1.1" 503 7310 "https://importersclearance.co.nz/wp-login.php" "Mozilla/5.0 (Macintosh; Intel Mac OS X 10_15_7) AppleWebKit/605.1.15 (KHTML, like Gecko) Version/16.6 Safari/605.1.15"
66.249.70.32 - - [27/Jul/2026:01:01:22 +1200] "GET /?h=a8n2n7e5x0e7r32175 HTTP/1.1" 200 75249 "-" "Mozilla/5.0 (Linux; Android 6.0.1; Nexus 5X Build/MMB29P) AppleWebKit/537.36 (KHTML, like Gecko) Chrome/150.0.7871.128 Mobile Safari/537.36 (compatible; GoogleOther)"
161.118.238.173 - - [27/Jul/2026:01:01:24 +1200] "GET /wp-admin/plugins.php HTTP/1.1" 503 7310 "https://importersclearance.co.nz/wp-login.php" "Mozilla/5.0 (Macintosh; Intel Mac OS X 10_15_7) AppleWebKit/605.1.15 (KHTML, like Gecko) Version/16.6 Safari/605.1.15"
161.118.238.173 - - [27/Jul/2026:01:01:25 +1200] "POST /wp-login.php HTTP/1.1" 503 7124 "https://importersclearance.co.nz/wp-login.php" "Mozilla/5.0 (Macintosh; Intel Mac OS X 10_15_7) AppleWebKit/537.36 (KHTML, like Gecko) Chrome/119.0.0.0 Safari/537.36"
223.165.64.9 - - [27/Jul/2026:01:01:26 +1200] "POST /wp-cron.php?doing_wp_cron=1785070886.5047850608825683593750 HTTP/1.1" 200 20 "-" "WordPress/6.9.4; https://importersclearance.co.nz"
216.73.217.152 - - [27/Jul/2026:01:01:25 +1200] "GET /shops/ogganition/f7r3e4a5k1i9n7g9108 HTTP/1.1" 404 20 "-" "Mozilla/5.0 AppleWebKit/537.36 (KHTML, like Gecko; compatible; ClaudeBot/1.0; +claudebot@anthropic.com)"
161.118.238.173 - - [27/Jul/2026:01:01:26 +1200] "GET /wp-admin/index.php HTTP/1.1" 503 7310 "https://importersclearance.co.nz/wp-login.php" "Mozilla/5.0 (Macintosh; Intel Mac OS X 10_15_7) AppleWebKit/537.36 (KHTML, like Gecko) Chrome/120.0.0.0 Safari/537.36"
161.118.238.173 - - [27/Jul/2026:01:01:27 +1200] "GET /wp-admin/profile.php HTTP/1.1" 503 7310 "https://importersclearance.co.nz/wp-login.php" "Mozilla/5.0 (Macintosh; Intel Mac OS X 10_15_7) AppleWebKit/537.36 (KHTML, like Gecko) Chrome/120.0.0.0 Safari/537.36"
66.249.70.32 - - [27/Jul/2026:01:01:25 +1200] "GET /?h=b6i2o1g9e1o2g5r3a1p6h5ically HTTP/1.1" 200 75176 "-" "Mozilla/5.0 (Linux; Android 6.0.1; Nexus 5X Build/MMB29P) AppleWebKit/537.36 (KHTML, like Gecko) Chrome/150.0.7871.128 Mobile Safari/537.36 (compatible; GoogleOther)"
161.118.238.173 - - [27/Jul/2026:01:01:28 +1200] "GET /wp-admin/edit.php HTTP/1.1" 503 7310 "https://importersclearance.co.nz/wp-login.php" "Mozilla/5.0 (Macintosh; Intel Mac OS X 10_15_7) AppleWebKit/537.36 (KHTML, like Gecko) Chrome/120.0.0.0 Safari/537.36"
161.118.238.173 - - [27/Jul/2026:01:01:28 +1200] "GET /wp-admin/plugins.php HTTP/1.1" 503 7311 "https://importersclearance.co.nz/wp-login.php" "Mozilla/5.0 (Macintosh; Intel Mac OS X 10_15_7) AppleWebKit/537.36 (KHTML, like Gecko) Chrome/120.0.0.0 Safari/537.36"
161.118.238.173 - - [27/Jul/2026:01:01:29 +1200] "POST /wp-login.php HTTP/1.1" 503 7124 "https://importersclearance.co.nz/wp-login.php" "Mozilla/5.0 (X11; Ubuntu; Linux x86_64) AppleWebKit/537.36 (KHTML, like Gecko) Chrome/121.0.0.0 Safari/537.36"
216.73.217.152 - - [27/Jul/2026:01:01:29 +1200] "GET /?h=b7r3a9s7s3a8v4o8l0a87 HTTP/1.1" 200 6851 "-" "Mozilla/5.0 AppleWebKit/537.36 (KHTML, like Gecko; compatible; ClaudeBot/1.0; +claudebot@anthropic.com)"
