66.249.70.35 - - [27/Jul/2026:01:45:54 +1200] "GET /?h=f5u2r0r3i1e0r13689 HTTP/1.1" 200 74601 "-" "Mozilla/5.0 (Linux; Android 6.0.1; Nexus 5X Build/MMB29P) AppleWebKit/537.36 (KHTML, like Gecko) Chrome/150.0.7871.128 Mobile Safari/537.36 (compatible; Googlebot/2.1; +http://www.google.com/bot.html)"
66.249.70.38 - - [27/Jul/2026:01:45:54 +1200] "GET /?h=c3e9r1i1s9e16514 HTTP/1.1" 200 75997 "-" "Mozilla/5.0 (Linux; Android 6.0.1; Nexus 5X Build/MMB29P) AppleWebKit/537.36 (KHTML, like Gecko) Chrome/150.0.7871.128 Mobile Safari/537.36 (compatible; GoogleOther)"
66.249.70.39 - - [27/Jul/2026:01:45:58 +1200] "GET /?h=r1h1e2t3o7r0i5z5i3n3g5 HTTP/1.1" 200 76082 "-" "Mozilla/5.0 (Linux; Android 6.0.1; Nexus 5X Build/MMB29P) AppleWebKit/537.36 (KHTML, like Gecko) Chrome/150.0.7871.128 Mobile Safari/537.36 (compatible; GoogleOther)"
66.249.70.36 - - [27/Jul/2026:01:45:59 +1200] "GET /?h=h2e4p1t1o9n5e82624 HTTP/1.1" 200 75066 "-" "Mozilla/5.0 (Linux; Android 6.0.1; Nexus 5X Build/MMB29P) AppleWebKit/537.36 (KHTML, like Gecko) Chrome/150.0.7871.128 Mobile Safari/537.36 (compatible; Googlebot/2.1; +http://www.google.com/bot.html)"
223.165.64.9 - - [27/Jul/2026:01:46:03 +1200] "POST /wp-cron.php?doing_wp_cron=1785073563.3718249797821044921875 HTTP/1.1" 200 20 "-" "WordPress/6.9.4; https://importersclearance.co.nz"
216.73.217.152 - - [27/Jul/2026:01:46:02 +1200] "GET /?h=c7i6r8c9u7m9v9e9n5t2or HTTP/1.1" 200 6851 "-" "Mozilla/5.0 AppleWebKit/537.36 (KHTML, like Gecko; compatible; ClaudeBot/1.0; +claudebot@anthropic.com)"
66.249.70.38 - - [27/Jul/2026:01:46:01 +1200] "GET /?h=o5v8a9t6o9r8o5t6u4n2date HTTP/1.1" 200 75634 "-" "Mozilla/5.0 (Linux; Android 6.0.1; Nexus 5X Build/MMB29P) AppleWebKit/537.36 (KHTML, like Gecko) Chrome/150.0.7871.128 Mobile Safari/537.36 (compatible; Googlebot/2.1; +http://www.google.com/bot.html)"
216.73.217.152 - - [27/Jul/2026:01:46:04 +1200] "GET /?h=c7h8i6l8o3g1n2a9t3h2 HTTP/1.1" 200 6851 "-" "Mozilla/5.0 AppleWebKit/537.36 (KHTML, like Gecko; compatible; ClaudeBot/1.0; +claudebot@anthropic.com)"
66.249.70.32 - - [27/Jul/2026:01:46:03 +1200] "GET /?h=s2u3b4t4r6a9c9t0067 HTTP/1.1" 200 76469 "-" "Mozilla/5.0 (Linux; Android 6.0.1; Nexus 5X Build/MMB29P) AppleWebKit/537.36 (KHTML, like Gecko) Chrome/150.0.7871.128 Mobile Safari/537.36 (compatible; GoogleOther)"
216.73.217.152 - - [27/Jul/2026:01:46:07 +1200] "GET /?h=r7e1e9x2a2m3i5n3a0t1i5on HTTP/1.1" 200 6851 "-" "Mozilla/5.0 AppleWebKit/537.36 (KHTML, like Gecko; compatible; ClaudeBot/1.0; +claudebot@anthropic.com)"
66.249.70.34 - - [27/Jul/2026:01:46:08 +1200] "GET /?h=w7a3g5i4n1g961791 HTTP/1.1" 200 76234 "-" "Mozilla/5.0 (Linux; Android 6.0.1; Nexus 5X Build/MMB29P) AppleWebKit/537.36 (KHTML, like Gecko) Chrome/150.0.7871.128 Mobile Safari/537.36 (compatible; GoogleOther)"
216.73.217.152 - - [27/Jul/2026:01:46:10 +1200] "GET /?h=f7a3b5u4l0i0s1t0354 HTTP/1.1" 200 6851 "-" "Mozilla/5.0 AppleWebKit/537.36 (KHTML, like Gecko; compatible; ClaudeBot/1.0; +claudebot@anthropic.com)"
66.249.70.37 - - [27/Jul/2026:01:46:09 +1200] "GET /?heraldist/63020686679 HTTP/1.1" 200 76700 "-" "Mozilla/5.0 (Linux; Android 6.0.1; Nexus 5X Build/MMB29P) AppleWebKit/537.36 (KHTML, like Gecko) Chrome/150.0.7871.128 Mobile Safari/537.36 (compatible; Googlebot/2.1; +http://www.google.com/bot.html)"
216.73.217.152 - - [27/Jul/2026:01:46:13 +1200] "GET /?h=c7o1n3o4c6e2p6h8a4l8u0s HTTP/1.1" 200 6851 "-" "Mozilla/5.0 AppleWebKit/537.36 (KHTML, like Gecko; compatible; ClaudeBot/1.0; +claudebot@anthropic.com)"
66.249.70.39 - - [27/Jul/2026:01:46:13 +1200] "GET /?h=a4c3a4n0t6h7a8c7e3o6u5s HTTP/1.1" 200 74553 "-" "Mozilla/5.0 (Linux; Android 6.0.1; Nexus 5X Build/MMB29P) AppleWebKit/537.36 (KHTML, like Gecko) Chrome/150.0.7871.128 Mobile Safari/537.36 (compatible; GoogleOther)"
216.73.217.152 - - [27/Jul/2026:01:46:16 +1200] "GET /shops/radiograph/f7r3o3n4t0i4n6i8a4c30 HTTP/1.1" 404 20 "-" "Mozilla/5.0 AppleWebKit/537.36 (KHTML, like Gecko; compatible; ClaudeBot/1.0; +claudebot@anthropic.com)"
216.73.217.152 - - [27/Jul/2026:01:46:19 +1200] "GET /?h=f7o2u0n2t0a5i1n2l1e2s9s HTTP/1.1" 200 6851 "-" "Mozilla/5.0 AppleWebKit/537.36 (KHTML, like Gecko; compatible; ClaudeBot/1.0; +claudebot@anthropic.com)"
66.249.70.39 - - [27/Jul/2026:01:46:18 +1200] "GET /?h=n3a1p1i4e9r0i7a5n539 HTTP/1.1" 200 76985 "-" "Mozilla/5.0 (Linux; Android 6.0.1; Nexus 5X Build/MMB29P) AppleWebKit/537.36 (KHTML, like Gecko) Chrome/150.0.7871.128 Mobile Safari/537.36 (compatible; GoogleOther)"
66.249.70.37 - - [27/Jul/2026:01:46:19 +1200] "GET /?h=m6e4t1a5s9t5a1n2n4a6t1e HTTP/1.1" 200 75054 "-" "Mozilla/5.0 (Linux; Android 6.0.1; Nexus 5X Build/MMB29P) AppleWebKit/537.36 (KHTML, like Gecko) Chrome/150.0.7871.128 Mobile Safari/537.36 (compatible; Googlebot/2.1; +http://www.google.com/bot.html)"
216.73.217.152 - - [27/Jul/2026:01:46:22 +1200] "GET /?h=a7p3p3r3o2x4i8m2a5t7ively HTTP/1.1" 200 6851 "-" "Mozilla/5.0 AppleWebKit/537.36 (KHTML, like Gecko; compatible; ClaudeBot/1.0; +claudebot@anthropic.com)"
66.249.70.32 - - [27/Jul/2026:01:46:23 +1200] "GET /centreboard/b7a6t7t1a617408 HTTP/1.1" 200 74144 "-" "Mozilla/5.0 (Linux; Android 6.0.1; Nexus 5X Build/MMB29P) AppleWebKit/537.36 (KHTML, like Gecko) Chrome/150.0.7871.128 Mobile Safari/537.36 (compatible; GoogleOther)"
216.73.217.152 - - [27/Jul/2026:01:46:25 +1200] "GET /?h=n7i1l9g5a8u224561 HTTP/1.1" 200 6851 "-" "Mozilla/5.0 AppleWebKit/537.36 (KHTML, like Gecko; compatible; ClaudeBot/1.0; +claudebot@anthropic.com)"
66.249.70.39 - - [27/Jul/2026:01:46:26 +1200] "GET /?h=h3y2p1i3n6o3s7i0s690 HTTP/1.1" 200 75810 "-" "Mozilla/5.0 (Linux; Android 6.0.1; Nexus 5X Build/MMB29P) AppleWebKit/537.36 (KHTML, like Gecko) Chrome/150.0.7871.128 Mobile Safari/537.36 (compatible; Googlebot/2.1; +http://www.google.com/bot.html)"
216.73.217.152 - - [27/Jul/2026:01:46:28 +1200] "GET /?h=c7o1n1f7u9s3e3l4y215 HTTP/1.1" 200 6851 "-" "Mozilla/5.0 AppleWebKit/537.36 (KHTML, like Gecko; compatible; ClaudeBot/1.0; +claudebot@anthropic.com)"
66.249.70.33 - - [27/Jul/2026:01:46:28 +1200] "GET /?h=b3a3r4e7s1t1h9e3s2i5o6meter HTTP/1.1" 200 75276 "-" "Mozilla/5.0 (Linux; Android 6.0.1; Nexus 5X Build/MMB29P) AppleWebKit/537.36 (KHTML, like Gecko) Chrome/150.0.7871.128 Mobile Safari/537.36 (compatible; GoogleOther)"
216.73.217.152 - - [27/Jul/2026:01:46:31 +1200] "GET /?h=e7x2c2o8m5m6u5n1i9c1ant HTTP/1.1" 200 6851 "-" "Mozilla/5.0 AppleWebKit/537.36 (KHTML, like Gecko; compatible; ClaudeBot/1.0; +claudebot@anthropic.com)"
66.249.70.33 - - [27/Jul/2026:01:46:30 +1200] "GET /?h=c5a3r4a0c2u9l20771 HTTP/1.1" 200 76217 "-" "Mozilla/5.0 (Linux; Android 6.0.1; Nexus 5X Build/MMB29P) AppleWebKit/537.36 (KHTML, like Gecko) Chrome/150.0.7871.128 Mobile Safari/537.36 (compatible; Googlebot/2.1; +http://www.google.com/bot.html)"
66.249.70.38 - - [27/Jul/2026:01:46:30 +1200] "GET /?h=r7e2d6u3c9t8i7v2e432 HTTP/1.1" 200 77481 "-" "Mozilla/5.0 (Linux; Android 6.0.1; Nexus 5X Build/MMB29P) AppleWebKit/537.36 (KHTML, like Gecko) Chrome/150.0.7871.128 Mobile Safari/537.36 (compatible; Googlebot/2.1; +http://www.google.com/bot.html)"
216.73.217.152 - - [27/Jul/2026:01:46:34 +1200] "GET /?h=s7i3n0a1p1i7n7e0312 HTTP/1.1" 200 6851 "-" "Mozilla/5.0 AppleWebKit/537.36 (KHTML, like Gecko; compatible; ClaudeBot/1.0; +claudebot@anthropic.com)"
66.249.70.32 - - [27/Jul/2026:01:46:34 +1200] "GET /review/goods/I3351524922/ HTTP/1.1" 200 75477 "-" "Mozilla/5.0 (Linux; Android 6.0.1; Nexus 5X Build/MMB29P) AppleWebKit/537.36 (KHTML, like Gecko) Chrome/150.0.7871.128 Mobile Safari/537.36 (compatible; GoogleOther)"
216.73.217.152 - - [27/Jul/2026:01:46:37 +1200] "GET /shops/rinderpest/s7e1l2f1e0x3a8m9i7n4a6tion HTTP/1.1" 404 20 "-" "Mozilla/5.0 AppleWebKit/537.36 (KHTML, like Gecko; compatible; ClaudeBot/1.0; +claudebot@anthropic.com)"
216.73.217.152 - - [27/Jul/2026:01:46:40 +1200] "GET /discordantly/c7o3m5p7o6s0i6t8o9u6s8 HTTP/1.1" 404 20 "-" "Mozilla/5.0 AppleWebKit/537.36 (KHTML, like Gecko; compatible; ClaudeBot/1.0; +claudebot@anthropic.com)"
66.249.70.39 - - [27/Jul/2026:01:46:39 +1200] "GET /?h=d9e1b3a8u1c3h4i3n4g88 HTTP/1.1" 200 76812 "-" "Mozilla/5.0 (Linux; Android 6.0.1; Nexus 5X Build/MMB29P) AppleWebKit/537.36 (KHTML, like Gecko) Chrome/150.0.7871.128 Mobile Safari/537.36 (compatible; GoogleOther)"
216.73.217.152 - - [27/Jul/2026:01:46:43 +1200] "GET /shops/subterranity/p7u1r6p8l0e3w9o2o0d48 HTTP/1.1" 404 20 "-" "Mozilla/5.0 AppleWebKit/537.36 (KHTML, like Gecko; compatible; ClaudeBot/1.0; +claudebot@anthropic.com)"
66.249.70.37 - - [27/Jul/2026:01:46:41 +1200] "GET /?h=m5y1r4c1i8a2r3i6a259 HTTP/1.1" 200 75925 "-" "Mozilla/5.0 (Linux; Android 6.0.1; Nexus 5X Build/MMB29P) AppleWebKit/537.36 (KHTML, like Gecko) Chrome/150.0.7871.128 Mobile Safari/537.36 (compatible; Googlebot/2.1; +http://www.google.com/bot.html)"
66.249.70.38 - - [27/Jul/2026:01:46:42 +1200] "GET /resentfully/ronne/1378690031 HTTP/1.1" 200 75616 "-" "Mozilla/5.0 (Linux; Android 6.0.1; Nexus 5X Build/MMB29P) AppleWebKit/537.36 (KHTML, like Gecko) Chrome/150.0.7871.128 Mobile Safari/537.36 (compatible; Googlebot/2.1; +http://www.google.com/bot.html)"
216.73.217.152 - - [27/Jul/2026:01:46:46 +1200] "GET /shops/kinshasa/a7c2r9o4c2e1r1a9u1n5i1an HTTP/1.1" 404 20 "-" "Mozilla/5.0 AppleWebKit/537.36 (KHTML, like Gecko; compatible; ClaudeBot/1.0; +claudebot@anthropic.com)"
66.249.70.37 - - [27/Jul/2026:01:46:45 +1200] "GET /?h=g9r7e8e2n285375 HTTP/1.1" 200 76299 "-" "Mozilla/5.0 (Linux; Android 6.0.1; Nexus 5X Build/MMB29P) AppleWebKit/537.36 (KHTML, like Gecko) Chrome/150.0.7871.128 Mobile Safari/537.36 (compatible; GoogleOther)"
216.73.217.152 - - [27/Jul/2026:01:46:49 +1200] "GET /?h=p7a2c3i3f1i6c1a8t1i1o1n HTTP/1.1" 200 6851 "-" "Mozilla/5.0 AppleWebKit/537.36 (KHTML, like Gecko; compatible; ClaudeBot/1.0; +claudebot@anthropic.com)"
216.73.217.152 - - [27/Jul/2026:01:46:52 +1200] "GET /shops/sanctimonious/p7r2e6d7e0s6t7i3n9a0t1ed HTTP/1.1" 404 20 "-" "Mozilla/5.0 AppleWebKit/537.36 (KHTML, like Gecko; compatible; ClaudeBot/1.0; +claudebot@anthropic.com)"
66.249.70.37 - - [27/Jul/2026:01:46:50 +1200] "GET /fidalgo/dynamo/c6o2l6l0o8w711750 HTTP/1.1" 200 76849 "-" "Mozilla/5.0 (Linux; Android 6.0.1; Nexus 5X Build/MMB29P) AppleWebKit/537.36 (KHTML, like Gecko) Chrome/150.0.7871.128 Mobile Safari/537.36 (compatible; GoogleOther)"
66.249.70.38 - - [27/Jul/2026:01:46:53 +1200] "GET /?h=s6n1a5k7e9r1o7o8t330 HTTP/1.1" 200 74874 "-" "Mozilla/5.0 (Linux; Android 6.0.1; Nexus 5X Build/MMB29P) AppleWebKit/537.36 (KHTML, like Gecko) Chrome/150.0.7871.128 Mobile Safari/537.36 (compatible; Googlebot/2.1; +http://www.google.com/bot.html)"
216.73.217.152 - - [27/Jul/2026:01:46:55 +1200] "GET /accentuated/j7o2u7r2n4a6l4i9z5i8n8g HTTP/1.1" 404 20 "-" "Mozilla/5.0 AppleWebKit/537.36 (KHTML, like Gecko; compatible; ClaudeBot/1.0; +claudebot@anthropic.com)"
66.249.70.38 - - [27/Jul/2026:01:46:56 +1200] "GET /?h=u8g3l4i9l7y496476 HTTP/1.1" 200 75000 "-" "Mozilla/5.0 (Linux; Android 6.0.1; Nexus 5X Build/MMB29P) AppleWebKit/537.36 (KHTML, like Gecko) Chrome/150.0.7871.128 Mobile Safari/537.36 (compatible; GoogleOther)"
216.73.217.152 - - [27/Jul/2026:01:46:58 +1200] "GET /shops/afghanistan/m7a8j1o0r8c2a8n368 HTTP/1.1" 404 20 "-" "Mozilla/5.0 AppleWebKit/537.36 (KHTML, like Gecko; compatible; ClaudeBot/1.0; +claudebot@anthropic.com)"
216.73.217.152 - - [27/Jul/2026:01:47:01 +1200] "GET /?h=n7o3r2t2h9e7a5s7t2e6r6 HTTP/1.1" 200 6851 "-" "Mozilla/5.0 AppleWebKit/537.36 (KHTML, like Gecko; compatible; ClaudeBot/1.0; +claudebot@anthropic.com)"
66.249.70.38 - - [27/Jul/2026:01:47:01 +1200] "GET /?h=b9i3g1n6o3n2i6a7c8e9o5us HTTP/1.1" 200 74669 "-" "Mozilla/5.0 (Linux; Android 6.0.1; Nexus 5X Build/MMB29P) AppleWebKit/537.36 (KHTML, like Gecko) Chrome/150.0.7871.128 Mobile Safari/537.36 (compatible; GoogleOther)"
223.165.64.9 - - [27/Jul/2026:01:47:05 +1200] "POST /wp-cron.php?doing_wp_cron=1785073625.8406980037689208984375 HTTP/1.1" 200 20 "-" "WordPress/6.9.4; https://importersclearance.co.nz"
216.73.217.152 - - [27/Jul/2026:01:47:04 +1200] "GET /?h=n7o4n9v8o2l2a8t4i7l7izable HTTP/1.1" 200 6851 "-" "Mozilla/5.0 AppleWebKit/537.36 (KHTML, like Gecko; compatible; ClaudeBot/1.0; +claudebot@anthropic.com)"
216.73.217.152 - - [27/Jul/2026:01:47:07 +1200] "GET /shops/macarena/c7e7n1t7u0m7v0i9r5a8l HTTP/1.1" 404 20 "-" "Mozilla/5.0 AppleWebKit/537.36 (KHTML, like Gecko; compatible; ClaudeBot/1.0; +claudebot@anthropic.com)"
66.249.70.37 - - [27/Jul/2026:01:47:07 +1200] "GET /?h=i9l4l1o2g2i2c3a9l095 HTTP/1.1" 200 76445 "-" "Mozilla/5.0 (Linux; Android 6.0.1; Nexus 5X Build/MMB29P) AppleWebKit/537.36 (KHTML, like Gecko) Chrome/150.0.7871.128 Mobile Safari/537.36 (compatible; GoogleOther)"
216.73.217.152 - - [27/Jul/2026:01:47:10 +1200] "GET /?h=p7h3o8l1i2o9t3a4222 HTTP/1.1" 200 6851 "-" "Mozilla/5.0 AppleWebKit/537.36 (KHTML, like Gecko; compatible; ClaudeBot/1.0; +claudebot@anthropic.com)"
216.73.217.152 - - [27/Jul/2026:01:47:13 +1200] "GET /?h=g7a3s6t3r0o4e1n6t7e0r4ic HTTP/1.1" 200 6851 "-" "Mozilla/5.0 AppleWebKit/537.36 (KHTML, like Gecko; compatible; ClaudeBot/1.0; +claudebot@anthropic.com)"
66.249.70.37 - - [27/Jul/2026:01:47:12 +1200] "GET /review/goods/I447993561/ HTTP/1.1" 200 77269 "-" "Mozilla/5.0 (Linux; Android 6.0.1; Nexus 5X Build/MMB29P) AppleWebKit/537.36 (KHTML, like Gecko) Chrome/150.0.7871.128 Mobile Safari/537.36 (compatible; GoogleOther)"
66.249.70.37 - - [27/Jul/2026:01:47:17 +1200] "GET /flounced/s7e4l1f8c2o0n0v9i2c8ted HTTP/1.1" 200 75863 "-" "Mozilla/5.0 (Linux; Android 6.0.1; Nexus 5X Build/MMB29P) AppleWebKit/537.36 (KHTML, like Gecko) Chrome/150.0.7871.128 Mobile Safari/537.36 (compatible; GoogleOther)"
216.73.217.152 - - [27/Jul/2026:01:47:19 +1200] "GET /?h=d7o4m0i6c3u1l9t9u0r9e7 HTTP/1.1" 200 6851 "-" "Mozilla/5.0 AppleWebKit/537.36 (KHTML, like Gecko; compatible; ClaudeBot/1.0; +claudebot@anthropic.com)"
216.73.217.152 - - [27/Jul/2026:01:47:21 +1200] "GET /shops/pitchdark/i7n1e8x3c5i3t4a6b8l0e0 HTTP/1.1" 404 20 "-" "Mozilla/5.0 AppleWebKit/537.36 (KHTML, like Gecko; compatible; ClaudeBot/1.0; +claudebot@anthropic.com)"
66.249.70.37 - - [27/Jul/2026:01:47:20 +1200] "GET /?h=s5p1i2r7i8t8u7o0u2s0n1ess HTTP/1.1" 200 76067 "-" "Mozilla/5.0 (Linux; Android 6.0.1; Nexus 5X Build/MMB29P) AppleWebKit/537.36 (KHTML, like Gecko) Chrome/150.0.7871.128 Mobile Safari/537.36 (compatible; Googlebot/2.1; +http://www.google.com/bot.html)"
66.249.70.37 - - [27/Jul/2026:01:47:22 +1200] "GET /syntax/s0p1l3e2e2n9e3d0635 HTTP/1.1" 200 75756 "-" "Mozilla/5.0 (Linux; Android 6.0.1; Nexus 5X Build/MMB29P) AppleWebKit/537.36 (KHTML, like Gecko) Chrome/150.0.7871.128 Mobile Safari/537.36 (compatible; GoogleOther)"
216.73.217.152 - - [27/Jul/2026:01:47:24 +1200] "GET /shops/theologized/b7i3b2l1i6o1p5h2i5l1ism HTTP/1.1" 404 20 "-" "Mozilla/5.0 AppleWebKit/537.36 (KHTML, like Gecko; compatible; ClaudeBot/1.0; +claudebot@anthropic.com)"
66.249.70.38 - - [27/Jul/2026:01:47:25 +1200] "GET /shops/pigmentary/p5s4e0u9d9e0p3i6g8r9a1phic HTTP/1.1" 200 76399 "-" "Mozilla/5.0 (Linux; Android 6.0.1; Nexus 5X Build/MMB29P) AppleWebKit/537.36 (KHTML, like Gecko) Chrome/150.0.7871.128 Mobile Safari/537.36 (compatible; Googlebot/2.1; +http://www.google.com/bot.html)"
216.73.217.152 - - [27/Jul/2026:01:47:27 +1200] "GET /?h=m7a3t6e3r9i7a3l2i1z7e4d HTTP/1.1" 200 6851 "-" "Mozilla/5.0 AppleWebKit/537.36 (KHTML, like Gecko; compatible; ClaudeBot/1.0; +claudebot@anthropic.com)"
66.249.70.38 - - [27/Jul/2026:01:47:27 +1200] "GET /?h=g4y3m2n0o3n5o6t7i569 HTTP/1.1" 200 74526 "-" "Mozilla/5.0 (Linux; Android 6.0.1; Nexus 5X Build/MMB29P) AppleWebKit/537.36 (KHTML, like Gecko) Chrome/150.0.7871.128 Mobile Safari/537.36 (compatible; GoogleOther)"
216.73.217.152 - - [27/Jul/2026:01:47:30 +1200] "GET /?h=s7t2r3o4n5t0i6u2m896 HTTP/1.1" 200 6851 "-" "Mozilla/5.0 AppleWebKit/537.36 (KHTML, like Gecko; compatible; ClaudeBot/1.0; +claudebot@anthropic.com)"
216.73.217.152 - - [27/Jul/2026:01:47:33 +1200] "GET /shops/leaven/t7r2u3d0g6e8o2n0029 HTTP/1.1" 404 20 "-" "Mozilla/5.0 AppleWebKit/537.36 (KHTML, like Gecko; compatible; ClaudeBot/1.0; +claudebot@anthropic.com)"
66.249.70.37 - - [27/Jul/2026:01:47:32 +1200] "GET /?h=p3i7p4a6l498810 HTTP/1.1" 200 75844 "-" "Mozilla/5.0 (Linux; Android 6.0.1; Nexus 5X Build/MMB29P) AppleWebKit/537.36 (KHTML, like Gecko) Chrome/150.0.7871.128 Mobile Safari/537.36 (compatible; GoogleOther)"
66.249.70.38 - - [27/Jul/2026:01:47:37 +1200] "GET /emblazonries/d2o1n1k6e5y14978 HTTP/1.1" 200 76115 "-" "Mozilla/5.0 (Linux; Android 6.0.1; Nexus 5X Build/MMB29P) AppleWebKit/537.36 (KHTML, like Gecko) Chrome/150.0.7871.128 Mobile Safari/537.36 (compatible; GoogleOther)"
66.249.70.39 - - [27/Jul/2026:01:47:37 +1200] "GET /?h=a5p2l0a7c1e5n3t2a9t9a HTTP/1.1" 200 74524 "-" "Mozilla/5.0 (Linux; Android 6.0.1; Nexus 5X Build/MMB29P) AppleWebKit/537.36 (KHTML, like Gecko) Chrome/150.0.7871.128 Mobile Safari/537.36 (compatible; Googlebot/2.1; +http://www.google.com/bot.html)"
216.73.217.152 - - [27/Jul/2026:01:47:40 +1200] "GET /?h=c7a4p1i5l3l8u7s2v9eneris HTTP/1.1" 200 6851 "-" "Mozilla/5.0 AppleWebKit/537.36 (KHTML, like Gecko; compatible; ClaudeBot/1.0; +claudebot@anthropic.com)"
216.73.217.152 - - [27/Jul/2026:01:47:42 +1200] "GET /?h=p7e1d5i5c6u7l2a5t0i4o1n HTTP/1.1" 200 6851 "-" "Mozilla/5.0 AppleWebKit/537.36 (KHTML, like Gecko; compatible; ClaudeBot/1.0; +claudebot@anthropic.com)"
66.249.70.33 - - [27/Jul/2026:01:47:41 +1200] "GET /?h=e7q1u8i2v0a7l5v7u0l5a2r HTTP/1.1" 200 75645 "-" "Mozilla/5.0 (Linux; Android 6.0.1; Nexus 5X Build/MMB29P) AppleWebKit/537.36 (KHTML, like Gecko) Chrome/150.0.7871.128 Mobile Safari/537.36 (compatible; GoogleOther)"
216.73.217.152 - - [27/Jul/2026:01:47:45 +1200] "GET /?h=a7n2t8h3r0o1p7o2m2o9r5pha HTTP/1.1" 200 6851 "-" "Mozilla/5.0 AppleWebKit/537.36 (KHTML, like Gecko; compatible; ClaudeBot/1.0; +claudebot@anthropic.com)"
66.249.70.33 - - [27/Jul/2026:01:47:45 +1200] "GET /?h=h6e1r1o1d7i1a6n5376 HTTP/1.1" 200 76310 "-" "Mozilla/5.0 (Linux; Android 6.0.1; Nexus 5X Build/MMB29P) AppleWebKit/537.36 (KHTML, like Gecko) Chrome/150.0.7871.128 Mobile Safari/537.36 (compatible; Googlebot/2.1; +http://www.google.com/bot.html)"
66.249.70.34 - - [27/Jul/2026:01:47:46 +1200] "GET /?h=i9m4m0o6r6a5l5i0t1i1e3s HTTP/1.1" 200 78391 "-" "Mozilla/5.0 (Linux; Android 6.0.1; Nexus 5X Build/MMB29P) AppleWebKit/537.36 (KHTML, like Gecko) Chrome/150.0.7871.128 Mobile Safari/537.36 (compatible; GoogleOther)"
216.73.217.152 - - [27/Jul/2026:01:47:48 +1200] "GET /shops/actinology/h7o4r0s8e9n2a8i8l101 HTTP/1.1" 404 20 "-" "Mozilla/5.0 AppleWebKit/537.36 (KHTML, like Gecko; compatible; ClaudeBot/1.0; +claudebot@anthropic.com)"
216.73.217.152 - - [27/Jul/2026:01:47:51 +1200] "GET /shops/micromercurialism/i7r4r3e7m4o0v0a6b2l3y HTTP/1.1" 404 20 "-" "Mozilla/5.0 AppleWebKit/537.36 (KHTML, like Gecko; compatible; ClaudeBot/1.0; +claudebot@anthropic.com)"
66.249.70.37 - - [27/Jul/2026:01:47:50 +1200] "GET /review/goods/I1128723337/ HTTP/1.1" 200 75848 "-" "Mozilla/5.0 (Linux; Android 6.0.1; Nexus 5X Build/MMB29P) AppleWebKit/537.36 (KHTML, like Gecko) Chrome/150.0.7871.128 Mobile Safari/537.36 (compatible; GoogleOther)"
216.73.217.152 - - [27/Jul/2026:01:47:54 +1200] "GET /shops/killikinick/r7e3p6l6e6n5i3s1h3i2n3g HTTP/1.1" 404 20 "-" "Mozilla/5.0 AppleWebKit/537.36 (KHTML, like Gecko; compatible; ClaudeBot/1.0; +claudebot@anthropic.com)"
66.249.70.35 - - [27/Jul/2026:01:47:54 +1200] "GET /?h=n5o7c4i9v2u3m0992 HTTP/1.1" 200 75781 "-" "Mozilla/5.0 (Linux; Android 6.0.1; Nexus 5X Build/MMB29P) AppleWebKit/537.36 (KHTML, like Gecko) Chrome/150.0.7871.128 Mobile Safari/537.36 (compatible; Googlebot/2.1; +http://www.google.com/bot.html)"
66.249.70.33 - - [27/Jul/2026:01:47:55 +1200] "GET /?h=w9a6d1d9i4e36314 HTTP/1.1" 200 74967 "-" "Mozilla/5.0 (Linux; Android 6.0.1; Nexus 5X Build/MMB29P) AppleWebKit/537.36 (KHTML, like Gecko) Chrome/150.0.7871.128 Mobile Safari/537.36 (compatible; GoogleOther)"
216.73.217.152 - - [27/Jul/2026:01:47:58 +1200] "GET /?h=h7o1u8s2e0c5o6a6t980 HTTP/1.1" 200 6851 "-" "Mozilla/5.0 AppleWebKit/537.36 (KHTML, like Gecko; compatible; ClaudeBot/1.0; +claudebot@anthropic.com)"
66.249.70.33 - - [27/Jul/2026:01:47:58 +1200] "GET /?h=l9a2r4c8h6e0n58887 HTTP/1.1" 200 78503 "-" "Mozilla/5.0 (Linux; Android 6.0.1; Nexus 5X Build/MMB29P) AppleWebKit/537.36 (KHTML, like Gecko) Chrome/150.0.7871.128 Mobile Safari/537.36 (compatible; GoogleOther)"
216.73.217.152 - - [27/Jul/2026:01:48:00 +1200] "GET /?h=d7r1o9u5g8h3t03980 HTTP/1.1" 200 6851 "-" "Mozilla/5.0 AppleWebKit/537.36 (KHTML, like Gecko; compatible; ClaudeBot/1.0; +claudebot@anthropic.com)"
66.249.70.37 - - [27/Jul/2026:01:48:03 +1200] "GET /?h=d8r2i3f1t0b6o0l2t399 HTTP/1.1" 200 75613 "-" "Mozilla/5.0 (Linux; Android 6.0.1; Nexus 5X Build/MMB29P) AppleWebKit/537.36 (KHTML, like Gecko) Chrome/150.0.7871.128 Mobile Safari/537.36 (compatible; GoogleOther)"
223.165.64.9 - - [27/Jul/2026:01:48:07 +1200] "POST /wp-cron.php?doing_wp_cron=1785073687.6091349124908447265625 HTTP/1.1" 200 20 "-" "WordPress/6.9.4; https://importersclearance.co.nz"
216.73.217.152 - - [27/Jul/2026:01:48:06 +1200] "GET /?h=s7p1a8r1r4o0w89510 HTTP/1.1" 200 6851 "-" "Mozilla/5.0 AppleWebKit/537.36 (KHTML, like Gecko; compatible; ClaudeBot/1.0; +claudebot@anthropic.com)"
66.249.70.38 - - [27/Jul/2026:01:48:06 +1200] "GET /?h=k6e3n3d9a9l965221 HTTP/1.1" 200 74303 "-" "Mozilla/5.0 (Linux; Android 6.0.1; Nexus 5X Build/MMB29P) AppleWebKit/537.36 (KHTML, like Gecko) Chrome/150.0.7871.128 Mobile Safari/537.36 (compatible; Googlebot/2.1; +http://www.google.com/bot.html)"
216.73.217.152 - - [27/Jul/2026:01:48:07 +1200] "GET /?h=f7e6l2o1n9w1o9r0t45 HTTP/1.1" 200 6851 "-" "Mozilla/5.0 AppleWebKit/537.36 (KHTML, like Gecko; compatible; ClaudeBot/1.0; +claudebot@anthropic.com)"
66.249.70.32 - - [27/Jul/2026:01:48:07 +1200] "GET /?h=p4r8e5m2o2l0a6r9s4 HTTP/1.1" 200 77090 "-" "Mozilla/5.0 (Linux; Android 6.0.1; Nexus 5X Build/MMB29P) AppleWebKit/537.36 (KHTML, like Gecko) Chrome/150.0.7871.128 Mobile Safari/537.36 (compatible; GoogleOther)"
66.249.70.39 - - [27/Jul/2026:01:48:08 +1200] "GET /?h=t0h6a0l6e2i9c7h4t0h3ys HTTP/1.1" 200 76585 "-" "Mozilla/5.0 (Linux; Android 6.0.1; Nexus 5X Build/MMB29P) AppleWebKit/537.36 (KHTML, like Gecko) Chrome/150.0.7871.128 Mobile Safari/537.36 (compatible; Googlebot/2.1; +http://www.google.com/bot.html)"
216.73.217.152 - - [27/Jul/2026:01:48:10 +1200] "GET /shops/invertebrata/d7a3r8l9i9n3g01476 HTTP/1.1" 404 20 "-" "Mozilla/5.0 AppleWebKit/537.36 (KHTML, like Gecko; compatible; ClaudeBot/1.0; +claudebot@anthropic.com)"
66.249.70.37 - - [27/Jul/2026:01:48:11 +1200] "GET /?h=a9n2u1r4e2s4i0s3850 HTTP/1.1" 200 75479 "-" "Mozilla/5.0 (Linux; Android 6.0.1; Nexus 5X Build/MMB29P) AppleWebKit/537.36 (KHTML, like Gecko) Chrome/150.0.7871.128 Mobile Safari/537.36 (compatible; GoogleOther)"
216.73.217.152 - - [27/Jul/2026:01:48:13 +1200] "GET /?h=b7o1w5s8p4r8i7t6235 HTTP/1.1" 200 6851 "-" "Mozilla/5.0 AppleWebKit/537.36 (KHTML, like Gecko; compatible; ClaudeBot/1.0; +claudebot@anthropic.com)"
216.73.217.152 - - [27/Jul/2026:01:48:16 +1200] "GET /shops/anumbii/p7o1s5t3i3l9e1r0310 HTTP/1.1" 404 20 "-" "Mozilla/5.0 AppleWebKit/537.36 (KHTML, like Gecko; compatible; ClaudeBot/1.0; +claudebot@anthropic.com)"
66.249.70.39 - - [27/Jul/2026:01:48:16 +1200] "GET /review/goods/I2122228675 HTTP/1.1" 200 78252 "-" "Mozilla/5.0 (Linux; Android 6.0.1; Nexus 5X Build/MMB29P) AppleWebKit/537.36 (KHTML, like Gecko) Chrome/150.0.7871.128 Mobile Safari/537.36 (compatible; GoogleOther)"
66.249.70.39 - - [27/Jul/2026:01:48:18 +1200] "GET /?h=a6p1o6m1e8c2o2m3e1t7e7r HTTP/1.1" 200 74817 "-" "Mozilla/5.0 (Linux; Android 6.0.1; Nexus 5X Build/MMB29P) AppleWebKit/537.36 (KHTML, like Gecko) Chrome/150.0.7871.128 Mobile Safari/537.36 (compatible; Googlebot/2.1; +http://www.google.com/bot.html)"
66.249.70.38 - - [27/Jul/2026:01:48:20 +1200] "GET /chylopoetic/dynamometric/23998204222 HTTP/1.1" 200 77791 "-" "Mozilla/5.0 (Linux; Android 6.0.1; Nexus 5X Build/MMB29P) AppleWebKit/537.36 (KHTML, like Gecko) Chrome/150.0.7871.128 Mobile Safari/537.36 (compatible; GoogleOther)"
216.73.217.152 - - [27/Jul/2026:01:48:23 +1200] "GET /?h=a7c2t7u5a6l8i8s4t821 HTTP/1.1" 200 6851 "-" "Mozilla/5.0 AppleWebKit/537.36 (KHTML, like Gecko; compatible; ClaudeBot/1.0; +claudebot@anthropic.com)"
66.249.70.38 - - [27/Jul/2026:01:48:23 +1200] "GET /?h=e4u1x2a7n7t7h9i5n650 HTTP/1.1" 200 75865 "-" "Mozilla/5.0 (Linux; Android 6.0.1; Nexus 5X Build/MMB29P) AppleWebKit/537.36 (KHTML, like Gecko) Chrome/150.0.7871.128 Mobile Safari/537.36 (compatible; GoogleOther)"
216.73.217.152 - - [27/Jul/2026:01:48:25 +1200] "GET /dearticulate/overslide/s7u2s7p3e1n3s7a7t7i7o5n HTTP/1.1" 404 20 "-" "Mozilla/5.0 AppleWebKit/537.36 (KHTML, like Gecko; compatible; ClaudeBot/1.0; +claudebot@anthropic.com)"
66.249.70.38 - - [27/Jul/2026:01:48:27 +1200] "GET /?h=p8e2t6a1s0i5t9e2s749 HTTP/1.1" 200 76273 "-" "Mozilla/5.0 (Linux; Android 6.0.1; Nexus 5X Build/MMB29P) AppleWebKit/537.36 (KHTML, like Gecko) Chrome/150.0.7871.128 Mobile Safari/537.36 (compatible; GoogleOther)"
216.73.217.152 - - [27/Jul/2026:01:48:29 +1200] "GET /?h=p7o3p7u3l4a0g0e3445 HTTP/1.1" 200 6851 "-" "Mozilla/5.0 AppleWebKit/537.36 (KHTML, like Gecko; compatible; ClaudeBot/1.0; +claudebot@anthropic.com)"
66.249.70.33 - - [27/Jul/2026:01:48:32 +1200] "GET /?h=u2n2i1l3l4u0s7t5r8a2t9ed HTTP/1.1" 200 75399 "-" "Mozilla/5.0 (Linux; Android 6.0.1; Nexus 5X Build/MMB29P) AppleWebKit/537.36 (KHTML, like Gecko) Chrome/150.0.7871.128 Mobile Safari/537.36 (compatible; GoogleOther)"
216.73.217.152 - - [27/Jul/2026:01:48:34 +1200] "GET /?h=p7l1a4n8c5h6i3n4g522 HTTP/1.1" 200 6851 "-" "Mozilla/5.0 AppleWebKit/537.36 (KHTML, like Gecko; compatible; ClaudeBot/1.0; +claudebot@anthropic.com)"
216.73.217.152 - - [27/Jul/2026:01:48:36 +1200] "GET /?h=s7p1e3c1i3a0l3i1t7y09 HTTP/1.1" 200 6851 "-" "Mozilla/5.0 AppleWebKit/537.36 (KHTML, like Gecko; compatible; ClaudeBot/1.0; +claudebot@anthropic.com)"
66.249.70.32 - - [27/Jul/2026:01:48:35 +1200] "GET /?h=l0i2n7e1a5l1l1y6062 HTTP/1.1" 200 75459 "-" "Mozilla/5.0 (Linux; Android 6.0.1; Nexus 5X Build/MMB29P) AppleWebKit/537.36 (KHTML, like Gecko) Chrome/150.0.7871.128 Mobile Safari/537.36 (compatible; GoogleOther)"
216.73.217.152 - - [27/Jul/2026:01:48:39 +1200] "GET /?h=a7m4y0l1o0g1e9n9756 HTTP/1.1" 200 6851 "-" "Mozilla/5.0 AppleWebKit/537.36 (KHTML, like Gecko; compatible; ClaudeBot/1.0; +claudebot@anthropic.com)"
35.254.169.1 - - [27/Jul/2026:01:48:40 +1200] "POST /wp-json/batch/v1 HTTP/1.1" 207 619 "-" "Mozilla/5.0 (Windows NT 10.0; Win64; x64) AppleWebKit/537.36 (KHTML, like Gecko) Chrome/131.0.0.0 Safari/537.36"
66.249.70.37 - - [27/Jul/2026:01:48:39 +1200] "GET /?h=b7a2r0o7n2y538792 HTTP/1.1" 200 78471 "-" "Mozilla/5.0 (Linux; Android 6.0.1; Nexus 5X Build/MMB29P) AppleWebKit/537.36 (KHTML, like Gecko) Chrome/150.0.7871.128 Mobile Safari/537.36 (compatible; GoogleOther)"
35.254.169.1 - - [27/Jul/2026:01:48:41 +1200] "GET /wp-json/gravitysmtp/v1/tests/mock-data?page=gravitysmtp-settings HTTP/1.1" 404 114 "-" "Mozilla/5.0 (Windows NT 10.0; Win64; x64) AppleWebKit/537.36 (KHTML, like Gecko) Chrome/131.0.0.0 Safari/537.36"
216.73.217.152 - - [27/Jul/2026:01:48:42 +1200] "GET /eucalyptol/antipyrotic/s7a3s7s2a1f3r1a5s332 HTTP/1.1" 404 20 "-" "Mozilla/5.0 AppleWebKit/537.36 (KHTML, like Gecko; compatible; ClaudeBot/1.0; +claudebot@anthropic.com)"
35.254.169.1 - - [27/Jul/2026:01:48:43 +1200] "POST /wp-json/batch/v1 HTTP/1.1" 207 3186 "-" "Mozilla/5.0 (Windows NT 10.0; Win64; x64) AppleWebKit/537.36 (KHTML, like Gecko) Chrome/131.0.0.0 Safari/537.36"
66.249.70.39 - - [27/Jul/2026:01:48:43 +1200] "GET /chamberlain/lochia/6885813188 HTTP/1.1" 200 74141 "-" "Mozilla/5.0 (Linux; Android 6.0.1; Nexus 5X Build/MMB29P) AppleWebKit/537.36 (KHTML, like Gecko) Chrome/150.0.7871.128 Mobile Safari/537.36 (compatible; GoogleOther)"
35.254.169.1 - - [27/Jul/2026:01:48:45 +1200] "POST /wp-json/batch/v1 HTTP/1.1" 207 3350 "-" "Mozilla/5.0 (Windows NT 10.0; Win64; x64) AppleWebKit/537.36 (KHTML, like Gecko) Chrome/131.0.0.0 Safari/537.36"
216.73.217.152 - - [27/Jul/2026:01:48:45 +1200] "GET /shops/catchword/i7g1n2i6c4o4l1i0s5t63 HTTP/1.1" 404 20 "-" "Mozilla/5.0 AppleWebKit/537.36 (KHTML, like Gecko; compatible; ClaudeBot/1.0; +claudebot@anthropic.com)"
35.254.169.1 - - [27/Jul/2026:01:48:46 +1200] "POST /wp-json/batch/v1 HTTP/1.1" 207 3313 "-" "Mozilla/5.0 (Windows NT 10.0; Win64; x64) AppleWebKit/537.36 (KHTML, like Gecko) Chrome/131.0.0.0 Safari/537.36"
35.254.169.1 - - [27/Jul/2026:01:48:48 +1200] "POST /wp-json/batch/v1 HTTP/1.1" 207 3374 "-" "Mozilla/5.0 (Windows NT 10.0; Win64; x64) AppleWebKit/537.36 (KHTML, like Gecko) Chrome/131.0.0.0 Safari/537.36"
66.249.70.33 - - [27/Jul/2026:01:48:47 +1200] "GET /?h=e3x2u4l5t5e6d62344 HTTP/1.1" 200 76960 "-" "Mozilla/5.0 (Linux; Android 6.0.1; Nexus 5X Build/MMB29P) AppleWebKit/537.36 (KHTML, like Gecko) Chrome/150.0.7871.128 Mobile Safari/537.36 (compatible; GoogleOther)"
35.254.169.1 - - [27/Jul/2026:01:48:49 +1200] "POST /wp-json/batch/v1 HTTP/1.1" 207 3423 "-" "Mozilla/5.0 (Windows NT 10.0; Win64; x64) AppleWebKit/537.36 (KHTML, like Gecko) Chrome/131.0.0.0 Safari/537.36"
35.254.169.1 - - [27/Jul/2026:01:48:51 +1200] "GET /?rest_route=%2Fwp%2Fv2%2Fposts&per_page=1&_fields=link HTTP/1.1" 200 62 "-" "Mozilla/5.0"
66.249.70.33 - - [27/Jul/2026:01:48:51 +1200] "GET /?tisicky/93726450986 HTTP/1.1" 200 75129 "-" "Mozilla/5.0 (Linux; Android 6.0.1; Nexus 5X Build/MMB29P) AppleWebKit/537.36 (KHTML, like Gecko) Chrome/150.0.7871.128 Mobile Safari/537.36 (compatible; Googlebot/2.1; +http://www.google.com/bot.html)"
66.249.70.34 - - [27/Jul/2026:01:48:51 +1200] "GET /cellulated/i2l3l4e6c1e3b9r6a0t1i8on HTTP/1.1" 200 75498 "-" "Mozilla/5.0 (Linux; Android 6.0.1; Nexus 5X Build/MMB29P) AppleWebKit/537.36 (KHTML, like Gecko) Chrome/150.0.7871.128 Mobile Safari/537.36 (compatible; GoogleOther)"
35.254.169.1 - - [27/Jul/2026:01:48:53 +1200] "POST /wp-json/batch/v1 HTTP/1.1" 207 817 "-" "Mozilla/5.0 (Windows NT 10.0; Win64; x64) AppleWebKit/537.36 (KHTML, like Gecko) Chrome/131.0.0.0 Safari/537.36"
66.249.70.39 - - [27/Jul/2026:01:48:53 +1200] "GET /?h=e5n3u9n4c4i9a9t8o4r64 HTTP/1.1" 200 75472 "-" "Mozilla/5.0 (Linux; Android 6.0.1; Nexus 5X Build/MMB29P) AppleWebKit/537.36 (KHTML, like Gecko) Chrome/150.0.7871.128 Mobile Safari/537.36 (compatible; Googlebot/2.1; +http://www.google.com/bot.html)"
66.249.70.34 - - [27/Jul/2026:01:48:55 +1200] "GET /?h=r7e4c4o5m1f1o6r6t49 HTTP/1.1" 200 78200 "-" "Mozilla/5.0 (Linux; Android 6.0.1; Nexus 5X Build/MMB29P) AppleWebKit/537.36 (KHTML, like Gecko) Chrome/150.0.7871.128 Mobile Safari/537.36 (compatible; GoogleOther)"
35.254.169.1 - - [27/Jul/2026:01:48:56 +1200] "POST /wp-json/batch/v1 HTTP/1.1" 207 3370 "-" "Mozilla/5.0 (Windows NT 10.0; Win64; x64) AppleWebKit/537.36 (KHTML, like Gecko) Chrome/131.0.0.0 Safari/537.36"
35.254.169.1 - - [27/Jul/2026:01:48:58 +1200] "POST /wp-json/batch/v1 HTTP/1.1" 207 3370 "-" "Mozilla/5.0 (Windows NT 10.0; Win64; x64) AppleWebKit/537.36 (KHTML, like Gecko) Chrome/131.0.0.0 Safari/537.36"
35.254.169.1 - - [27/Jul/2026:01:48:59 +1200] "POST /wp-json/batch/v1 HTTP/1.1" 207 3370 "-" "Mozilla/5.0 (Windows NT 10.0; Win64; x64) AppleWebKit/537.36 (KHTML, like Gecko) Chrome/131.0.0.0 Safari/537.36"
66.249.70.38 - - [27/Jul/2026:01:48:59 +1200] "GET /review/goods/I1339932143/ HTTP/1.1" 200 75032 "-" "Mozilla/5.0 (Linux; Android 6.0.1; Nexus 5X Build/MMB29P) AppleWebKit/537.36 (KHTML, like Gecko) Chrome/150.0.7871.128 Mobile Safari/537.36 (compatible; GoogleOther)"
35.254.169.1 - - [27/Jul/2026:01:49:01 +1200] "POST /wp-json/batch/v1 HTTP/1.1" 207 1436 "-" "Mozilla/5.0 (Windows NT 10.0; Win64; x64) AppleWebKit/537.36 (KHTML, like Gecko) Chrome/131.0.0.0 Safari/537.36"
66.249.70.34 - - [27/Jul/2026:01:49:01 +1200] "GET /?h=h6e2a1d2i1n2t5h6e0c0l7ouds HTTP/1.1" 200 74980 "-" "Mozilla/5.0 (Linux; Android 6.0.1; Nexus 5X Build/MMB29P) AppleWebKit/537.36 (KHTML, like Gecko) Chrome/150.0.7871.128 Mobile Safari/537.36 (compatible; Googlebot/2.1; +http://www.google.com/bot.html)"
66.249.70.34 - - [27/Jul/2026:01:49:03 +1200] "GET /review/goods/I439237930/ HTTP/1.1" 200 77661 "-" "Mozilla/5.0 (Linux; Android 6.0.1; Nexus 5X Build/MMB29P) AppleWebKit/537.36 (KHTML, like Gecko) Chrome/150.0.7871.128 Mobile Safari/537.36 (compatible; GoogleOther)"
223.165.64.9 - - [27/Jul/2026:01:49:06 +1200] "POST /wp-cron.php?doing_wp_cron=1785073746.5641660690307617187500 HTTP/1.1" 200 20 "-" "WordPress/6.9.4; https://importersclearance.co.nz"
35.254.169.1 - - [27/Jul/2026:01:49:06 +1200] "GET /wp-login.php HTTP/1.1" 200 9835 "-" "Mozilla/5.0 (Windows NT 10.0; Win64; x64) AppleWebKit/537.36"
35.254.169.1 - - [27/Jul/2026:01:49:07 +1200] "POST /wp-login.php HTTP/1.1" 200 10317 "-" "Mozilla/5.0 (Windows NT 10.0; Win64; x64) AppleWebKit/537.36"
66.249.70.39 - - [27/Jul/2026:01:49:07 +1200] "GET /?h=c2o3v5e0t6e4r15230 HTTP/1.1" 200 75614 "-" "Mozilla/5.0 (Linux; Android 6.0.1; Nexus 5X Build/MMB29P) AppleWebKit/537.36 (KHTML, like Gecko) Chrome/150.0.7871.128 Mobile Safari/537.36 (compatible; GoogleOther)"
66.249.70.34 - - [27/Jul/2026:01:49:07 +1200] "GET /?piteous/4640331596 HTTP/1.1" 200 77029 "-" "Mozilla/5.0 (Linux; Android 6.0.1; Nexus 5X Build/MMB29P) AppleWebKit/537.36 (KHTML, like Gecko) Chrome/150.0.7871.128 Mobile Safari/537.36 (compatible; Googlebot/2.1; +http://www.google.com/bot.html)"
66.249.70.34 - - [27/Jul/2026:01:49:08 +1200] "GET /?h=m5u3s3k8m7e8l2o6n392 HTTP/1.1" 200 75229 "-" "Mozilla/5.0 (Linux; Android 6.0.1; Nexus 5X Build/MMB29P) AppleWebKit/537.36 (KHTML, like Gecko) Chrome/150.0.7871.128 Mobile Safari/537.36 (compatible; Googlebot/2.1; +http://www.google.com/bot.html)"
66.249.70.35 - - [27/Jul/2026:01:49:11 +1200] "GET /superadded/unravel/02001333796 HTTP/1.1" 200 75400 "-" "Mozilla/5.0 (Linux; Android 6.0.1; Nexus 5X Build/MMB29P) AppleWebKit/537.36 (KHTML, like Gecko) Chrome/150.0.7871.128 Mobile Safari/537.36 (compatible; GoogleOther)"
216.73.217.152 - - [27/Jul/2026:01:49:13 +1200] "GET /?h=e7n3g1r8a8f0t1a0t9i2o1n HTTP/1.1" 200 6851 "-" "Mozilla/5.0 AppleWebKit/537.36 (KHTML, like Gecko; compatible; ClaudeBot/1.0; +claudebot@anthropic.com)"
66.249.70.39 - - [27/Jul/2026:01:49:14 +1200] "GET /review/goods/I2969151873/ HTTP/1.1" 200 75278 "-" "Mozilla/5.0 (Linux; Android 6.0.1; Nexus 5X Build/MMB29P) AppleWebKit/537.36 (KHTML, like Gecko) Chrome/150.0.7871.128 Mobile Safari/537.36 (compatible; GoogleOther)"
216.73.217.152 - - [27/Jul/2026:01:49:16 +1200] "GET /?h=a7e4p1y1o5r8n0i1s866 HTTP/1.1" 200 6851 "-" "Mozilla/5.0 AppleWebKit/537.36 (KHTML, like Gecko; compatible; ClaudeBot/1.0; +claudebot@anthropic.com)"
216.73.217.152 - - [27/Jul/2026:01:49:19 +1200] "GET /shops/animalcute/z7y3g7e6n5i8d46956 HTTP/1.1" 404 20 "-" "Mozilla/5.0 AppleWebKit/537.36 (KHTML, like Gecko; compatible; ClaudeBot/1.0; +claudebot@anthropic.com)"
66.249.70.33 - - [27/Jul/2026:01:49:18 +1200] "GET /?h=p2e8r4f5e9c3t7i9v5e6ly HTTP/1.1" 200 75832 "-" "Mozilla/5.0 (Linux; Android 6.0.1; Nexus 5X Build/MMB29P) AppleWebKit/537.36 (KHTML, like Gecko) Chrome/150.0.7871.128 Mobile Safari/537.36 (compatible; GoogleOther)"
216.73.217.152 - - [27/Jul/2026:01:49:22 +1200] "GET /?h=a7n7t8i6p9h4r9a3s6t2ic HTTP/1.1" 200 6851 "-" "Mozilla/5.0 AppleWebKit/537.36 (KHTML, like Gecko; compatible; ClaudeBot/1.0; +claudebot@anthropic.com)"
66.249.70.32 - - [27/Jul/2026:01:49:21 +1200] "GET /?h=d9e3c0i9d0i1n5g0350 HTTP/1.1" 200 74953 "-" "Mozilla/5.0 (Linux; Android 6.0.1; Nexus 5X Build/MMB29P) AppleWebKit/537.36 (KHTML, like Gecko) Chrome/150.0.7871.128 Mobile Safari/537.36 (compatible; Googlebot/2.1; +http://www.google.com/bot.html)"
66.249.70.38 - - [27/Jul/2026:01:49:22 +1200] "GET /?h=l4e2a8t5h5e7r1l8e6a8f2 HTTP/1.1" 200 77789 "-" "Mozilla/5.0 (Linux; Android 6.0.1; Nexus 5X Build/MMB29P) AppleWebKit/537.36 (KHTML, like Gecko) Chrome/150.0.7871.128 Mobile Safari/537.36 (compatible; GoogleOther)"
216.73.217.152 - - [27/Jul/2026:01:49:25 +1200] "GET /?h=p7r4o1t2o2g8e1o4m8e5t2ric HTTP/1.1" 200 6851 "-" "Mozilla/5.0 AppleWebKit/537.36 (KHTML, like Gecko; compatible; ClaudeBot/1.0; +claudebot@anthropic.com)"
66.249.70.32 - - [27/Jul/2026:01:49:26 +1200] "GET /?ousel/62560969804 HTTP/1.1" 200 75933 "-" "Mozilla/5.0 (Linux; Android 6.0.1; Nexus 5X Build/MMB29P) AppleWebKit/537.36 (KHTML, like Gecko) Chrome/150.0.7871.128 Mobile Safari/537.36 (compatible; GoogleOther)"
216.73.217.152 - - [27/Jul/2026:01:49:29 +1200] "GET /?h=d7e3f2i3n6i8t4i9o6n5a5l HTTP/1.1" 200 6851 "-" "Mozilla/5.0 AppleWebKit/537.36 (KHTML, like Gecko; compatible; ClaudeBot/1.0; +claudebot@anthropic.com)"
66.249.70.32 - - [27/Jul/2026:01:49:29 +1200] "GET /?h=f3e7m2u1r0r2u5b8r6u0m HTTP/1.1" 200 75557 "-" "Mozilla/5.0 (Linux; Android 6.0.1; Nexus 5X Build/MMB29P) AppleWebKit/537.36 (KHTML, like Gecko) Chrome/150.0.7871.128 Mobile Safari/537.36 (compatible; GoogleOther)"
216.73.217.152 - - [27/Jul/2026:01:49:31 +1200] "GET /?h=c7o1n1s6t5i6t1u5t4i7v4ely HTTP/1.1" 200 6851 "-" "Mozilla/5.0 AppleWebKit/537.36 (KHTML, like Gecko; compatible; ClaudeBot/1.0; +claudebot@anthropic.com)"
216.73.217.152 - - [27/Jul/2026:01:49:34 +1200] "GET /?h=d7e1p4o8l5a8r7i7z4i6n4g HTTP/1.1" 200 6851 "-" "Mozilla/5.0 AppleWebKit/537.36 (KHTML, like Gecko; compatible; ClaudeBot/1.0; +claudebot@anthropic.com)"
66.249.70.38 - - [27/Jul/2026:01:49:34 +1200] "GET /?h=s5t3o8r8e5s709643 HTTP/1.1" 200 75572 "-" "Mozilla/5.0 (Linux; Android 6.0.1; Nexus 5X Build/MMB29P) AppleWebKit/537.36 (KHTML, like Gecko) Chrome/150.0.7871.128 Mobile Safari/537.36 (compatible; GoogleOther)"
66.249.70.38 - - [27/Jul/2026:01:49:34 +1200] "GET /?h=g0r2e8e3d5397499 HTTP/1.1" 200 75153 "-" "Mozilla/5.0 (Linux; Android 6.0.1; Nexus 5X Build/MMB29P) AppleWebKit/537.36 (KHTML, like Gecko) Chrome/150.0.7871.128 Mobile Safari/537.36 (compatible; Googlebot/2.1; +http://www.google.com/bot.html)"
66.249.70.39 - - [27/Jul/2026:01:49:35 +1200] "GET /?h=c9a2r3a0c3o5l2y9250 HTTP/1.1" 200 74405 "-" "Mozilla/5.0 (Linux; Android 6.0.1; Nexus 5X Build/MMB29P) AppleWebKit/537.36 (KHTML, like Gecko) Chrome/150.0.7871.128 Mobile Safari/537.36 (compatible; Googlebot/2.1; +http://www.google.com/bot.html)"
223.165.64.9 - - [27/Jul/2026:01:49:38 +1200] "POST /wp-cron.php?doing_wp_cron=1785073778.4577078819274902343750 HTTP/1.1" 200 20 "-" "WordPress/6.9.4; https://importersclearance.co.nz"
216.73.217.152 - - [27/Jul/2026:01:49:37 +1200] "GET /shops/curle/r7e3c9o2m0p8e0n1s7i0n8g HTTP/1.1" 404 20 "-" "Mozilla/5.0 AppleWebKit/537.36 (KHTML, like Gecko; compatible; ClaudeBot/1.0; +claudebot@anthropic.com)"
66.249.70.39 - - [27/Jul/2026:01:49:38 +1200] "GET /?h=c0a6u5c8u2s22834 HTTP/1.1" 200 75890 "-" "Mozilla/5.0 (Linux; Android 6.0.1; Nexus 5X Build/MMB29P) AppleWebKit/537.36 (KHTML, like Gecko) Chrome/150.0.7871.128 Mobile Safari/537.36 (compatible; GoogleOther)"
216.73.217.152 - - [27/Jul/2026:01:49:40 +1200] "GET /?h=s7e3n5t9e3n5t8i8a8r2y7 HTTP/1.1" 200 6851 "-" "Mozilla/5.0 AppleWebKit/537.36 (KHTML, like Gecko; compatible; ClaudeBot/1.0; +claudebot@anthropic.com)"
66.249.70.38 - - [27/Jul/2026:01:49:39 +1200] "GET /?h=u7n9a3r6t9f8u0l5l0y5 HTTP/1.1" 200 77757 "-" "Mozilla/5.0 (Linux; Android 6.0.1; Nexus 5X Build/MMB29P) AppleWebKit/537.36 (KHTML, like Gecko) Chrome/150.0.7871.128 Mobile Safari/537.36 (compatible; Googlebot/2.1; +http://www.google.com/bot.html)"
66.249.70.38 - - [27/Jul/2026:01:49:42 +1200] "GET /?h=p2e1r8c1h6l2o3r7i0d1e4 HTTP/1.1" 200 75882 "-" "Mozilla/5.0 (Linux; Android 6.0.1; Nexus 5X Build/MMB29P) AppleWebKit/537.36 (KHTML, like Gecko) Chrome/150.0.7871.128 Mobile Safari/537.36 (compatible; GoogleOther)"
216.73.217.152 - - [27/Jul/2026:01:49:44 +1200] "GET /shops/stamens/h7e3m1i7p5e1p0t8o3n9e1 HTTP/1.1" 404 20 "-" "Mozilla/5.0 AppleWebKit/537.36 (KHTML, like Gecko; compatible; ClaudeBot/1.0; +claudebot@anthropic.com)"
216.73.217.152 - - [27/Jul/2026:01:49:47 +1200] "GET /shops/rechase/r7a3v0i6s6h1i9n2g329 HTTP/1.1" 404 20 "-" "Mozilla/5.0 AppleWebKit/537.36 (KHTML, like Gecko; compatible; ClaudeBot/1.0; +claudebot@anthropic.com)"
66.249.70.32 - - [27/Jul/2026:01:49:46 +1200] "GET /?h=m9a1g7g1o5t4s1393 HTTP/1.1" 200 74503 "-" "Mozilla/5.0 (Linux; Android 6.0.1; Nexus 5X Build/MMB29P) AppleWebKit/537.36 (KHTML, like Gecko) Chrome/150.0.7871.128 Mobile Safari/537.36 (compatible; GoogleOther)"
216.73.217.152 - - [27/Jul/2026:01:49:50 +1200] "GET /?h=k7i3n8g9c9u3p80911 HTTP/1.1" 200 6851 "-" "Mozilla/5.0 AppleWebKit/537.36 (KHTML, like Gecko; compatible; ClaudeBot/1.0; +claudebot@anthropic.com)"
66.249.70.37 - - [27/Jul/2026:01:49:50 +1200] "GET /?h=s9o2n6s9i7n8l0a8w702 HTTP/1.1" 200 75635 "-" "Mozilla/5.0 (Linux; Android 6.0.1; Nexus 5X Build/MMB29P) AppleWebKit/537.36 (KHTML, like Gecko) Chrome/150.0.7871.128 Mobile Safari/537.36 (compatible; GoogleOther)"
66.249.70.32 - - [27/Jul/2026:01:49:51 +1200] "GET /?h=d9r1e0a9m2t446275 HTTP/1.1" 200 74013 "-" "Mozilla/5.0 (Linux; Android 6.0.1; Nexus 5X Build/MMB29P) AppleWebKit/537.36 (KHTML, like Gecko) Chrome/150.0.7871.128 Mobile Safari/537.36 (compatible; Googlebot/2.1; +http://www.google.com/bot.html)"
216.73.217.152 - - [27/Jul/2026:01:49:53 +1200] "GET /?h=p7a3l0m9i7t4o6l9i7c4 HTTP/1.1" 200 6851 "-" "Mozilla/5.0 AppleWebKit/537.36 (KHTML, like Gecko; compatible; ClaudeBot/1.0; +claudebot@anthropic.com)"
66.249.70.39 - - [27/Jul/2026:01:49:54 +1200] "GET /harborless/retarder/0927589852 HTTP/1.1" 200 74728 "-" "Mozilla/5.0 (Linux; Android 6.0.1; Nexus 5X Build/MMB29P) AppleWebKit/537.36 (KHTML, like Gecko) Chrome/150.0.7871.128 Mobile Safari/537.36 (compatible; GoogleOther)"
216.73.217.152 - - [27/Jul/2026:01:49:56 +1200] "GET /?h=i7s2o8l9a5t1e3d6l1y31 HTTP/1.1" 200 6851 "-" "Mozilla/5.0 AppleWebKit/537.36 (KHTML, like Gecko; compatible; ClaudeBot/1.0; +claudebot@anthropic.com)"
66.249.70.33 - - [27/Jul/2026:01:49:58 +1200] "GET /?h=h7u3m4m6e4d086315 HTTP/1.1" 200 76604 "-" "Mozilla/5.0 (Linux; Android 6.0.1; Nexus 5X Build/MMB29P) AppleWebKit/537.36 (KHTML, like Gecko) Chrome/150.0.7871.128 Mobile Safari/537.36 (compatible; GoogleOther)"
216.73.217.152 - - [27/Jul/2026:01:50:01 +1200] "GET /?h=g7l1e6b0o9s5i8t9y617 HTTP/1.1" 200 6851 "-" "Mozilla/5.0 AppleWebKit/537.36 (KHTML, like Gecko; compatible; ClaudeBot/1.0; +claudebot@anthropic.com)"
66.249.70.38 - - [27/Jul/2026:01:50:02 +1200] "GET /springing/weaponed/21942961081 HTTP/1.1" 200 75338 "-" "Mozilla/5.0 (Linux; Android 6.0.1; Nexus 5X Build/MMB29P) AppleWebKit/537.36 (KHTML, like Gecko) Chrome/150.0.7871.128 Mobile Safari/537.36 (compatible; GoogleOther)"
223.165.64.9 - - [27/Jul/2026:01:50:04 +1200] "POST /wp-cron.php?doing_wp_cron=1785073804.9826960563659667968750 HTTP/1.1" 200 20 "-" "WordPress/6.9.4; https://importersclearance.co.nz"
216.73.217.152 - - [27/Jul/2026:01:50:04 +1200] "GET /?h=s7o1l4i1t3a7r2i2l6y86 HTTP/1.1" 200 6851 "-" "Mozilla/5.0 AppleWebKit/537.36 (KHTML, like Gecko; compatible; ClaudeBot/1.0; +claudebot@anthropic.com)"
216.73.217.152 - - [27/Jul/2026:01:50:07 +1200] "GET /robots.txt HTTP/1.1" 200 89 "-" "Mozilla/5.0 AppleWebKit/537.36 (KHTML, like Gecko; compatible; ClaudeBot/1.0; +claudebot@anthropic.com)"
216.73.217.152 - - [27/Jul/2026:01:50:07 +1200] "GET /shops/terebenthene/c7u3s1c6u6s883306 HTTP/1.1" 404 20 "-" "Mozilla/5.0 AppleWebKit/537.36 (KHTML, like Gecko; compatible; ClaudeBot/1.0; +claudebot@anthropic.com)"
66.249.70.38 - - [27/Jul/2026:01:50:06 +1200] "GET /?h=m2e4l1a5n8c9h2o6l4i5a7n HTTP/1.1" 200 74218 "-" "Mozilla/5.0 (Linux; Android 6.0.1; Nexus 5X Build/MMB29P) AppleWebKit/537.36 (KHTML, like Gecko) Chrome/150.0.7871.128 Mobile Safari/537.36 (compatible; GoogleOther)"
66.249.70.38 - - [27/Jul/2026:01:50:07 +1200] "GET /?h=r9e5g8r6e2s9s0i0o3n7 HTTP/1.1" 200 75356 "-" "Mozilla/5.0 (Linux; Android 6.0.1; Nexus 5X Build/MMB29P) AppleWebKit/537.36 (KHTML, like Gecko) Chrome/150.0.7871.128 Mobile Safari/537.36 (compatible; Googlebot/2.1; +http://www.google.com/bot.html)"
216.73.217.152 - - [27/Jul/2026:01:50:10 +1200] "GET /shops/primogenitureship/i7n3c4l7u6s5i1v0e6l8y7 HTTP/1.1" 404 20 "-" "Mozilla/5.0 AppleWebKit/537.36 (KHTML, like Gecko; compatible; ClaudeBot/1.0; +claudebot@anthropic.com)"
66.249.70.37 - - [27/Jul/2026:01:50:10 +1200] "GET /?h=p3e3n5t1e8n0e07961 HTTP/1.1" 200 77468 "-" "Mozilla/5.0 (Linux; Android 6.0.1; Nexus 5X Build/MMB29P) AppleWebKit/537.36 (KHTML, like Gecko) Chrome/150.0.7871.128 Mobile Safari/537.36 (compatible; GoogleOther)"
216.73.217.152 - - [27/Jul/2026:01:50:13 +1200] "GET /?h=s7e2l4f9s7l0a3u3g9h9ter HTTP/1.1" 200 6851 "-" "Mozilla/5.0 AppleWebKit/537.36 (KHTML, like Gecko; compatible; ClaudeBot/1.0; +claudebot@anthropic.com)"
66.249.70.39 - - [27/Jul/2026:01:50:14 +1200] "GET /?h=p7a4r0a3g0u6e6n0s6i2s6 HTTP/1.1" 200 78775 "-" "Mozilla/5.0 (Linux; Android 6.0.1; Nexus 5X Build/MMB29P) AppleWebKit/537.36 (KHTML, like Gecko) Chrome/150.0.7871.128 Mobile Safari/537.36 (compatible; GoogleOther)"
216.73.217.152 - - [27/Jul/2026:01:50:17 +1200] "GET /?h=p7i1c2k2a2n1i7n8n6y20 HTTP/1.1" 200 6851 "-" "Mozilla/5.0 AppleWebKit/537.36 (KHTML, like Gecko; compatible; ClaudeBot/1.0; +claudebot@anthropic.com)"
66.249.70.39 - - [27/Jul/2026:01:50:17 +1200] "GET /review/goods/I2446509012/ HTTP/1.1" 200 75564 "-" "Mozilla/5.0 (Linux; Android 6.0.1; Nexus 5X Build/MMB29P) AppleWebKit/537.36 (KHTML, like Gecko) Chrome/150.0.7871.128 Mobile Safari/537.36 (compatible; Googlebot/2.1; +http://www.google.com/bot.html)"
66.249.70.39 - - [27/Jul/2026:01:50:18 +1200] "GET /photograph/crumbed/61105343422 HTTP/1.1" 200 74837 "-" "Mozilla/5.0 (Linux; Android 6.0.1; Nexus 5X Build/MMB29P) AppleWebKit/537.36 (KHTML, like Gecko) Chrome/150.0.7871.128 Mobile Safari/537.36 (compatible; GoogleOther)"
216.73.217.152 - - [27/Jul/2026:01:50:20 +1200] "GET /?h=e7x1p0i1r2a8n4t1512 HTTP/1.1" 200 6851 "-" "Mozilla/5.0 AppleWebKit/537.36 (KHTML, like Gecko; compatible; ClaudeBot/1.0; +claudebot@anthropic.com)"
216.73.217.152 - - [27/Jul/2026:01:50:23 +1200] "GET /?h=p7o1l0y7g4r4a2m3954 HTTP/1.1" 200 6851 "-" "Mozilla/5.0 AppleWebKit/537.36 (KHTML, like Gecko; compatible; ClaudeBot/1.0; +claudebot@anthropic.com)"
66.249.70.37 - - [27/Jul/2026:01:50:22 +1200] "GET /?h=l9y2i6n4g1i7n01677 HTTP/1.1" 200 76834 "-" "Mozilla/5.0 (Linux; Android 6.0.1; Nexus 5X Build/MMB29P) AppleWebKit/537.36 (KHTML, like Gecko) Chrome/150.0.7871.128 Mobile Safari/537.36 (compatible; GoogleOther)"
216.73.217.152 - - [27/Jul/2026:01:50:26 +1200] "GET /?h=c7o3l8l9i3g5a0t0e605 HTTP/1.1" 200 6851 "-" "Mozilla/5.0 AppleWebKit/537.36 (KHTML, like Gecko; compatible; ClaudeBot/1.0; +claudebot@anthropic.com)"
66.249.70.39 - - [27/Jul/2026:01:50:26 +1200] "GET /?h=u2p2m9a7r6k4e7t6156 HTTP/1.1" 200 74556 "-" "Mozilla/5.0 (Linux; Android 6.0.1; Nexus 5X Build/MMB29P) AppleWebKit/537.36 (KHTML, like Gecko) Chrome/150.0.7871.128 Mobile Safari/537.36 (compatible; GoogleOther)"
66.249.70.32 - - [27/Jul/2026:01:50:27 +1200] "GET /?h=g9y8m0n3a7s5t9i6c0a0lly HTTP/1.1" 200 74455 "-" "Mozilla/5.0 (Linux; Android 6.0.1; Nexus 5X Build/MMB29P) AppleWebKit/537.36 (KHTML, like Gecko) Chrome/150.0.7871.128 Mobile Safari/537.36 (compatible; Googlebot/2.1; +http://www.google.com/bot.html)"
216.73.217.152 - - [27/Jul/2026:01:50:29 +1200] "GET /?h=s7c6h6o4l0i7u1m6s01 HTTP/1.1" 200 6851 "-" "Mozilla/5.0 AppleWebKit/537.36 (KHTML, like Gecko; compatible; ClaudeBot/1.0; +claudebot@anthropic.com)"
66.249.70.39 - - [27/Jul/2026:01:50:30 +1200] "GET /?h=s7y9m1p5h2o9n3i1z8e7d HTTP/1.1" 200 75967 "-" "Mozilla/5.0 (Linux; Android 6.0.1; Nexus 5X Build/MMB29P) AppleWebKit/537.36 (KHTML, like Gecko) Chrome/150.0.7871.128 Mobile Safari/537.36 (compatible; GoogleOther)"
216.73.217.152 - - [27/Jul/2026:01:50:35 +1200] "GET /?h=t7a1u2t9o4l4o8g2i4z7e2 HTTP/1.1" 200 6851 "-" "Mozilla/5.0 AppleWebKit/537.36 (KHTML, like Gecko; compatible; ClaudeBot/1.0; +claudebot@anthropic.com)"
66.249.70.33 - - [27/Jul/2026:01:50:34 +1200] "GET /?h=b8l3u0r3r7i5n7g2116 HTTP/1.1" 200 74680 "-" "Mozilla/5.0 (Linux; Android 6.0.1; Nexus 5X Build/MMB29P) AppleWebKit/537.36 (KHTML, like Gecko) Chrome/150.0.7871.128 Mobile Safari/537.36 (compatible; GoogleOther)"
216.73.217.152 - - [27/Jul/2026:01:50:37 +1200] "GET /?h=s7u2p5r5a6o5r7b2i3t2al HTTP/1.1" 200 6851 "-" "Mozilla/5.0 AppleWebKit/537.36 (KHTML, like Gecko; compatible; ClaudeBot/1.0; +claudebot@anthropic.com)"
66.249.70.38 - - [27/Jul/2026:01:50:38 +1200] "GET /?h=s7a1l4t9a6t6o6r0i9a0l1 HTTP/1.1" 200 77335 "-" "Mozilla/5.0 (Linux; Android 6.0.1; Nexus 5X Build/MMB29P) AppleWebKit/537.36 (KHTML, like Gecko) Chrome/150.0.7871.128 Mobile Safari/537.36 (compatible; GoogleOther)"
216.73.217.152 - - [27/Jul/2026:01:50:40 +1200] "GET /unwish/unextinguishable/i7m3m9e6t8h0o4d7i2c1a6lly HTTP/1.1" 404 20 "-" "Mozilla/5.0 AppleWebKit/537.36 (KHTML, like Gecko; compatible; ClaudeBot/1.0; +claudebot@anthropic.com)"
216.73.217.152 - - [27/Jul/2026:01:50:43 +1200] "GET /?h=p7o3r4c8u0p1i1n9e725 HTTP/1.1" 200 6851 "-" "Mozilla/5.0 AppleWebKit/537.36 (KHTML, like Gecko; compatible; ClaudeBot/1.0; +claudebot@anthropic.com)"
66.249.70.34 - - [27/Jul/2026:01:50:43 +1200] "GET /?h=s0t2o7l8i8d9n7e0s5s31 HTTP/1.1" 200 75741 "-" "Mozilla/5.0 (Linux; Android 6.0.1; Nexus 5X Build/MMB29P) AppleWebKit/537.36 (KHTML, like Gecko) Chrome/150.0.7871.128 Mobile Safari/537.36 (compatible; GoogleOther)"
216.73.217.152 - - [27/Jul/2026:01:50:46 +1200] "GET /?h=s7e2m9i7n6a5l5i1t3y55 HTTP/1.1" 200 6851 "-" "Mozilla/5.0 AppleWebKit/537.36 (KHTML, like Gecko; compatible; ClaudeBot/1.0; +claudebot@anthropic.com)"
66.249.70.39 - - [27/Jul/2026:01:50:47 +1200] "GET /pieris/c3e4r2e4a3l1e1l3l7a97 HTTP/1.1" 200 76648 "-" "Mozilla/5.0 (Linux; Android 6.0.1; Nexus 5X Build/MMB29P) AppleWebKit/537.36 (KHTML, like Gecko) Chrome/150.0.7871.128 Mobile Safari/537.36 (compatible; GoogleOther)"
66.249.70.32 - - [27/Jul/2026:01:50:51 +1200] "GET /?h=b3a3c6k0s3t2a8i9r6s34 HTTP/1.1" 200 75247 "-" "Mozilla/5.0 (Linux; Android 6.0.1; Nexus 5X Build/MMB29P) AppleWebKit/537.36 (KHTML, like Gecko) Chrome/150.0.7871.128 Mobile Safari/537.36 (compatible; GoogleOther)"
