161.118.238.173 - - [27/Jul/2026:00:48:02 +1200] "GET /wp-admin/plugins.php HTTP/1.1" 503 7310 "https://importersclearance.co.nz/wp-login.php" "Mozilla/5.0 (Macintosh; Intel Mac OS X 10_15_7) AppleWebKit/605.1.15 (KHTML, like Gecko) Version/16.6 Safari/605.1.15"
161.118.238.173 - - [27/Jul/2026:00:48:03 +1200] "POST /wp-login.php HTTP/1.1" 503 7123 "https://importersclearance.co.nz/wp-login.php" "Mozilla/5.0 (Macintosh; Intel Mac OS X 13_6_1; rv:120.0) Gecko/20100101 Firefox/120.0"
161.118.238.173 - - [27/Jul/2026:00:48:04 +1200] "GET /wp-admin/index.php HTTP/1.1" 503 7311 "https://importersclearance.co.nz/wp-login.php" "Mozilla/5.0 (Macintosh; Intel Mac OS X 13_6_1; rv:121.0) Gecko/20100101 Firefox/121.0"
161.118.238.173 - - [27/Jul/2026:00:48:04 +1200] "GET /wp-admin/profile.php HTTP/1.1" 503 7310 "https://importersclearance.co.nz/wp-login.php" "Mozilla/5.0 (Macintosh; Intel Mac OS X 13_6_1; rv:121.0) Gecko/20100101 Firefox/121.0"
66.249.70.39 - - [27/Jul/2026:00:48:03 +1200] "GET /?h=c6e2r1u8l9i0f8i8c575 HTTP/1.1" 200 76414 "-" "Mozilla/5.0 (Linux; Android 6.0.1; Nexus 5X Build/MMB29P) AppleWebKit/537.36 (KHTML, like Gecko) Chrome/150.0.7871.128 Mobile Safari/537.36 (compatible; GoogleOther)"
66.249.70.32 - - [27/Jul/2026:00:48:04 +1200] "GET /?h=f2a7s0c7i7a9t2e192 HTTP/1.1" 200 75268 "-" "Mozilla/5.0 (Linux; Android 6.0.1; Nexus 5X Build/MMB29P) AppleWebKit/537.36 (KHTML, like Gecko) Chrome/150.0.7871.128 Mobile Safari/537.36 (compatible; Googlebot/2.1; +http://www.google.com/bot.html)"
223.165.64.9 - - [27/Jul/2026:00:48:06 +1200] "POST /wp-cron.php?doing_wp_cron=1785070086.7890338897705078125000 HTTP/1.1" 200 20 "-" "WordPress/6.9.4; https://importersclearance.co.nz"
223.165.64.9 - - [27/Jul/2026:00:48:06 +1200] "POST /?wordfence_syncAttackData=1785070086.0201 HTTP/1.1" 200 20 "-" "WordPress/6.9.4; https://importersclearance.co.nz"
161.118.238.173 - - [27/Jul/2026:00:48:05 +1200] "GET /wp-admin/edit.php HTTP/1.1" 503 7310 "https://importersclearance.co.nz/wp-login.php" "Mozilla/5.0 (Macintosh; Intel Mac OS X 13_6_1; rv:121.0) Gecko/20100101 Firefox/121.0"
161.118.238.173 - - [27/Jul/2026:00:48:07 +1200] "GET /wp-admin/plugins.php HTTP/1.1" 503 7310 "https://importersclearance.co.nz/wp-login.php" "Mozilla/5.0 (Macintosh; Intel Mac OS X 13_6_1; rv:121.0) Gecko/20100101 Firefox/121.0"
161.118.238.173 - - [27/Jul/2026:00:48:08 +1200] "POST /wp-login.php HTTP/1.1" 503 7123 "https://importersclearance.co.nz/wp-login.php" "Mozilla/5.0 (X11; Linux x86_64) AppleWebKit/537.36 (KHTML, like Gecko) Chrome/119.0.0.0 Safari/537.36"
161.118.238.173 - - [27/Jul/2026:00:48:08 +1200] "GET /wp-admin/index.php HTTP/1.1" 503 7310 "https://importersclearance.co.nz/wp-login.php" "Mozilla/5.0 (Macintosh; Intel Mac OS X 10_15_7) AppleWebKit/537.36 (KHTML, like Gecko) Chrome/120.0.0.0 Safari/537.36"
161.118.238.173 - - [27/Jul/2026:00:48:09 +1200] "GET /wp-admin/profile.php HTTP/1.1" 503 7310 "https://importersclearance.co.nz/wp-login.php" "Mozilla/5.0 (Macintosh; Intel Mac OS X 10_15_7) AppleWebKit/537.36 (KHTML, like Gecko) Chrome/120.0.0.0 Safari/537.36"
66.249.70.33 - - [27/Jul/2026:00:48:07 +1200] "GET /?h=h7a1r8m6f0u2l6l5y734 HTTP/1.1" 200 74874 "-" "Mozilla/5.0 (Linux; Android 6.0.1; Nexus 5X Build/MMB29P) AppleWebKit/537.36 (KHTML, like Gecko) Chrome/150.0.7871.128 Mobile Safari/537.36 (compatible; GoogleOther)"
161.118.238.173 - - [27/Jul/2026:00:48:09 +1200] "GET /wp-admin/edit.php HTTP/1.1" 503 7310 "https://importersclearance.co.nz/wp-login.php" "Mozilla/5.0 (Macintosh; Intel Mac OS X 10_15_7) AppleWebKit/537.36 (KHTML, like Gecko) Chrome/120.0.0.0 Safari/537.36"
161.118.238.173 - - [27/Jul/2026:00:48:10 +1200] "GET /wp-admin/plugins.php HTTP/1.1" 503 7310 "https://importersclearance.co.nz/wp-login.php" "Mozilla/5.0 (Macintosh; Intel Mac OS X 10_15_7) AppleWebKit/537.36 (KHTML, like Gecko) Chrome/120.0.0.0 Safari/537.36"
161.118.238.173 - - [27/Jul/2026:00:48:11 +1200] "POST /wp-login.php HTTP/1.1" 503 7123 "https://importersclearance.co.nz/wp-login.php" "Mozilla/5.0 (X11; Linux x86_64) AppleWebKit/537.36 (KHTML, like Gecko) Chrome/119.0.0.0 Safari/537.36"
161.118.238.173 - - [27/Jul/2026:00:48:11 +1200] "GET /wp-admin/index.php HTTP/1.1" 503 7310 "https://importersclearance.co.nz/wp-login.php" "Mozilla/5.0 (Macintosh; Intel Mac OS X 13_6_1) AppleWebKit/537.36 (KHTML, like Gecko) Chrome/119.0.0.0 Safari/537.36"
66.249.70.39 - - [27/Jul/2026:00:48:10 +1200] "GET /?h=m0y3r4m5e6c3o5p6h4a8ga HTTP/1.1" 200 75380 "-" "Mozilla/5.0 (Linux; Android 6.0.1; Nexus 5X Build/MMB29P) AppleWebKit/537.36 (KHTML, like Gecko) Chrome/150.0.7871.128 Mobile Safari/537.36 (compatible; Googlebot/2.1; +http://www.google.com/bot.html)"
66.249.70.33 - - [27/Jul/2026:00:48:11 +1200] "GET /?h=w0e4e2k1l9i1e5s3639 HTTP/1.1" 200 76856 "-" "Mozilla/5.0 (Linux; Android 6.0.1; Nexus 5X Build/MMB29P) AppleWebKit/537.36 (KHTML, like Gecko) Chrome/150.0.7871.128 Mobile Safari/537.36 (compatible; GoogleOther)"
161.118.238.173 - - [27/Jul/2026:00:48:12 +1200] "GET /wp-admin/profile.php HTTP/1.1" 503 7310 "https://importersclearance.co.nz/wp-login.php" "Mozilla/5.0 (Macintosh; Intel Mac OS X 13_6_1) AppleWebKit/537.36 (KHTML, like Gecko) Chrome/119.0.0.0 Safari/537.36"
161.118.238.173 - - [27/Jul/2026:00:48:13 +1200] "GET /wp-admin/edit.php HTTP/1.1" 503 7310 "https://importersclearance.co.nz/wp-login.php" "Mozilla/5.0 (Macintosh; Intel Mac OS X 13_6_1) AppleWebKit/537.36 (KHTML, like Gecko) Chrome/119.0.0.0 Safari/537.36"
161.118.238.173 - - [27/Jul/2026:00:48:14 +1200] "GET /wp-admin/plugins.php HTTP/1.1" 503 7311 "https://importersclearance.co.nz/wp-login.php" "Mozilla/5.0 (Macintosh; Intel Mac OS X 13_6_1) AppleWebKit/537.36 (KHTML, like Gecko) Chrome/119.0.0.0 Safari/537.36"
161.118.238.173 - - [27/Jul/2026:00:48:15 +1200] "POST /wp-login.php HTTP/1.1" 503 7124 "https://importersclearance.co.nz/wp-login.php" "Mozilla/5.0 (Windows NT 11.0; Win64; x64) AppleWebKit/537.36 (KHTML, like Gecko) Chrome/121.0.0.0 Safari/537.36"
223.165.64.9 - - [27/Jul/2026:00:48:16 +1200] "POST /?wordfence_syncAttackData=1785070096.21 HTTP/1.1" 200 20 "-" "WordPress/6.9.4; https://importersclearance.co.nz"
161.118.238.173 - - [27/Jul/2026:00:48:15 +1200] "GET /wp-admin/index.php HTTP/1.1" 503 7310 "https://importersclearance.co.nz/wp-login.php" "Mozilla/5.0 (Macintosh; Intel Mac OS X 13_6_1; rv:119.0) Gecko/20100101 Firefox/119.0"
66.249.70.38 - - [27/Jul/2026:00:48:15 +1200] "GET /?h=b1r3e7s0t7343532 HTTP/1.1" 200 75707 "-" "Mozilla/5.0 (Linux; Android 6.0.1; Nexus 5X Build/MMB29P) AppleWebKit/537.36 (KHTML, like Gecko) Chrome/150.0.7871.128 Mobile Safari/537.36 (compatible; GoogleOther)"
161.118.238.173 - - [27/Jul/2026:00:48:17 +1200] "GET /wp-admin/profile.php HTTP/1.1" 503 7310 "https://importersclearance.co.nz/wp-login.php" "Mozilla/5.0 (Macintosh; Intel Mac OS X 13_6_1; rv:119.0) Gecko/20100101 Firefox/119.0"
161.118.238.173 - - [27/Jul/2026:00:48:18 +1200] "GET /wp-admin/edit.php HTTP/1.1" 503 7310 "https://importersclearance.co.nz/wp-login.php" "Mozilla/5.0 (Macintosh; Intel Mac OS X 13_6_1; rv:119.0) Gecko/20100101 Firefox/119.0"
161.118.238.173 - - [27/Jul/2026:00:48:18 +1200] "GET /wp-admin/plugins.php HTTP/1.1" 503 7310 "https://importersclearance.co.nz/wp-login.php" "Mozilla/5.0 (Macintosh; Intel Mac OS X 13_6_1; rv:119.0) Gecko/20100101 Firefox/119.0"
161.118.238.173 - - [27/Jul/2026:00:48:19 +1200] "POST /wp-login.php HTTP/1.1" 503 7123 "https://importersclearance.co.nz/wp-login.php" "Mozilla/5.0 (Macintosh; Intel Mac OS X 13_6_1; rv:121.0) Gecko/20100101 Firefox/121.0"
161.118.238.173 - - [27/Jul/2026:00:48:20 +1200] "GET /wp-admin/index.php HTTP/1.1" 503 7310 "https://importersclearance.co.nz/wp-login.php" "Mozilla/5.0 (Macintosh; Intel Mac OS X 13_6_1) AppleWebKit/537.36 (KHTML, like Gecko) Chrome/121.0.0.0 Safari/537.36"
66.249.70.32 - - [27/Jul/2026:00:48:19 +1200] "GET /presensation/u9p2b4r3e1a1k59306 HTTP/1.1" 200 76330 "-" "Mozilla/5.0 (Linux; Android 6.0.1; Nexus 5X Build/MMB29P) AppleWebKit/537.36 (KHTML, like Gecko) Chrome/150.0.7871.128 Mobile Safari/537.36 (compatible; GoogleOther)"
161.118.238.173 - - [27/Jul/2026:00:48:21 +1200] "GET /wp-admin/profile.php HTTP/1.1" 503 7311 "https://importersclearance.co.nz/wp-login.php" "Mozilla/5.0 (Macintosh; Intel Mac OS X 13_6_1) AppleWebKit/537.36 (KHTML, like Gecko) Chrome/121.0.0.0 Safari/537.36"
161.118.238.173 - - [27/Jul/2026:00:48:22 +1200] "GET /wp-admin/edit.php HTTP/1.1" 503 7310 "https://importersclearance.co.nz/wp-login.php" "Mozilla/5.0 (Macintosh; Intel Mac OS X 13_6_1) AppleWebKit/537.36 (KHTML, like Gecko) Chrome/121.0.0.0 Safari/537.36"
161.118.238.173 - - [27/Jul/2026:00:48:23 +1200] "GET /wp-admin/plugins.php HTTP/1.1" 503 7310 "https://importersclearance.co.nz/wp-login.php" "Mozilla/5.0 (Macintosh; Intel Mac OS X 13_6_1) AppleWebKit/537.36 (KHTML, like Gecko) Chrome/121.0.0.0 Safari/537.36"
161.118.238.173 - - [27/Jul/2026:00:48:23 +1200] "POST /wp-login.php HTTP/1.1" 503 7123 "https://importersclearance.co.nz/wp-login.php" "Mozilla/5.0 (Macintosh; Intel Mac OS X 10_15_7) AppleWebKit/537.36 (KHTML, like Gecko) Chrome/121.0.0.0 Safari/537.36"
161.118.238.173 - - [27/Jul/2026:00:48:24 +1200] "GET /wp-admin/index.php HTTP/1.1" 503 7309 "https://importersclearance.co.nz/wp-login.php" "Mozilla/5.0 (Windows NT 11.0; Win64; x64; rv:120.0) Gecko/20100101 Firefox/120.0"
66.249.70.32 - - [27/Jul/2026:00:48:22 +1200] "GET /?h=i3o1d3i0c3162460 HTTP/1.1" 200 76738 "-" "Mozilla/5.0 (Linux; Android 6.0.1; Nexus 5X Build/MMB29P) AppleWebKit/537.36 (KHTML, like Gecko) Chrome/150.0.7871.128 Mobile Safari/537.36 (compatible; GoogleOther)"
66.249.70.38 - - [27/Jul/2026:00:48:22 +1200] "GET /?h=b0a4p1t3i5z4a9t5i2o8n2 HTTP/1.1" 200 75876 "-" "Mozilla/5.0 (Linux; Android 6.0.1; Nexus 5X Build/MMB29P) AppleWebKit/537.36 (KHTML, like Gecko) Chrome/150.0.7871.128 Mobile Safari/537.36 (compatible; Googlebot/2.1; +http://www.google.com/bot.html)"
223.165.64.9 - - [27/Jul/2026:00:48:26 +1200] "POST /wp-cron.php?doing_wp_cron=1785070106.3074920177459716796875 HTTP/1.1" 200 20 "-" "WordPress/6.9.4; https://importersclearance.co.nz"
223.165.64.9 - - [27/Jul/2026:00:48:25 +1200] "POST /?wordfence_syncAttackData=1785070105.5151 HTTP/1.1" 200 20 "-" "WordPress/6.9.4; https://importersclearance.co.nz"
161.118.238.173 - - [27/Jul/2026:00:48:25 +1200] "GET /wp-admin/profile.php HTTP/1.1" 503 7310 "https://importersclearance.co.nz/wp-login.php" "Mozilla/5.0 (Windows NT 11.0; Win64; x64; rv:120.0) Gecko/20100101 Firefox/120.0"
161.118.238.173 - - [27/Jul/2026:00:48:26 +1200] "GET /wp-admin/edit.php HTTP/1.1" 503 7310 "https://importersclearance.co.nz/wp-login.php" "Mozilla/5.0 (Windows NT 11.0; Win64; x64; rv:120.0) Gecko/20100101 Firefox/120.0"
161.118.238.173 - - [27/Jul/2026:00:48:27 +1200] "GET /wp-admin/plugins.php HTTP/1.1" 503 7310 "https://importersclearance.co.nz/wp-login.php" "Mozilla/5.0 (Windows NT 11.0; Win64; x64; rv:120.0) Gecko/20100101 Firefox/120.0"
161.118.238.173 - - [27/Jul/2026:00:48:28 +1200] "POST /wp-login.php HTTP/1.1" 503 7123 "https://importersclearance.co.nz/wp-login.php" "Mozilla/5.0 (Macintosh; Intel Mac OS X 10_15_7) AppleWebKit/537.36 (KHTML, like Gecko) Chrome/118.0.0.0 Safari/537.36"
66.249.70.33 - - [27/Jul/2026:00:48:27 +1200] "GET /doublebarreled/cigarette/316244309 HTTP/1.1" 200 74724 "-" "Mozilla/5.0 (Linux; Android 6.0.1; Nexus 5X Build/MMB29P) AppleWebKit/537.36 (KHTML, like Gecko) Chrome/150.0.7871.128 Mobile Safari/537.36 (compatible; GoogleOther)"
161.118.238.173 - - [27/Jul/2026:00:48:28 +1200] "GET /wp-admin/index.php HTTP/1.1" 503 7310 "https://importersclearance.co.nz/wp-login.php" "Mozilla/5.0 (Windows NT 11.0; Win64; x64; rv:120.0) Gecko/20100101 Firefox/120.0"
161.118.238.173 - - [27/Jul/2026:00:48:29 +1200] "GET /wp-admin/profile.php HTTP/1.1" 503 7310 "https://importersclearance.co.nz/wp-login.php" "Mozilla/5.0 (Windows NT 11.0; Win64; x64; rv:120.0) Gecko/20100101 Firefox/120.0"
161.118.238.173 - - [27/Jul/2026:00:48:30 +1200] "GET /wp-admin/edit.php HTTP/1.1" 503 7310 "https://importersclearance.co.nz/wp-login.php" "Mozilla/5.0 (Windows NT 11.0; Win64; x64; rv:120.0) Gecko/20100101 Firefox/120.0"
161.118.238.173 - - [27/Jul/2026:00:48:31 +1200] "GET /wp-admin/plugins.php HTTP/1.1" 503 7311 "https://importersclearance.co.nz/wp-login.php" "Mozilla/5.0 (Windows NT 11.0; Win64; x64; rv:120.0) Gecko/20100101 Firefox/120.0"
161.118.238.173 - - [27/Jul/2026:00:48:31 +1200] "POST /wp-login.php HTTP/1.1" 503 7123 "https://importersclearance.co.nz/wp-login.php" "Mozilla/5.0 (X11; Linux x86_64) AppleWebKit/537.36 (KHTML, like Gecko) Chrome/119.0.0.0 Safari/537.36"
66.249.70.33 - - [27/Jul/2026:00:48:30 +1200] "GET /tubuliform/direr/m8i1s5i1m8a3g1i3n8a5t9ion HTTP/1.1" 200 76359 "-" "Mozilla/5.0 (Linux; Android 6.0.1; Nexus 5X Build/MMB29P) AppleWebKit/537.36 (KHTML, like Gecko) Chrome/150.0.7871.128 Mobile Safari/537.36 (compatible; GoogleOther)"
161.118.238.173 - - [27/Jul/2026:00:48:32 +1200] "GET /wp-admin/index.php HTTP/1.1" 503 7310 "https://importersclearance.co.nz/wp-login.php" "Mozilla/5.0 (Macintosh; Intel Mac OS X 10_15_7; rv:121.0) Gecko/20100101 Firefox/121.0"
161.118.238.173 - - [27/Jul/2026:00:48:33 +1200] "GET /wp-admin/profile.php HTTP/1.1" 503 7311 "https://importersclearance.co.nz/wp-login.php" "Mozilla/5.0 (Macintosh; Intel Mac OS X 10_15_7; rv:121.0) Gecko/20100101 Firefox/121.0"
161.118.238.173 - - [27/Jul/2026:00:48:34 +1200] "GET /wp-admin/edit.php HTTP/1.1" 503 7309 "https://importersclearance.co.nz/wp-login.php" "Mozilla/5.0 (Macintosh; Intel Mac OS X 10_15_7; rv:121.0) Gecko/20100101 Firefox/121.0"
223.165.64.9 - - [27/Jul/2026:00:48:35 +1200] "POST /?wordfence_syncAttackData=1785070115.4487 HTTP/1.1" 200 20 "-" "WordPress/6.9.4; https://importersclearance.co.nz"
161.118.238.173 - - [27/Jul/2026:00:48:35 +1200] "GET /wp-admin/plugins.php HTTP/1.1" 503 7310 "https://importersclearance.co.nz/wp-login.php" "Mozilla/5.0 (Macintosh; Intel Mac OS X 10_15_7; rv:121.0) Gecko/20100101 Firefox/121.0"
66.249.70.39 - - [27/Jul/2026:00:48:34 +1200] "GET /?h=f5o3r7e1s2t1a2l0l686 HTTP/1.1" 200 75609 "-" "Mozilla/5.0 (Linux; Android 6.0.1; Nexus 5X Build/MMB29P) AppleWebKit/537.36 (KHTML, like Gecko) Chrome/150.0.7871.128 Mobile Safari/537.36 (compatible; GoogleOther)"
161.118.238.173 - - [27/Jul/2026:00:48:36 +1200] "POST /wp-login.php HTTP/1.1" 503 7123 "https://importersclearance.co.nz/wp-login.php" "Mozilla/5.0 (X11; Linux x86_64) AppleWebKit/537.36 (KHTML, like Gecko) Chrome/118.0.0.0 Safari/537.36"
66.249.70.33 - - [27/Jul/2026:00:48:35 +1200] "GET /?h=a0m9o5r8p4h1o3p0h6a2llus HTTP/1.1" 200 75959 "-" "Mozilla/5.0 (Linux; Android 6.0.1; Nexus 5X Build/MMB29P) AppleWebKit/537.36 (KHTML, like Gecko) Chrome/150.0.7871.128 Mobile Safari/537.36 (compatible; Googlebot/2.1; +http://www.google.com/bot.html)"
161.118.238.173 - - [27/Jul/2026:00:48:37 +1200] "GET /wp-admin/index.php HTTP/1.1" 503 7310 "https://importersclearance.co.nz/wp-login.php" "Mozilla/5.0 (Macintosh; Intel Mac OS X 10_15_7) AppleWebKit/537.36 (KHTML, like Gecko) Chrome/118.0.0.0 Safari/537.36"
161.118.238.173 - - [27/Jul/2026:00:48:38 +1200] "GET /wp-admin/profile.php HTTP/1.1" 503 7311 "https://importersclearance.co.nz/wp-login.php" "Mozilla/5.0 (Macintosh; Intel Mac OS X 10_15_7) AppleWebKit/537.36 (KHTML, like Gecko) Chrome/118.0.0.0 Safari/537.36"
161.118.238.173 - - [27/Jul/2026:00:48:39 +1200] "GET /wp-admin/edit.php HTTP/1.1" 503 7310 "https://importersclearance.co.nz/wp-login.php" "Mozilla/5.0 (Macintosh; Intel Mac OS X 10_15_7) AppleWebKit/537.36 (KHTML, like Gecko) Chrome/118.0.0.0 Safari/537.36"
161.118.238.173 - - [27/Jul/2026:00:48:39 +1200] "GET /wp-admin/plugins.php HTTP/1.1" 503 7309 "https://importersclearance.co.nz/wp-login.php" "Mozilla/5.0 (Macintosh; Intel Mac OS X 10_15_7) AppleWebKit/537.36 (KHTML, like Gecko) Chrome/118.0.0.0 Safari/537.36"
66.249.70.34 - - [27/Jul/2026:00:48:38 +1200] "GET /ophidium/characid/2126867585 HTTP/1.1" 200 75410 "-" "Mozilla/5.0 (Linux; Android 6.0.1; Nexus 5X Build/MMB29P) AppleWebKit/537.36 (KHTML, like Gecko) Chrome/150.0.7871.128 Mobile Safari/537.36 (compatible; GoogleOther)"
161.118.238.173 - - [27/Jul/2026:00:48:40 +1200] "POST /wp-login.php HTTP/1.1" 503 7123 "https://importersclearance.co.nz/wp-login.php" "Mozilla/5.0 (Windows NT 10.0; Win64; x64; rv:120.0) Gecko/20100101 Firefox/120.0"
161.118.238.173 - - [27/Jul/2026:00:48:40 +1200] "GET /wp-admin/index.php HTTP/1.1" 503 7309 "https://importersclearance.co.nz/wp-login.php" "Mozilla/5.0 (Windows NT 11.0; Win64; x64) AppleWebKit/537.36 (KHTML, like Gecko) Chrome/121.0.0.0 Safari/537.36"
161.118.238.173 - - [27/Jul/2026:00:48:41 +1200] "GET /wp-admin/profile.php HTTP/1.1" 503 7309 "https://importersclearance.co.nz/wp-login.php" "Mozilla/5.0 (Windows NT 11.0; Win64; x64) AppleWebKit/537.36 (KHTML, like Gecko) Chrome/121.0.0.0 Safari/537.36"
161.118.238.173 - - [27/Jul/2026:00:48:42 +1200] "GET /wp-admin/edit.php HTTP/1.1" 503 7309 "https://importersclearance.co.nz/wp-login.php" "Mozilla/5.0 (Windows NT 11.0; Win64; x64) AppleWebKit/537.36 (KHTML, like Gecko) Chrome/121.0.0.0 Safari/537.36"
161.118.238.173 - - [27/Jul/2026:00:48:43 +1200] "GET /wp-admin/plugins.php HTTP/1.1" 503 7309 "https://importersclearance.co.nz/wp-login.php" "Mozilla/5.0 (Windows NT 11.0; Win64; x64) AppleWebKit/537.36 (KHTML, like Gecko) Chrome/121.0.0.0 Safari/537.36"
161.118.238.173 - - [27/Jul/2026:00:48:43 +1200] "POST /wp-login.php HTTP/1.1" 503 7123 "https://importersclearance.co.nz/wp-login.php" "Mozilla/5.0 (Macintosh; Intel Mac OS X 13_6_1) AppleWebKit/605.1.15 (KHTML, like Gecko) Version/17.1 Safari/605.1.15"
66.249.70.35 - - [27/Jul/2026:00:48:42 +1200] "GET /?h=d1i1f8f8i5c0i0l3i2t7a6te HTTP/1.1" 200 75429 "-" "Mozilla/5.0 (Linux; Android 6.0.1; Nexus 5X Build/MMB29P) AppleWebKit/537.36 (KHTML, like Gecko) Chrome/150.0.7871.128 Mobile Safari/537.36 (compatible; GoogleOther)"
161.118.238.173 - - [27/Jul/2026:00:48:44 +1200] "GET /wp-admin/index.php HTTP/1.1" 503 7309 "https://importersclearance.co.nz/wp-login.php" "Mozilla/5.0 (Macintosh; Intel Mac OS X 10_15_7) AppleWebKit/537.36 (KHTML, like Gecko) Chrome/118.0.0.0 Safari/537.36"
223.165.64.9 - - [27/Jul/2026:00:48:45 +1200] "POST /?wordfence_syncAttackData=1785070125.541 HTTP/1.1" 200 20 "-" "WordPress/6.9.4; https://importersclearance.co.nz"
161.118.238.173 - - [27/Jul/2026:00:48:45 +1200] "GET /wp-admin/profile.php HTTP/1.1" 503 7309 "https://importersclearance.co.nz/wp-login.php" "Mozilla/5.0 (Macintosh; Intel Mac OS X 10_15_7) AppleWebKit/537.36 (KHTML, like Gecko) Chrome/118.0.0.0 Safari/537.36"
161.118.238.173 - - [27/Jul/2026:00:48:46 +1200] "GET /wp-admin/edit.php HTTP/1.1" 503 7309 "https://importersclearance.co.nz/wp-login.php" "Mozilla/5.0 (Macintosh; Intel Mac OS X 10_15_7) AppleWebKit/537.36 (KHTML, like Gecko) Chrome/118.0.0.0 Safari/537.36"
161.118.238.173 - - [27/Jul/2026:00:48:47 +1200] "GET /wp-admin/plugins.php HTTP/1.1" 503 7310 "https://importersclearance.co.nz/wp-login.php" "Mozilla/5.0 (Macintosh; Intel Mac OS X 10_15_7) AppleWebKit/537.36 (KHTML, like Gecko) Chrome/118.0.0.0 Safari/537.36"
161.118.238.173 - - [27/Jul/2026:00:48:47 +1200] "POST /wp-login.php HTTP/1.1" 503 7123 "https://importersclearance.co.nz/wp-login.php" "Mozilla/5.0 (Windows NT 10.0; Win64; x64; rv:118.0) Gecko/20100101 Firefox/118.0"
66.249.70.39 - - [27/Jul/2026:00:48:46 +1200] "GET /?h=s6t2o8o6l0b7a0l1l290 HTTP/1.1" 200 76442 "-" "Mozilla/5.0 (Linux; Android 6.0.1; Nexus 5X Build/MMB29P) AppleWebKit/537.36 (KHTML, like Gecko) Chrome/150.0.7871.128 Mobile Safari/537.36 (compatible; GoogleOther)"
161.118.238.173 - - [27/Jul/2026:00:48:48 +1200] "GET /wp-admin/index.php HTTP/1.1" 503 7309 "https://importersclearance.co.nz/wp-login.php" "Mozilla/5.0 (Macintosh; Intel Mac OS X 13_6_1) AppleWebKit/537.36 (KHTML, like Gecko) Chrome/121.0.0.0 Safari/537.36"
161.118.238.173 - - [27/Jul/2026:00:48:49 +1200] "GET /wp-admin/profile.php HTTP/1.1" 503 7309 "https://importersclearance.co.nz/wp-login.php" "Mozilla/5.0 (Macintosh; Intel Mac OS X 13_6_1) AppleWebKit/537.36 (KHTML, like Gecko) Chrome/121.0.0.0 Safari/537.36"
161.118.238.173 - - [27/Jul/2026:00:48:49 +1200] "GET /wp-admin/edit.php HTTP/1.1" 503 7310 "https://importersclearance.co.nz/wp-login.php" "Mozilla/5.0 (Macintosh; Intel Mac OS X 13_6_1) AppleWebKit/537.36 (KHTML, like Gecko) Chrome/121.0.0.0 Safari/537.36"
161.118.238.173 - - [27/Jul/2026:00:48:50 +1200] "GET /wp-admin/plugins.php HTTP/1.1" 503 7310 "https://importersclearance.co.nz/wp-login.php" "Mozilla/5.0 (Macintosh; Intel Mac OS X 13_6_1) AppleWebKit/537.36 (KHTML, like Gecko) Chrome/121.0.0.0 Safari/537.36"
161.118.238.173 - - [27/Jul/2026:00:48:51 +1200] "POST /wp-login.php HTTP/1.1" 503 7123 "https://importersclearance.co.nz/wp-login.php" "Mozilla/5.0 (Macintosh; Intel Mac OS X 13_6_1) AppleWebKit/605.1.15 (KHTML, like Gecko) Version/17.0 Safari/605.1.15"
66.249.70.35 - - [27/Jul/2026:00:48:49 +1200] "GET /?h=n0e3b7u4l1a172271 HTTP/1.1" 200 74230 "-" "Mozilla/5.0 (Linux; Android 6.0.1; Nexus 5X Build/MMB29P) AppleWebKit/537.36 (KHTML, like Gecko) Chrome/150.0.7871.128 Mobile Safari/537.36 (compatible; Googlebot/2.1; +http://www.google.com/bot.html)"
161.118.238.173 - - [27/Jul/2026:00:48:51 +1200] "GET /wp-admin/index.php HTTP/1.1" 503 7310 "https://importersclearance.co.nz/wp-login.php" "Mozilla/5.0 (Macintosh; Intel Mac OS X 13_6_1) AppleWebKit/537.36 (KHTML, like Gecko) Chrome/119.0.0.0 Safari/537.36"
66.249.70.35 - - [27/Jul/2026:00:48:50 +1200] "GET /?h=h3e3m7i8p5l8e2g7i1a63 HTTP/1.1" 200 76709 "-" "Mozilla/5.0 (Linux; Android 6.0.1; Nexus 5X Build/MMB29P) AppleWebKit/537.36 (KHTML, like Gecko) Chrome/150.0.7871.128 Mobile Safari/537.36 (compatible; GoogleOther)"
161.118.238.173 - - [27/Jul/2026:00:48:52 +1200] "GET /wp-admin/profile.php HTTP/1.1" 503 7310 "https://importersclearance.co.nz/wp-login.php" "Mozilla/5.0 (Macintosh; Intel Mac OS X 13_6_1) AppleWebKit/537.36 (KHTML, like Gecko) Chrome/119.0.0.0 Safari/537.36"
161.118.238.173 - - [27/Jul/2026:00:48:53 +1200] "GET /wp-admin/edit.php HTTP/1.1" 503 7310 "https://importersclearance.co.nz/wp-login.php" "Mozilla/5.0 (Macintosh; Intel Mac OS X 13_6_1) AppleWebKit/537.36 (KHTML, like Gecko) Chrome/119.0.0.0 Safari/537.36"
161.118.238.173 - - [27/Jul/2026:00:48:54 +1200] "GET /wp-admin/plugins.php HTTP/1.1" 503 7309 "https://importersclearance.co.nz/wp-login.php" "Mozilla/5.0 (Macintosh; Intel Mac OS X 13_6_1) AppleWebKit/537.36 (KHTML, like Gecko) Chrome/119.0.0.0 Safari/537.36"
161.118.238.173 - - [27/Jul/2026:00:48:54 +1200] "POST /wp-login.php HTTP/1.1" 503 7123 "https://importersclearance.co.nz/wp-login.php" "Mozilla/5.0 (Windows NT 10.0; Win64; x64; rv:120.0) Gecko/20100101 Firefox/120.0"
66.249.70.35 - - [27/Jul/2026:00:48:53 +1200] "GET /?h=s4u3p6e3r2s9t0r1i1n8g3 HTTP/1.1" 200 74498 "-" "Mozilla/5.0 (Linux; Android 6.0.1; Nexus 5X Build/MMB29P) AppleWebKit/537.36 (KHTML, like Gecko) Chrome/150.0.7871.128 Mobile Safari/537.36 (compatible; GoogleOther)"
223.165.64.9 - - [27/Jul/2026:00:48:55 +1200] "POST /?wordfence_syncAttackData=1785070135.4668 HTTP/1.1" 200 20 "-" "WordPress/6.9.4; https://importersclearance.co.nz"
161.118.238.173 - - [27/Jul/2026:00:48:55 +1200] "GET /wp-admin/index.php HTTP/1.1" 503 7310 "https://importersclearance.co.nz/wp-login.php" "Mozilla/5.0 (Macintosh; Intel Mac OS X 10_15_7) AppleWebKit/537.36 (KHTML, like Gecko) Chrome/119.0.0.0 Safari/537.36"
161.118.238.173 - - [27/Jul/2026:00:48:56 +1200] "GET /wp-admin/profile.php HTTP/1.1" 503 7310 "https://importersclearance.co.nz/wp-login.php" "Mozilla/5.0 (Macintosh; Intel Mac OS X 10_15_7) AppleWebKit/537.36 (KHTML, like Gecko) Chrome/119.0.0.0 Safari/537.36"
161.118.238.173 - - [27/Jul/2026:00:48:57 +1200] "GET /wp-admin/edit.php HTTP/1.1" 503 7310 "https://importersclearance.co.nz/wp-login.php" "Mozilla/5.0 (Macintosh; Intel Mac OS X 10_15_7) AppleWebKit/537.36 (KHTML, like Gecko) Chrome/119.0.0.0 Safari/537.36"
161.118.238.173 - - [27/Jul/2026:00:48:58 +1200] "GET /wp-admin/plugins.php HTTP/1.1" 503 7310 "https://importersclearance.co.nz/wp-login.php" "Mozilla/5.0 (Macintosh; Intel Mac OS X 10_15_7) AppleWebKit/537.36 (KHTML, like Gecko) Chrome/119.0.0.0 Safari/537.36"
161.118.238.173 - - [27/Jul/2026:00:48:58 +1200] "POST /wp-login.php HTTP/1.1" 503 7123 "https://importersclearance.co.nz/wp-login.php" "Mozilla/5.0 (Macintosh; Intel Mac OS X 10_15_7; rv:120.0) Gecko/20100101 Firefox/120.0"
161.118.238.173 - - [27/Jul/2026:00:48:59 +1200] "GET /wp-admin/index.php HTTP/1.1" 503 7310 "https://importersclearance.co.nz/wp-login.php" "Mozilla/5.0 (Macintosh; Intel Mac OS X 10_15_7) AppleWebKit/605.1.15 (KHTML, like Gecko) Version/17.1 Safari/605.1.15"
66.249.70.32 - - [27/Jul/2026:00:48:57 +1200] "GET /?h=p7e3r2d3i4e829510 HTTP/1.1" 200 76791 "-" "Mozilla/5.0 (Linux; Android 6.0.1; Nexus 5X Build/MMB29P) AppleWebKit/537.36 (KHTML, like Gecko) Chrome/150.0.7871.128 Mobile Safari/537.36 (compatible; GoogleOther)"
161.118.238.173 - - [27/Jul/2026:00:49:00 +1200] "GET /wp-admin/profile.php HTTP/1.1" 503 7310 "https://importersclearance.co.nz/wp-login.php" "Mozilla/5.0 (Macintosh; Intel Mac OS X 10_15_7) AppleWebKit/605.1.15 (KHTML, like Gecko) Version/17.1 Safari/605.1.15"
161.118.238.173 - - [27/Jul/2026:00:49:01 +1200] "GET /wp-admin/edit.php HTTP/1.1" 503 7310 "https://importersclearance.co.nz/wp-login.php" "Mozilla/5.0 (Macintosh; Intel Mac OS X 10_15_7) AppleWebKit/605.1.15 (KHTML, like Gecko) Version/17.1 Safari/605.1.15"
161.118.238.173 - - [27/Jul/2026:00:49:01 +1200] "GET /wp-admin/plugins.php HTTP/1.1" 503 7310 "https://importersclearance.co.nz/wp-login.php" "Mozilla/5.0 (Macintosh; Intel Mac OS X 10_15_7) AppleWebKit/605.1.15 (KHTML, like Gecko) Version/17.1 Safari/605.1.15"
161.118.238.173 - - [27/Jul/2026:00:49:02 +1200] "POST /wp-login.php HTTP/1.1" 503 7123 "https://importersclearance.co.nz/wp-login.php" "Mozilla/5.0 (Macintosh; Intel Mac OS X 13_6_1) AppleWebKit/537.36 (KHTML, like Gecko) Chrome/120.0.0.0 Safari/537.36"
161.118.238.173 - - [27/Jul/2026:00:49:02 +1200] "GET /wp-admin/index.php HTTP/1.1" 503 7310 "https://importersclearance.co.nz/wp-login.php" "Mozilla/5.0 (Macintosh; Intel Mac OS X 13_6_1) AppleWebKit/605.1.15 (KHTML, like Gecko) Version/17.2 Safari/605.1.15"
161.118.238.173 - - [27/Jul/2026:00:49:03 +1200] "GET /wp-admin/profile.php HTTP/1.1" 503 7310 "https://importersclearance.co.nz/wp-login.php" "Mozilla/5.0 (Macintosh; Intel Mac OS X 13_6_1) AppleWebKit/605.1.15 (KHTML, like Gecko) Version/17.2 Safari/605.1.15"
66.249.70.39 - - [27/Jul/2026:00:49:02 +1200] "GET /?h=p3h3o9n3e7660408 HTTP/1.1" 200 75354 "-" "Mozilla/5.0 (Linux; Android 6.0.1; Nexus 5X Build/MMB29P) AppleWebKit/537.36 (KHTML, like Gecko) Chrome/150.0.7871.128 Mobile Safari/537.36 (compatible; GoogleOther)"
161.118.238.173 - - [27/Jul/2026:00:49:04 +1200] "GET /wp-admin/edit.php HTTP/1.1" 503 7311 "https://importersclearance.co.nz/wp-login.php" "Mozilla/5.0 (Macintosh; Intel Mac OS X 13_6_1) AppleWebKit/605.1.15 (KHTML, like Gecko) Version/17.2 Safari/605.1.15"
223.165.64.9 - - [27/Jul/2026:00:49:05 +1200] "POST /wp-cron.php?doing_wp_cron=1785070145.9292950630187988281250 HTTP/1.1" 200 20 "-" "WordPress/6.9.4; https://importersclearance.co.nz"
223.165.64.9 - - [27/Jul/2026:00:49:05 +1200] "POST /?wordfence_syncAttackData=1785070145.1874 HTTP/1.1" 200 20 "-" "WordPress/6.9.4; https://importersclearance.co.nz"
161.118.238.173 - - [27/Jul/2026:00:49:04 +1200] "GET /wp-admin/plugins.php HTTP/1.1" 503 7310 "https://importersclearance.co.nz/wp-login.php" "Mozilla/5.0 (Macintosh; Intel Mac OS X 13_6_1) AppleWebKit/605.1.15 (KHTML, like Gecko) Version/17.2 Safari/605.1.15"
161.118.238.173 - - [27/Jul/2026:00:49:06 +1200] "POST /wp-login.php HTTP/1.1" 503 7123 "https://importersclearance.co.nz/wp-login.php" "Mozilla/5.0 (Macintosh; Intel Mac OS X 10_15_7; rv:119.0) Gecko/20100101 Firefox/119.0"
161.118.238.173 - - [27/Jul/2026:00:49:07 +1200] "GET /wp-admin/index.php HTTP/1.1" 503 7310 "https://importersclearance.co.nz/wp-login.php" "Mozilla/5.0 (X11; Ubuntu; Linux x86_64) AppleWebKit/537.36 (KHTML, like Gecko) Chrome/121.0.0.0 Safari/537.36"
66.249.70.39 - - [27/Jul/2026:00:49:05 +1200] "GET /?h=s4t3i4c7k9l9e4d9709 HTTP/1.1" 200 75574 "-" "Mozilla/5.0 (Linux; Android 6.0.1; Nexus 5X Build/MMB29P) AppleWebKit/537.36 (KHTML, like Gecko) Chrome/150.0.7871.128 Mobile Safari/537.36 (compatible; GoogleOther)"
161.118.238.173 - - [27/Jul/2026:00:49:07 +1200] "GET /wp-admin/profile.php HTTP/1.1" 503 7310 "https://importersclearance.co.nz/wp-login.php" "Mozilla/5.0 (X11; Ubuntu; Linux x86_64) AppleWebKit/537.36 (KHTML, like Gecko) Chrome/121.0.0.0 Safari/537.36"
161.118.238.173 - - [27/Jul/2026:00:49:08 +1200] "GET /wp-admin/edit.php HTTP/1.1" 503 7310 "https://importersclearance.co.nz/wp-login.php" "Mozilla/5.0 (X11; Ubuntu; Linux x86_64) AppleWebKit/537.36 (KHTML, like Gecko) Chrome/121.0.0.0 Safari/537.36"
66.249.70.38 - - [27/Jul/2026:00:49:07 +1200] "GET /?h=p9r3e1d9i6l3e9c1t0i4o4n HTTP/1.1" 200 75529 "-" "Mozilla/5.0 (Linux; Android 6.0.1; Nexus 5X Build/MMB29P) AppleWebKit/537.36 (KHTML, like Gecko) Chrome/150.0.7871.128 Mobile Safari/537.36 (compatible; Googlebot/2.1; +http://www.google.com/bot.html)"
66.249.70.37 - - [27/Jul/2026:00:49:07 +1200] "GET /midland/reedling/g2u1z9z0l9i6n4g9082 HTTP/1.1" 200 76075 "-" "Mozilla/5.0 (Linux; Android 6.0.1; Nexus 5X Build/MMB29P) AppleWebKit/537.36 (KHTML, like Gecko) Chrome/150.0.7871.128 Mobile Safari/537.36 (compatible; Googlebot/2.1; +http://www.google.com/bot.html)"
66.249.70.38 - - [27/Jul/2026:00:49:07 +1200] "GET /?h=c0a1r3i1c0a6t1u7r7i4n4g HTTP/1.1" 200 76101 "-" "Mozilla/5.0 (Linux; Android 6.0.1; Nexus 5X Build/MMB29P) AppleWebKit/537.36 (KHTML, like Gecko) Chrome/150.0.7871.128 Mobile Safari/537.36 (compatible; Googlebot/2.1; +http://www.google.com/bot.html)"
161.118.238.173 - - [27/Jul/2026:00:49:09 +1200] "GET /wp-admin/plugins.php HTTP/1.1" 503 7310 "https://importersclearance.co.nz/wp-login.php" "Mozilla/5.0 (X11; Ubuntu; Linux x86_64) AppleWebKit/537.36 (KHTML, like Gecko) Chrome/121.0.0.0 Safari/537.36"
161.118.238.173 - - [27/Jul/2026:00:49:10 +1200] "POST /wp-login.php HTTP/1.1" 503 7123 "https://importersclearance.co.nz/wp-login.php" "Mozilla/5.0 (Macintosh; Intel Mac OS X 10_15_7) AppleWebKit/605.1.15 (KHTML, like Gecko) Version/17.0 Safari/605.1.15"
161.118.238.173 - - [27/Jul/2026:00:49:10 +1200] "GET /wp-admin/index.php HTTP/1.1" 503 7310 "https://importersclearance.co.nz/wp-login.php" "Mozilla/5.0 (Macintosh; Intel Mac OS X 13_6_1) AppleWebKit/605.1.15 (KHTML, like Gecko) Version/16.6 Safari/605.1.15"
161.118.238.173 - - [27/Jul/2026:00:49:11 +1200] "GET /wp-admin/profile.php HTTP/1.1" 503 7310 "https://importersclearance.co.nz/wp-login.php" "Mozilla/5.0 (Macintosh; Intel Mac OS X 13_6_1) AppleWebKit/605.1.15 (KHTML, like Gecko) Version/16.6 Safari/605.1.15"
66.249.70.33 - - [27/Jul/2026:00:49:09 +1200] "GET /?h=p0r4e2c1e2s6s2i2o0n3a1l HTTP/1.1" 200 76050 "-" "Mozilla/5.0 (Linux; Android 6.0.1; Nexus 5X Build/MMB29P) AppleWebKit/537.36 (KHTML, like Gecko) Chrome/150.0.7871.128 Mobile Safari/537.36 (compatible; GoogleOther)"
161.118.238.173 - - [27/Jul/2026:00:49:12 +1200] "GET /wp-admin/edit.php HTTP/1.1" 503 7310 "https://importersclearance.co.nz/wp-login.php" "Mozilla/5.0 (Macintosh; Intel Mac OS X 13_6_1) AppleWebKit/605.1.15 (KHTML, like Gecko) Version/16.6 Safari/605.1.15"
161.118.238.173 - - [27/Jul/2026:00:49:13 +1200] "GET /wp-admin/plugins.php HTTP/1.1" 503 7310 "https://importersclearance.co.nz/wp-login.php" "Mozilla/5.0 (Macintosh; Intel Mac OS X 13_6_1) AppleWebKit/605.1.15 (KHTML, like Gecko) Version/16.6 Safari/605.1.15"
161.118.238.173 - - [27/Jul/2026:00:49:13 +1200] "POST /wp-login.php HTTP/1.1" 503 7123 "https://importersclearance.co.nz/wp-login.php" "Mozilla/5.0 (Windows NT 11.0; Win64; x64) AppleWebKit/537.36 (KHTML, like Gecko) Chrome/120.0.0.0 Safari/537.36"
223.165.64.9 - - [27/Jul/2026:00:49:14 +1200] "POST /?wordfence_syncAttackData=1785070154.41 HTTP/1.1" 200 20 "-" "WordPress/6.9.4; https://importersclearance.co.nz"
161.118.238.173 - - [27/Jul/2026:00:49:14 +1200] "GET /wp-admin/index.php HTTP/1.1" 503 7311 "https://importersclearance.co.nz/wp-login.php" "Mozilla/5.0 (Macintosh; Intel Mac OS X 10_15_7) AppleWebKit/537.36 (KHTML, like Gecko) Chrome/119.0.0.0 Safari/537.36"
66.249.70.39 - - [27/Jul/2026:00:49:13 +1200] "GET /?h=s1h3e1e5r6e6d52065 HTTP/1.1" 200 76835 "-" "Mozilla/5.0 (Linux; Android 6.0.1; Nexus 5X Build/MMB29P) AppleWebKit/537.36 (KHTML, like Gecko) Chrome/150.0.7871.128 Mobile Safari/537.36 (compatible; GoogleOther)"
161.118.238.173 - - [27/Jul/2026:00:49:15 +1200] "GET /wp-admin/profile.php HTTP/1.1" 503 7310 "https://importersclearance.co.nz/wp-login.php" "Mozilla/5.0 (Macintosh; Intel Mac OS X 10_15_7) AppleWebKit/537.36 (KHTML, like Gecko) Chrome/119.0.0.0 Safari/537.36"
161.118.238.173 - - [27/Jul/2026:00:49:16 +1200] "GET /wp-admin/edit.php HTTP/1.1" 503 7310 "https://importersclearance.co.nz/wp-login.php" "Mozilla/5.0 (Macintosh; Intel Mac OS X 10_15_7) AppleWebKit/537.36 (KHTML, like Gecko) Chrome/119.0.0.0 Safari/537.36"
66.249.70.39 - - [27/Jul/2026:00:49:15 +1200] "GET /?h=l2i2t2h4o6m2a0n0c6y97 HTTP/1.1" 200 75176 "-" "Mozilla/5.0 (Linux; Android 6.0.1; Nexus 5X Build/MMB29P) AppleWebKit/537.36 (KHTML, like Gecko) Chrome/150.0.7871.128 Mobile Safari/537.36 (compatible; Googlebot/2.1; +http://www.google.com/bot.html)"
161.118.238.173 - - [27/Jul/2026:00:49:17 +1200] "GET /wp-admin/plugins.php HTTP/1.1" 503 7310 "https://importersclearance.co.nz/wp-login.php" "Mozilla/5.0 (Macintosh; Intel Mac OS X 10_15_7) AppleWebKit/537.36 (KHTML, like Gecko) Chrome/119.0.0.0 Safari/537.36"
161.118.238.173 - - [27/Jul/2026:00:49:17 +1200] "POST /wp-login.php HTTP/1.1" 503 7123 "https://importersclearance.co.nz/wp-login.php" "Mozilla/5.0 (Windows NT 11.0; Win64; x64; rv:118.0) Gecko/20100101 Firefox/118.0"
161.118.238.173 - - [27/Jul/2026:00:49:18 +1200] "GET /wp-admin/index.php HTTP/1.1" 503 7310 "https://importersclearance.co.nz/wp-login.php" "Mozilla/5.0 (Macintosh; Intel Mac OS X 10_15_7) AppleWebKit/537.36 (KHTML, like Gecko) Chrome/119.0.0.0 Safari/537.36"
66.249.70.37 - - [27/Jul/2026:00:49:17 +1200] "GET /?h=a7n2o5d3i1z7e63996 HTTP/1.1" 200 76871 "-" "Mozilla/5.0 (Linux; Android 6.0.1; Nexus 5X Build/MMB29P) AppleWebKit/537.36 (KHTML, like Gecko) Chrome/150.0.7871.128 Mobile Safari/537.36 (compatible; Googlebot/2.1; +http://www.google.com/bot.html)"
66.249.70.32 - - [27/Jul/2026:00:49:17 +1200] "GET /?h=f4a5g8g7i8n9g4328 HTTP/1.1" 200 76430 "-" "Mozilla/5.0 (Linux; Android 6.0.1; Nexus 5X Build/MMB29P) AppleWebKit/537.36 (KHTML, like Gecko) Chrome/150.0.7871.128 Mobile Safari/537.36 (compatible; GoogleOther)"
161.118.238.173 - - [27/Jul/2026:00:49:19 +1200] "GET /wp-admin/profile.php HTTP/1.1" 503 7310 "https://importersclearance.co.nz/wp-login.php" "Mozilla/5.0 (Macintosh; Intel Mac OS X 10_15_7) AppleWebKit/537.36 (KHTML, like Gecko) Chrome/119.0.0.0 Safari/537.36"
161.118.238.173 - - [27/Jul/2026:00:49:20 +1200] "GET /wp-admin/edit.php HTTP/1.1" 503 7310 "https://importersclearance.co.nz/wp-login.php" "Mozilla/5.0 (Macintosh; Intel Mac OS X 10_15_7) AppleWebKit/537.36 (KHTML, like Gecko) Chrome/119.0.0.0 Safari/537.36"
161.118.238.173 - - [27/Jul/2026:00:49:20 +1200] "GET /wp-admin/plugins.php HTTP/1.1" 503 7311 "https://importersclearance.co.nz/wp-login.php" "Mozilla/5.0 (Macintosh; Intel Mac OS X 10_15_7) AppleWebKit/537.36 (KHTML, like Gecko) Chrome/119.0.0.0 Safari/537.36"
161.118.238.173 - - [27/Jul/2026:00:49:21 +1200] "POST /wp-login.php HTTP/1.1" 503 7124 "https://importersclearance.co.nz/wp-login.php" "Mozilla/5.0 (X11; Ubuntu; Linux x86_64) AppleWebKit/537.36 (KHTML, like Gecko) Chrome/118.0.0.0 Safari/537.36"
161.118.238.173 - - [27/Jul/2026:00:49:22 +1200] "GET /wp-admin/index.php HTTP/1.1" 503 7310 "https://importersclearance.co.nz/wp-login.php" "Mozilla/5.0 (X11; Linux x86_64) AppleWebKit/537.36 (KHTML, like Gecko) Chrome/119.0.0.0 Safari/537.36"
66.249.70.39 - - [27/Jul/2026:00:49:21 +1200] "GET /medusian/q0u4a1d8r5i7c3o8r3n4o0us HTTP/1.1" 200 76990 "-" "Mozilla/5.0 (Linux; Android 6.0.1; Nexus 5X Build/MMB29P) AppleWebKit/537.36 (KHTML, like Gecko) Chrome/150.0.7871.128 Mobile Safari/537.36 (compatible; GoogleOther)"
161.118.238.173 - - [27/Jul/2026:00:49:23 +1200] "GET /wp-admin/profile.php HTTP/1.1" 503 7310 "https://importersclearance.co.nz/wp-login.php" "Mozilla/5.0 (X11; Linux x86_64) AppleWebKit/537.36 (KHTML, like Gecko) Chrome/119.0.0.0 Safari/537.36"
223.165.64.9 - - [27/Jul/2026:00:49:24 +1200] "POST /?wordfence_syncAttackData=1785070164.1303 HTTP/1.1" 200 20 "-" "WordPress/6.9.4; https://importersclearance.co.nz"
161.118.238.173 - - [27/Jul/2026:00:49:23 +1200] "GET /wp-admin/edit.php HTTP/1.1" 503 7309 "https://importersclearance.co.nz/wp-login.php" "Mozilla/5.0 (X11; Linux x86_64) AppleWebKit/537.36 (KHTML, like Gecko) Chrome/119.0.0.0 Safari/537.36"
161.118.238.173 - - [27/Jul/2026:00:49:25 +1200] "GET /wp-admin/plugins.php HTTP/1.1" 503 7310 "https://importersclearance.co.nz/wp-login.php" "Mozilla/5.0 (X11; Linux x86_64) AppleWebKit/537.36 (KHTML, like Gecko) Chrome/119.0.0.0 Safari/537.36"
161.118.238.173 - - [27/Jul/2026:00:49:26 +1200] "POST /wp-login.php HTTP/1.1" 503 7123 "https://importersclearance.co.nz/wp-login.php" "Mozilla/5.0 (Macintosh; Intel Mac OS X 13_6_1) AppleWebKit/537.36 (KHTML, like Gecko) Chrome/120.0.0.0 Safari/537.36"
66.249.70.39 - - [27/Jul/2026:00:49:25 +1200] "GET /?h=b9r2o1o7k8w4e1e8d117 HTTP/1.1" 200 75581 "-" "Mozilla/5.0 (Linux; Android 6.0.1; Nexus 5X Build/MMB29P) AppleWebKit/537.36 (KHTML, like Gecko) Chrome/150.0.7871.128 Mobile Safari/537.36 (compatible; GoogleOther)"
161.118.238.173 - - [27/Jul/2026:00:49:26 +1200] "GET /wp-admin/index.php HTTP/1.1" 503 7310 "https://importersclearance.co.nz/wp-login.php" "Mozilla/5.0 (Macintosh; Intel Mac OS X 10_15_7) AppleWebKit/537.36 (KHTML, like Gecko) Chrome/120.0.0.0 Safari/537.36"
66.249.70.34 - - [27/Jul/2026:00:49:25 +1200] "GET /?h=e7s1t3e5r0a3s6e0s930 HTTP/1.1" 200 74824 "-" "Mozilla/5.0 (Linux; Android 6.0.1; Nexus 5X Build/MMB29P) AppleWebKit/537.36 (KHTML, like Gecko) Chrome/150.0.7871.128 Mobile Safari/537.36 (compatible; Googlebot/2.1; +http://www.google.com/bot.html)"
161.118.238.173 - - [27/Jul/2026:00:49:27 +1200] "GET /wp-admin/profile.php HTTP/1.1" 503 7310 "https://importersclearance.co.nz/wp-login.php" "Mozilla/5.0 (Macintosh; Intel Mac OS X 10_15_7) AppleWebKit/537.36 (KHTML, like Gecko) Chrome/120.0.0.0 Safari/537.36"
161.118.238.173 - - [27/Jul/2026:00:49:28 +1200] "GET /wp-admin/edit.php HTTP/1.1" 503 7310 "https://importersclearance.co.nz/wp-login.php" "Mozilla/5.0 (Macintosh; Intel Mac OS X 10_15_7) AppleWebKit/537.36 (KHTML, like Gecko) Chrome/120.0.0.0 Safari/537.36"
161.118.238.173 - - [27/Jul/2026:00:49:29 +1200] "GET /wp-admin/plugins.php HTTP/1.1" 503 7310 "https://importersclearance.co.nz/wp-login.php" "Mozilla/5.0 (Macintosh; Intel Mac OS X 10_15_7) AppleWebKit/537.36 (KHTML, like Gecko) Chrome/120.0.0.0 Safari/537.36"
161.118.238.173 - - [27/Jul/2026:00:49:29 +1200] "POST /wp-login.php HTTP/1.1" 503 7123 "https://importersclearance.co.nz/wp-login.php" "Mozilla/5.0 (Macintosh; Intel Mac OS X 10_15_7) AppleWebKit/605.1.15 (KHTML, like Gecko) Version/17.0 Safari/605.1.15"
161.118.238.173 - - [27/Jul/2026:00:49:30 +1200] "GET /wp-admin/index.php HTTP/1.1" 503 7310 "https://importersclearance.co.nz/wp-login.php" "Mozilla/5.0 (X11; Linux x86_64) AppleWebKit/537.36 (KHTML, like Gecko) Chrome/120.0.0.0 Safari/537.36"
66.249.70.33 - - [27/Jul/2026:00:49:29 +1200] "GET /review/goods/I1089927980/ HTTP/1.1" 200 74857 "-" "Mozilla/5.0 (Linux; Android 6.0.1; Nexus 5X Build/MMB29P) AppleWebKit/537.36 (KHTML, like Gecko) Chrome/150.0.7871.128 Mobile Safari/537.36 (compatible; GoogleOther)"
161.118.238.173 - - [27/Jul/2026:00:49:31 +1200] "GET /wp-admin/profile.php HTTP/1.1" 503 7311 "https://importersclearance.co.nz/wp-login.php" "Mozilla/5.0 (X11; Linux x86_64) AppleWebKit/537.36 (KHTML, like Gecko) Chrome/120.0.0.0 Safari/537.36"
161.118.238.173 - - [27/Jul/2026:00:49:31 +1200] "GET /wp-admin/edit.php HTTP/1.1" 503 7310 "https://importersclearance.co.nz/wp-login.php" "Mozilla/5.0 (X11; Linux x86_64) AppleWebKit/537.36 (KHTML, like Gecko) Chrome/120.0.0.0 Safari/537.36"
66.249.70.34 - - [27/Jul/2026:00:49:30 +1200] "GET /stannate/b2i8p1y3r3a1m4i8d8a3l HTTP/1.1" 200 75223 "-" "Mozilla/5.0 (Linux; Android 6.0.1; Nexus 5X Build/MMB29P) AppleWebKit/537.36 (KHTML, like Gecko) Chrome/150.0.7871.128 Mobile Safari/537.36 (compatible; Googlebot/2.1; +http://www.google.com/bot.html)"
161.118.238.173 - - [27/Jul/2026:00:49:32 +1200] "GET /wp-admin/plugins.php HTTP/1.1" 503 7310 "https://importersclearance.co.nz/wp-login.php" "Mozilla/5.0 (X11; Linux x86_64) AppleWebKit/537.36 (KHTML, like Gecko) Chrome/120.0.0.0 Safari/537.36"
161.118.238.173 - - [27/Jul/2026:00:49:33 +1200] "POST /wp-login.php HTTP/1.1" 503 7124 "https://importersclearance.co.nz/wp-login.php" "Mozilla/5.0 (Windows NT 10.0; Win64; x64; rv:119.0) Gecko/20100101 Firefox/119.0"
66.249.70.34 - - [27/Jul/2026:00:49:31 +1200] "GET /?h=p3u1l0s4a2t5e02120 HTTP/1.1" 200 76827 "-" "Mozilla/5.0 (Linux; Android 6.0.1; Nexus 5X Build/MMB29P) AppleWebKit/537.36 (KHTML, like Gecko) Chrome/150.0.7871.128 Mobile Safari/537.36 (compatible; Googlebot/2.1; +http://www.google.com/bot.html)"
66.249.70.38 - - [27/Jul/2026:00:49:33 +1200] "GET /?brainpower/74101510643 HTTP/1.1" 200 79836 "-" "Mozilla/5.0 (Linux; Android 6.0.1; Nexus 5X Build/MMB29P) AppleWebKit/537.36 (KHTML, like Gecko) Chrome/150.0.7871.128 Mobile Safari/537.36 (compatible; GoogleOther)"
161.118.238.173 - - [27/Jul/2026:00:49:34 +1200] "GET /wp-admin/index.php HTTP/1.1" 503 7310 "https://importersclearance.co.nz/wp-login.php" "Mozilla/5.0 (Macintosh; Intel Mac OS X 13_6_1) AppleWebKit/605.1.15 (KHTML, like Gecko) Version/17.1 Safari/605.1.15"
223.165.64.9 - - [27/Jul/2026:00:49:35 +1200] "POST /?wordfence_syncAttackData=1785070175.181 HTTP/1.1" 200 20 "-" "WordPress/6.9.4; https://importersclearance.co.nz"
223.165.64.9 - - [27/Jul/2026:00:49:36 +1200] "POST /?wordfence_syncAttackData=1785070176.7905 HTTP/1.1" 200 6851 "-" "WordPress/6.9.4; https://importersclearance.co.nz"
161.118.238.173 - - [27/Jul/2026:00:49:36 +1200] "GET /wp-admin/profile.php HTTP/1.1" 503 7310 "https://importersclearance.co.nz/wp-login.php" "Mozilla/5.0 (Macintosh; Intel Mac OS X 13_6_1) AppleWebKit/605.1.15 (KHTML, like Gecko) Version/17.1 Safari/605.1.15"
161.118.238.173 - - [27/Jul/2026:00:49:37 +1200] "GET /wp-admin/edit.php HTTP/1.1" 503 7311 "https://importersclearance.co.nz/wp-login.php" "Mozilla/5.0 (Macintosh; Intel Mac OS X 13_6_1) AppleWebKit/605.1.15 (KHTML, like Gecko) Version/17.1 Safari/605.1.15"
161.118.238.173 - - [27/Jul/2026:00:49:38 +1200] "GET /wp-admin/plugins.php HTTP/1.1" 503 7311 "https://importersclearance.co.nz/wp-login.php" "Mozilla/5.0 (Macintosh; Intel Mac OS X 13_6_1) AppleWebKit/605.1.15 (KHTML, like Gecko) Version/17.1 Safari/605.1.15"
66.249.70.35 - - [27/Jul/2026:00:49:36 +1200] "GET /?h=p1a3l8e5d659036 HTTP/1.1" 200 75283 "-" "Mozilla/5.0 (Linux; Android 6.0.1; Nexus 5X Build/MMB29P) AppleWebKit/537.36 (KHTML, like Gecko) Chrome/150.0.7871.128 Mobile Safari/537.36 (compatible; GoogleOther)"
161.118.238.173 - - [27/Jul/2026:00:49:39 +1200] "POST /wp-login.php HTTP/1.1" 503 7123 "https://importersclearance.co.nz/wp-login.php" "Mozilla/5.0 (Windows NT 11.0; Win64; x64) AppleWebKit/537.36 (KHTML, like Gecko) Chrome/118.0.0.0 Safari/537.36"
161.118.238.173 - - [27/Jul/2026:00:49:39 +1200] "GET /wp-admin/index.php HTTP/1.1" 503 7310 "https://importersclearance.co.nz/wp-login.php" "Mozilla/5.0 (Windows NT 10.0; Win64; x64) AppleWebKit/537.36 (KHTML, like Gecko) Chrome/119.0.0.0 Safari/537.36"
66.249.70.39 - - [27/Jul/2026:00:49:38 +1200] "GET /?h=i3n6e1f4f2a6c2e8a8b0ly HTTP/1.1" 200 75953 "-" "Mozilla/5.0 (Linux; Android 6.0.1; Nexus 5X Build/MMB29P) AppleWebKit/537.36 (KHTML, like Gecko) Chrome/150.0.7871.128 Mobile Safari/537.36 (compatible; Googlebot/2.1; +http://www.google.com/bot.html)"
161.118.238.173 - - [27/Jul/2026:00:49:40 +1200] "GET /wp-admin/profile.php HTTP/1.1" 503 7309 "https://importersclearance.co.nz/wp-login.php" "Mozilla/5.0 (Windows NT 10.0; Win64; x64) AppleWebKit/537.36 (KHTML, like Gecko) Chrome/119.0.0.0 Safari/537.36"
161.118.238.173 - - [27/Jul/2026:00:49:41 +1200] "GET /wp-admin/edit.php HTTP/1.1" 503 7309 "https://importersclearance.co.nz/wp-login.php" "Mozilla/5.0 (Windows NT 10.0; Win64; x64) AppleWebKit/537.36 (KHTML, like Gecko) Chrome/119.0.0.0 Safari/537.36"
161.118.238.173 - - [27/Jul/2026:00:49:41 +1200] "GET /wp-admin/plugins.php HTTP/1.1" 503 7309 "https://importersclearance.co.nz/wp-login.php" "Mozilla/5.0 (Windows NT 10.0; Win64; x64) AppleWebKit/537.36 (KHTML, like Gecko) Chrome/119.0.0.0 Safari/537.36"
161.118.238.173 - - [27/Jul/2026:00:49:42 +1200] "POST /wp-login.php HTTP/1.1" 503 7123 "https://importersclearance.co.nz/wp-login.php" "Mozilla/5.0 (Windows NT 11.0; Win64; x64) AppleWebKit/537.36 (KHTML, like Gecko) Chrome/119.0.0.0 Safari/537.36"
66.249.70.34 - - [27/Jul/2026:00:49:40 +1200] "GET /?h=i6r3r4e7m9i3s9s1i0b3l8e HTTP/1.1" 200 75270 "-" "Mozilla/5.0 (Linux; Android 6.0.1; Nexus 5X Build/MMB29P) AppleWebKit/537.36 (KHTML, like Gecko) Chrome/150.0.7871.128 Mobile Safari/537.36 (compatible; GoogleOther)"
161.118.238.173 - - [27/Jul/2026:00:49:42 +1200] "GET /wp-admin/index.php HTTP/1.1" 503 7309 "https://importersclearance.co.nz/wp-login.php" "Mozilla/5.0 (Windows NT 11.0; Win64; x64) AppleWebKit/537.36 (KHTML, like Gecko) Chrome/120.0.0.0 Safari/537.36"
161.118.238.173 - - [27/Jul/2026:00:49:43 +1200] "GET /wp-admin/profile.php HTTP/1.1" 503 7309 "https://importersclearance.co.nz/wp-login.php" "Mozilla/5.0 (Windows NT 11.0; Win64; x64) AppleWebKit/537.36 (KHTML, like Gecko) Chrome/120.0.0.0 Safari/537.36"
161.118.238.173 - - [27/Jul/2026:00:49:44 +1200] "GET /wp-admin/edit.php HTTP/1.1" 503 7309 "https://importersclearance.co.nz/wp-login.php" "Mozilla/5.0 (Windows NT 11.0; Win64; x64) AppleWebKit/537.36 (KHTML, like Gecko) Chrome/120.0.0.0 Safari/537.36"
66.249.70.39 - - [27/Jul/2026:00:49:44 +1200] "GET /?h=w5i2c1k6e0r5w1o6r6k48 HTTP/1.1" 200 76521 "-" "Mozilla/5.0 (Linux; Android 6.0.1; Nexus 5X Build/MMB29P) AppleWebKit/537.36 (KHTML, like Gecko) Chrome/150.0.7871.128 Mobile Safari/537.36 (compatible; GoogleOther)"
223.165.64.9 - - [27/Jul/2026:00:49:46 +1200] "POST /wp-cron.php?doing_wp_cron=1785070186.5711491107940673828125 HTTP/1.1" 200 20 "-" "WordPress/6.9.4; https://importersclearance.co.nz"
223.165.64.9 - - [27/Jul/2026:00:49:45 +1200] "POST /?wordfence_syncAttackData=1785070185.7824 HTTP/1.1" 200 20 "-" "WordPress/6.9.4; https://importersclearance.co.nz"
161.118.238.173 - - [27/Jul/2026:00:49:45 +1200] "GET /wp-admin/plugins.php HTTP/1.1" 503 7309 "https://importersclearance.co.nz/wp-login.php" "Mozilla/5.0 (Windows NT 11.0; Win64; x64) AppleWebKit/537.36 (KHTML, like Gecko) Chrome/120.0.0.0 Safari/537.36"
66.249.70.37 - - [27/Jul/2026:00:49:44 +1200] "GET /?h=s3e3d4u4l9o1u5s4n6e7s3s HTTP/1.1" 200 76690 "-" "Mozilla/5.0 (Linux; Android 6.0.1; Nexus 5X Build/MMB29P) AppleWebKit/537.36 (KHTML, like Gecko) Chrome/150.0.7871.128 Mobile Safari/537.36 (compatible; Googlebot/2.1; +http://www.google.com/bot.html)"
161.118.238.173 - - [27/Jul/2026:00:49:47 +1200] "POST /wp-login.php HTTP/1.1" 503 7123 "https://importersclearance.co.nz/wp-login.php" "Mozilla/5.0 (Windows NT 11.0; Win64; x64; rv:120.0) Gecko/20100101 Firefox/120.0"
161.118.238.173 - - [27/Jul/2026:00:49:48 +1200] "GET /wp-admin/index.php HTTP/1.1" 503 7310 "https://importersclearance.co.nz/wp-login.php" "Mozilla/5.0 (Macintosh; Intel Mac OS X 10_15_7) AppleWebKit/537.36 (KHTML, like Gecko) Chrome/119.0.0.0 Safari/537.36"
161.118.238.173 - - [27/Jul/2026:00:49:48 +1200] "GET /wp-admin/profile.php HTTP/1.1" 503 7310 "https://importersclearance.co.nz/wp-login.php" "Mozilla/5.0 (Macintosh; Intel Mac OS X 10_15_7) AppleWebKit/537.36 (KHTML, like Gecko) Chrome/119.0.0.0 Safari/537.36"
161.118.238.173 - - [27/Jul/2026:00:49:49 +1200] "GET /wp-admin/edit.php HTTP/1.1" 503 7310 "https://importersclearance.co.nz/wp-login.php" "Mozilla/5.0 (Macintosh; Intel Mac OS X 10_15_7) AppleWebKit/537.36 (KHTML, like Gecko) Chrome/119.0.0.0 Safari/537.36"
66.249.70.38 - - [27/Jul/2026:00:49:48 +1200] "GET /?h=a7t1t3r0i8b4u7t3a4b4l2e HTTP/1.1" 200 75662 "-" "Mozilla/5.0 (Linux; Android 6.0.1; Nexus 5X Build/MMB29P) AppleWebKit/537.36 (KHTML, like Gecko) Chrome/150.0.7871.128 Mobile Safari/537.36 (compatible; GoogleOther)"
161.118.238.173 - - [27/Jul/2026:00:49:50 +1200] "GET /wp-admin/plugins.php HTTP/1.1" 503 7310 "https://importersclearance.co.nz/wp-login.php" "Mozilla/5.0 (Macintosh; Intel Mac OS X 10_15_7) AppleWebKit/537.36 (KHTML, like Gecko) Chrome/119.0.0.0 Safari/537.36"
161.118.238.173 - - [27/Jul/2026:00:49:51 +1200] "POST /wp-login.php HTTP/1.1" 503 7123 "https://importersclearance.co.nz/wp-login.php" "Mozilla/5.0 (X11; Ubuntu; Linux x86_64) AppleWebKit/537.36 (KHTML, like Gecko) Chrome/121.0.0.0 Safari/537.36"
161.118.238.173 - - [27/Jul/2026:00:49:52 +1200] "GET /wp-admin/index.php HTTP/1.1" 503 7310 "https://importersclearance.co.nz/wp-login.php" "Mozilla/5.0 (Macintosh; Intel Mac OS X 10_15_7) AppleWebKit/605.1.15 (KHTML, like Gecko) Version/17.1 Safari/605.1.15"
161.118.238.173 - - [27/Jul/2026:00:49:52 +1200] "GET /wp-admin/profile.php HTTP/1.1" 503 7310 "https://importersclearance.co.nz/wp-login.php" "Mozilla/5.0 (Macintosh; Intel Mac OS X 10_15_7) AppleWebKit/605.1.15 (KHTML, like Gecko) Version/17.1 Safari/605.1.15"
161.118.238.173 - - [27/Jul/2026:00:49:53 +1200] "GET /wp-admin/edit.php HTTP/1.1" 503 7310 "https://importersclearance.co.nz/wp-login.php" "Mozilla/5.0 (Macintosh; Intel Mac OS X 10_15_7) AppleWebKit/605.1.15 (KHTML, like Gecko) Version/17.1 Safari/605.1.15"
