161.118.238.173 - - [27/Jul/2026:00:54:54 +1200] "POST /wp-login.php HTTP/1.1" 503 7122 "https://importersclearance.co.nz/wp-login.php" "Mozilla/5.0 (Windows NT 10.0; Win64; x64; rv:119.0) Gecko/20100101 Firefox/119.0"
216.73.217.152 - - [27/Jul/2026:00:54:53 +1200] "GET /?h=f7l6o3g7g9e8d2581 HTTP/1.1" 200 6851 "-" "Mozilla/5.0 AppleWebKit/537.36 (KHTML, like Gecko; compatible; ClaudeBot/1.0; +claudebot@anthropic.com)"
66.249.70.38 - - [27/Jul/2026:00:54:53 +1200] "GET /wellmeaner/presentimental/92270962573 HTTP/1.1" 200 75704 "-" "Mozilla/5.0 (Linux; Android 6.0.1; Nexus 5X Build/MMB29P) AppleWebKit/537.36 (KHTML, like Gecko) Chrome/150.0.7871.128 Mobile Safari/537.36 (compatible; GoogleOther)"
161.118.238.173 - - [27/Jul/2026:00:54:55 +1200] "GET /wp-admin/index.php HTTP/1.1" 503 7310 "https://importersclearance.co.nz/wp-login.php" "Mozilla/5.0 (Macintosh; Intel Mac OS X 10_15_7) AppleWebKit/537.36 (KHTML, like Gecko) Chrome/119.0.0.0 Safari/537.36"
161.118.238.173 - - [27/Jul/2026:00:54:56 +1200] "GET /wp-admin/profile.php HTTP/1.1" 503 7310 "https://importersclearance.co.nz/wp-login.php" "Mozilla/5.0 (Macintosh; Intel Mac OS X 10_15_7) AppleWebKit/537.36 (KHTML, like Gecko) Chrome/119.0.0.0 Safari/537.36"
161.118.238.173 - - [27/Jul/2026:00:54:57 +1200] "GET /wp-admin/edit.php HTTP/1.1" 503 7310 "https://importersclearance.co.nz/wp-login.php" "Mozilla/5.0 (Macintosh; Intel Mac OS X 10_15_7) AppleWebKit/537.36 (KHTML, like Gecko) Chrome/119.0.0.0 Safari/537.36"
216.73.217.152 - - [27/Jul/2026:00:54:56 +1200] "GET /?h=c7y3a0n2u2r7a6m4i9d3e7 HTTP/1.1" 200 6851 "-" "Mozilla/5.0 AppleWebKit/537.36 (KHTML, like Gecko; compatible; ClaudeBot/1.0; +claudebot@anthropic.com)"
161.118.238.173 - - [27/Jul/2026:00:54:57 +1200] "GET /wp-admin/plugins.php HTTP/1.1" 503 7310 "https://importersclearance.co.nz/wp-login.php" "Mozilla/5.0 (Macintosh; Intel Mac OS X 10_15_7) AppleWebKit/537.36 (KHTML, like Gecko) Chrome/119.0.0.0 Safari/537.36"
66.249.70.32 - - [27/Jul/2026:00:54:56 +1200] "GET /?h=b5a2n7n4o6c0k48614 HTTP/1.1" 200 73610 "-" "Mozilla/5.0 (Linux; Android 6.0.1; Nexus 5X Build/MMB29P) AppleWebKit/537.36 (KHTML, like Gecko) Chrome/150.0.7871.128 Mobile Safari/537.36 (compatible; GoogleOther)"
161.118.238.173 - - [27/Jul/2026:00:54:58 +1200] "POST /wp-login.php HTTP/1.1" 503 7123 "https://importersclearance.co.nz/wp-login.php" "Mozilla/5.0 (Windows NT 10.0; Win64; x64) AppleWebKit/537.36 (KHTML, like Gecko) Chrome/120.0.0.0 Safari/537.36"
223.165.64.9 - - [27/Jul/2026:00:54:59 +1200] "POST /?wordfence_syncAttackData=1785070499.5834 HTTP/1.1" 200 20 "-" "WordPress/6.9.4; https://importersclearance.co.nz"
161.118.238.173 - - [27/Jul/2026:00:54:59 +1200] "GET /wp-admin/index.php HTTP/1.1" 503 7310 "https://importersclearance.co.nz/wp-login.php" "Mozilla/5.0 (Macintosh; Intel Mac OS X 10_15_7) AppleWebKit/605.1.15 (KHTML, like Gecko) Version/17.0 Safari/605.1.15"
216.73.217.152 - - [27/Jul/2026:00:54:59 +1200] "GET /shops/longish/c7h6a4r1t6o1m8a8n9c4y HTTP/1.1" 404 20 "-" "Mozilla/5.0 AppleWebKit/537.36 (KHTML, like Gecko; compatible; ClaudeBot/1.0; +claudebot@anthropic.com)"
161.118.238.173 - - [27/Jul/2026:00:55:00 +1200] "GET /wp-admin/profile.php HTTP/1.1" 503 7310 "https://importersclearance.co.nz/wp-login.php" "Mozilla/5.0 (Macintosh; Intel Mac OS X 10_15_7) AppleWebKit/605.1.15 (KHTML, like Gecko) Version/17.0 Safari/605.1.15"
161.118.238.173 - - [27/Jul/2026:00:55:01 +1200] "GET /wp-admin/edit.php HTTP/1.1" 503 7310 "https://importersclearance.co.nz/wp-login.php" "Mozilla/5.0 (Macintosh; Intel Mac OS X 10_15_7) AppleWebKit/605.1.15 (KHTML, like Gecko) Version/17.0 Safari/605.1.15"
161.118.238.173 - - [27/Jul/2026:00:55:02 +1200] "GET /wp-admin/plugins.php HTTP/1.1" 503 7310 "https://importersclearance.co.nz/wp-login.php" "Mozilla/5.0 (Macintosh; Intel Mac OS X 10_15_7) AppleWebKit/605.1.15 (KHTML, like Gecko) Version/17.0 Safari/605.1.15"
66.249.70.32 - - [27/Jul/2026:00:55:00 +1200] "GET /review/goods/I1421920506/ HTTP/1.1" 200 74605 "-" "Mozilla/5.0 (Linux; Android 6.0.1; Nexus 5X Build/MMB29P) AppleWebKit/537.36 (KHTML, like Gecko) Chrome/150.0.7871.128 Mobile Safari/537.36 (compatible; GoogleOther)"
161.118.238.173 - - [27/Jul/2026:00:55:03 +1200] "POST /wp-login.php HTTP/1.1" 503 7123 "https://importersclearance.co.nz/wp-login.php" "Mozilla/5.0 (X11; Linux x86_64) AppleWebKit/537.36 (KHTML, like Gecko) Chrome/118.0.0.0 Safari/537.36"
223.165.64.9 - - [27/Jul/2026:00:55:03 +1200] "POST /wp-cron.php?doing_wp_cron=1785070503.6526310443878173828125 HTTP/1.1" 200 20 "-" "WordPress/6.9.4; https://importersclearance.co.nz"
216.73.217.152 - - [27/Jul/2026:00:55:02 +1200] "GET /?h=s7t3a6r8t7e7d88581 HTTP/1.1" 200 6851 "-" "Mozilla/5.0 AppleWebKit/537.36 (KHTML, like Gecko; compatible; ClaudeBot/1.0; +claudebot@anthropic.com)"
161.118.238.173 - - [27/Jul/2026:00:55:03 +1200] "GET /wp-admin/index.php HTTP/1.1" 503 7311 "https://importersclearance.co.nz/wp-login.php" "Mozilla/5.0 (Macintosh; Intel Mac OS X 10_15_7) AppleWebKit/605.1.15 (KHTML, like Gecko) Version/17.0 Safari/605.1.15"
66.249.70.39 - - [27/Jul/2026:00:55:03 +1200] "GET /?h=m5u1s8h1r1o3o0m2884 HTTP/1.1" 200 74920 "-" "Mozilla/5.0 (Linux; Android 6.0.1; Nexus 5X Build/MMB29P) AppleWebKit/537.36 (KHTML, like Gecko) Chrome/150.0.7871.128 Mobile Safari/537.36 (compatible; Googlebot/2.1; +http://www.google.com/bot.html)"
161.118.238.173 - - [27/Jul/2026:00:55:04 +1200] "GET /wp-admin/profile.php HTTP/1.1" 503 7310 "https://importersclearance.co.nz/wp-login.php" "Mozilla/5.0 (Macintosh; Intel Mac OS X 10_15_7) AppleWebKit/605.1.15 (KHTML, like Gecko) Version/17.0 Safari/605.1.15"
161.118.238.173 - - [27/Jul/2026:00:55:05 +1200] "GET /wp-admin/edit.php HTTP/1.1" 503 7310 "https://importersclearance.co.nz/wp-login.php" "Mozilla/5.0 (Macintosh; Intel Mac OS X 10_15_7) AppleWebKit/605.1.15 (KHTML, like Gecko) Version/17.0 Safari/605.1.15"
161.118.238.173 - - [27/Jul/2026:00:55:06 +1200] "GET /wp-admin/plugins.php HTTP/1.1" 503 7310 "https://importersclearance.co.nz/wp-login.php" "Mozilla/5.0 (Macintosh; Intel Mac OS X 10_15_7) AppleWebKit/605.1.15 (KHTML, like Gecko) Version/17.0 Safari/605.1.15"
223.165.64.9 - - [27/Jul/2026:00:55:06 +1200] "POST /wp-cron.php?doing_wp_cron=1785070506.5706300735473632812500 HTTP/1.1" 200 20 "-" "WordPress/6.9.4; https://importersclearance.co.nz"
216.73.217.152 - - [27/Jul/2026:00:55:05 +1200] "GET /shops/lothario/c7a2r9d7s5h3a3r9p240 HTTP/1.1" 404 20 "-" "Mozilla/5.0 AppleWebKit/537.36 (KHTML, like Gecko; compatible; ClaudeBot/1.0; +claudebot@anthropic.com)"
66.249.70.34 - - [27/Jul/2026:00:55:04 +1200] "GET /?h=a2r2c4k6e9d636152 HTTP/1.1" 200 75203 "-" "Mozilla/5.0 (Linux; Android 6.0.1; Nexus 5X Build/MMB29P) AppleWebKit/537.36 (KHTML, like Gecko) Chrome/150.0.7871.128 Mobile Safari/537.36 (compatible; GoogleOther)"
161.118.238.173 - - [27/Jul/2026:00:55:06 +1200] "POST /wp-login.php HTTP/1.1" 503 7123 "https://importersclearance.co.nz/wp-login.php" "Mozilla/5.0 (Macintosh; Intel Mac OS X 10_15_7) AppleWebKit/537.36 (KHTML, like Gecko) Chrome/121.0.0.0 Safari/537.36"
161.118.238.173 - - [27/Jul/2026:00:55:07 +1200] "GET /wp-admin/index.php HTTP/1.1" 503 7310 "https://importersclearance.co.nz/wp-login.php" "Mozilla/5.0 (Macintosh; Intel Mac OS X 13_6_1) AppleWebKit/605.1.15 (KHTML, like Gecko) Version/16.6 Safari/605.1.15"
161.118.238.173 - - [27/Jul/2026:00:55:08 +1200] "GET /wp-admin/profile.php HTTP/1.1" 503 7310 "https://importersclearance.co.nz/wp-login.php" "Mozilla/5.0 (Macintosh; Intel Mac OS X 13_6_1) AppleWebKit/605.1.15 (KHTML, like Gecko) Version/16.6 Safari/605.1.15"
223.165.64.9 - - [27/Jul/2026:00:55:09 +1200] "POST /?wordfence_syncAttackData=1785070509.0217 HTTP/1.1" 200 20 "-" "WordPress/6.9.4; https://importersclearance.co.nz"
161.118.238.173 - - [27/Jul/2026:00:55:08 +1200] "GET /wp-admin/edit.php HTTP/1.1" 503 7310 "https://importersclearance.co.nz/wp-login.php" "Mozilla/5.0 (Macintosh; Intel Mac OS X 13_6_1) AppleWebKit/605.1.15 (KHTML, like Gecko) Version/16.6 Safari/605.1.15"
66.249.70.34 - - [27/Jul/2026:00:55:08 +1200] "GET /?h=s1i2p7h9o5n7a3r3i6a58 HTTP/1.1" 200 76609 "-" "Mozilla/5.0 (Linux; Android 6.0.1; Nexus 5X Build/MMB29P) AppleWebKit/537.36 (KHTML, like Gecko) Chrome/150.0.7871.128 Mobile Safari/537.36 (compatible; GoogleOther)"
223.165.64.9 - - [27/Jul/2026:00:55:10 +1200] "POST /wp-cron.php?doing_wp_cron=1785070510.3393809795379638671875 HTTP/1.1" 200 20 "-" "WordPress/6.9.4; https://importersclearance.co.nz"
223.165.64.9 - - [27/Jul/2026:00:55:09 +1200] "POST /?wordfence_syncAttackData=1785070509.5261 HTTP/1.1" 200 6851 "-" "WordPress/6.9.4; https://importersclearance.co.nz"
216.73.217.152 - - [27/Jul/2026:00:55:08 +1200] "GET /?h=w7i2d0e4n8686884 HTTP/1.1" 200 6851 "-" "Mozilla/5.0 AppleWebKit/537.36 (KHTML, like Gecko; compatible; ClaudeBot/1.0; +claudebot@anthropic.com)"
161.118.238.173 - - [27/Jul/2026:00:55:10 +1200] "GET /wp-admin/plugins.php HTTP/1.1" 503 7310 "https://importersclearance.co.nz/wp-login.php" "Mozilla/5.0 (Macintosh; Intel Mac OS X 13_6_1) AppleWebKit/605.1.15 (KHTML, like Gecko) Version/16.6 Safari/605.1.15"
161.118.238.173 - - [27/Jul/2026:00:55:11 +1200] "POST /wp-login.php HTTP/1.1" 503 7123 "https://importersclearance.co.nz/wp-login.php" "Mozilla/5.0 (Macintosh; Intel Mac OS X 13_6_1) AppleWebKit/605.1.15 (KHTML, like Gecko) Version/17.0 Safari/605.1.15"
161.118.238.173 - - [27/Jul/2026:00:55:11 +1200] "GET /wp-admin/index.php HTTP/1.1" 503 7310 "https://importersclearance.co.nz/wp-login.php" "Mozilla/5.0 (Macintosh; Intel Mac OS X 10_15_7) AppleWebKit/605.1.15 (KHTML, like Gecko) Version/17.1 Safari/605.1.15"
161.118.238.173 - - [27/Jul/2026:00:55:12 +1200] "GET /wp-admin/profile.php HTTP/1.1" 503 7310 "https://importersclearance.co.nz/wp-login.php" "Mozilla/5.0 (Macintosh; Intel Mac OS X 10_15_7) AppleWebKit/605.1.15 (KHTML, like Gecko) Version/17.1 Safari/605.1.15"
216.73.217.152 - - [27/Jul/2026:00:55:11 +1200] "GET /shops/vienna/s7c2o4p0a0r0i4u1m474 HTTP/1.1" 404 20 "-" "Mozilla/5.0 AppleWebKit/537.36 (KHTML, like Gecko; compatible; ClaudeBot/1.0; +claudebot@anthropic.com)"
161.118.238.173 - - [27/Jul/2026:00:55:13 +1200] "GET /wp-admin/edit.php HTTP/1.1" 503 7310 "https://importersclearance.co.nz/wp-login.php" "Mozilla/5.0 (Macintosh; Intel Mac OS X 10_15_7) AppleWebKit/605.1.15 (KHTML, like Gecko) Version/17.1 Safari/605.1.15"
161.118.238.173 - - [27/Jul/2026:00:55:13 +1200] "GET /wp-admin/plugins.php HTTP/1.1" 503 7310 "https://importersclearance.co.nz/wp-login.php" "Mozilla/5.0 (Macintosh; Intel Mac OS X 10_15_7) AppleWebKit/605.1.15 (KHTML, like Gecko) Version/17.1 Safari/605.1.15"
66.249.70.38 - - [27/Jul/2026:00:55:12 +1200] "GET /?h=b6r3a8h5m1o4s3o2m9a3j0 HTTP/1.1" 200 79602 "-" "Mozilla/5.0 (Linux; Android 6.0.1; Nexus 5X Build/MMB29P) AppleWebKit/537.36 (KHTML, like Gecko) Chrome/150.0.7871.128 Mobile Safari/537.36 (compatible; GoogleOther)"
161.118.238.173 - - [27/Jul/2026:00:55:14 +1200] "POST /wp-login.php HTTP/1.1" 503 7124 "https://importersclearance.co.nz/wp-login.php" "Mozilla/5.0 (X11; Linux x86_64) AppleWebKit/537.36 (KHTML, like Gecko) Chrome/121.0.0.0 Safari/537.36"
66.249.70.32 - - [27/Jul/2026:00:55:13 +1200] "GET /enjoy/d0e3s8c4a3r1t6e8s010 HTTP/1.1" 200 75848 "-" "Mozilla/5.0 (Linux; Android 6.0.1; Nexus 5X Build/MMB29P) AppleWebKit/537.36 (KHTML, like Gecko) Chrome/150.0.7871.128 Mobile Safari/537.36 (compatible; Googlebot/2.1; +http://www.google.com/bot.html)"
161.118.238.173 - - [27/Jul/2026:00:55:15 +1200] "GET /wp-admin/index.php HTTP/1.1" 503 7311 "https://importersclearance.co.nz/wp-login.php" "Mozilla/5.0 (Windows NT 10.0; Win64; x64) AppleWebKit/537.36 (KHTML, like Gecko) Chrome/120.0.0.0 Safari/537.36"
216.73.217.152 - - [27/Jul/2026:00:55:14 +1200] "GET /shops/incrystallizable/e7x3p6l6i8c9a5t5e521 HTTP/1.1" 404 20 "-" "Mozilla/5.0 AppleWebKit/537.36 (KHTML, like Gecko; compatible; ClaudeBot/1.0; +claudebot@anthropic.com)"
161.118.238.173 - - [27/Jul/2026:00:55:15 +1200] "GET /wp-admin/profile.php HTTP/1.1" 503 7311 "https://importersclearance.co.nz/wp-login.php" "Mozilla/5.0 (Windows NT 10.0; Win64; x64) AppleWebKit/537.36 (KHTML, like Gecko) Chrome/120.0.0.0 Safari/537.36"
66.249.70.33 - - [27/Jul/2026:00:55:14 +1200] "GET /?h=i5s4i9n5g6l2a3s6s54 HTTP/1.1" 200 75583 "-" "Mozilla/5.0 (Linux; Android 6.0.1; Nexus 5X Build/MMB29P) AppleWebKit/537.36 (KHTML, like Gecko) Chrome/150.0.7871.128 Mobile Safari/537.36 (compatible; Googlebot/2.1; +http://www.google.com/bot.html)"
161.118.238.173 - - [27/Jul/2026:00:55:16 +1200] "GET /wp-admin/edit.php HTTP/1.1" 503 7310 "https://importersclearance.co.nz/wp-login.php" "Mozilla/5.0 (Windows NT 10.0; Win64; x64) AppleWebKit/537.36 (KHTML, like Gecko) Chrome/120.0.0.0 Safari/537.36"
161.118.238.173 - - [27/Jul/2026:00:55:17 +1200] "GET /wp-admin/plugins.php HTTP/1.1" 503 7310 "https://importersclearance.co.nz/wp-login.php" "Mozilla/5.0 (Windows NT 10.0; Win64; x64) AppleWebKit/537.36 (KHTML, like Gecko) Chrome/120.0.0.0 Safari/537.36"
161.118.238.173 - - [27/Jul/2026:00:55:18 +1200] "POST /wp-login.php HTTP/1.1" 503 7123 "https://importersclearance.co.nz/wp-login.php" "Mozilla/5.0 (Macintosh; Intel Mac OS X 13_6_1; rv:119.0) Gecko/20100101 Firefox/119.0"
66.249.70.33 - - [27/Jul/2026:00:55:16 +1200] "GET /kuran/crane/02966266772 HTTP/1.1" 200 74808 "-" "Mozilla/5.0 (Linux; Android 6.0.1; Nexus 5X Build/MMB29P) AppleWebKit/537.36 (KHTML, like Gecko) Chrome/150.0.7871.128 Mobile Safari/537.36 (compatible; GoogleOther)"
223.165.64.9 - - [27/Jul/2026:00:55:19 +1200] "POST /wp-cron.php?doing_wp_cron=1785070519.4199740886688232421875 HTTP/1.1" 200 20 "-" "WordPress/6.9.4; https://importersclearance.co.nz"
223.165.64.9 - - [27/Jul/2026:00:55:18 +1200] "POST /?wordfence_syncAttackData=1785070518.589 HTTP/1.1" 200 20 "-" "WordPress/6.9.4; https://importersclearance.co.nz"
216.73.217.152 - - [27/Jul/2026:00:55:17 +1200] "GET /?h=u7n2w9i2s0h861861 HTTP/1.1" 200 6851 "-" "Mozilla/5.0 AppleWebKit/537.36 (KHTML, like Gecko; compatible; ClaudeBot/1.0; +claudebot@anthropic.com)"
161.118.238.173 - - [27/Jul/2026:00:55:18 +1200] "GET /wp-admin/index.php HTTP/1.1" 503 7310 "https://importersclearance.co.nz/wp-login.php" "Mozilla/5.0 (Macintosh; Intel Mac OS X 13_6_1; rv:121.0) Gecko/20100101 Firefox/121.0"
223.165.64.9 - - [27/Jul/2026:00:55:18 +1200] "POST /?wordfence_syncAttackData=1785070518.8716 HTTP/1.1" 200 6851 "-" "WordPress/6.9.4; https://importersclearance.co.nz"
161.118.238.173 - - [27/Jul/2026:00:55:20 +1200] "GET /wp-admin/profile.php HTTP/1.1" 503 7310 "https://importersclearance.co.nz/wp-login.php" "Mozilla/5.0 (Macintosh; Intel Mac OS X 13_6_1; rv:121.0) Gecko/20100101 Firefox/121.0"
216.73.217.152 - - [27/Jul/2026:00:55:20 +1200] "GET /shops/unsolemnize/h7e1s7s1i4a5n31229 HTTP/1.1" 404 20 "-" "Mozilla/5.0 AppleWebKit/537.36 (KHTML, like Gecko; compatible; ClaudeBot/1.0; +claudebot@anthropic.com)"
161.118.238.173 - - [27/Jul/2026:00:55:21 +1200] "GET /wp-admin/edit.php HTTP/1.1" 503 7311 "https://importersclearance.co.nz/wp-login.php" "Mozilla/5.0 (Macintosh; Intel Mac OS X 13_6_1; rv:121.0) Gecko/20100101 Firefox/121.0"
66.249.70.37 - - [27/Jul/2026:00:55:20 +1200] "GET /snakehead/alsobia/u9n1m7u8f9f3l9e640 HTTP/1.1" 200 75264 "-" "Mozilla/5.0 (Linux; Android 6.0.1; Nexus 5X Build/MMB29P) AppleWebKit/537.36 (KHTML, like Gecko) Chrome/150.0.7871.128 Mobile Safari/537.36 (compatible; GoogleOther)"
161.118.238.173 - - [27/Jul/2026:00:55:22 +1200] "GET /wp-admin/plugins.php HTTP/1.1" 503 7310 "https://importersclearance.co.nz/wp-login.php" "Mozilla/5.0 (Macintosh; Intel Mac OS X 13_6_1; rv:121.0) Gecko/20100101 Firefox/121.0"
161.118.238.173 - - [27/Jul/2026:00:55:23 +1200] "POST /wp-login.php HTTP/1.1" 503 7123 "https://importersclearance.co.nz/wp-login.php" "Mozilla/5.0 (Macintosh; Intel Mac OS X 10_15_7) AppleWebKit/605.1.15 (KHTML, like Gecko) Version/17.1 Safari/605.1.15"
161.118.238.173 - - [27/Jul/2026:00:55:23 +1200] "GET /wp-admin/index.php HTTP/1.1" 503 7310 "https://importersclearance.co.nz/wp-login.php" "Mozilla/5.0 (Windows NT 11.0; Win64; x64; rv:121.0) Gecko/20100101 Firefox/121.0"
216.73.217.152 - - [27/Jul/2026:00:55:23 +1200] "GET /shops/reembrace/c7l3o2u8d1b4e0r9r7y43 HTTP/1.1" 404 20 "-" "Mozilla/5.0 AppleWebKit/537.36 (KHTML, like Gecko; compatible; ClaudeBot/1.0; +claudebot@anthropic.com)"
161.118.238.173 - - [27/Jul/2026:00:55:24 +1200] "GET /wp-admin/profile.php HTTP/1.1" 503 7310 "https://importersclearance.co.nz/wp-login.php" "Mozilla/5.0 (Windows NT 11.0; Win64; x64; rv:121.0) Gecko/20100101 Firefox/121.0"
161.118.238.173 - - [27/Jul/2026:00:55:25 +1200] "GET /wp-admin/edit.php HTTP/1.1" 503 7310 "https://importersclearance.co.nz/wp-login.php" "Mozilla/5.0 (Windows NT 11.0; Win64; x64; rv:121.0) Gecko/20100101 Firefox/121.0"
66.249.70.32 - - [27/Jul/2026:00:55:24 +1200] "GET /woolsack/kibosh/21728459486 HTTP/1.1" 200 74889 "-" "Mozilla/5.0 (Linux; Android 6.0.1; Nexus 5X Build/MMB29P) AppleWebKit/537.36 (KHTML, like Gecko) Chrome/150.0.7871.128 Mobile Safari/537.36 (compatible; GoogleOther)"
161.118.238.173 - - [27/Jul/2026:00:55:25 +1200] "GET /wp-admin/plugins.php HTTP/1.1" 503 7309 "https://importersclearance.co.nz/wp-login.php" "Mozilla/5.0 (Windows NT 11.0; Win64; x64; rv:121.0) Gecko/20100101 Firefox/121.0"
161.118.238.173 - - [27/Jul/2026:00:55:26 +1200] "POST /wp-login.php HTTP/1.1" 503 7122 "https://importersclearance.co.nz/wp-login.php" "Mozilla/5.0 (Windows NT 11.0; Win64; x64) AppleWebKit/537.36 (KHTML, like Gecko) Chrome/118.0.0.0 Safari/537.36"
216.73.217.152 - - [27/Jul/2026:00:55:26 +1200] "GET /?h=a7n4n1u8a8l846414 HTTP/1.1" 200 6851 "-" "Mozilla/5.0 AppleWebKit/537.36 (KHTML, like Gecko; compatible; ClaudeBot/1.0; +claudebot@anthropic.com)"
161.118.238.173 - - [27/Jul/2026:00:55:27 +1200] "GET /wp-admin/index.php HTTP/1.1" 503 7310 "https://importersclearance.co.nz/wp-login.php" "Mozilla/5.0 (Windows NT 11.0; Win64; x64) AppleWebKit/537.36 (KHTML, like Gecko) Chrome/120.0.0.0 Safari/537.36"
66.249.70.37 - - [27/Jul/2026:00:55:25 +1200] "GET /?h=p5r1o2h6i9b2i2t5207 HTTP/1.1" 200 77153 "-" "Mozilla/5.0 (Linux; Android 6.0.1; Nexus 5X Build/MMB29P) AppleWebKit/537.36 (KHTML, like Gecko) Chrome/150.0.7871.128 Mobile Safari/537.36 (compatible; Googlebot/2.1; +http://www.google.com/bot.html)"
223.165.64.9 - - [27/Jul/2026:00:55:28 +1200] "POST /?wordfence_syncAttackData=1785070528.7587 HTTP/1.1" 200 20 "-" "WordPress/6.9.4; https://importersclearance.co.nz"
161.118.238.173 - - [27/Jul/2026:00:55:28 +1200] "GET /wp-admin/profile.php HTTP/1.1" 503 7310 "https://importersclearance.co.nz/wp-login.php" "Mozilla/5.0 (Windows NT 11.0; Win64; x64) AppleWebKit/537.36 (KHTML, like Gecko) Chrome/120.0.0.0 Safari/537.36"
66.249.70.38 - - [27/Jul/2026:00:55:27 +1200] "GET /?h=d9i2s9o5r8d9e6r9l7y75 HTTP/1.1" 200 77685 "-" "Mozilla/5.0 (Linux; Android 6.0.1; Nexus 5X Build/MMB29P) AppleWebKit/537.36 (KHTML, like Gecko) Chrome/150.0.7871.128 Mobile Safari/537.36 (compatible; GoogleOther)"
161.118.238.173 - - [27/Jul/2026:00:55:30 +1200] "GET /wp-admin/edit.php HTTP/1.1" 503 7310 "https://importersclearance.co.nz/wp-login.php" "Mozilla/5.0 (Windows NT 11.0; Win64; x64) AppleWebKit/537.36 (KHTML, like Gecko) Chrome/120.0.0.0 Safari/537.36"
216.73.217.152 - - [27/Jul/2026:00:55:29 +1200] "GET /?h=f7r2o5w9n7i2n3g8619 HTTP/1.1" 200 6851 "-" "Mozilla/5.0 AppleWebKit/537.36 (KHTML, like Gecko; compatible; ClaudeBot/1.0; +claudebot@anthropic.com)"
161.118.238.173 - - [27/Jul/2026:00:55:31 +1200] "GET /wp-admin/plugins.php HTTP/1.1" 503 7310 "https://importersclearance.co.nz/wp-login.php" "Mozilla/5.0 (Windows NT 11.0; Win64; x64) AppleWebKit/537.36 (KHTML, like Gecko) Chrome/120.0.0.0 Safari/537.36"
161.118.238.173 - - [27/Jul/2026:00:55:31 +1200] "POST /wp-login.php HTTP/1.1" 503 7123 "https://importersclearance.co.nz/wp-login.php" "Mozilla/5.0 (X11; Ubuntu; Linux x86_64) AppleWebKit/537.36 (KHTML, like Gecko) Chrome/118.0.0.0 Safari/537.36"
161.118.238.173 - - [27/Jul/2026:00:55:32 +1200] "GET /wp-admin/index.php HTTP/1.1" 503 7310 "https://importersclearance.co.nz/wp-login.php" "Mozilla/5.0 (Macintosh; Intel Mac OS X 10_15_7) AppleWebKit/537.36 (KHTML, like Gecko) Chrome/119.0.0.0 Safari/537.36"
161.118.238.173 - - [27/Jul/2026:00:55:33 +1200] "GET /wp-admin/profile.php HTTP/1.1" 503 7311 "https://importersclearance.co.nz/wp-login.php" "Mozilla/5.0 (Macintosh; Intel Mac OS X 10_15_7) AppleWebKit/537.36 (KHTML, like Gecko) Chrome/119.0.0.0 Safari/537.36"
66.249.70.39 - - [27/Jul/2026:00:55:31 +1200] "GET /?h=p0h1y5s0o1s0t1i0g9m2i3ne HTTP/1.1" 200 75264 "-" "Mozilla/5.0 (Linux; Android 6.0.1; Nexus 5X Build/MMB29P) AppleWebKit/537.36 (KHTML, like Gecko) Chrome/150.0.7871.128 Mobile Safari/537.36 (compatible; GoogleOther)"
216.73.217.152 - - [27/Jul/2026:00:55:32 +1200] "GET /?h=d7w4a1r5f6821742 HTTP/1.1" 200 6851 "-" "Mozilla/5.0 AppleWebKit/537.36 (KHTML, like Gecko; compatible; ClaudeBot/1.0; +claudebot@anthropic.com)"
161.118.238.173 - - [27/Jul/2026:00:55:33 +1200] "GET /wp-admin/edit.php HTTP/1.1" 503 7310 "https://importersclearance.co.nz/wp-login.php" "Mozilla/5.0 (Macintosh; Intel Mac OS X 10_15_7) AppleWebKit/537.36 (KHTML, like Gecko) Chrome/119.0.0.0 Safari/537.36"
161.118.238.173 - - [27/Jul/2026:00:55:34 +1200] "GET /wp-admin/plugins.php HTTP/1.1" 503 7310 "https://importersclearance.co.nz/wp-login.php" "Mozilla/5.0 (Macintosh; Intel Mac OS X 10_15_7) AppleWebKit/537.36 (KHTML, like Gecko) Chrome/119.0.0.0 Safari/537.36"
161.118.238.173 - - [27/Jul/2026:00:55:35 +1200] "POST /wp-login.php HTTP/1.1" 503 7123 "https://importersclearance.co.nz/wp-login.php" "Mozilla/5.0 (Macintosh; Intel Mac OS X 13_6_1) AppleWebKit/537.36 (KHTML, like Gecko) Chrome/121.0.0.0 Safari/537.36"
161.118.238.173 - - [27/Jul/2026:00:55:35 +1200] "GET /wp-admin/index.php HTTP/1.1" 503 7310 "https://importersclearance.co.nz/wp-login.php" "Mozilla/5.0 (Windows NT 11.0; Win64; x64; rv:121.0) Gecko/20100101 Firefox/121.0"
216.73.217.152 - - [27/Jul/2026:00:55:35 +1200] "GET /?h=e7n3c1e6n3o343094 HTTP/1.1" 200 6851 "-" "Mozilla/5.0 AppleWebKit/537.36 (KHTML, like Gecko; compatible; ClaudeBot/1.0; +claudebot@anthropic.com)"
161.118.238.173 - - [27/Jul/2026:00:55:36 +1200] "GET /wp-admin/profile.php HTTP/1.1" 503 7310 "https://importersclearance.co.nz/wp-login.php" "Mozilla/5.0 (Windows NT 11.0; Win64; x64; rv:121.0) Gecko/20100101 Firefox/121.0"
66.249.70.33 - - [27/Jul/2026:00:55:35 +1200] "GET /delimit/c5h1a0p5a9r1a8j1o2s75 HTTP/1.1" 200 76430 "-" "Mozilla/5.0 (Linux; Android 6.0.1; Nexus 5X Build/MMB29P) AppleWebKit/537.36 (KHTML, like Gecko) Chrome/150.0.7871.128 Mobile Safari/537.36 (compatible; GoogleOther)"
161.118.238.173 - - [27/Jul/2026:00:55:37 +1200] "GET /wp-admin/edit.php HTTP/1.1" 503 7310 "https://importersclearance.co.nz/wp-login.php" "Mozilla/5.0 (Windows NT 11.0; Win64; x64; rv:121.0) Gecko/20100101 Firefox/121.0"
223.165.64.9 - - [27/Jul/2026:00:55:38 +1200] "POST /?wordfence_syncAttackData=1785070538.3595 HTTP/1.1" 200 20 "-" "WordPress/6.9.4; https://importersclearance.co.nz"
161.118.238.173 - - [27/Jul/2026:00:55:38 +1200] "GET /wp-admin/plugins.php HTTP/1.1" 503 7310 "https://importersclearance.co.nz/wp-login.php" "Mozilla/5.0 (Windows NT 11.0; Win64; x64; rv:121.0) Gecko/20100101 Firefox/121.0"
161.118.238.173 - - [27/Jul/2026:00:55:39 +1200] "POST /wp-login.php HTTP/1.1" 503 7123 "https://importersclearance.co.nz/wp-login.php" "Mozilla/5.0 (Macintosh; Intel Mac OS X 10_15_7; rv:118.0) Gecko/20100101 Firefox/118.0"
66.249.70.37 - - [27/Jul/2026:00:55:38 +1200] "GET /?h=e5t1h9n7i5c0i8s3m21 HTTP/1.1" 200 75306 "-" "Mozilla/5.0 (Linux; Android 6.0.1; Nexus 5X Build/MMB29P) AppleWebKit/537.36 (KHTML, like Gecko) Chrome/150.0.7871.128 Mobile Safari/537.36 (compatible; Googlebot/2.1; +http://www.google.com/bot.html)"
161.118.238.173 - - [27/Jul/2026:00:55:40 +1200] "GET /wp-admin/index.php HTTP/1.1" 503 7310 "https://importersclearance.co.nz/wp-login.php" "Mozilla/5.0 (Windows NT 10.0; Win64; x64) AppleWebKit/537.36 (KHTML, like Gecko) Chrome/119.0.0.0 Safari/537.36"
161.118.238.173 - - [27/Jul/2026:00:55:40 +1200] "GET /wp-admin/profile.php HTTP/1.1" 503 7310 "https://importersclearance.co.nz/wp-login.php" "Mozilla/5.0 (Windows NT 10.0; Win64; x64) AppleWebKit/537.36 (KHTML, like Gecko) Chrome/119.0.0.0 Safari/537.36"
66.249.70.32 - - [27/Jul/2026:00:55:39 +1200] "GET /?h=r7e9e5n4l4i7s7t7m0e2nt HTTP/1.1" 200 73915 "-" "Mozilla/5.0 (Linux; Android 6.0.1; Nexus 5X Build/MMB29P) AppleWebKit/537.36 (KHTML, like Gecko) Chrome/150.0.7871.128 Mobile Safari/537.36 (compatible; GoogleOther)"
161.118.238.173 - - [27/Jul/2026:00:55:41 +1200] "GET /wp-admin/edit.php HTTP/1.1" 503 7310 "https://importersclearance.co.nz/wp-login.php" "Mozilla/5.0 (Windows NT 10.0; Win64; x64) AppleWebKit/537.36 (KHTML, like Gecko) Chrome/119.0.0.0 Safari/537.36"
161.118.238.173 - - [27/Jul/2026:00:55:42 +1200] "GET /wp-admin/plugins.php HTTP/1.1" 503 7310 "https://importersclearance.co.nz/wp-login.php" "Mozilla/5.0 (Windows NT 10.0; Win64; x64) AppleWebKit/537.36 (KHTML, like Gecko) Chrome/119.0.0.0 Safari/537.36"
161.118.238.173 - - [27/Jul/2026:00:55:42 +1200] "POST /wp-login.php HTTP/1.1" 503 7123 "https://importersclearance.co.nz/wp-login.php" "Mozilla/5.0 (Macintosh; Intel Mac OS X 13_6_1; rv:121.0) Gecko/20100101 Firefox/121.0"
161.118.238.173 - - [27/Jul/2026:00:55:43 +1200] "GET /wp-admin/index.php HTTP/1.1" 503 7310 "https://importersclearance.co.nz/wp-login.php" "Mozilla/5.0 (Windows NT 10.0; Win64; x64; rv:121.0) Gecko/20100101 Firefox/121.0"
216.73.217.152 - - [27/Jul/2026:00:55:43 +1200] "GET /shops/delicti/p7e3r7o4n4a7t9e8335 HTTP/1.1" 404 20 "-" "Mozilla/5.0 AppleWebKit/537.36 (KHTML, like Gecko; compatible; ClaudeBot/1.0; +claudebot@anthropic.com)"
161.118.238.173 - - [27/Jul/2026:00:55:44 +1200] "GET /wp-admin/profile.php HTTP/1.1" 503 7309 "https://importersclearance.co.nz/wp-login.php" "Mozilla/5.0 (Windows NT 10.0; Win64; x64; rv:121.0) Gecko/20100101 Firefox/121.0"
66.249.70.32 - - [27/Jul/2026:00:55:42 +1200] "GET /?h=t9h3i1n1e4r399802 HTTP/1.1" 200 75825 "-" "Mozilla/5.0 (Linux; Android 6.0.1; Nexus 5X Build/MMB29P) AppleWebKit/537.36 (KHTML, like Gecko) Chrome/150.0.7871.128 Mobile Safari/537.36 (compatible; GoogleOther)"
161.118.238.173 - - [27/Jul/2026:00:55:44 +1200] "GET /wp-admin/edit.php HTTP/1.1" 503 7309 "https://importersclearance.co.nz/wp-login.php" "Mozilla/5.0 (Windows NT 10.0; Win64; x64; rv:121.0) Gecko/20100101 Firefox/121.0"
161.118.238.173 - - [27/Jul/2026:00:55:45 +1200] "GET /wp-admin/plugins.php HTTP/1.1" 503 7310 "https://importersclearance.co.nz/wp-login.php" "Mozilla/5.0 (Windows NT 10.0; Win64; x64; rv:121.0) Gecko/20100101 Firefox/121.0"
161.118.238.173 - - [27/Jul/2026:00:55:46 +1200] "POST /wp-login.php HTTP/1.1" 503 7123 "https://importersclearance.co.nz/wp-login.php" "Mozilla/5.0 (Macintosh; Intel Mac OS X 13_6_1) AppleWebKit/537.36 (KHTML, like Gecko) Chrome/118.0.0.0 Safari/537.36"
216.73.217.152 - - [27/Jul/2026:00:55:45 +1200] "GET /?h=i7m1m0a3n3e0n5c0e226 HTTP/1.1" 200 6851 "-" "Mozilla/5.0 AppleWebKit/537.36 (KHTML, like Gecko; compatible; ClaudeBot/1.0; +claudebot@anthropic.com)"
161.118.238.173 - - [27/Jul/2026:00:55:46 +1200] "GET /wp-admin/index.php HTTP/1.1" 503 7310 "https://importersclearance.co.nz/wp-login.php" "Mozilla/5.0 (Macintosh; Intel Mac OS X 13_6_1) AppleWebKit/605.1.15 (KHTML, like Gecko) Version/17.0 Safari/605.1.15"
223.165.64.9 - - [27/Jul/2026:00:55:48 +1200] "POST /?wordfence_syncAttackData=1785070548.0477 HTTP/1.1" 200 20 "-" "WordPress/6.9.4; https://importersclearance.co.nz"
161.118.238.173 - - [27/Jul/2026:00:55:47 +1200] "GET /wp-admin/profile.php HTTP/1.1" 503 7309 "https://importersclearance.co.nz/wp-login.php" "Mozilla/5.0 (Macintosh; Intel Mac OS X 13_6_1) AppleWebKit/605.1.15 (KHTML, like Gecko) Version/17.0 Safari/605.1.15"
66.249.70.36 - - [27/Jul/2026:00:55:47 +1200] "GET /?h=l5u1m1p4i0s6h4n2e6s4s4 HTTP/1.1" 200 75577 "-" "Mozilla/5.0 (Linux; Android 6.0.1; Nexus 5X Build/MMB29P) AppleWebKit/537.36 (KHTML, like Gecko) Chrome/150.0.7871.128 Mobile Safari/537.36 (compatible; GoogleOther)"
223.165.64.9 - - [27/Jul/2026:00:55:49 +1200] "POST /wp-cron.php?doing_wp_cron=1785070549.5257039070129394531250 HTTP/1.1" 200 20 "-" "WordPress/6.9.4; https://importersclearance.co.nz"
216.73.217.152 - - [27/Jul/2026:00:55:48 +1200] "GET /shops/spetches/d7i4r1e3s4t289616 HTTP/1.1" 404 20 "-" "Mozilla/5.0 AppleWebKit/537.36 (KHTML, like Gecko; compatible; ClaudeBot/1.0; +claudebot@anthropic.com)"
161.118.238.173 - - [27/Jul/2026:00:55:49 +1200] "GET /wp-admin/edit.php HTTP/1.1" 503 7310 "https://importersclearance.co.nz/wp-login.php" "Mozilla/5.0 (Macintosh; Intel Mac OS X 13_6_1) AppleWebKit/605.1.15 (KHTML, like Gecko) Version/17.0 Safari/605.1.15"
161.118.238.173 - - [27/Jul/2026:00:55:50 +1200] "GET /wp-admin/plugins.php HTTP/1.1" 503 7310 "https://importersclearance.co.nz/wp-login.php" "Mozilla/5.0 (Macintosh; Intel Mac OS X 13_6_1) AppleWebKit/605.1.15 (KHTML, like Gecko) Version/17.0 Safari/605.1.15"
161.118.238.173 - - [27/Jul/2026:00:55:51 +1200] "POST /wp-login.php HTTP/1.1" 503 7123 "https://importersclearance.co.nz/wp-login.php" "Mozilla/5.0 (Macintosh; Intel Mac OS X 10_15_7) AppleWebKit/605.1.15 (KHTML, like Gecko) Version/17.1 Safari/605.1.15"
161.118.238.173 - - [27/Jul/2026:00:55:51 +1200] "GET /wp-admin/index.php HTTP/1.1" 503 7310 "https://importersclearance.co.nz/wp-login.php" "Mozilla/5.0 (Windows NT 10.0; Win64; x64; rv:119.0) Gecko/20100101 Firefox/119.0"
216.73.217.152 - - [27/Jul/2026:00:55:51 +1200] "GET /?h=s7n3a6t5h1600451 HTTP/1.1" 200 6851 "-" "Mozilla/5.0 AppleWebKit/537.36 (KHTML, like Gecko; compatible; ClaudeBot/1.0; +claudebot@anthropic.com)"
161.118.238.173 - - [27/Jul/2026:00:55:52 +1200] "GET /wp-admin/profile.php HTTP/1.1" 503 7310 "https://importersclearance.co.nz/wp-login.php" "Mozilla/5.0 (Windows NT 10.0; Win64; x64; rv:119.0) Gecko/20100101 Firefox/119.0"
66.249.70.38 - - [27/Jul/2026:00:55:50 +1200] "GET /?h=p0h3i8l1o2p9e8n5a902 HTTP/1.1" 200 75917 "-" "Mozilla/5.0 (Linux; Android 6.0.1; Nexus 5X Build/MMB29P) AppleWebKit/537.36 (KHTML, like Gecko) Chrome/150.0.7871.128 Mobile Safari/537.36 (compatible; GoogleOther)"
161.118.238.173 - - [27/Jul/2026:00:55:53 +1200] "GET /wp-admin/edit.php HTTP/1.1" 503 7310 "https://importersclearance.co.nz/wp-login.php" "Mozilla/5.0 (Windows NT 10.0; Win64; x64; rv:119.0) Gecko/20100101 Firefox/119.0"
161.118.238.173 - - [27/Jul/2026:00:55:53 +1200] "GET /wp-admin/plugins.php HTTP/1.1" 503 7310 "https://importersclearance.co.nz/wp-login.php" "Mozilla/5.0 (Windows NT 10.0; Win64; x64; rv:119.0) Gecko/20100101 Firefox/119.0"
161.118.238.173 - - [27/Jul/2026:00:55:54 +1200] "POST /wp-login.php HTTP/1.1" 503 7123 "https://importersclearance.co.nz/wp-login.php" "Mozilla/5.0 (Macintosh; Intel Mac OS X 13_6_1) AppleWebKit/605.1.15 (KHTML, like Gecko) Version/16.6 Safari/605.1.15"
216.73.217.152 - - [27/Jul/2026:00:55:54 +1200] "GET /?h=e7s7t1r5a9y38262 HTTP/1.1" 200 6851 "-" "Mozilla/5.0 AppleWebKit/537.36 (KHTML, like Gecko; compatible; ClaudeBot/1.0; +claudebot@anthropic.com)"
161.118.238.173 - - [27/Jul/2026:00:55:55 +1200] "GET /wp-admin/index.php HTTP/1.1" 503 7309 "https://importersclearance.co.nz/wp-login.php" "Mozilla/5.0 (Macintosh; Intel Mac OS X 13_6_1) AppleWebKit/537.36 (KHTML, like Gecko) Chrome/119.0.0.0 Safari/537.36"
66.249.70.37 - - [27/Jul/2026:00:55:54 +1200] "GET /?h=t7e1r3c4e2l4l2e6n7e7 HTTP/1.1" 200 76425 "-" "Mozilla/5.0 (Linux; Android 6.0.1; Nexus 5X Build/MMB29P) AppleWebKit/537.36 (KHTML, like Gecko) Chrome/150.0.7871.128 Mobile Safari/537.36 (compatible; GoogleOther)"
161.118.238.173 - - [27/Jul/2026:00:55:56 +1200] "GET /wp-admin/profile.php HTTP/1.1" 503 7310 "https://importersclearance.co.nz/wp-login.php" "Mozilla/5.0 (Macintosh; Intel Mac OS X 13_6_1) AppleWebKit/537.36 (KHTML, like Gecko) Chrome/119.0.0.0 Safari/537.36"
223.165.64.9 - - [27/Jul/2026:00:55:57 +1200] "POST /?wordfence_syncAttackData=1785070557.5321 HTTP/1.1" 200 20 "-" "WordPress/6.9.4; https://importersclearance.co.nz"
161.118.238.173 - - [27/Jul/2026:00:55:57 +1200] "GET /wp-admin/edit.php HTTP/1.1" 503 7310 "https://importersclearance.co.nz/wp-login.php" "Mozilla/5.0 (Macintosh; Intel Mac OS X 13_6_1) AppleWebKit/537.36 (KHTML, like Gecko) Chrome/119.0.0.0 Safari/537.36"
216.73.217.152 - - [27/Jul/2026:00:55:57 +1200] "GET /?h=l7e1p2o9r3i2d6e9107 HTTP/1.1" 200 6851 "-" "Mozilla/5.0 AppleWebKit/537.36 (KHTML, like Gecko; compatible; ClaudeBot/1.0; +claudebot@anthropic.com)"
66.249.70.37 - - [27/Jul/2026:00:55:56 +1200] "GET /?h=j1u2d9g3i0n1g85890 HTTP/1.1" 200 76627 "-" "Mozilla/5.0 (Linux; Android 6.0.1; Nexus 5X Build/MMB29P) AppleWebKit/537.36 (KHTML, like Gecko) Chrome/150.0.7871.128 Mobile Safari/537.36 (compatible; Googlebot/2.1; +http://www.google.com/bot.html)"
161.118.238.173 - - [27/Jul/2026:00:55:58 +1200] "GET /wp-admin/plugins.php HTTP/1.1" 503 7310 "https://importersclearance.co.nz/wp-login.php" "Mozilla/5.0 (Macintosh; Intel Mac OS X 13_6_1) AppleWebKit/537.36 (KHTML, like Gecko) Chrome/119.0.0.0 Safari/537.36"
161.118.238.173 - - [27/Jul/2026:00:55:59 +1200] "POST /wp-login.php HTTP/1.1" 503 7123 "https://importersclearance.co.nz/wp-login.php" "Mozilla/5.0 (Windows NT 11.0; Win64; x64) AppleWebKit/537.36 (KHTML, like Gecko) Chrome/120.0.0.0 Safari/537.36"
66.249.70.39 - - [27/Jul/2026:00:55:58 +1200] "GET /?h=m5e9r3c0i9l7e6s6s9l8y HTTP/1.1" 200 75198 "-" "Mozilla/5.0 (Linux; Android 6.0.1; Nexus 5X Build/MMB29P) AppleWebKit/537.36 (KHTML, like Gecko) Chrome/150.0.7871.128 Mobile Safari/537.36 (compatible; GoogleOther)"
161.118.238.173 - - [27/Jul/2026:00:56:00 +1200] "GET /wp-admin/index.php HTTP/1.1" 503 7310 "https://importersclearance.co.nz/wp-login.php" "Mozilla/5.0 (X11; Linux x86_64) AppleWebKit/537.36 (KHTML, like Gecko) Chrome/121.0.0.0 Safari/537.36"
216.73.217.152 - - [27/Jul/2026:00:56:00 +1200] "GET /shops/invoked/t7e1e4t6o0t6a2l2e8r36 HTTP/1.1" 404 20 "-" "Mozilla/5.0 AppleWebKit/537.36 (KHTML, like Gecko; compatible; ClaudeBot/1.0; +claudebot@anthropic.com)"
161.118.238.173 - - [27/Jul/2026:00:56:01 +1200] "GET /wp-admin/profile.php HTTP/1.1" 503 7310 "https://importersclearance.co.nz/wp-login.php" "Mozilla/5.0 (X11; Linux x86_64) AppleWebKit/537.36 (KHTML, like Gecko) Chrome/121.0.0.0 Safari/537.36"
161.118.238.173 - - [27/Jul/2026:00:56:02 +1200] "GET /wp-admin/edit.php HTTP/1.1" 503 7310 "https://importersclearance.co.nz/wp-login.php" "Mozilla/5.0 (X11; Linux x86_64) AppleWebKit/537.36 (KHTML, like Gecko) Chrome/121.0.0.0 Safari/537.36"
161.118.238.173 - - [27/Jul/2026:00:56:03 +1200] "GET /wp-admin/plugins.php HTTP/1.1" 503 7310 "https://importersclearance.co.nz/wp-login.php" "Mozilla/5.0 (X11; Linux x86_64) AppleWebKit/537.36 (KHTML, like Gecko) Chrome/121.0.0.0 Safari/537.36"
161.118.238.173 - - [27/Jul/2026:00:56:03 +1200] "POST /wp-login.php HTTP/1.1" 503 7123 "https://importersclearance.co.nz/wp-login.php" "Mozilla/5.0 (Macintosh; Intel Mac OS X 13_6_1) AppleWebKit/605.1.15 (KHTML, like Gecko) Version/17.0 Safari/605.1.15"
66.249.70.37 - - [27/Jul/2026:00:56:02 +1200] "GET /?h=h6u1f1f0e7d540670 HTTP/1.1" 200 76766 "-" "Mozilla/5.0 (Linux; Android 6.0.1; Nexus 5X Build/MMB29P) AppleWebKit/537.36 (KHTML, like Gecko) Chrome/150.0.7871.128 Mobile Safari/537.36 (compatible; GoogleOther)"
161.118.238.173 - - [27/Jul/2026:00:56:04 +1200] "GET /wp-admin/index.php HTTP/1.1" 503 7311 "https://importersclearance.co.nz/wp-login.php" "Mozilla/5.0 (X11; Ubuntu; Linux x86_64) AppleWebKit/537.36 (KHTML, like Gecko) Chrome/119.0.0.0 Safari/537.36"
223.165.64.9 - - [27/Jul/2026:00:56:04 +1200] "POST /wp-cron.php?doing_wp_cron=1785070564.7364449501037597656250 HTTP/1.1" 200 20 "-" "WordPress/6.9.4; https://importersclearance.co.nz"
216.73.217.152 - - [27/Jul/2026:00:56:03 +1200] "GET /?h=s7h3i8s6m7276804 HTTP/1.1" 200 6851 "-" "Mozilla/5.0 AppleWebKit/537.36 (KHTML, like Gecko; compatible; ClaudeBot/1.0; +claudebot@anthropic.com)"
161.118.238.173 - - [27/Jul/2026:00:56:05 +1200] "GET /wp-admin/profile.php HTTP/1.1" 503 7310 "https://importersclearance.co.nz/wp-login.php" "Mozilla/5.0 (X11; Ubuntu; Linux x86_64) AppleWebKit/537.36 (KHTML, like Gecko) Chrome/119.0.0.0 Safari/537.36"
161.118.238.173 - - [27/Jul/2026:00:56:05 +1200] "GET /wp-admin/edit.php HTTP/1.1" 503 7310 "https://importersclearance.co.nz/wp-login.php" "Mozilla/5.0 (X11; Ubuntu; Linux x86_64) AppleWebKit/537.36 (KHTML, like Gecko) Chrome/119.0.0.0 Safari/537.36"
66.249.70.32 - - [27/Jul/2026:00:56:05 +1200] "GET /?h=e5r2r0o8r5i0s2t946 HTTP/1.1" 200 75114 "-" "Mozilla/5.0 (Linux; Android 6.0.1; Nexus 5X Build/MMB29P) AppleWebKit/537.36 (KHTML, like Gecko) Chrome/150.0.7871.128 Mobile Safari/537.36 (compatible; Googlebot/2.1; +http://www.google.com/bot.html)"
223.165.64.9 - - [27/Jul/2026:00:56:07 +1200] "POST /?wordfence_syncAttackData=1785070567.0239 HTTP/1.1" 200 20 "-" "WordPress/6.9.4; https://importersclearance.co.nz"
161.118.238.173 - - [27/Jul/2026:00:56:06 +1200] "GET /wp-admin/plugins.php HTTP/1.1" 503 7310 "https://importersclearance.co.nz/wp-login.php" "Mozilla/5.0 (X11; Ubuntu; Linux x86_64) AppleWebKit/537.36 (KHTML, like Gecko) Chrome/119.0.0.0 Safari/537.36"
66.249.70.32 - - [27/Jul/2026:00:56:06 +1200] "GET /review/goods/I1630452174/ HTTP/1.1" 200 74812 "-" "Mozilla/5.0 (Linux; Android 6.0.1; Nexus 5X Build/MMB29P) AppleWebKit/537.36 (KHTML, like Gecko) Chrome/150.0.7871.128 Mobile Safari/537.36 (compatible; GoogleOther)"
223.165.64.9 - - [27/Jul/2026:00:56:07 +1200] "POST /?wordfence_syncAttackData=1785070567.4582 HTTP/1.1" 200 6851 "-" "WordPress/6.9.4; https://importersclearance.co.nz"
216.73.217.152 - - [27/Jul/2026:00:56:06 +1200] "GET /shops/ourangoutang/b7a9c2k7i5n2g7519 HTTP/1.1" 404 20 "-" "Mozilla/5.0 AppleWebKit/537.36 (KHTML, like Gecko; compatible; ClaudeBot/1.0; +claudebot@anthropic.com)"
161.118.238.173 - - [27/Jul/2026:00:56:08 +1200] "POST /wp-login.php HTTP/1.1" 503 7123 "https://importersclearance.co.nz/wp-login.php" "Mozilla/5.0 (Macintosh; Intel Mac OS X 13_6_1) AppleWebKit/605.1.15 (KHTML, like Gecko) Version/17.2 Safari/605.1.15"
161.118.238.173 - - [27/Jul/2026:00:56:08 +1200] "GET /wp-admin/index.php HTTP/1.1" 503 7310 "https://importersclearance.co.nz/wp-login.php" "Mozilla/5.0 (Macintosh; Intel Mac OS X 13_6_1) AppleWebKit/605.1.15 (KHTML, like Gecko) Version/17.2 Safari/605.1.15"
161.118.238.173 - - [27/Jul/2026:00:56:09 +1200] "GET /wp-admin/profile.php HTTP/1.1" 503 7310 "https://importersclearance.co.nz/wp-login.php" "Mozilla/5.0 (Macintosh; Intel Mac OS X 13_6_1) AppleWebKit/605.1.15 (KHTML, like Gecko) Version/17.2 Safari/605.1.15"
161.118.238.173 - - [27/Jul/2026:00:56:09 +1200] "GET /wp-admin/edit.php HTTP/1.1" 503 7310 "https://importersclearance.co.nz/wp-login.php" "Mozilla/5.0 (Macintosh; Intel Mac OS X 13_6_1) AppleWebKit/605.1.15 (KHTML, like Gecko) Version/17.2 Safari/605.1.15"
216.73.217.152 - - [27/Jul/2026:00:56:09 +1200] "GET /?h=v7e2r1n5a0c9u7l2a5r69 HTTP/1.1" 200 6851 "-" "Mozilla/5.0 AppleWebKit/537.36 (KHTML, like Gecko; compatible; ClaudeBot/1.0; +claudebot@anthropic.com)"
161.118.238.173 - - [27/Jul/2026:00:56:10 +1200] "GET /wp-admin/plugins.php HTTP/1.1" 503 7310 "https://importersclearance.co.nz/wp-login.php" "Mozilla/5.0 (Macintosh; Intel Mac OS X 13_6_1) AppleWebKit/605.1.15 (KHTML, like Gecko) Version/17.2 Safari/605.1.15"
66.249.70.32 - - [27/Jul/2026:00:56:09 +1200] "GET /dentelli/c5o4u2n2t0r0e44235 HTTP/1.1" 200 79526 "-" "Mozilla/5.0 (Linux; Android 6.0.1; Nexus 5X Build/MMB29P) AppleWebKit/537.36 (KHTML, like Gecko) Chrome/150.0.7871.128 Mobile Safari/537.36 (compatible; GoogleOther)"
161.118.238.173 - - [27/Jul/2026:00:56:11 +1200] "POST /wp-login.php HTTP/1.1" 503 7123 "https://importersclearance.co.nz/wp-login.php" "Mozilla/5.0 (Windows NT 10.0; Win64; x64) AppleWebKit/537.36 (KHTML, like Gecko) Chrome/118.0.0.0 Safari/537.36"
161.118.238.173 - - [27/Jul/2026:00:56:12 +1200] "GET /wp-admin/index.php HTTP/1.1" 503 7310 "https://importersclearance.co.nz/wp-login.php" "Mozilla/5.0 (Windows NT 10.0; Win64; x64) AppleWebKit/537.36 (KHTML, like Gecko) Chrome/120.0.0.0 Safari/537.36"
161.118.238.173 - - [27/Jul/2026:00:56:13 +1200] "GET /wp-admin/profile.php HTTP/1.1" 503 7310 "https://importersclearance.co.nz/wp-login.php" "Mozilla/5.0 (Windows NT 10.0; Win64; x64) AppleWebKit/537.36 (KHTML, like Gecko) Chrome/120.0.0.0 Safari/537.36"
216.73.217.152 - - [27/Jul/2026:00:56:12 +1200] "GET /shops/subfuscous/s7m4u0t8c5h7i3n1g223 HTTP/1.1" 404 20 "-" "Mozilla/5.0 AppleWebKit/537.36 (KHTML, like Gecko; compatible; ClaudeBot/1.0; +claudebot@anthropic.com)"
161.118.238.173 - - [27/Jul/2026:00:56:13 +1200] "GET /wp-admin/edit.php HTTP/1.1" 503 7311 "https://importersclearance.co.nz/wp-login.php" "Mozilla/5.0 (Windows NT 10.0; Win64; x64) AppleWebKit/537.36 (KHTML, like Gecko) Chrome/120.0.0.0 Safari/537.36"
161.118.238.173 - - [27/Jul/2026:00:56:14 +1200] "GET /wp-admin/plugins.php HTTP/1.1" 503 7311 "https://importersclearance.co.nz/wp-login.php" "Mozilla/5.0 (Windows NT 10.0; Win64; x64) AppleWebKit/537.36 (KHTML, like Gecko) Chrome/120.0.0.0 Safari/537.36"
66.249.70.37 - - [27/Jul/2026:00:56:13 +1200] "GET /?h=u7n9a3r6t9f8u0l5l0y5 HTTP/1.1" 200 77757 "-" "Mozilla/5.0 (Linux; Android 6.0.1; Nexus 5X Build/MMB29P) AppleWebKit/537.36 (KHTML, like Gecko) Chrome/150.0.7871.128 Mobile Safari/537.36 (compatible; GoogleOther)"
161.118.238.173 - - [27/Jul/2026:00:56:15 +1200] "POST /wp-login.php HTTP/1.1" 503 7124 "https://importersclearance.co.nz/wp-login.php" "Mozilla/5.0 (Windows NT 10.0; Win64; x64; rv:121.0) Gecko/20100101 Firefox/121.0"
223.165.64.9 - - [27/Jul/2026:00:56:16 +1200] "POST /?wordfence_syncAttackData=1785070576.5021 HTTP/1.1" 200 20 "-" "WordPress/6.9.4; https://importersclearance.co.nz"
216.73.217.152 - - [27/Jul/2026:00:56:15 +1200] "GET /?h=n7o1v2a3t0i7a7n59 HTTP/1.1" 200 6851 "-" "Mozilla/5.0 AppleWebKit/537.36 (KHTML, like Gecko; compatible; ClaudeBot/1.0; +claudebot@anthropic.com)"
223.165.64.9 - - [27/Jul/2026:00:56:16 +1200] "POST /?wordfence_syncAttackData=1785070576.7675 HTTP/1.1" 200 6851 "-" "WordPress/6.9.4; https://importersclearance.co.nz"
161.118.238.173 - - [27/Jul/2026:00:56:16 +1200] "GET /wp-admin/index.php HTTP/1.1" 503 7310 "https://importersclearance.co.nz/wp-login.php" "Mozilla/5.0 (Macintosh; Intel Mac OS X 13_6_1) AppleWebKit/605.1.15 (KHTML, like Gecko) Version/17.2 Safari/605.1.15"
161.118.238.173 - - [27/Jul/2026:00:56:18 +1200] "GET /wp-admin/profile.php HTTP/1.1" 503 7310 "https://importersclearance.co.nz/wp-login.php" "Mozilla/5.0 (Macintosh; Intel Mac OS X 13_6_1) AppleWebKit/605.1.15 (KHTML, like Gecko) Version/17.2 Safari/605.1.15"
161.118.238.173 - - [27/Jul/2026:00:56:18 +1200] "GET /wp-admin/edit.php HTTP/1.1" 503 7310 "https://importersclearance.co.nz/wp-login.php" "Mozilla/5.0 (Macintosh; Intel Mac OS X 13_6_1) AppleWebKit/605.1.15 (KHTML, like Gecko) Version/17.2 Safari/605.1.15"
66.249.70.37 - - [27/Jul/2026:00:56:17 +1200] "GET /?h=f5a1h6l0b8a3n6d0432 HTTP/1.1" 200 75685 "-" "Mozilla/5.0 (Linux; Android 6.0.1; Nexus 5X Build/MMB29P) AppleWebKit/537.36 (KHTML, like Gecko) Chrome/150.0.7871.128 Mobile Safari/537.36 (compatible; Googlebot/2.1; +http://www.google.com/bot.html)"
66.249.70.38 - - [27/Jul/2026:00:56:17 +1200] "GET /mideighties/s9u3b3s2t9i0t6u5t2i4v1e HTTP/1.1" 200 77591 "-" "Mozilla/5.0 (Linux; Android 6.0.1; Nexus 5X Build/MMB29P) AppleWebKit/537.36 (KHTML, like Gecko) Chrome/150.0.7871.128 Mobile Safari/537.36 (compatible; GoogleOther)"
216.73.217.152 - - [27/Jul/2026:00:56:18 +1200] "GET /?h=m7y4x7o0b9a2c7t3e7r4 HTTP/1.1" 200 6851 "-" "Mozilla/5.0 AppleWebKit/537.36 (KHTML, like Gecko; compatible; ClaudeBot/1.0; +claudebot@anthropic.com)"
161.118.238.173 - - [27/Jul/2026:00:56:19 +1200] "GET /wp-admin/plugins.php HTTP/1.1" 503 7310 "https://importersclearance.co.nz/wp-login.php" "Mozilla/5.0 (Macintosh; Intel Mac OS X 13_6_1) AppleWebKit/605.1.15 (KHTML, like Gecko) Version/17.2 Safari/605.1.15"
161.118.238.173 - - [27/Jul/2026:00:56:20 +1200] "POST /wp-login.php HTTP/1.1" 503 7123 "https://importersclearance.co.nz/wp-login.php" "Mozilla/5.0 (Macintosh; Intel Mac OS X 13_6_1; rv:120.0) Gecko/20100101 Firefox/120.0"
161.118.238.173 - - [27/Jul/2026:00:56:20 +1200] "GET /wp-admin/index.php HTTP/1.1" 503 7311 "https://importersclearance.co.nz/wp-login.php" "Mozilla/5.0 (Windows NT 10.0; Win64; x64; rv:120.0) Gecko/20100101 Firefox/120.0"
161.118.238.173 - - [27/Jul/2026:00:56:21 +1200] "GET /wp-admin/profile.php HTTP/1.1" 503 7311 "https://importersclearance.co.nz/wp-login.php" "Mozilla/5.0 (Windows NT 10.0; Win64; x64; rv:120.0) Gecko/20100101 Firefox/120.0"
216.73.217.152 - - [27/Jul/2026:00:56:21 +1200] "GET /shops/junketing/i7r3i3s0e5s436557 HTTP/1.1" 404 20 "-" "Mozilla/5.0 AppleWebKit/537.36 (KHTML, like Gecko; compatible; ClaudeBot/1.0; +claudebot@anthropic.com)"
161.118.238.173 - - [27/Jul/2026:00:56:22 +1200] "GET /wp-admin/edit.php HTTP/1.1" 503 7310 "https://importersclearance.co.nz/wp-login.php" "Mozilla/5.0 (Windows NT 10.0; Win64; x64; rv:120.0) Gecko/20100101 Firefox/120.0"
161.118.238.173 - - [27/Jul/2026:00:56:23 +1200] "GET /wp-admin/plugins.php HTTP/1.1" 503 7310 "https://importersclearance.co.nz/wp-login.php" "Mozilla/5.0 (Windows NT 10.0; Win64; x64; rv:120.0) Gecko/20100101 Firefox/120.0"
66.249.70.37 - - [27/Jul/2026:00:56:21 +1200] "GET /?h=c8o1l8l3e9m4b3o9l2a50 HTTP/1.1" 200 75965 "-" "Mozilla/5.0 (Linux; Android 6.0.1; Nexus 5X Build/MMB29P) AppleWebKit/537.36 (KHTML, like Gecko) Chrome/150.0.7871.128 Mobile Safari/537.36 (compatible; GoogleOther)"
161.118.238.173 - - [27/Jul/2026:00:56:23 +1200] "POST /wp-login.php HTTP/1.1" 503 7123 "https://importersclearance.co.nz/wp-login.php" "Mozilla/5.0 (Macintosh; Intel Mac OS X 13_6_1) AppleWebKit/605.1.15 (KHTML, like Gecko) Version/16.6 Safari/605.1.15"
161.118.238.173 - - [27/Jul/2026:00:56:24 +1200] "GET /wp-admin/index.php HTTP/1.1" 503 7310 "https://importersclearance.co.nz/wp-login.php" "Mozilla/5.0 (Windows NT 10.0; Win64; x64) AppleWebKit/537.36 (KHTML, like Gecko) Chrome/120.0.0.0 Safari/537.36"
161.118.238.173 - - [27/Jul/2026:00:56:24 +1200] "GET /wp-admin/profile.php HTTP/1.1" 503 7310 "https://importersclearance.co.nz/wp-login.php" "Mozilla/5.0 (Windows NT 10.0; Win64; x64) AppleWebKit/537.36 (KHTML, like Gecko) Chrome/120.0.0.0 Safari/537.36"
216.73.217.152 - - [27/Jul/2026:00:56:24 +1200] "GET /shops/fireroom/w7o2r5k7m6a2n6l3y934 HTTP/1.1" 404 20 "-" "Mozilla/5.0 AppleWebKit/537.36 (KHTML, like Gecko; compatible; ClaudeBot/1.0; +claudebot@anthropic.com)"
161.118.238.173 - - [27/Jul/2026:00:56:25 +1200] "GET /wp-admin/edit.php HTTP/1.1" 503 7310 "https://importersclearance.co.nz/wp-login.php" "Mozilla/5.0 (Windows NT 10.0; Win64; x64) AppleWebKit/537.36 (KHTML, like Gecko) Chrome/120.0.0.0 Safari/537.36"
66.249.70.37 - - [27/Jul/2026:00:56:24 +1200] "GET /querimoniously/o6d4o0n9t2a7s1p7i2d5i4dae HTTP/1.1" 200 73936 "-" "Mozilla/5.0 (Linux; Android 6.0.1; Nexus 5X Build/MMB29P) AppleWebKit/537.36 (KHTML, like Gecko) Chrome/150.0.7871.128 Mobile Safari/537.36 (compatible; GoogleOther)"
223.165.64.9 - - [27/Jul/2026:00:56:26 +1200] "POST /?wordfence_syncAttackData=1785070586.6371 HTTP/1.1" 200 20 "-" "WordPress/6.9.4; https://importersclearance.co.nz"
161.118.238.173 - - [27/Jul/2026:00:56:26 +1200] "GET /wp-admin/plugins.php HTTP/1.1" 503 7310 "https://importersclearance.co.nz/wp-login.php" "Mozilla/5.0 (Windows NT 10.0; Win64; x64) AppleWebKit/537.36 (KHTML, like Gecko) Chrome/120.0.0.0 Safari/537.36"
161.118.238.173 - - [27/Jul/2026:00:56:28 +1200] "POST /wp-login.php HTTP/1.1" 503 7123 "https://importersclearance.co.nz/wp-login.php" "Mozilla/5.0 (Macintosh; Intel Mac OS X 10_15_7) AppleWebKit/537.36 (KHTML, like Gecko) Chrome/120.0.0.0 Safari/537.36"
223.165.64.9 - - [27/Jul/2026:00:56:28 +1200] "POST /wp-cron.php?doing_wp_cron=1785070588.5152990818023681640625 HTTP/1.1" 200 20 "-" "WordPress/6.9.4; https://importersclearance.co.nz"
216.73.217.152 - - [27/Jul/2026:00:56:27 +1200] "GET /shops/shovelful/b7a4s2s7i9n6e20068 HTTP/1.1" 404 20 "-" "Mozilla/5.0 AppleWebKit/537.36 (KHTML, like Gecko; compatible; ClaudeBot/1.0; +claudebot@anthropic.com)"
161.118.238.173 - - [27/Jul/2026:00:56:28 +1200] "GET /wp-admin/index.php HTTP/1.1" 503 7310 "https://importersclearance.co.nz/wp-login.php" "Mozilla/5.0 (Windows NT 11.0; Win64; x64) AppleWebKit/537.36 (KHTML, like Gecko) Chrome/121.0.0.0 Safari/537.36"
161.118.238.173 - - [27/Jul/2026:00:56:29 +1200] "GET /wp-admin/profile.php HTTP/1.1" 503 7310 "https://importersclearance.co.nz/wp-login.php" "Mozilla/5.0 (Windows NT 11.0; Win64; x64) AppleWebKit/537.36 (KHTML, like Gecko) Chrome/121.0.0.0 Safari/537.36"
161.118.238.173 - - [27/Jul/2026:00:56:30 +1200] "GET /wp-admin/edit.php HTTP/1.1" 503 7310 "https://importersclearance.co.nz/wp-login.php" "Mozilla/5.0 (Windows NT 11.0; Win64; x64) AppleWebKit/537.36 (KHTML, like Gecko) Chrome/121.0.0.0 Safari/537.36"
66.249.70.32 - - [27/Jul/2026:00:56:29 +1200] "GET /?h=k6e2r4r0y5043626 HTTP/1.1" 200 76455 "-" "Mozilla/5.0 (Linux; Android 6.0.1; Nexus 5X Build/MMB29P) AppleWebKit/537.36 (KHTML, like Gecko) Chrome/150.0.7871.128 Mobile Safari/537.36 (compatible; GoogleOther)"
216.73.217.152 - - [27/Jul/2026:00:56:30 +1200] "GET /shops/jabbering/b7a3r4n5r4a4i0s3i3n0g6 HTTP/1.1" 404 20 "-" "Mozilla/5.0 AppleWebKit/537.36 (KHTML, like Gecko; compatible; ClaudeBot/1.0; +claudebot@anthropic.com)"
161.118.238.173 - - [27/Jul/2026:00:56:31 +1200] "GET /wp-admin/plugins.php HTTP/1.1" 503 7311 "https://importersclearance.co.nz/wp-login.php" "Mozilla/5.0 (Windows NT 11.0; Win64; x64) AppleWebKit/537.36 (KHTML, like Gecko) Chrome/121.0.0.0 Safari/537.36"
161.118.238.173 - - [27/Jul/2026:00:56:32 +1200] "POST /wp-login.php HTTP/1.1" 503 7123 "https://importersclearance.co.nz/wp-login.php" "Mozilla/5.0 (Windows NT 11.0; Win64; x64) AppleWebKit/537.36 (KHTML, like Gecko) Chrome/120.0.0.0 Safari/537.36"
